{"id":1122,"date":"2024-12-17T13:28:47","date_gmt":"2024-12-17T12:28:47","guid":{"rendered":"https:\/\/hoyre.no\/akershus\/?page_id=1122"},"modified":"2025-08-05T15:37:56","modified_gmt":"2025-08-05T13:37:56","slug":"henrik-asheim","status":"publish","type":"page","link":"https:\/\/hoyre.no\/akershus\/henrik-asheim\/","title":{"rendered":"Henrik Asheim"},"content":{"rendered":"\n<div class=\"wp-block-hoyre-hero with-image-gradient text-color-light  alignfull has-background\"><div class=\"hoyre-hero \"><h1 class=\"title\">Henrik Asheim<\/h1><p class=\"preamble\">1. kandidat for Akershus H\u00f8yre ved stortingsvalget 2025. <br><br>Les mer om Henrik <a href=\"https:\/\/www.nettavisen.no\/vis\/annonse\/akershus-hoyre\/henrik-asheim\/1338001\">her<\/a><\/p><\/div><\/div>\n\n\n\n<figure class=\"wp-block-image size-full\"><img loading=\"lazy\" decoding=\"async\" width=\"2500\" height=\"1667\" src=\"https:\/\/hoyre.no\/content\/uploads\/sites\/432\/2025\/06\/Henrik-Asheim-11.-mai-2025-147-scaled.jpg\" alt=\"\" class=\"wp-image-1520\" srcset=\"https:\/\/hoyre.no\/content\/uploads\/sites\/432\/2025\/06\/Henrik-Asheim-11.-mai-2025-147-scaled.jpg 2500w, https:\/\/hoyre.no\/content\/uploads\/sites\/432\/2025\/06\/Henrik-Asheim-11.-mai-2025-147-300x200.jpg 300w, https:\/\/hoyre.no\/content\/uploads\/sites\/432\/2025\/06\/Henrik-Asheim-11.-mai-2025-147-1024x683.jpg 1024w, https:\/\/hoyre.no\/content\/uploads\/sites\/432\/2025\/06\/Henrik-Asheim-11.-mai-2025-147-768x512.jpg 768w, https:\/\/hoyre.no\/content\/uploads\/sites\/432\/2025\/06\/Henrik-Asheim-11.-mai-2025-147-1536x1024.jpg 1536w, https:\/\/hoyre.no\/content\/uploads\/sites\/432\/2025\/06\/Henrik-Asheim-11.-mai-2025-147-2048x1365.jpg 2048w\" sizes=\"auto, (max-width: 2500px) 100vw, 2500px\" \/><figcaption class=\"wp-element-caption\">Henrik Asheim. Foto: Elias Rasch, Aura Media AS.<\/figcaption><\/figure>\n\n\n\n\n<div class=\"wp-block-hoyre-banner undefined has-icon-title icon-heart is-style-blue\"><div class=\"banner-inner\"><div class=\"banner-content\"><div class=\"entry-content\">\n<h2 class=\"wp-block-heading has-text-align-center\" id=\"h-bli-bedre-kjent-med-anne\">Bli bedre kjent med Henrik!<\/h2>\n\n\n\n<p class=\"has-text-align-left\"><strong>Alder:&nbsp;<\/strong>41<strong><br>Kommune:&nbsp;<\/strong>B\u00e6rum<strong><br>N\u00e5v\u00e6rende stilling:&nbsp;<\/strong>Stortingsrepresentant og nestleder i H\u00f8yre.<\/p>\n\n\n\n<p class=\"has-text-align-left\"><strong>Hvorfor stiller du til valg for Akershus H\u00f8yre?<\/strong><br>Med en verden i endring kombinert med en regjering som ikke prioriterer det viktigste f\u00f8rst, er det helt avgj\u00f8rende at vi f\u00e5r et nytt flertall og en ny, H\u00f8yre-ledet regjering. Norge har fantastiske muligheter, men det er ogs\u00e5 n\u00f8dvendig med ny kurs p\u00e5 en rekke omr\u00e5der. Vi m\u00e5 f\u00e5 langt flere ut av passive ytelser og over i arbeid, det m\u00e5 bli lettere \u00e5 starte og drive bedrifter i hele landet og vi m\u00e5 igjen gi folk st\u00f8rre valgfrihet innenfor velferden v\u00e5r. Med en verden som har blitt farligere de siste \u00e5rene m\u00e5 vi styrke Forsvaret og beholde og fordype samarbeidet med v\u00e5re allierte. <\/p>\n\n\n\n<p class=\"has-text-align-left\"><strong>Politiske interesseomr\u00e5der:<\/strong> <br>&#8211; Inkludering av flere i arbeidslivet. <br>&#8211; Skole og utdanningspolitikk. <br>&#8211; Skatt og n\u00e6ringspolitikk.<\/p>\n\n\n\n<p class=\"has-text-align-left\"><strong>Bakgrunn:<\/strong> Har v\u00e6rt folkevalgt i B\u00e6rum kommune og Akershus fylkesting. Tidligere leder av Unge H\u00f8yre.<\/p>\n\n\n\n<div class=\"wp-block-buttons is-layout-flex wp-block-buttons-is-layout-flex\">\n<div class=\"wp-block-button\"><a class=\"wp-block-button__link wp-element-button\" href=\"https:\/\/www.facebook.com\/asheimhenrik\">F\u00f8lg Henrik p\u00e5 Facebook<\/a><\/div>\n<\/div>\n<\/div><\/div><\/div><\/div>\n\n","protected":false},"excerpt":{"rendered":"","protected":false},"author":202,"featured_media":0,"parent":0,"menu_order":0,"comment_status":"closed","ping_status":"closed","template":"","meta":{"teft_cards_image_url":"","teft_cards_custom_pretitle":"","teft_cards_image_id":1520,"teft_cards_image_focal_point_x":0.5,"teft_cards_image_focal_point_y":0.35,"teft_cards_title":"","teft_cards_excerpt":"","teft_show_chapters":false,"footnotes":""},"class_list":["post-1122","page","type-page","status-publish","hentry"],"yoast_head":"<!-- This site is optimized with the Yoast SEO plugin v26.6 - https:\/\/yoast.com\/wordpress\/plugins\/seo\/ -->\n<title>Henrik Asheim - Akershus H\u00f8yre<\/title>\n<meta name=\"description\" content=\"Stortingsrepresentant fra B\u00e6rum og kandidat for Akershus H\u00f8yre til stortingsvalget 2025. Nestleder i H\u00f8yre.\" \/>\n<meta name=\"robots\" content=\"index, follow, max-snippet:-1, max-image-preview:large, max-video-preview:-1\" \/>\n<link rel=\"canonical\" href=\"https:\/\/hoyre.no\/akershus\/henrik-asheim\/\" \/>\n<meta property=\"og:locale\" content=\"nb_NO\" \/>\n<meta property=\"og:type\" content=\"article\" \/>\n<meta property=\"og:title\" content=\"Henrik Asheim - Akershus H\u00f8yre\" \/>\n<meta property=\"og:description\" content=\"Stortingsrepresentant fra B\u00e6rum og kandidat for Akershus H\u00f8yre til stortingsvalget 2025. Nestleder i H\u00f8yre.\" \/>\n<meta property=\"og:url\" content=\"https:\/\/hoyre.no\/akershus\/henrik-asheim\/\" \/>\n<meta property=\"og:site_name\" content=\"Akershus H\u00f8yre\" \/>\n<meta property=\"article:publisher\" content=\"https:\/\/www.facebook.com\/akershus.h\" \/>\n<meta property=\"article:modified_time\" content=\"2025-08-05T13:37:56+00:00\" \/>\n<meta property=\"og:image\" content=\"https:\/\/hoyre.no\/content\/uploads\/sites\/432\/2025\/06\/Henrik-Asheim-11.-mai-2025-147-1024x683.jpg\" \/>\n<meta name=\"twitter:card\" content=\"summary_large_image\" \/>\n<meta name=\"twitter:label1\" content=\"Ansl. lesetid\" \/>\n\t<meta name=\"twitter:data1\" content=\"2 minutter\" \/>\n<script type=\"application\/ld+json\" class=\"yoast-schema-graph\">{\"@context\":\"https:\/\/schema.org\",\"@graph\":[{\"@type\":\"WebPage\",\"@id\":\"https:\/\/hoyre.no\/akershus\/henrik-asheim\/\",\"url\":\"https:\/\/hoyre.no\/akershus\/henrik-asheim\/\",\"name\":\"Henrik Asheim - Akershus H\u00f8yre\",\"isPartOf\":{\"@id\":\"https:\/\/hoyre.no\/akershus\/#website\"},\"image\":{\"@id\":\"https:\/\/hoyre.no\/akershus\/henrik-asheim\/#primaryimage\"},\"thumbnailUrl\":\"https:\/\/hoyre.no\/content\/uploads\/sites\/432\/2025\/06\/Henrik-Asheim-11.-mai-2025-147-scaled.jpg\",\"datePublished\":\"2024-12-17T12:28:47+00:00\",\"dateModified\":\"2025-08-05T13:37:56+00:00\",\"description\":\"Stortingsrepresentant fra B\u00e6rum og kandidat for Akershus H\u00f8yre til stortingsvalget 2025. Nestleder i H\u00f8yre.\",\"breadcrumb\":{\"@id\":\"https:\/\/hoyre.no\/akershus\/henrik-asheim\/#breadcrumb\"},\"inLanguage\":\"nb-NO\",\"potentialAction\":[{\"@type\":\"ReadAction\",\"target\":[\"https:\/\/hoyre.no\/akershus\/henrik-asheim\/\"]}]},{\"@type\":\"ImageObject\",\"inLanguage\":\"nb-NO\",\"@id\":\"https:\/\/hoyre.no\/akershus\/henrik-asheim\/#primaryimage\",\"url\":\"https:\/\/hoyre.no\/content\/uploads\/sites\/432\/2025\/06\/Henrik-Asheim-11.-mai-2025-147-scaled.jpg\",\"contentUrl\":\"https:\/\/hoyre.no\/content\/uploads\/sites\/432\/2025\/06\/Henrik-Asheim-11.-mai-2025-147-scaled.jpg\"},{\"@type\":\"BreadcrumbList\",\"@id\":\"https:\/\/hoyre.no\/akershus\/henrik-asheim\/#breadcrumb\",\"itemListElement\":[{\"@type\":\"ListItem\",\"position\":1,\"name\":\"Til hoyre.no\",\"item\":\"https:\/\/hoyre.no\"},{\"@type\":\"ListItem\",\"position\":2,\"name\":\"Hjem\",\"item\":\"https:\/\/hoyre.no\/akershus\/\"},{\"@type\":\"ListItem\",\"position\":3,\"name\":\"Henrik Asheim\"}]},{\"@type\":\"WebSite\",\"@id\":\"https:\/\/hoyre.no\/akershus\/#website\",\"url\":\"https:\/\/hoyre.no\/akershus\/\",\"name\":\"Akershus H\u00f8yre\",\"description\":\"Bare enda et H\u00f8yres nettsteder-nettsted\",\"publisher\":{\"@id\":\"https:\/\/hoyre.no\/akershus\/#organization\"},\"inLanguage\":\"nb-NO\"},{\"@type\":\"Organization\",\"@id\":\"https:\/\/hoyre.no\/akershus\/#organization\",\"name\":\"Akershus H\u00f8yre\",\"url\":\"https:\/\/hoyre.no\/akershus\/\",\"logo\":{\"@type\":\"ImageObject\",\"inLanguage\":\"nb-NO\",\"@id\":\"https:\/\/hoyre.no\/akershus\/#\/schema\/logo\/image\/\",\"url\":\"https:\/\/hoyre.no\/content\/uploads\/sites\/432\/2023\/02\/hoyre_logo.png\",\"contentUrl\":\"https:\/\/hoyre.no\/content\/uploads\/sites\/432\/2023\/02\/hoyre_logo.png\",\"width\":1000,\"height\":1000,\"caption\":\"Akershus H\u00f8yre\"},\"image\":{\"@id\":\"https:\/\/hoyre.no\/akershus\/#\/schema\/logo\/image\/\"},\"sameAs\":[\"https:\/\/www.facebook.com\/akershus.h\"]}]}<\/script>\n<!-- \/ Yoast SEO plugin. -->","yoast_head_json":{"title":"Henrik Asheim - Akershus H\u00f8yre","description":"Stortingsrepresentant fra B\u00e6rum og kandidat for Akershus H\u00f8yre til stortingsvalget 2025. Nestleder i H\u00f8yre.","robots":{"index":"index","follow":"follow","max-snippet":"max-snippet:-1","max-image-preview":"max-image-preview:large","max-video-preview":"max-video-preview:-1"},"canonical":"https:\/\/hoyre.no\/akershus\/henrik-asheim\/","og_locale":"nb_NO","og_type":"article","og_title":"Henrik Asheim - Akershus H\u00f8yre","og_description":"Stortingsrepresentant fra B\u00e6rum og kandidat for Akershus H\u00f8yre til stortingsvalget 2025. Nestleder i H\u00f8yre.","og_url":"https:\/\/hoyre.no\/akershus\/henrik-asheim\/","og_site_name":"Akershus H\u00f8yre","article_publisher":"https:\/\/www.facebook.com\/akershus.h","article_modified_time":"2025-08-05T13:37:56+00:00","og_image":[{"url":"https:\/\/hoyre.no\/content\/uploads\/sites\/432\/2025\/06\/Henrik-Asheim-11.-mai-2025-147-1024x683.jpg","width":"","height":"","type":""}],"twitter_card":"summary_large_image","twitter_misc":{"Ansl. lesetid":"2 minutter"},"schema":{"@context":"https:\/\/schema.org","@graph":[{"@type":"WebPage","@id":"https:\/\/hoyre.no\/akershus\/henrik-asheim\/","url":"https:\/\/hoyre.no\/akershus\/henrik-asheim\/","name":"Henrik Asheim - Akershus H\u00f8yre","isPartOf":{"@id":"https:\/\/hoyre.no\/akershus\/#website"},"image":{"@id":"https:\/\/hoyre.no\/akershus\/henrik-asheim\/#primaryimage"},"thumbnailUrl":"https:\/\/hoyre.no\/content\/uploads\/sites\/432\/2025\/06\/Henrik-Asheim-11.-mai-2025-147-scaled.jpg","datePublished":"2024-12-17T12:28:47+00:00","dateModified":"2025-08-05T13:37:56+00:00","description":"Stortingsrepresentant fra B\u00e6rum og kandidat for Akershus H\u00f8yre til stortingsvalget 2025. Nestleder i H\u00f8yre.","breadcrumb":{"@id":"https:\/\/hoyre.no\/akershus\/henrik-asheim\/#breadcrumb"},"inLanguage":"nb-NO","potentialAction":[{"@type":"ReadAction","target":["https:\/\/hoyre.no\/akershus\/henrik-asheim\/"]}]},{"@type":"ImageObject","inLanguage":"nb-NO","@id":"https:\/\/hoyre.no\/akershus\/henrik-asheim\/#primaryimage","url":"https:\/\/hoyre.no\/content\/uploads\/sites\/432\/2025\/06\/Henrik-Asheim-11.-mai-2025-147-scaled.jpg","contentUrl":"https:\/\/hoyre.no\/content\/uploads\/sites\/432\/2025\/06\/Henrik-Asheim-11.-mai-2025-147-scaled.jpg"},{"@type":"BreadcrumbList","@id":"https:\/\/hoyre.no\/akershus\/henrik-asheim\/#breadcrumb","itemListElement":[{"@type":"ListItem","position":1,"name":"Til hoyre.no","item":"https:\/\/hoyre.no"},{"@type":"ListItem","position":2,"name":"Hjem","item":"https:\/\/hoyre.no\/akershus\/"},{"@type":"ListItem","position":3,"name":"Henrik Asheim"}]},{"@type":"WebSite","@id":"https:\/\/hoyre.no\/akershus\/#website","url":"https:\/\/hoyre.no\/akershus\/","name":"Akershus H\u00f8yre","description":"Bare enda et H\u00f8yres nettsteder-nettsted","publisher":{"@id":"https:\/\/hoyre.no\/akershus\/#organization"},"inLanguage":"nb-NO"},{"@type":"Organization","@id":"https:\/\/hoyre.no\/akershus\/#organization","name":"Akershus H\u00f8yre","url":"https:\/\/hoyre.no\/akershus\/","logo":{"@type":"ImageObject","inLanguage":"nb-NO","@id":"https:\/\/hoyre.no\/akershus\/#\/schema\/logo\/image\/","url":"https:\/\/hoyre.no\/content\/uploads\/sites\/432\/2023\/02\/hoyre_logo.png","contentUrl":"https:\/\/hoyre.no\/content\/uploads\/sites\/432\/2023\/02\/hoyre_logo.png","width":1000,"height":1000,"caption":"Akershus H\u00f8yre"},"image":{"@id":"https:\/\/hoyre.no\/akershus\/#\/schema\/logo\/image\/"},"sameAs":["https:\/\/www.facebook.com\/akershus.h"]}]}},"distributor_meta":false,"distributor_terms":false,"distributor_media":false,"distributor_original_site_name":"Akershus H\u00f8yre","distributor_original_site_url":"https:\/\/hoyre.no\/akershus","push-errors":false,"_links":{"self":[{"href":"https:\/\/hoyre.no\/akershus\/wp-json\/wp\/v2\/pages\/1122","targetHints":{"allow":["GET"]}}],"collection":[{"href":"https:\/\/hoyre.no\/akershus\/wp-json\/wp\/v2\/pages"}],"about":[{"href":"https:\/\/hoyre.no\/akershus\/wp-json\/wp\/v2\/types\/page"}],"author":[{"embeddable":true,"href":"https:\/\/hoyre.no\/akershus\/wp-json\/wp\/v2\/users\/202"}],"replies":[{"embeddable":true,"href":"https:\/\/hoyre.no\/akershus\/wp-json\/wp\/v2\/comments?post=1122"}],"version-history":[{"count":10,"href":"https:\/\/hoyre.no\/akershus\/wp-json\/wp\/v2\/pages\/1122\/revisions"}],"predecessor-version":[{"id":1654,"href":"https:\/\/hoyre.no\/akershus\/wp-json\/wp\/v2\/pages\/1122\/revisions\/1654"}],"wp:attachment":[{"href":"https:\/\/hoyre.no\/akershus\/wp-json\/wp\/v2\/media?parent=1122"}],"curies":[{"name":"wp","href":"https:\/\/api.w.org\/{rel}","templated":true}]}}