{"id":1177,"date":"2025-01-03T11:08:12","date_gmt":"2025-01-03T10:08:12","guid":{"rendered":"https:\/\/hoyre.no\/akershus\/?page_id=1177"},"modified":"2025-08-05T15:36:24","modified_gmt":"2025-08-05T13:36:24","slug":"harek-elvenes","status":"publish","type":"page","link":"https:\/\/hoyre.no\/akershus\/harek-elvenes\/","title":{"rendered":"H\u00e5rek Elvenes"},"content":{"rendered":"\n<div class=\"wp-block-hoyre-hero with-image-gradient text-color-light  alignfull has-background\"><div class=\"hoyre-hero \"><h1 class=\"title\">H\u00e5rek Elvenes<\/h1><p class=\"preamble\">6.kandidat for Akershus H\u00f8yre ved stortingsvalget 2025.<br><br>Les mer om H\u00e5rek <a href=\"https:\/\/www.nettavisen.no\/vis\/annonse\/akershus-hoyre\/harek-elvenes\/1338001\">her.<\/a><br><\/p><\/div><\/div>\n\n\n\n\n\n<figure class=\"wp-block-image size-large\"><img loading=\"lazy\" decoding=\"async\" width=\"1024\" height=\"683\" src=\"https:\/\/hoyre.no\/content\/uploads\/sites\/432\/2025\/06\/Harek-Elvenes-11.-juni-2025-1-1024x683.jpg\" alt=\"\" class=\"wp-image-1533\" srcset=\"https:\/\/hoyre.no\/content\/uploads\/sites\/432\/2025\/06\/Harek-Elvenes-11.-juni-2025-1-1024x683.jpg 1024w, https:\/\/hoyre.no\/content\/uploads\/sites\/432\/2025\/06\/Harek-Elvenes-11.-juni-2025-1-300x200.jpg 300w, https:\/\/hoyre.no\/content\/uploads\/sites\/432\/2025\/06\/Harek-Elvenes-11.-juni-2025-1-768x512.jpg 768w, https:\/\/hoyre.no\/content\/uploads\/sites\/432\/2025\/06\/Harek-Elvenes-11.-juni-2025-1-1536x1024.jpg 1536w, https:\/\/hoyre.no\/content\/uploads\/sites\/432\/2025\/06\/Harek-Elvenes-11.-juni-2025-1-2048x1365.jpg 2048w\" sizes=\"auto, (max-width: 1024px) 100vw, 1024px\" \/><figcaption class=\"wp-element-caption\">H\u00e5rek Elvenes. Foto: Elias Rasch, Aura Media AS.<\/figcaption><\/figure>\n\n\n\n<div class=\"wp-block-hoyre-banner undefined has-icon-title icon-heart is-style-blue\"><div class=\"banner-inner\"><div class=\"banner-content\"><div class=\"entry-content\">\n<h2 class=\"wp-block-heading has-text-align-center\" id=\"h-bli-bedre-kjent-med-anne\">Bli bedre kjent med H\u00e5rek!<\/h2>\n\n\n\n<p class=\"has-text-align-left\"><strong>Alder:&nbsp;<\/strong>65<strong><br>Kommune:&nbsp;<\/strong>B\u00e6rum<strong><br>N\u00e5v\u00e6rende stilling:&nbsp;<\/strong>Stortingsrepresentant<\/p>\n\n\n\n<p class=\"has-text-align-left\"><strong>Hvorfor stiller du til valg for Akershus H\u00f8yre?<\/strong><br>Akershus H\u00f8yre trenger representanter som arbeider aktivt p\u00e5 Stortinget for \u00e5 ivareta Akershus interesser. Politisk gjennomslag i H\u00f8yres stortingsgruppe henger sammen med den arbeidsinnsats og det engasjement som representanten viser i det daglige politiske arbeidet.<br><br>I den r\u00e5dende sikkerhetspolitiske situasjonen og i gjennomf\u00f8ringen av Langtidsplanen for Forsvaret, trenger Stortinget og H\u00f8yre representanter med kunnskap, engasjement og politisk tyngde innen forsvars- og sikkerhetspolitikk. H\u00f8yre trenger representanter som oppfatter landets sikkerhet og befolkningens trygghet som statens viktigste oppgave. H\u00f8yre har ogs\u00e5 et s\u00e6rskilt ansvar for \u00e5 holde verdiskapning og arbeidsplasser h\u00f8yt p\u00e5 dagsorden. Her vil jeg bidra.<br><br><strong>Politiske interesseomr\u00e5der:<\/strong> <br>&#8211; Forsvars- og sikkerhetspolitikk.<br>&#8211; Samferdsel og n\u00e6ringspolitikk.<br><br><strong>Bakgrunn:<\/strong> Har tidligere v\u00e6rt kommunepolitiker i B\u00e6rum og leder av Akershus H\u00f8yre. God kjennskap til ulike sektorer i samfunnet gjennom 20 \u00e5rs arbeidserfaring fra n\u00e6ringslivet og \u00e5tte \u00e5r i offentlig sektor.<\/p>\n\n\n\n<div class=\"wp-block-buttons is-layout-flex wp-block-buttons-is-layout-flex\">\n<div class=\"wp-block-button\"><a class=\"wp-block-button__link wp-element-button\" href=\"https:\/\/www.facebook.com\/harekelevens\">F\u00f8lg h\u00e5rek p\u00e5 facebook<\/a><\/div>\n<\/div>\n<\/div><\/div><\/div><\/div>\n","protected":false},"excerpt":{"rendered":"","protected":false},"author":202,"featured_media":0,"parent":0,"menu_order":0,"comment_status":"closed","ping_status":"closed","template":"","meta":{"teft_cards_image_url":"","teft_cards_custom_pretitle":"","teft_cards_image_id":1533,"teft_cards_image_focal_point_x":0.51,"teft_cards_image_focal_point_y":0.25,"teft_cards_title":"","teft_cards_excerpt":"","teft_show_chapters":false,"footnotes":""},"class_list":["post-1177","page","type-page","status-publish","hentry"],"yoast_head":"<!-- This site is optimized with the Yoast SEO plugin v26.6 - https:\/\/yoast.com\/wordpress\/plugins\/seo\/ -->\n<title>H\u00e5rek Elvenes - Akershus H\u00f8yre<\/title>\n<meta name=\"description\" content=\"Stortingsrepresentant fra B\u00e6rum og kandidat for Akershus H\u00f8yre til stortingsvalget h\u00f8sten 2025. Medlem av utenriks- og forsvarskomiteen.\" \/>\n<meta name=\"robots\" content=\"index, follow, max-snippet:-1, max-image-preview:large, max-video-preview:-1\" \/>\n<link rel=\"canonical\" href=\"https:\/\/hoyre.no\/akershus\/harek-elvenes\/\" \/>\n<meta property=\"og:locale\" content=\"nb_NO\" \/>\n<meta property=\"og:type\" content=\"article\" \/>\n<meta property=\"og:title\" content=\"H\u00e5rek Elvenes - Akershus H\u00f8yre\" \/>\n<meta property=\"og:description\" content=\"Stortingsrepresentant fra B\u00e6rum og kandidat for Akershus H\u00f8yre til stortingsvalget h\u00f8sten 2025. Medlem av utenriks- og forsvarskomiteen.\" \/>\n<meta property=\"og:url\" content=\"https:\/\/hoyre.no\/akershus\/harek-elvenes\/\" \/>\n<meta property=\"og:site_name\" content=\"Akershus H\u00f8yre\" \/>\n<meta property=\"article:publisher\" content=\"https:\/\/www.facebook.com\/akershus.h\" \/>\n<meta property=\"article:modified_time\" content=\"2025-08-05T13:36:24+00:00\" \/>\n<meta property=\"og:image\" content=\"https:\/\/hoyre.no\/content\/uploads\/sites\/432\/2025\/06\/Harek-Elvenes-11.-juni-2025-1-1024x683.jpg\" \/>\n<meta name=\"twitter:card\" content=\"summary_large_image\" \/>\n<meta name=\"twitter:label1\" content=\"Ansl. lesetid\" \/>\n\t<meta name=\"twitter:data1\" content=\"2 minutter\" \/>\n<script type=\"application\/ld+json\" class=\"yoast-schema-graph\">{\"@context\":\"https:\/\/schema.org\",\"@graph\":[{\"@type\":\"WebPage\",\"@id\":\"https:\/\/hoyre.no\/akershus\/harek-elvenes\/\",\"url\":\"https:\/\/hoyre.no\/akershus\/harek-elvenes\/\",\"name\":\"H\u00e5rek Elvenes - Akershus H\u00f8yre\",\"isPartOf\":{\"@id\":\"https:\/\/hoyre.no\/akershus\/#website\"},\"image\":{\"@id\":\"https:\/\/hoyre.no\/akershus\/harek-elvenes\/#primaryimage\"},\"thumbnailUrl\":\"https:\/\/hoyre.no\/content\/uploads\/sites\/432\/2025\/06\/Harek-Elvenes-11.-juni-2025-1-1024x683.jpg\",\"datePublished\":\"2025-01-03T10:08:12+00:00\",\"dateModified\":\"2025-08-05T13:36:24+00:00\",\"description\":\"Stortingsrepresentant fra B\u00e6rum og kandidat for Akershus H\u00f8yre til stortingsvalget h\u00f8sten 2025. Medlem av utenriks- og forsvarskomiteen.\",\"breadcrumb\":{\"@id\":\"https:\/\/hoyre.no\/akershus\/harek-elvenes\/#breadcrumb\"},\"inLanguage\":\"nb-NO\",\"potentialAction\":[{\"@type\":\"ReadAction\",\"target\":[\"https:\/\/hoyre.no\/akershus\/harek-elvenes\/\"]}]},{\"@type\":\"ImageObject\",\"inLanguage\":\"nb-NO\",\"@id\":\"https:\/\/hoyre.no\/akershus\/harek-elvenes\/#primaryimage\",\"url\":\"https:\/\/hoyre.no\/content\/uploads\/sites\/432\/2025\/06\/Harek-Elvenes-11.-juni-2025-1-1024x683.jpg\",\"contentUrl\":\"https:\/\/hoyre.no\/content\/uploads\/sites\/432\/2025\/06\/Harek-Elvenes-11.-juni-2025-1-1024x683.jpg\"},{\"@type\":\"BreadcrumbList\",\"@id\":\"https:\/\/hoyre.no\/akershus\/harek-elvenes\/#breadcrumb\",\"itemListElement\":[{\"@type\":\"ListItem\",\"position\":1,\"name\":\"Til hoyre.no\",\"item\":\"https:\/\/hoyre.no\"},{\"@type\":\"ListItem\",\"position\":2,\"name\":\"Hjem\",\"item\":\"https:\/\/hoyre.no\/akershus\/\"},{\"@type\":\"ListItem\",\"position\":3,\"name\":\"H\u00e5rek Elvenes\"}]},{\"@type\":\"WebSite\",\"@id\":\"https:\/\/hoyre.no\/akershus\/#website\",\"url\":\"https:\/\/hoyre.no\/akershus\/\",\"name\":\"Akershus H\u00f8yre\",\"description\":\"Bare enda et H\u00f8yres nettsteder-nettsted\",\"publisher\":{\"@id\":\"https:\/\/hoyre.no\/akershus\/#organization\"},\"inLanguage\":\"nb-NO\"},{\"@type\":\"Organization\",\"@id\":\"https:\/\/hoyre.no\/akershus\/#organization\",\"name\":\"Akershus H\u00f8yre\",\"url\":\"https:\/\/hoyre.no\/akershus\/\",\"logo\":{\"@type\":\"ImageObject\",\"inLanguage\":\"nb-NO\",\"@id\":\"https:\/\/hoyre.no\/akershus\/#\/schema\/logo\/image\/\",\"url\":\"https:\/\/hoyre.no\/content\/uploads\/sites\/432\/2023\/02\/hoyre_logo.png\",\"contentUrl\":\"https:\/\/hoyre.no\/content\/uploads\/sites\/432\/2023\/02\/hoyre_logo.png\",\"width\":1000,\"height\":1000,\"caption\":\"Akershus H\u00f8yre\"},\"image\":{\"@id\":\"https:\/\/hoyre.no\/akershus\/#\/schema\/logo\/image\/\"},\"sameAs\":[\"https:\/\/www.facebook.com\/akershus.h\"]}]}<\/script>\n<!-- \/ Yoast SEO plugin. -->","yoast_head_json":{"title":"H\u00e5rek Elvenes - Akershus H\u00f8yre","description":"Stortingsrepresentant fra B\u00e6rum og kandidat for Akershus H\u00f8yre til stortingsvalget h\u00f8sten 2025. Medlem av utenriks- og forsvarskomiteen.","robots":{"index":"index","follow":"follow","max-snippet":"max-snippet:-1","max-image-preview":"max-image-preview:large","max-video-preview":"max-video-preview:-1"},"canonical":"https:\/\/hoyre.no\/akershus\/harek-elvenes\/","og_locale":"nb_NO","og_type":"article","og_title":"H\u00e5rek Elvenes - Akershus H\u00f8yre","og_description":"Stortingsrepresentant fra B\u00e6rum og kandidat for Akershus H\u00f8yre til stortingsvalget h\u00f8sten 2025. Medlem av utenriks- og forsvarskomiteen.","og_url":"https:\/\/hoyre.no\/akershus\/harek-elvenes\/","og_site_name":"Akershus H\u00f8yre","article_publisher":"https:\/\/www.facebook.com\/akershus.h","article_modified_time":"2025-08-05T13:36:24+00:00","og_image":[{"url":"https:\/\/hoyre.no\/content\/uploads\/sites\/432\/2025\/06\/Harek-Elvenes-11.-juni-2025-1-1024x683.jpg","width":"","height":"","type":""}],"twitter_card":"summary_large_image","twitter_misc":{"Ansl. lesetid":"2 minutter"},"schema":{"@context":"https:\/\/schema.org","@graph":[{"@type":"WebPage","@id":"https:\/\/hoyre.no\/akershus\/harek-elvenes\/","url":"https:\/\/hoyre.no\/akershus\/harek-elvenes\/","name":"H\u00e5rek Elvenes - Akershus H\u00f8yre","isPartOf":{"@id":"https:\/\/hoyre.no\/akershus\/#website"},"image":{"@id":"https:\/\/hoyre.no\/akershus\/harek-elvenes\/#primaryimage"},"thumbnailUrl":"https:\/\/hoyre.no\/content\/uploads\/sites\/432\/2025\/06\/Harek-Elvenes-11.-juni-2025-1-1024x683.jpg","datePublished":"2025-01-03T10:08:12+00:00","dateModified":"2025-08-05T13:36:24+00:00","description":"Stortingsrepresentant fra B\u00e6rum og kandidat for Akershus H\u00f8yre til stortingsvalget h\u00f8sten 2025. Medlem av utenriks- og forsvarskomiteen.","breadcrumb":{"@id":"https:\/\/hoyre.no\/akershus\/harek-elvenes\/#breadcrumb"},"inLanguage":"nb-NO","potentialAction":[{"@type":"ReadAction","target":["https:\/\/hoyre.no\/akershus\/harek-elvenes\/"]}]},{"@type":"ImageObject","inLanguage":"nb-NO","@id":"https:\/\/hoyre.no\/akershus\/harek-elvenes\/#primaryimage","url":"https:\/\/hoyre.no\/content\/uploads\/sites\/432\/2025\/06\/Harek-Elvenes-11.-juni-2025-1-1024x683.jpg","contentUrl":"https:\/\/hoyre.no\/content\/uploads\/sites\/432\/2025\/06\/Harek-Elvenes-11.-juni-2025-1-1024x683.jpg"},{"@type":"BreadcrumbList","@id":"https:\/\/hoyre.no\/akershus\/harek-elvenes\/#breadcrumb","itemListElement":[{"@type":"ListItem","position":1,"name":"Til hoyre.no","item":"https:\/\/hoyre.no"},{"@type":"ListItem","position":2,"name":"Hjem","item":"https:\/\/hoyre.no\/akershus\/"},{"@type":"ListItem","position":3,"name":"H\u00e5rek Elvenes"}]},{"@type":"WebSite","@id":"https:\/\/hoyre.no\/akershus\/#website","url":"https:\/\/hoyre.no\/akershus\/","name":"Akershus H\u00f8yre","description":"Bare enda et H\u00f8yres nettsteder-nettsted","publisher":{"@id":"https:\/\/hoyre.no\/akershus\/#organization"},"inLanguage":"nb-NO"},{"@type":"Organization","@id":"https:\/\/hoyre.no\/akershus\/#organization","name":"Akershus H\u00f8yre","url":"https:\/\/hoyre.no\/akershus\/","logo":{"@type":"ImageObject","inLanguage":"nb-NO","@id":"https:\/\/hoyre.no\/akershus\/#\/schema\/logo\/image\/","url":"https:\/\/hoyre.no\/content\/uploads\/sites\/432\/2023\/02\/hoyre_logo.png","contentUrl":"https:\/\/hoyre.no\/content\/uploads\/sites\/432\/2023\/02\/hoyre_logo.png","width":1000,"height":1000,"caption":"Akershus H\u00f8yre"},"image":{"@id":"https:\/\/hoyre.no\/akershus\/#\/schema\/logo\/image\/"},"sameAs":["https:\/\/www.facebook.com\/akershus.h"]}]}},"distributor_meta":false,"distributor_terms":false,"distributor_media":false,"distributor_original_site_name":"Akershus H\u00f8yre","distributor_original_site_url":"https:\/\/hoyre.no\/akershus","push-errors":false,"_links":{"self":[{"href":"https:\/\/hoyre.no\/akershus\/wp-json\/wp\/v2\/pages\/1177","targetHints":{"allow":["GET"]}}],"collection":[{"href":"https:\/\/hoyre.no\/akershus\/wp-json\/wp\/v2\/pages"}],"about":[{"href":"https:\/\/hoyre.no\/akershus\/wp-json\/wp\/v2\/types\/page"}],"author":[{"embeddable":true,"href":"https:\/\/hoyre.no\/akershus\/wp-json\/wp\/v2\/users\/202"}],"replies":[{"embeddable":true,"href":"https:\/\/hoyre.no\/akershus\/wp-json\/wp\/v2\/comments?post=1177"}],"version-history":[{"count":9,"href":"https:\/\/hoyre.no\/akershus\/wp-json\/wp\/v2\/pages\/1177\/revisions"}],"predecessor-version":[{"id":1652,"href":"https:\/\/hoyre.no\/akershus\/wp-json\/wp\/v2\/pages\/1177\/revisions\/1652"}],"wp:attachment":[{"href":"https:\/\/hoyre.no\/akershus\/wp-json\/wp\/v2\/media?parent=1177"}],"curies":[{"name":"wp","href":"https:\/\/api.w.org\/{rel}","templated":true}]}}