{"id":49,"date":"2023-05-02T12:49:31","date_gmt":"2023-05-02T10:49:31","guid":{"rendered":"https:\/\/hoyre.no\/alver\/?page_id=49"},"modified":"2023-07-26T14:12:21","modified_gmt":"2023-07-26T12:12:21","slug":"alver-hogre-valgprogram","status":"publish","type":"page","link":"https:\/\/hoyre.no\/alver\/alver-hogre-valgprogram\/","title":{"rendered":"Politikk"},"content":{"rendered":"\n<div class=\"wp-block-hoyre-hero with-image-gradient text-color-light  has-media alignfull has-background\"><div class=\"hoyre-hero has-image\"><h1 class=\"title\">Kj\u00e6re veljar<\/h1><p class=\"preamble\">Som ordf\u00f8rerkandidat for Alver H\u00f8gre, ber eg om dykkar tillit til \u00e5 leie kommunen v\u00e5r inn i framtida.\u00a0<br>Me st\u00e5r\u00a0overfor store utfordringar, med ein trang \u00f8konomi og ein skule som ikkje har utvikla seg i positiv retning.\u00a0 Eg trur at me saman kan utvikle Alver kommune til \u00e5 bli ein end\u00e5 betre kommune \u00e5 bu og leva i. <\/p>\t\t\t<div class=\"post-meta wp-block teft-byline-wrapper\">\n\t\t\t\t<div class=\"top\">\n\t\t\t\t\t<div class=\"signature\">\n\t\t\t\t\t\t<div class=\"teft-byline\">\n\t\t\t\t\t\t\t\t\t\t\t\t\t\t<div>\n\t\t\t\t\t\t\t\t<h3>H\u00f8yres redaksjon<\/h3>\t\t\t\t\t\t\t\t\n\t\t\t\t\t\t\t\t\t\t\t\t\t\t\t\t\t<span class=\"date\">Sist oppdatert: 26. juli 2023<\/span>\n\t\t\t\t\t\t\t\t\t\t\t\t\t\t\t\t\t\t\t\t\t\t\t\t\t<span class=\"reading-time\" itemprop=\"timeRequired\" content=\"PT1M\"><em>Ca. 1 minutter lesetid<\/em><\/span>\n\t\t\t\t\t\t\t\t\t\t\t\t\t\t\t<\/div>\n\t\t\t\t\t\t<\/div>\n\t\t\t\t\t<\/div>\n\t\t\t\t\t\t<div class=\"sharing\">\n\t\t<a class=\"share-button share-link copy-link\" data-copy=\"https:\/\/hoyre.no\/alver\/alver-hogre-valgprogram\/\" target=\"_blank\"><span class=\"screen-reader-text\">Del link<\/span><\/a>\n\t\t<a class=\"share-button share-twitter\" href=\"http:\/\/twitter.com\/share?text=Politikk&#038;url=https:\/\/hoyre.no\/alver\/alver-hogre-valgprogram\/&#038;hashtags=Hoyre\" target=\"_blank\"><span class=\"screen-reader-text\">Del p\u00e5 twitter<\/span><\/a>\n\t\t<a class=\"share-button share-facebook\" href=\"https:\/\/www.facebook.com\/sharer\/sharer.php?u=https:\/\/hoyre.no\/alver\/alver-hogre-valgprogram\/\" target=\"_blank\"><span class=\"screen-reader-text\">Del p\u00e5 facebook<\/span><\/a>\n\t<\/div>\n\t\t\t\t\t<\/div>\n\t\t\t<\/div>\n\n\t\t\t<figure class=\"hoyre-image-wrapper\"><div class=\"hoyre-image\"><img loading=\"lazy\" decoding=\"async\" width=\"1775\" height=\"1775\" src=\"https:\/\/hoyre.no\/content\/uploads\/sites\/351\/2023\/06\/Ingrid.jpg\" class=\"attachment-scaled size-scaled\" alt=\"\" style=\"object-position: 50% 50%\" srcset=\"https:\/\/hoyre.no\/content\/uploads\/sites\/351\/2023\/06\/Ingrid.jpg 1775w, https:\/\/hoyre.no\/content\/uploads\/sites\/351\/2023\/06\/Ingrid-300x300.jpg 300w, https:\/\/hoyre.no\/content\/uploads\/sites\/351\/2023\/06\/Ingrid-1024x1024.jpg 1024w, https:\/\/hoyre.no\/content\/uploads\/sites\/351\/2023\/06\/Ingrid-150x150.jpg 150w, https:\/\/hoyre.no\/content\/uploads\/sites\/351\/2023\/06\/Ingrid-768x768.jpg 768w, https:\/\/hoyre.no\/content\/uploads\/sites\/351\/2023\/06\/Ingrid-1536x1536.jpg 1536w\" sizes=\"auto, (max-width: 1775px) 100vw, 1775px\" \/><\/div><\/figure><\/div><\/div>\n\n\n\n\n\n<div class=\"wp-block-buttons is-layout-flex wp-block-buttons-is-layout-flex\">\n<div class=\"wp-block-button\"><a class=\"wp-block-button__link\" href=\"https:\/\/www.alverhogre.no\/program\">Trykk her for \u00e5 lese v\u00e5rt valgprogram<\/a><\/div>\n<\/div>\n","protected":false},"excerpt":{"rendered":"","protected":false},"author":14016,"featured_media":0,"parent":0,"menu_order":0,"comment_status":"closed","ping_status":"closed","template":"","meta":{"teft_cards_image_url":"","teft_cards_custom_pretitle":"","teft_cards_image_id":0,"teft_cards_image_focal_point_x":0,"teft_cards_image_focal_point_y":0,"teft_cards_title":"","teft_cards_excerpt":"","teft_show_chapters":false,"footnotes":""},"class_list":["post-49","page","type-page","status-publish","hentry"],"yoast_head":"<!-- This site is optimized with the Yoast SEO plugin v26.6 - https:\/\/yoast.com\/wordpress\/plugins\/seo\/ -->\n<title>Politikk - Alver H\u00f8gre<\/title>\n<meta name=\"description\" content=\"Her kan du finne Alver H\u00f8gre sitt valprogram for 2023-2027\" \/>\n<meta name=\"robots\" content=\"index, follow, max-snippet:-1, max-image-preview:large, max-video-preview:-1\" \/>\n<link rel=\"canonical\" href=\"https:\/\/hoyre.no\/alver\/alver-hogre-valgprogram\/\" \/>\n<meta property=\"og:locale\" content=\"nn_NO\" \/>\n<meta property=\"og:type\" content=\"article\" \/>\n<meta property=\"og:title\" content=\"Politikk - Alver H\u00f8gre\" \/>\n<meta property=\"og:description\" content=\"Her kan du finne Alver H\u00f8gre sitt valprogram for 2023-2027\" \/>\n<meta property=\"og:url\" content=\"https:\/\/hoyre.no\/alver\/alver-hogre-valgprogram\/\" \/>\n<meta property=\"og:site_name\" content=\"Alver H\u00f8gre\" \/>\n<meta property=\"article:modified_time\" content=\"2023-07-26T12:12:21+00:00\" \/>\n<meta property=\"og:image\" content=\"https:\/\/hoyre.no\/content\/uploads\/sites\/351\/2022\/11\/Hoyres-logo.png\" \/>\n\t<meta property=\"og:image:width\" content=\"1000\" \/>\n\t<meta property=\"og:image:height\" content=\"1000\" \/>\n\t<meta property=\"og:image:type\" content=\"image\/png\" \/>\n<meta name=\"twitter:card\" content=\"summary_large_image\" \/>\n<meta name=\"twitter:label1\" content=\"Est. reading time\" \/>\n\t<meta name=\"twitter:data1\" content=\"1 minutt\" \/>\n<script type=\"application\/ld+json\" class=\"yoast-schema-graph\">{\"@context\":\"https:\/\/schema.org\",\"@graph\":[{\"@type\":\"WebPage\",\"@id\":\"https:\/\/hoyre.no\/alver\/alver-hogre-valgprogram\/\",\"url\":\"https:\/\/hoyre.no\/alver\/alver-hogre-valgprogram\/\",\"name\":\"Politikk - Alver H\u00f8gre\",\"isPartOf\":{\"@id\":\"https:\/\/hoyre.no\/alver\/#website\"},\"datePublished\":\"2023-05-02T10:49:31+00:00\",\"dateModified\":\"2023-07-26T12:12:21+00:00\",\"description\":\"Her kan du finne Alver H\u00f8gre sitt valprogram for 2023-2027\",\"breadcrumb\":{\"@id\":\"https:\/\/hoyre.no\/alver\/alver-hogre-valgprogram\/#breadcrumb\"},\"inLanguage\":\"nn-NO\",\"potentialAction\":[{\"@type\":\"ReadAction\",\"target\":[\"https:\/\/hoyre.no\/alver\/alver-hogre-valgprogram\/\"]}]},{\"@type\":\"BreadcrumbList\",\"@id\":\"https:\/\/hoyre.no\/alver\/alver-hogre-valgprogram\/#breadcrumb\",\"itemListElement\":[{\"@type\":\"ListItem\",\"position\":1,\"name\":\"Til hoyre.no\",\"item\":\"https:\/\/hoyre.no\"},{\"@type\":\"ListItem\",\"position\":2,\"name\":\"Hjem\",\"item\":\"https:\/\/hoyre.no\/alver\/\"},{\"@type\":\"ListItem\",\"position\":3,\"name\":\"Politikk\"}]},{\"@type\":\"WebSite\",\"@id\":\"https:\/\/hoyre.no\/alver\/#website\",\"url\":\"https:\/\/hoyre.no\/alver\/\",\"name\":\"Alver H\u00f8gre\",\"description\":\"Bare enda et H\u00f8yres nettsteder-nettsted\",\"inLanguage\":\"nn-NO\"}]}<\/script>\n<!-- \/ Yoast SEO plugin. -->","yoast_head_json":{"title":"Politikk - Alver H\u00f8gre","description":"Her kan du finne Alver H\u00f8gre sitt valprogram for 2023-2027","robots":{"index":"index","follow":"follow","max-snippet":"max-snippet:-1","max-image-preview":"max-image-preview:large","max-video-preview":"max-video-preview:-1"},"canonical":"https:\/\/hoyre.no\/alver\/alver-hogre-valgprogram\/","og_locale":"nn_NO","og_type":"article","og_title":"Politikk - Alver H\u00f8gre","og_description":"Her kan du finne Alver H\u00f8gre sitt valprogram for 2023-2027","og_url":"https:\/\/hoyre.no\/alver\/alver-hogre-valgprogram\/","og_site_name":"Alver H\u00f8gre","article_modified_time":"2023-07-26T12:12:21+00:00","og_image":[{"width":1000,"height":1000,"url":"https:\/\/hoyre.no\/content\/uploads\/sites\/351\/2022\/11\/Hoyres-logo.png","type":"image\/png"}],"twitter_card":"summary_large_image","twitter_misc":{"Est. reading time":"1 minutt"},"schema":{"@context":"https:\/\/schema.org","@graph":[{"@type":"WebPage","@id":"https:\/\/hoyre.no\/alver\/alver-hogre-valgprogram\/","url":"https:\/\/hoyre.no\/alver\/alver-hogre-valgprogram\/","name":"Politikk - Alver H\u00f8gre","isPartOf":{"@id":"https:\/\/hoyre.no\/alver\/#website"},"datePublished":"2023-05-02T10:49:31+00:00","dateModified":"2023-07-26T12:12:21+00:00","description":"Her kan du finne Alver H\u00f8gre sitt valprogram for 2023-2027","breadcrumb":{"@id":"https:\/\/hoyre.no\/alver\/alver-hogre-valgprogram\/#breadcrumb"},"inLanguage":"nn-NO","potentialAction":[{"@type":"ReadAction","target":["https:\/\/hoyre.no\/alver\/alver-hogre-valgprogram\/"]}]},{"@type":"BreadcrumbList","@id":"https:\/\/hoyre.no\/alver\/alver-hogre-valgprogram\/#breadcrumb","itemListElement":[{"@type":"ListItem","position":1,"name":"Til hoyre.no","item":"https:\/\/hoyre.no"},{"@type":"ListItem","position":2,"name":"Hjem","item":"https:\/\/hoyre.no\/alver\/"},{"@type":"ListItem","position":3,"name":"Politikk"}]},{"@type":"WebSite","@id":"https:\/\/hoyre.no\/alver\/#website","url":"https:\/\/hoyre.no\/alver\/","name":"Alver H\u00f8gre","description":"Bare enda et H\u00f8yres nettsteder-nettsted","inLanguage":"nn-NO"}]}},"distributor_meta":false,"distributor_terms":false,"distributor_media":false,"distributor_original_site_name":"Alver H\u00f8gre","distributor_original_site_url":"https:\/\/hoyre.no\/alver","push-errors":false,"_links":{"self":[{"href":"https:\/\/hoyre.no\/alver\/wp-json\/wp\/v2\/pages\/49","targetHints":{"allow":["GET"]}}],"collection":[{"href":"https:\/\/hoyre.no\/alver\/wp-json\/wp\/v2\/pages"}],"about":[{"href":"https:\/\/hoyre.no\/alver\/wp-json\/wp\/v2\/types\/page"}],"author":[{"embeddable":true,"href":"https:\/\/hoyre.no\/alver\/wp-json\/wp\/v2\/users\/14016"}],"replies":[{"embeddable":true,"href":"https:\/\/hoyre.no\/alver\/wp-json\/wp\/v2\/comments?post=49"}],"version-history":[{"count":5,"href":"https:\/\/hoyre.no\/alver\/wp-json\/wp\/v2\/pages\/49\/revisions"}],"predecessor-version":[{"id":92,"href":"https:\/\/hoyre.no\/alver\/wp-json\/wp\/v2\/pages\/49\/revisions\/92"}],"wp:attachment":[{"href":"https:\/\/hoyre.no\/alver\/wp-json\/wp\/v2\/media?parent=49"}],"curies":[{"name":"wp","href":"https:\/\/api.w.org\/{rel}","templated":true}]}}