{"id":44,"date":"2023-08-22T13:40:44","date_gmt":"2023-08-22T11:40:44","guid":{"rendered":"https:\/\/hoyre.no\/andoy\/?page_id=44"},"modified":"2025-01-24T15:41:35","modified_gmt":"2025-01-24T14:41:35","slug":"ti-gode-grunner-til-a-stemme-andoy-hoyre","status":"publish","type":"page","link":"https:\/\/hoyre.no\/andoy\/ti-gode-grunner-til-a-stemme-andoy-hoyre\/","title":{"rendered":"Ti gode grunner til \u00e5 stemme And\u00f8y H\u00f8yre"},"content":{"rendered":"\n<div class=\"wp-block-hoyre-hero with-image-gradient text-color-light  alignfull has-background\"><div class=\"hoyre-hero \"><h1 class=\"title\">Ti gode grunner til \u00e5 stemme And\u00f8y H\u00f8yre<\/h1><p class=\"preamble\">Her er ti gode grunner til \u00e5 stemme p\u00e5 And\u00f8y H\u00f8yre ved h\u00f8stens valg<\/p><\/div><\/div>\n\n\n\n\n\t\t<div class=\"has-lightest-blue-background-color is-layout-left alignwide alignwide wp-block-hoyre-media-text\">\n\t\t\t<div class=\"hoyre-media-text__media\">\n\t\t\t\t<img loading=\"lazy\" decoding=\"async\" width=\"1024\" height=\"576\" src=\"https:\/\/hoyre.no\/content\/uploads\/sites\/152\/2023\/08\/GettyImages-1146259705_nett-1024x576.jpg\" class=\"hoyre-media-text__media-image\" alt=\"\" style=\"--focal: 5% 87%;\" srcset=\"https:\/\/hoyre.no\/content\/uploads\/sites\/152\/2023\/08\/GettyImages-1146259705_nett-1024x576.jpg 1024w, https:\/\/hoyre.no\/content\/uploads\/sites\/152\/2023\/08\/GettyImages-1146259705_nett-300x169.jpg 300w, https:\/\/hoyre.no\/content\/uploads\/sites\/152\/2023\/08\/GettyImages-1146259705_nett-768x432.jpg 768w, https:\/\/hoyre.no\/content\/uploads\/sites\/152\/2023\/08\/GettyImages-1146259705_nett.jpg 1338w\" sizes=\"auto, (max-width: 1024px) 100vw, 1024px\" \/>\n\t\t\t<\/div>\n\t\t\t<div class=\"hoyre-media-text__content\">\n\t\t\t\t<div class=\"hoyre-media-text__content-inner\">\n\t\t\t\t\t\n\t\t\t<div class=\"hoyre-media-text__title-container\">\n\t\t\t\t\n\t\t\t\t<h2 class=\"hoyre-media-text__title\">1. <strong>Fornyelse i politikken<\/strong><\/h2>\n\t\t\t<\/div>\n\t\t\t\n\t\t\t\t\t<div class=\"hoyre-media-text__blocks\">\n<p>And\u00f8y er full av unike muligheter for fremtiden, og jeg har store ambisjoner for vekst og utvikling av And\u00f8y. Det ville v\u00e6rt et absolutt privilegium \u00e5 p\u00e5ta seg rollen som ordf\u00f8rer i en kommune som skal v\u00e6re vertskap for en rekke store, spennende prosjekter. Mitt st\u00f8rste \u00f8nske er \u00e5 bidra til \u00e5 realisere mulighetene dette gir, samt bidra til at dette skaper ringvirkninger og grunnlag for \u00e5 kunne bygge gode kommunale tjenester.<\/p>\n<\/div>\n\t\t\t\t\t\n\t\t\t\t<\/div>\n\t\t\t<\/div>\n\t\t<\/div>\n\t\t\n\n\n\t\t<div class=\"has-pale-green-background-color is-layout-left alignwide alignwide wp-block-hoyre-media-text\">\n\t\t\t<div class=\"hoyre-media-text__media\">\n\t\t\t\t<img loading=\"lazy\" decoding=\"async\" width=\"1024\" height=\"683\" src=\"https:\/\/hoyre.no\/content\/uploads\/sites\/152\/2023\/08\/offpriv-1024x683.jpg\" class=\"hoyre-media-text__media-image\" alt=\"\" style=\"--focal: 60% 51%;\" srcset=\"https:\/\/hoyre.no\/content\/uploads\/sites\/152\/2023\/08\/offpriv-1024x683.jpg 1024w, https:\/\/hoyre.no\/content\/uploads\/sites\/152\/2023\/08\/offpriv-300x200.jpg 300w, https:\/\/hoyre.no\/content\/uploads\/sites\/152\/2023\/08\/offpriv-768x512.jpg 768w, https:\/\/hoyre.no\/content\/uploads\/sites\/152\/2023\/08\/offpriv-1536x1025.jpg 1536w, https:\/\/hoyre.no\/content\/uploads\/sites\/152\/2023\/08\/offpriv.jpg 2048w\" sizes=\"auto, (max-width: 1024px) 100vw, 1024px\" \/>\n\t\t\t<\/div>\n\t\t\t<div class=\"hoyre-media-text__content\">\n\t\t\t\t<div class=\"hoyre-media-text__content-inner\">\n\t\t\t\t\t\n\t\t\t<div class=\"hoyre-media-text__title-container\">\n\t\t\t\t\n\t\t\t\t<h2 class=\"hoyre-media-text__title\">2. <strong>Sunt og stabilt samspill mellom kommunale tjenester og privat n\u00e6ringsliv<\/strong><\/h2>\n\t\t\t<\/div>\n\t\t\t\n\t\t\t\t\t<div class=\"hoyre-media-text__blocks\">\n<p>Et sunt og stabilt samspill mellom kommunale tjenester og privat n\u00e6ringsliv er av avgj\u00f8rende betydning for en velfungerende og b\u00e6rekraftig samfunnsutvikling. Dette samspillet inneb\u00e6rer et tett samarbeid der begge parter dra nytte av hverandres ressurser, ekspertise og kapasiteter for \u00e5 oppn\u00e5 felles m\u00e5l som fremmer \u00f8konomisk vekst, sosial velstand og forbedret livskvalitet.<\/p>\n<\/div>\n\t\t\t\t\t\n\t\t\t\t<\/div>\n\t\t\t<\/div>\n\t\t<\/div>\n\t\t\n\n\n\t\t<div class=\"has-pink-background-color is-layout-left alignwide alignwide wp-block-hoyre-media-text\">\n\t\t\t<div class=\"hoyre-media-text__media\">\n\t\t\t\t<img loading=\"lazy\" decoding=\"async\" width=\"1024\" height=\"683\" src=\"https:\/\/hoyre.no\/content\/uploads\/sites\/152\/2023\/08\/GettyImages-1072533000_nett-1024x683.jpg\" class=\"hoyre-media-text__media-image\" alt=\"\" style=\"--focal: 49% 71%;\" srcset=\"https:\/\/hoyre.no\/content\/uploads\/sites\/152\/2023\/08\/GettyImages-1072533000_nett-1024x683.jpg 1024w, https:\/\/hoyre.no\/content\/uploads\/sites\/152\/2023\/08\/GettyImages-1072533000_nett-300x200.jpg 300w, https:\/\/hoyre.no\/content\/uploads\/sites\/152\/2023\/08\/GettyImages-1072533000_nett-768x512.jpg 768w, https:\/\/hoyre.no\/content\/uploads\/sites\/152\/2023\/08\/GettyImages-1072533000_nett.jpg 1368w\" sizes=\"auto, (max-width: 1024px) 100vw, 1024px\" \/>\n\t\t\t<\/div>\n\t\t\t<div class=\"hoyre-media-text__content\">\n\t\t\t\t<div class=\"hoyre-media-text__content-inner\">\n\t\t\t\t\t\n\t\t\t<div class=\"hoyre-media-text__title-container\">\n\t\t\t\t\n\t\t\t\t<h2 class=\"hoyre-media-text__title\"><strong>3. Et b\u00e6rekraftig friluftsliv for fastboende og bes\u00f8kende<\/strong><\/h2>\n\t\t\t<\/div>\n\t\t\t\n\t\t\t\t\t<div class=\"hoyre-media-text__blocks\">\n<p>&#8230; handler om \u00e5 tilrettelegge for utend\u00f8rsaktiviteter p\u00e5 en m\u00e5te som tar vare p\u00e5 naturen og milj\u00f8et, samtidig som det ivaretar behovene for aktivitet til b\u00e5de lokale innbyggere og bes\u00f8kende.<\/p>\n<\/div>\n\t\t\t\t\t\n\t\t\t\t<\/div>\n\t\t\t<\/div>\n\t\t<\/div>\n\t\t\n\n\n\t\t<div class=\"has-dark-blue-background-color is-layout-left alignwide alignwide wp-block-hoyre-media-text\">\n\t\t\t<div class=\"hoyre-media-text__media\">\n\t\t\t\t<img loading=\"lazy\" decoding=\"async\" width=\"614\" height=\"457\" src=\"https:\/\/hoyre.no\/content\/uploads\/sites\/152\/2023\/08\/bolig.jpg\" class=\"hoyre-media-text__media-image\" alt=\"\" style=\"--focal: 49% 71%;\" srcset=\"https:\/\/hoyre.no\/content\/uploads\/sites\/152\/2023\/08\/bolig.jpg 614w, https:\/\/hoyre.no\/content\/uploads\/sites\/152\/2023\/08\/bolig-300x223.jpg 300w\" sizes=\"auto, (max-width: 614px) 100vw, 614px\" \/>\n\t\t\t<\/div>\n\t\t\t<div class=\"hoyre-media-text__content\">\n\t\t\t\t<div class=\"hoyre-media-text__content-inner\">\n\t\t\t\t\t\n\t\t\t<div class=\"hoyre-media-text__title-container\">\n\t\t\t\t\n\t\t\t\t<h2 class=\"hoyre-media-text__title\"><strong>4. Jobbe for attraktiv boligutvikling<\/strong><\/h2>\n\t\t\t<\/div>\n\t\t\t\n\t\t\t\t\t<div class=\"hoyre-media-text__blocks\">\n<p>\u2026 inneb\u00e6rer \u00e5 planlegge og realisere et boligtilbud som tiltrekker seg nye beboere og skaper et \u00f8nskelig og funksjonelt bomilj\u00f8.<\/p><p>Ved \u00e5 arbeide for en attraktiv og variert boligutvikling kan man skape et trivelig og levedyktig samfunn som tiltrekker seg innbyggere, stimulerer \u00f8konomisk vekst, og bidrar til et b\u00e6rekraftig milj\u00f8 p\u00e5 lang sikt.<\/p>\n<\/div>\n\t\t\t\t\t\n\t\t\t\t<\/div>\n\t\t\t<\/div>\n\t\t<\/div>\n\t\t\n\n\n\t\t<div class=\"has-pale-grey-background-color is-layout-left alignwide alignwide wp-block-hoyre-media-text\">\n\t\t\t<div class=\"hoyre-media-text__media\">\n\t\t\t\t<img loading=\"lazy\" decoding=\"async\" width=\"1024\" height=\"683\" src=\"https:\/\/hoyre.no\/content\/uploads\/sites\/152\/2023\/08\/fiske-1024x683.jpg\" class=\"hoyre-media-text__media-image\" alt=\"\" style=\"--focal: 48% 37%;\" srcset=\"https:\/\/hoyre.no\/content\/uploads\/sites\/152\/2023\/08\/fiske-1024x683.jpg 1024w, https:\/\/hoyre.no\/content\/uploads\/sites\/152\/2023\/08\/fiske-300x200.jpg 300w, https:\/\/hoyre.no\/content\/uploads\/sites\/152\/2023\/08\/fiske-768x512.jpg 768w, https:\/\/hoyre.no\/content\/uploads\/sites\/152\/2023\/08\/fiske-1536x1025.jpg 1536w, https:\/\/hoyre.no\/content\/uploads\/sites\/152\/2023\/08\/fiske.jpg 2048w\" sizes=\"auto, (max-width: 1024px) 100vw, 1024px\" \/>\n\t\t\t<\/div>\n\t\t\t<div class=\"hoyre-media-text__content\">\n\t\t\t\t<div class=\"hoyre-media-text__content-inner\">\n\t\t\t\t\t\n\t\t\t<div class=\"hoyre-media-text__title-container\">\n\t\t\t\t\n\t\t\t\t<h2 class=\"hoyre-media-text__title\"><strong>5. Trygge rammer for prim\u00e6rn\u00e6ringene i And\u00f8y<\/strong><\/h2>\n\t\t\t<\/div>\n\t\t\t\n\t\t\t\t\t<div class=\"hoyre-media-text__blocks\">\n<p>Gjennom \u00e5 tilrettelegge for trygge rammer for prim\u00e6rn\u00e6ringene, kan man st\u00f8tte en b\u00e6rekraftig utvikling av sektoren og sikre at den fortsetter \u00e5 v\u00e6re en viktig bidragsyter til matproduksjon, sysselsetting og \u00f8konomisk vekst i samfunnet.<\/p>\n<\/div>\n\t\t\t\t\t\n\t\t\t\t<\/div>\n\t\t\t<\/div>\n\t\t<\/div>\n\t\t\n\n\n\t\t<div class=\"has-pale-purple-background-color is-layout-left alignwide alignwide wp-block-hoyre-media-text\">\n\t\t\t<div class=\"hoyre-media-text__media\">\n\t\t\t\t<img loading=\"lazy\" decoding=\"async\" width=\"1024\" height=\"683\" src=\"https:\/\/hoyre.no\/content\/uploads\/sites\/152\/2023\/08\/flerekvalifisertelaerere-1024x683.jpg\" class=\"hoyre-media-text__media-image\" alt=\"\" style=\"--focal: 38% 42%;\" srcset=\"https:\/\/hoyre.no\/content\/uploads\/sites\/152\/2023\/08\/flerekvalifisertelaerere-1024x683.jpg 1024w, https:\/\/hoyre.no\/content\/uploads\/sites\/152\/2023\/08\/flerekvalifisertelaerere-300x200.jpg 300w, https:\/\/hoyre.no\/content\/uploads\/sites\/152\/2023\/08\/flerekvalifisertelaerere-768x512.jpg 768w, https:\/\/hoyre.no\/content\/uploads\/sites\/152\/2023\/08\/flerekvalifisertelaerere-1536x1025.jpg 1536w, https:\/\/hoyre.no\/content\/uploads\/sites\/152\/2023\/08\/flerekvalifisertelaerere.jpg 2048w\" sizes=\"auto, (max-width: 1024px) 100vw, 1024px\" \/>\n\t\t\t<\/div>\n\t\t\t<div class=\"hoyre-media-text__content\">\n\t\t\t\t<div class=\"hoyre-media-text__content-inner\">\n\t\t\t\t\t\n\t\t\t<div class=\"hoyre-media-text__title-container\">\n\t\t\t\t\n\t\t\t\t<h2 class=\"hoyre-media-text__title\">6. <strong>Det skal v\u00e6re stas \u00e5 v\u00e6re ung i And\u00f8y!<\/strong><\/h2>\n\t\t\t<\/div>\n\t\t\t\n\t\t\t\t\t<div class=\"hoyre-media-text__blocks\">\n<p>Det skal v\u00e6re en fantastisk og positiv opplevelse \u00e5 v\u00e6re ungdom. Det handler om \u00e5 skape en ungdomstid fylt med glede, inspirasjon, og muligheter for vekst og utvikling.<\/p>\n<\/div>\n\t\t\t\t\t\n\t\t\t\t<\/div>\n\t\t\t<\/div>\n\t\t<\/div>\n\t\t\n\n\n\t\t<div class=\"has-transparent-background-color is-layout-left alignwide alignwide wp-block-hoyre-media-text\">\n\t\t\t<div class=\"hoyre-media-text__media\">\n\t\t\t\t<img loading=\"lazy\" decoding=\"async\" width=\"1024\" height=\"688\" src=\"https:\/\/hoyre.no\/content\/uploads\/sites\/152\/2023\/08\/eldreomsorg-2-1024x688.jpg\" class=\"hoyre-media-text__media-image\" alt=\"\" style=\"--focal: 50% 50%;\" srcset=\"https:\/\/hoyre.no\/content\/uploads\/sites\/152\/2023\/08\/eldreomsorg-2-1024x688.jpg 1024w, https:\/\/hoyre.no\/content\/uploads\/sites\/152\/2023\/08\/eldreomsorg-2-300x201.jpg 300w, https:\/\/hoyre.no\/content\/uploads\/sites\/152\/2023\/08\/eldreomsorg-2-768x516.jpg 768w, https:\/\/hoyre.no\/content\/uploads\/sites\/152\/2023\/08\/eldreomsorg-2-1536x1031.jpg 1536w, https:\/\/hoyre.no\/content\/uploads\/sites\/152\/2023\/08\/eldreomsorg-2.jpg 2048w\" sizes=\"auto, (max-width: 1024px) 100vw, 1024px\" \/>\n\t\t\t<\/div>\n\t\t\t<div class=\"hoyre-media-text__content\">\n\t\t\t\t<div class=\"hoyre-media-text__content-inner\">\n\t\t\t\t\t\n\t\t\t<div class=\"hoyre-media-text__title-container\">\n\t\t\t\t\n\t\t\t\t<h2 class=\"hoyre-media-text__title\">7. <strong>Trygghet i kommunal drift<\/strong><\/h2>\n\t\t\t<\/div>\n\t\t\t\n\t\t\t\t\t<div class=\"hoyre-media-text__blocks\">\n<p>\u2026 betyr at kommunen s\u00f8rger for en p\u00e5litelig og sikker tjenesteyting til innbyggerne. Dette oppn\u00e5s gjennom implementering av robuste prosesser, gode sikkerhetstiltak og ansvarlig h\u00e5ndtering av ressurser.<\/p>\n<\/div>\n\t\t\t\t\t\n\t\t\t\t<\/div>\n\t\t\t<\/div>\n\t\t<\/div>\n\t\t\n\n\n\t\t<div class=\"has-darkest-blue-background-color is-layout-left alignwide alignwide wp-block-hoyre-media-text\">\n\t\t\t<div class=\"hoyre-media-text__media\">\n\t\t\t\t<img loading=\"lazy\" decoding=\"async\" width=\"1000\" height=\"563\" src=\"https:\/\/hoyre.no\/content\/uploads\/sites\/152\/2023\/08\/whale.jpg\" class=\"hoyre-media-text__media-image\" alt=\"Arkitektur: The Whale. Dorte Mandrup. Illustrasjon av Mir, Bergen.\" style=\"--focal: 67% 75%;\" srcset=\"https:\/\/hoyre.no\/content\/uploads\/sites\/152\/2023\/08\/whale.jpg 1000w, https:\/\/hoyre.no\/content\/uploads\/sites\/152\/2023\/08\/whale-300x169.jpg 300w, https:\/\/hoyre.no\/content\/uploads\/sites\/152\/2023\/08\/whale-768x432.jpg 768w\" sizes=\"auto, (max-width: 1000px) 100vw, 1000px\" \/>\n\t\t\t<\/div>\n\t\t\t<div class=\"hoyre-media-text__content\">\n\t\t\t\t<div class=\"hoyre-media-text__content-inner\">\n\t\t\t\t\t\n\t\t\t<div class=\"hoyre-media-text__title-container\">\n\t\t\t\t\n\t\t\t\t<h2 class=\"hoyre-media-text__title\"><strong>8. Legge til rette for realisering av The Whale<\/strong><\/h2>\n\t\t\t<\/div>\n\t\t\t\n\t\t\t\t\t<div class=\"hoyre-media-text__blocks\">\n<p>The Whale er en unik attraksjon i verdensklasse. Et sted hvor det handler om hval og alt disse mektige dyrene har betydd for oss mennesker. Et sted som kombinerer det beste fra naturens og kunstens verden og som samtidig rommer b\u00e5de opplevelse, refleksjon, ny kunnskap og gammel visdom.<\/p>\n<\/div>\n\t\t\t\t\t\n\t\t\t\t<\/div>\n\t\t\t<\/div>\n\t\t<\/div>\n\t\t\n\n\n\t\t<div class=\"has-pale-grey-background-color is-layout-left alignwide alignwide wp-block-hoyre-media-text\">\n\t\t\t<div class=\"hoyre-media-text__media\">\n\t\t\t\t<img loading=\"lazy\" decoding=\"async\" width=\"400\" height=\"400\" src=\"https:\/\/hoyre.no\/content\/uploads\/sites\/152\/2023\/08\/arbeidsplasser.jpg\" class=\"hoyre-media-text__media-image\" alt=\"\" style=\"--focal: 67% 75%;\" srcset=\"https:\/\/hoyre.no\/content\/uploads\/sites\/152\/2023\/08\/arbeidsplasser.jpg 400w, https:\/\/hoyre.no\/content\/uploads\/sites\/152\/2023\/08\/arbeidsplasser-300x300.jpg 300w, https:\/\/hoyre.no\/content\/uploads\/sites\/152\/2023\/08\/arbeidsplasser-150x150.jpg 150w\" sizes=\"auto, (max-width: 400px) 100vw, 400px\" \/>\n\t\t\t<\/div>\n\t\t\t<div class=\"hoyre-media-text__content\">\n\t\t\t\t<div class=\"hoyre-media-text__content-inner\">\n\t\t\t\t\t\n\t\t\t<div class=\"hoyre-media-text__title-container\">\n\t\t\t\t\n\t\t\t\t<h2 class=\"hoyre-media-text__title\"><strong>9. B<\/strong><strong>idra til at det skal v\u00e6re mulig \u00e5 lykkes for store og sm\u00e5 akt\u00f8rer i n\u00e6ringslivet<\/strong><\/h2>\n\t\t\t<\/div>\n\t\t\t\n\t\t\t\t\t<div class=\"hoyre-media-text__blocks\">\n<p>M\u00e5let er \u00e5 skape en inkluderende og b\u00e6rekraftig n\u00e6ringslivsarena som gir rom for vekst, skaper arbeidsplasser, og bidrar til \u00f8konomisk fremgang for samfunnet som helhet.<\/p>\n<\/div>\n\t\t\t\t\t\n\t\t\t\t<\/div>\n\t\t\t<\/div>\n\t\t<\/div>\n\t\t\n\n\n\t\t<div class=\"has-lightest-blue-background-color is-layout-left alignwide alignwide wp-block-hoyre-media-text\">\n\t\t\t<div class=\"hoyre-media-text__media\">\n\t\t\t\t<img loading=\"lazy\" decoding=\"async\" width=\"750\" height=\"500\" src=\"https:\/\/hoyre.no\/content\/uploads\/sites\/152\/2023\/08\/AdobeStock_585494391_nett.jpg\" class=\"hoyre-media-text__media-image\" alt=\"\" style=\"--focal: 67% 75%;\" srcset=\"https:\/\/hoyre.no\/content\/uploads\/sites\/152\/2023\/08\/AdobeStock_585494391_nett.jpg 750w, https:\/\/hoyre.no\/content\/uploads\/sites\/152\/2023\/08\/AdobeStock_585494391_nett-300x200.jpg 300w\" sizes=\"auto, (max-width: 750px) 100vw, 750px\" \/>\n\t\t\t<\/div>\n\t\t\t<div class=\"hoyre-media-text__content\">\n\t\t\t\t<div class=\"hoyre-media-text__content-inner\">\n\t\t\t\t\t\n\t\t\t<div class=\"hoyre-media-text__title-container\">\n\t\t\t\t\n\t\t\t\t<h2 class=\"hoyre-media-text__title\"><strong>10. <\/strong><strong>And\u00f8y H\u00f8yre vil samarbeide bredt om utvikling av And\u00f8ysamfunnet<\/strong><\/h2>\n\t\t\t<\/div>\n\t\t\t\n\t\t\t\t\t<div class=\"hoyre-media-text__blocks\">\n<p>M\u00e5let er \u00e5 skape en samarbeidskultur som styrker fellesskapet og bidrar til en b\u00e6rekraftig utvikling av And\u00f8ysamfunnet, der alle interessenter bidrar til en positiv og fremtidsrettet utvikling.<\/p>\n<\/div>\n\t\t\t\t\t\n\t\t\t\t<\/div>\n\t\t\t<\/div>\n\t\t<\/div>\n\t\t\n\n\n\n\t\t<div class=\"has-dark-blue-background-color is-layout-left alignwide alignwide wp-block-hoyre-media-text\">\n\t\t\t<div class=\"hoyre-media-text__media\">\n\t\t\t\t<img loading=\"lazy\" decoding=\"async\" width=\"614\" height=\"457\" src=\"https:\/\/hoyre.no\/content\/uploads\/sites\/152\/2023\/08\/bolig.jpg\" class=\"hoyre-media-text__media-image\" alt=\"\" style=\"--focal: 50% 50%;\" srcset=\"https:\/\/hoyre.no\/content\/uploads\/sites\/152\/2023\/08\/bolig.jpg 614w, https:\/\/hoyre.no\/content\/uploads\/sites\/152\/2023\/08\/bolig-300x223.jpg 300w\" sizes=\"auto, (max-width: 614px) 100vw, 614px\" \/>\n\t\t\t<\/div>\n\t\t\t<div class=\"hoyre-media-text__content\">\n\t\t\t\t<div class=\"hoyre-media-text__content-inner\">\n\t\t\t\t\t\n\t\t\t<div class=\"hoyre-media-text__title-container\">\n\t\t\t\t\n\t\t\t\t<h2 class=\"hoyre-media-text__title\">Les hele programmet v\u00e5rt<\/h2>\n\t\t\t<\/div>\n\t\t\t\n\t\t\t\t\t<div class=\"hoyre-media-text__blocks\"><\/div>\n\t\t\t\t\t\n\t\t\t<div class=\"hoyre-media-text__buttons\">\n\t\t\t\t<a class=\"button\" href=\"https:\/\/hoyre.no\/andoy\/politikk\/\">Les mer<\/a>\n\t\t\t<\/div>\n\t\t\t\n\t\t\t\t<\/div>\n\t\t\t<\/div>\n\t\t<\/div>\n\t\t","protected":false},"excerpt":{"rendered":"","protected":false},"author":51320,"featured_media":0,"parent":0,"menu_order":0,"comment_status":"closed","ping_status":"closed","template":"","meta":{"teft_cards_image_url":"","teft_cards_custom_pretitle":"","teft_cards_image_id":0,"teft_cards_image_focal_point_x":0,"teft_cards_image_focal_point_y":0,"teft_cards_title":"","teft_cards_excerpt":"","teft_show_chapters":false,"footnotes":""},"class_list":["post-44","page","type-page","status-publish","hentry"],"yoast_head":"<!-- This site is optimized with the Yoast SEO plugin v26.6 - https:\/\/yoast.com\/wordpress\/plugins\/seo\/ -->\n<title>Ti gode grunner til \u00e5 stemme And\u00f8y H\u00f8yre - And\u00f8y H\u00f8yre<\/title>\n<meta name=\"robots\" content=\"index, follow, max-snippet:-1, max-image-preview:large, max-video-preview:-1\" \/>\n<link rel=\"canonical\" href=\"https:\/\/hoyre.no\/andoy\/ti-gode-grunner-til-a-stemme-andoy-hoyre\/\" \/>\n<meta property=\"og:locale\" content=\"nb_NO\" \/>\n<meta property=\"og:type\" content=\"article\" \/>\n<meta property=\"og:title\" content=\"Ti gode grunner til \u00e5 stemme And\u00f8y H\u00f8yre - And\u00f8y H\u00f8yre\" \/>\n<meta property=\"og:url\" content=\"https:\/\/hoyre.no\/andoy\/ti-gode-grunner-til-a-stemme-andoy-hoyre\/\" \/>\n<meta property=\"og:site_name\" content=\"And\u00f8y H\u00f8yre\" \/>\n<meta property=\"article:modified_time\" content=\"2025-01-24T14:41:35+00:00\" \/>\n<meta property=\"og:image\" content=\"https:\/\/hoyre.no\/content\/uploads\/sites\/152\/2022\/11\/Hoyres-logo.png\" \/>\n\t<meta property=\"og:image:width\" content=\"1000\" \/>\n\t<meta property=\"og:image:height\" content=\"1000\" \/>\n\t<meta property=\"og:image:type\" content=\"image\/png\" \/>\n<meta name=\"twitter:card\" content=\"summary_large_image\" \/>\n<meta name=\"twitter:label1\" content=\"Ansl. lesetid\" \/>\n\t<meta name=\"twitter:data1\" content=\"3 minutter\" \/>\n<script type=\"application\/ld+json\" class=\"yoast-schema-graph\">{\"@context\":\"https:\/\/schema.org\",\"@graph\":[{\"@type\":\"WebPage\",\"@id\":\"https:\/\/hoyre.no\/andoy\/ti-gode-grunner-til-a-stemme-andoy-hoyre\/\",\"url\":\"https:\/\/hoyre.no\/andoy\/ti-gode-grunner-til-a-stemme-andoy-hoyre\/\",\"name\":\"Ti gode grunner til \u00e5 stemme And\u00f8y H\u00f8yre - And\u00f8y H\u00f8yre\",\"isPartOf\":{\"@id\":\"https:\/\/hoyre.no\/andoy\/#website\"},\"datePublished\":\"2023-08-22T11:40:44+00:00\",\"dateModified\":\"2025-01-24T14:41:35+00:00\",\"breadcrumb\":{\"@id\":\"https:\/\/hoyre.no\/andoy\/ti-gode-grunner-til-a-stemme-andoy-hoyre\/#breadcrumb\"},\"inLanguage\":\"nb-NO\",\"potentialAction\":[{\"@type\":\"ReadAction\",\"target\":[\"https:\/\/hoyre.no\/andoy\/ti-gode-grunner-til-a-stemme-andoy-hoyre\/\"]}]},{\"@type\":\"BreadcrumbList\",\"@id\":\"https:\/\/hoyre.no\/andoy\/ti-gode-grunner-til-a-stemme-andoy-hoyre\/#breadcrumb\",\"itemListElement\":[{\"@type\":\"ListItem\",\"position\":1,\"name\":\"Til hoyre.no\",\"item\":\"https:\/\/hoyre.no\"},{\"@type\":\"ListItem\",\"position\":2,\"name\":\"Hjem\",\"item\":\"https:\/\/hoyre.no\/andoy\/\"},{\"@type\":\"ListItem\",\"position\":3,\"name\":\"Ti gode grunner til \u00e5 stemme And\u00f8y H\u00f8yre\"}]},{\"@type\":\"WebSite\",\"@id\":\"https:\/\/hoyre.no\/andoy\/#website\",\"url\":\"https:\/\/hoyre.no\/andoy\/\",\"name\":\"And\u00f8y H\u00f8yre\",\"description\":\"Bare enda et H\u00f8yres nettsteder-nettsted\",\"inLanguage\":\"nb-NO\"}]}<\/script>\n<!-- \/ Yoast SEO plugin. -->","yoast_head_json":{"title":"Ti gode grunner til \u00e5 stemme And\u00f8y H\u00f8yre - And\u00f8y H\u00f8yre","robots":{"index":"index","follow":"follow","max-snippet":"max-snippet:-1","max-image-preview":"max-image-preview:large","max-video-preview":"max-video-preview:-1"},"canonical":"https:\/\/hoyre.no\/andoy\/ti-gode-grunner-til-a-stemme-andoy-hoyre\/","og_locale":"nb_NO","og_type":"article","og_title":"Ti gode grunner til \u00e5 stemme And\u00f8y H\u00f8yre - And\u00f8y H\u00f8yre","og_url":"https:\/\/hoyre.no\/andoy\/ti-gode-grunner-til-a-stemme-andoy-hoyre\/","og_site_name":"And\u00f8y H\u00f8yre","article_modified_time":"2025-01-24T14:41:35+00:00","og_image":[{"width":1000,"height":1000,"url":"https:\/\/hoyre.no\/content\/uploads\/sites\/152\/2022\/11\/Hoyres-logo.png","type":"image\/png"}],"twitter_card":"summary_large_image","twitter_misc":{"Ansl. lesetid":"3 minutter"},"schema":{"@context":"https:\/\/schema.org","@graph":[{"@type":"WebPage","@id":"https:\/\/hoyre.no\/andoy\/ti-gode-grunner-til-a-stemme-andoy-hoyre\/","url":"https:\/\/hoyre.no\/andoy\/ti-gode-grunner-til-a-stemme-andoy-hoyre\/","name":"Ti gode grunner til \u00e5 stemme And\u00f8y H\u00f8yre - And\u00f8y H\u00f8yre","isPartOf":{"@id":"https:\/\/hoyre.no\/andoy\/#website"},"datePublished":"2023-08-22T11:40:44+00:00","dateModified":"2025-01-24T14:41:35+00:00","breadcrumb":{"@id":"https:\/\/hoyre.no\/andoy\/ti-gode-grunner-til-a-stemme-andoy-hoyre\/#breadcrumb"},"inLanguage":"nb-NO","potentialAction":[{"@type":"ReadAction","target":["https:\/\/hoyre.no\/andoy\/ti-gode-grunner-til-a-stemme-andoy-hoyre\/"]}]},{"@type":"BreadcrumbList","@id":"https:\/\/hoyre.no\/andoy\/ti-gode-grunner-til-a-stemme-andoy-hoyre\/#breadcrumb","itemListElement":[{"@type":"ListItem","position":1,"name":"Til hoyre.no","item":"https:\/\/hoyre.no"},{"@type":"ListItem","position":2,"name":"Hjem","item":"https:\/\/hoyre.no\/andoy\/"},{"@type":"ListItem","position":3,"name":"Ti gode grunner til \u00e5 stemme And\u00f8y H\u00f8yre"}]},{"@type":"WebSite","@id":"https:\/\/hoyre.no\/andoy\/#website","url":"https:\/\/hoyre.no\/andoy\/","name":"And\u00f8y H\u00f8yre","description":"Bare enda et H\u00f8yres nettsteder-nettsted","inLanguage":"nb-NO"}]}},"distributor_meta":false,"distributor_terms":false,"distributor_media":false,"distributor_original_site_name":"And\u00f8y H\u00f8yre","distributor_original_site_url":"https:\/\/hoyre.no\/andoy","push-errors":false,"_links":{"self":[{"href":"https:\/\/hoyre.no\/andoy\/wp-json\/wp\/v2\/pages\/44","targetHints":{"allow":["GET"]}}],"collection":[{"href":"https:\/\/hoyre.no\/andoy\/wp-json\/wp\/v2\/pages"}],"about":[{"href":"https:\/\/hoyre.no\/andoy\/wp-json\/wp\/v2\/types\/page"}],"author":[{"embeddable":true,"href":"https:\/\/hoyre.no\/andoy\/wp-json\/wp\/v2\/users\/51320"}],"replies":[{"embeddable":true,"href":"https:\/\/hoyre.no\/andoy\/wp-json\/wp\/v2\/comments?post=44"}],"version-history":[{"count":15,"href":"https:\/\/hoyre.no\/andoy\/wp-json\/wp\/v2\/pages\/44\/revisions"}],"predecessor-version":[{"id":79,"href":"https:\/\/hoyre.no\/andoy\/wp-json\/wp\/v2\/pages\/44\/revisions\/79"}],"wp:attachment":[{"href":"https:\/\/hoyre.no\/andoy\/wp-json\/wp\/v2\/media?parent=44"}],"curies":[{"name":"wp","href":"https:\/\/api.w.org\/{rel}","templated":true}]}}