{"id":3,"date":"2020-11-12T09:29:27","date_gmt":"2020-11-12T08:29:27","guid":{"rendered":"https:\/\/hoyre.no\/arendal\/forsiden\/"},"modified":"2026-04-23T13:31:57","modified_gmt":"2026-04-23T11:31:57","slug":"forsiden","status":"publish","type":"page","link":"https:\/\/hoyre.no\/arendal\/","title":{"rendered":"Forsiden"},"content":{"rendered":"<div class=\"hero-2026 alignwide is-style-straight wp-block-hoyre-hero-2026\">\n\t\t\t<div class=\"hero-2026__image\"><img decoding=\"async\" src=\"https:\/\/hoyre.no\/content\/uploads\/sites\/41\/2026\/02\/var_sommer_2023_arendal_53-1-scaled.jpg\" alt=\"\" \/><\/div>\n\t\t\t\n\t\t\t<div class=\"hero-2026__content\">\n\t\t\t\t\n\t\t\t\t\n\t\t\t\t<h2 class=\"hero-2026__title\">Muligheter for alle<\/h2>\n\t\t\t\t<div class=\"hero-2026__buttons\">\n\n<div class=\"wp-block-buttons is-content-justification-center is-layout-flex wp-container-core-buttons-is-layout-16018d1d wp-block-buttons-is-layout-flex\">\n<div class=\"wp-block-button\"><a class=\"wp-block-button__link wp-element-button\" href=\"https:\/\/hoyre.no\/arendal\/forsiden\/7-grunner-til-a-stemme-arendal-hoyrei-2023\/\">V\u00c5RE HJERTESAKER<\/a><\/div>\n<\/div>\n\n<\/div>\n\t\t\t<\/div>\n\t\t<\/div>\n\n\n\n\n\t\t<div class=\"has-lightest-blue-background-color is-layout-left alignwide alignwide wp-block-hoyre-media-text\">\n\t\t\t<div class=\"hoyre-media-text__media\">\n\t\t\t\t<img loading=\"lazy\" decoding=\"async\" width=\"1024\" height=\"665\" src=\"https:\/\/hoyre.no\/content\/uploads\/sites\/41\/2023\/05\/sommer2016_23-1024x665.jpg\" class=\"hoyre-media-text__media-image\" alt=\"\" style=\"--focal: 45% 48%;\" srcset=\"https:\/\/hoyre.no\/content\/uploads\/sites\/41\/2023\/05\/sommer2016_23-1024x665.jpg 1024w, https:\/\/hoyre.no\/content\/uploads\/sites\/41\/2023\/05\/sommer2016_23-300x195.jpg 300w, https:\/\/hoyre.no\/content\/uploads\/sites\/41\/2023\/05\/sommer2016_23-768x499.jpg 768w, https:\/\/hoyre.no\/content\/uploads\/sites\/41\/2023\/05\/sommer2016_23-1536x997.jpg 1536w, https:\/\/hoyre.no\/content\/uploads\/sites\/41\/2023\/05\/sommer2016_23-2048x1330.jpg 2048w\" sizes=\"auto, (max-width: 1024px) 100vw, 1024px\" \/>\n\t\t\t<\/div>\n\t\t\t<div class=\"hoyre-media-text__content\">\n\t\t\t\t<div class=\"hoyre-media-text__content-inner\">\n\t\t\t\t\t\n\t\t\t<div class=\"hoyre-media-text__title-container\">\n\t\t\t\t\n\t\t\t\t<h2 class=\"hoyre-media-text__title\">Syv gode grunner til \u00e5 st\u00f8tte H\u00f8yre i Arendal<\/h2>\n\t\t\t<\/div>\n\t\t\t\n\t\t\t\t\t<div class=\"hoyre-media-text__blocks\">\nH\u00f8yre vil s\u00f8rge for at Arendal utvikler seg til beste for barn, unge, familier, eldre og alle som bor her.\u00a0I H\u00f8yre har vi tro p\u00e5 enkeltmennesket, n\u00e6ringslivet og samfunnet i felleskap. Det gir veksten vi trenger for \u00e5 utvikle tjenestene v\u00e5re.H\u00f8yre skal gi muligheter for alle!\n<\/div>\n\t\t\t\t\t\n\t\t\t<div class=\"hoyre-media-text__buttons\">\n\t\t\t\t<a class=\"button\" href=\"https:\/\/hoyre.no\/arendal\/forsiden\/7-grunner-til-a-stemme-arendal-hoyrei-2023\/\">Les mer<\/a>\n\t\t\t<\/div>\n\t\t\t\n\t\t\t\t<\/div>\n\t\t\t<\/div>\n\t\t<\/div>\n\t\t\n\n\t<div class=\"wp-block-teft-cards alignwide teft-cards-grid default-size-3\">\n\t\t\t<\/div>\n\t\n\n\n\n\n\n\n<div class=\"wp-block-group alignwide\"><div class=\"wp-block-group__inner-container is-layout-constrained wp-block-group-is-layout-constrained\">\n<div class=\"wp-block-hoyre-banner alignwide undefined\"><div class=\"banner-inner\"><figure class=\"hoyre-image-wrapper\"><div class=\"hoyre-image\"><img loading=\"lazy\" decoding=\"async\" width=\"1791\" height=\"1525\" src=\"https:\/\/hoyre.no\/content\/uploads\/sites\/41\/2024\/08\/IMG_6615.jpeg\" class=\"attachment-scaled size-scaled\" alt=\"\" style=\"object-position: 50% 50%\" srcset=\"https:\/\/hoyre.no\/content\/uploads\/sites\/41\/2024\/08\/IMG_6615.jpeg 1791w, https:\/\/hoyre.no\/content\/uploads\/sites\/41\/2024\/08\/IMG_6615-300x255.jpeg 300w, https:\/\/hoyre.no\/content\/uploads\/sites\/41\/2024\/08\/IMG_6615-1024x872.jpeg 1024w, https:\/\/hoyre.no\/content\/uploads\/sites\/41\/2024\/08\/IMG_6615-768x654.jpeg 768w, https:\/\/hoyre.no\/content\/uploads\/sites\/41\/2024\/08\/IMG_6615-1536x1308.jpeg 1536w\" sizes=\"auto, (max-width: 1791px) 100vw, 1791px\" \/><\/div><\/figure><div class=\"banner-content\"><div class=\"entry-content\">\n<h2 class=\"wp-block-heading\">Linda \u00d8ygarden<\/h2>\n\n\n\n<p>Gruppeleder for Arendal H\u00f8yre<\/p>\n\n\n\n<div class=\"wp-block-buttons is-layout-flex wp-block-buttons-is-layout-flex\"><\/div>\n<\/div><\/div><\/div><\/div>\n\n\n\n<div class=\"wp-block-hoyre-banner alignwide undefined  is-style-blue\"><div class=\"banner-inner\"><figure class=\"hoyre-image-wrapper\"><div class=\"hoyre-image\"><img loading=\"lazy\" decoding=\"async\" width=\"960\" height=\"960\" src=\"https:\/\/hoyre.no\/content\/uploads\/sites\/41\/2026\/04\/IMG_0887.jpeg\" class=\"attachment-scaled size-scaled\" alt=\"\" style=\"object-position: 53% 10%\" srcset=\"https:\/\/hoyre.no\/content\/uploads\/sites\/41\/2026\/04\/IMG_0887.jpeg 960w, https:\/\/hoyre.no\/content\/uploads\/sites\/41\/2026\/04\/IMG_0887-300x300.jpeg 300w, https:\/\/hoyre.no\/content\/uploads\/sites\/41\/2026\/04\/IMG_0887-150x150.jpeg 150w, https:\/\/hoyre.no\/content\/uploads\/sites\/41\/2026\/04\/IMG_0887-768x768.jpeg 768w\" sizes=\"auto, (max-width: 960px) 100vw, 960px\" \/><\/div><\/figure><div class=\"banner-content\"><div class=\"entry-content\">\n<h2 class=\"wp-block-heading\">Ellen Knudsen<\/h2>\n\n\n\n<p>Leder Arendal H\u00f8yre<\/p>\n\n\n\n<div class=\"wp-block-buttons is-layout-flex wp-block-buttons-is-layout-flex\"><\/div>\n<\/div><\/div><\/div><\/div>\n<\/div><\/div>\n\n\n\n\n\n\n\n\n\n<p><\/p>\n","protected":false},"excerpt":{"rendered":"","protected":false},"author":51320,"featured_media":0,"parent":0,"menu_order":0,"comment_status":"closed","ping_status":"closed","template":"","meta":{"teft_cards_image_url":"","teft_cards_custom_pretitle":"","teft_cards_image_id":0,"teft_cards_image_focal_point_x":0,"teft_cards_image_focal_point_y":0,"teft_cards_title":"","teft_cards_excerpt":"","teft_show_chapters":false,"footnotes":""},"class_list":["post-3","page","type-page","status-publish","hentry"],"yoast_head":"<!-- This site is optimized with the Yoast SEO plugin v26.6 - https:\/\/yoast.com\/wordpress\/plugins\/seo\/ -->\n<title>Forsiden - Arendal H\u00f8yre<\/title>\n<meta name=\"robots\" content=\"index, follow, max-snippet:-1, max-image-preview:large, max-video-preview:-1\" \/>\n<link rel=\"canonical\" href=\"https:\/\/hoyre.no\/arendal\/\" \/>\n<meta property=\"og:locale\" content=\"nb_NO\" \/>\n<meta property=\"og:type\" content=\"article\" \/>\n<meta property=\"og:title\" content=\"Forsiden - Arendal H\u00f8yre\" \/>\n<meta property=\"og:url\" content=\"https:\/\/hoyre.no\/arendal\/\" \/>\n<meta property=\"og:site_name\" content=\"Arendal H\u00f8yre\" \/>\n<meta property=\"article:modified_time\" content=\"2026-04-23T11:31:57+00:00\" \/>\n<meta property=\"og:image\" content=\"https:\/\/hoyre.no\/content\/uploads\/sites\/41\/2022\/11\/2020_RGB_hoyre_logo_profilbilde_011.png\" \/>\n\t<meta property=\"og:image:width\" content=\"1000\" \/>\n\t<meta property=\"og:image:height\" content=\"1000\" \/>\n\t<meta property=\"og:image:type\" content=\"image\/png\" \/>\n<meta name=\"twitter:card\" content=\"summary_large_image\" \/>\n<meta name=\"twitter:label1\" content=\"Ansl. lesetid\" \/>\n\t<meta name=\"twitter:data1\" content=\"1 minutt\" \/>\n<script type=\"application\/ld+json\" class=\"yoast-schema-graph\">{\"@context\":\"https:\/\/schema.org\",\"@graph\":[{\"@type\":\"WebPage\",\"@id\":\"https:\/\/hoyre.no\/arendal\/\",\"url\":\"https:\/\/hoyre.no\/arendal\/\",\"name\":\"Forsiden - Arendal H\u00f8yre\",\"isPartOf\":{\"@id\":\"https:\/\/hoyre.no\/arendal\/#website\"},\"datePublished\":\"2020-11-12T08:29:27+00:00\",\"dateModified\":\"2026-04-23T11:31:57+00:00\",\"breadcrumb\":{\"@id\":\"https:\/\/hoyre.no\/arendal\/#breadcrumb\"},\"inLanguage\":\"nb-NO\",\"potentialAction\":[{\"@type\":\"ReadAction\",\"target\":[\"https:\/\/hoyre.no\/arendal\/\"]}]},{\"@type\":\"BreadcrumbList\",\"@id\":\"https:\/\/hoyre.no\/arendal\/#breadcrumb\",\"itemListElement\":[{\"@type\":\"ListItem\",\"position\":1,\"name\":\"Til hoyre.no\",\"item\":\"https:\/\/hoyre.no\"},{\"@type\":\"ListItem\",\"position\":2,\"name\":\"Hjem\",\"item\":\"https:\/\/hoyre.no\/arendal\/\"},{\"@type\":\"ListItem\",\"position\":3,\"name\":\"Forsiden\"}]},{\"@type\":\"WebSite\",\"@id\":\"https:\/\/hoyre.no\/arendal\/#website\",\"url\":\"https:\/\/hoyre.no\/arendal\/\",\"name\":\"Arendal H\u00f8yre\",\"description\":\"Bare enda et H\u00f8yres nettsteder-nettsted\",\"inLanguage\":\"nb-NO\"}]}<\/script>\n<!-- \/ Yoast SEO plugin. -->","yoast_head_json":{"title":"Forsiden - Arendal H\u00f8yre","robots":{"index":"index","follow":"follow","max-snippet":"max-snippet:-1","max-image-preview":"max-image-preview:large","max-video-preview":"max-video-preview:-1"},"canonical":"https:\/\/hoyre.no\/arendal\/","og_locale":"nb_NO","og_type":"article","og_title":"Forsiden - Arendal H\u00f8yre","og_url":"https:\/\/hoyre.no\/arendal\/","og_site_name":"Arendal H\u00f8yre","article_modified_time":"2026-04-23T11:31:57+00:00","og_image":[{"width":1000,"height":1000,"url":"https:\/\/hoyre.no\/content\/uploads\/sites\/41\/2022\/11\/2020_RGB_hoyre_logo_profilbilde_011.png","type":"image\/png"}],"twitter_card":"summary_large_image","twitter_misc":{"Ansl. lesetid":"1 minutt"},"schema":{"@context":"https:\/\/schema.org","@graph":[{"@type":"WebPage","@id":"https:\/\/hoyre.no\/arendal\/","url":"https:\/\/hoyre.no\/arendal\/","name":"Forsiden - Arendal H\u00f8yre","isPartOf":{"@id":"https:\/\/hoyre.no\/arendal\/#website"},"datePublished":"2020-11-12T08:29:27+00:00","dateModified":"2026-04-23T11:31:57+00:00","breadcrumb":{"@id":"https:\/\/hoyre.no\/arendal\/#breadcrumb"},"inLanguage":"nb-NO","potentialAction":[{"@type":"ReadAction","target":["https:\/\/hoyre.no\/arendal\/"]}]},{"@type":"BreadcrumbList","@id":"https:\/\/hoyre.no\/arendal\/#breadcrumb","itemListElement":[{"@type":"ListItem","position":1,"name":"Til hoyre.no","item":"https:\/\/hoyre.no"},{"@type":"ListItem","position":2,"name":"Hjem","item":"https:\/\/hoyre.no\/arendal\/"},{"@type":"ListItem","position":3,"name":"Forsiden"}]},{"@type":"WebSite","@id":"https:\/\/hoyre.no\/arendal\/#website","url":"https:\/\/hoyre.no\/arendal\/","name":"Arendal H\u00f8yre","description":"Bare enda et H\u00f8yres nettsteder-nettsted","inLanguage":"nb-NO"}]}},"distributor_meta":false,"distributor_terms":false,"distributor_media":false,"distributor_original_site_name":"Arendal H\u00f8yre","distributor_original_site_url":"https:\/\/hoyre.no\/arendal","push-errors":false,"_links":{"self":[{"href":"https:\/\/hoyre.no\/arendal\/wp-json\/wp\/v2\/pages\/3","targetHints":{"allow":["GET"]}}],"collection":[{"href":"https:\/\/hoyre.no\/arendal\/wp-json\/wp\/v2\/pages"}],"about":[{"href":"https:\/\/hoyre.no\/arendal\/wp-json\/wp\/v2\/types\/page"}],"author":[{"embeddable":true,"href":"https:\/\/hoyre.no\/arendal\/wp-json\/wp\/v2\/users\/51320"}],"replies":[{"embeddable":true,"href":"https:\/\/hoyre.no\/arendal\/wp-json\/wp\/v2\/comments?post=3"}],"version-history":[{"count":45,"href":"https:\/\/hoyre.no\/arendal\/wp-json\/wp\/v2\/pages\/3\/revisions"}],"predecessor-version":[{"id":810,"href":"https:\/\/hoyre.no\/arendal\/wp-json\/wp\/v2\/pages\/3\/revisions\/810"}],"wp:attachment":[{"href":"https:\/\/hoyre.no\/arendal\/wp-json\/wp\/v2\/media?parent=3"}],"curies":[{"name":"wp","href":"https:\/\/api.w.org\/{rel}","templated":true}]}}