{"id":159,"date":"2023-01-20T14:33:48","date_gmt":"2023-01-20T13:33:48","guid":{"rendered":"https:\/\/hoyre.no\/arendal\/?post_type=teft-events&#038;p=159"},"modified":"2023-01-28T17:30:13","modified_gmt":"2023-01-28T16:30:13","slug":"damelunsj","status":"publish","type":"teft-events","link":"https:\/\/hoyre.no\/arendal\/arrangementer\/damelunsj\/","title":{"rendered":"Lunsj for H\u00f8yredamer"},"content":{"rendered":"\n<div class=\"wp-block-teft-event-top\">\n\n<div class=\"teft-event-date-top\">\n<div class=\"teft-event-date-wrapper\">\n\t<div class=\"date-square\" aria-hidden=\"true\">\n\t\t20\t\t\t<\/div>\n<\/div>\n\t<div class=\"top-text\">\n\t\t\t\t\t<p class=\"top-date-text\">fredag 20. januar 2023<\/p>\n\t\t\t\t\t\t\t<p class=\"top-time-text\">12:00<\/p>\n\t\t\t\t\t\t<\/div>\n\t\t<div class=\"sharing\">\n\t\t<a class=\"share-button share-link copy-link\" data-copy=\"https:\/\/hoyre.no\/arendal\/arrangementer\/damelunsj\/\" target=\"_blank\"><span class=\"screen-reader-text\">Del link<\/span><\/a>\n\t\t<a class=\"share-button share-twitter\" href=\"http:\/\/twitter.com\/share?text=Lunsj for H\u00f8yredamer&#038;url=https:\/\/hoyre.no\/arendal\/arrangementer\/damelunsj\/&#038;hashtags=Hoyre\" target=\"_blank\"><span class=\"screen-reader-text\">Del p\u00e5 twitter<\/span><\/a>\n\t\t<a class=\"share-button share-facebook\" href=\"https:\/\/www.facebook.com\/sharer\/sharer.php?u=https:\/\/hoyre.no\/arendal\/arrangementer\/damelunsj\/\" target=\"_blank\"><span class=\"screen-reader-text\">Del p\u00e5 facebook<\/span><\/a>\n\t<\/div>\n\t<\/div>\n<p class=\"preamble\">Kj\u00e6re H\u00f8yre damer!<br>Bli med p\u00e5 lunsj fredag 20. januar p\u00e5 Egon! <img loading=\"lazy\" decoding=\"async\" height=\"16\" width=\"16\" src=\"https:\/\/static.xx.fbcdn.net\/images\/emoji.php\/v9\/t6c\/1\/16\/1f499.png\" alt=\"\ud83d\udc99\"><\/p><figure class=\"hoyre-image-wrapper\"><div class=\"hoyre-image\"><img loading=\"lazy\" decoding=\"async\" width=\"2500\" height=\"1667\" src=\"https:\/\/hoyre.no\/content\/uploads\/sites\/41\/2022\/09\/Foto-Hans-Kristian-Thorbjornsen-5403-scaled.jpg\" class=\"attachment-scaled size-scaled\" alt=\"\" style=\"object-position: 50% 50%\" srcset=\"https:\/\/hoyre.no\/content\/uploads\/sites\/41\/2022\/09\/Foto-Hans-Kristian-Thorbjornsen-5403-scaled.jpg 2500w, https:\/\/hoyre.no\/content\/uploads\/sites\/41\/2022\/09\/Foto-Hans-Kristian-Thorbjornsen-5403-300x200.jpg 300w, https:\/\/hoyre.no\/content\/uploads\/sites\/41\/2022\/09\/Foto-Hans-Kristian-Thorbjornsen-5403-1024x683.jpg 1024w, https:\/\/hoyre.no\/content\/uploads\/sites\/41\/2022\/09\/Foto-Hans-Kristian-Thorbjornsen-5403-768x512.jpg 768w, https:\/\/hoyre.no\/content\/uploads\/sites\/41\/2022\/09\/Foto-Hans-Kristian-Thorbjornsen-5403-1536x1024.jpg 1536w, https:\/\/hoyre.no\/content\/uploads\/sites\/41\/2022\/09\/Foto-Hans-Kristian-Thorbjornsen-5403-2048x1365.jpg 2048w\" sizes=\"auto, (max-width: 2500px) 100vw, 2500px\" \/><\/div><\/figure>\n\n<div class=\"wp-block wp-block-teft-event-registration-button\">\n\t<div class=\"registration-button-wrapper\">\n\t\t\t<a href=\"https:\/\/facebook.com\/events\/s\/lunsj-for-h%C3%B8yredamer\/2779691935495374\/\" class=\"wp-block-button__link\">Meld deg p\u00e5 her<\/a>\n\t\t\t\t\n\t<\/div>\n<\/div>\n\n<div class=\"panel teft-details-panel\">\n\t\t<h3>Detaljer<\/h3>\n\n\t\t\t\t\t<dl class=\"info-misc-with-icons\">\n\t\t\t\t<dt class=\"venue\"><span class=\"screen-reader-text\">Stedet<\/span><\/dt>\n\t\t\t\t<dd>\n\t\t\t\t\t\t\t\t\t\t<a href=\"https:\/\/www.google.com\/maps\/dir\/58.447564,8.7930133\/egon+arendal\/@58.4576524,8.7568267,13z\/data=!3m1!4b1!4m9!4m8!1m1!4e1!1m5!1m1!1s0x464794dda6c75b29:0x73be74772f9cfc0!2m2!1d8.7666908!2d58.4589405\">Egon<\/a>\n\t\t\t\t\t\t\t\t\t\t\t\t\t\t\t\t<span class=\"address-line-2\">Friergangen 1, 4836 Arendal<\/span>\n\t\t\t\t\t\t\t\t\t<\/dd>\n\t\t\t<\/dl>\n\t\t\t\t\t\t\t<dl class=\"info-misc-with-icons\">\n\t\t<dt class=\"time\"><span class=\"screen-reader-text\">Arrangement dato<\/span><\/dt>\n\t\t<dd class=\"time\">\n\t\t\t\t\t<\/dd>\n\t<\/dl>\n\t\t\t\t\t\t<dl class=\"info-misc-with-icons\">\n\t\t<dt class=\"registration\"><span class=\"screen-reader-text\">P\u00e5meldingsdetajer<\/span><\/dt>\n\t\t<dd class=\"registration\">\n\t\t\t\t\t\t\t\t\t\t<a href=\"https:\/\/facebook.com\/events\/s\/lunsj-for-h%C3%B8yredamer\/2779691935495374\/\">Registrer<\/a>\n\t\t\t\t\t<\/dd>\n\t<\/dl>\n\t\t<\/dl>\n<\/div>\n<\/div>\n\n\n\n\n<h2 class=\"wp-block-heading\">Informasjon<\/h2>\n\n\n\n<p>Det er tid for en hyggelig lunsj for H\u00f8yredamer igjen.&nbsp;<br>V\u00e5r ordf\u00f8rerkandidat kommer ogs\u00e5.&nbsp;<br>Sett av en halvtime eller to.&nbsp;<\/p>\n\n\n\n<p>Trykk skal p\u00e5 <em>Meld deg p\u00e5 her<\/em> eller send meg en e-post: <a href=\"mailto:linda@sorimoriaholding.no\" target=\"_blank\" rel=\"noreferrer noopener\">linda@sorimoriaholding.no<\/a>.<\/p>\n\n\n<div class=\"post-meta wp-block\">\n\t<div class=\"top\">\n\t\t<div class=\"sharing\">\n\t\t\t<a class=\"share-button share-link\" target=\"_blank\"><span class=\"screen-reader-text\">Del link<\/span><\/a>\n\t\t\t<a class=\"share-button share-twitter\" href=\"http:\/\/twitter.com\/share?text=Lunsj for H\u00f8yredamer&#038;url=https:\/\/hoyre.no\/arendal\/arrangementer\/damelunsj\/&#038;hashtags=Hoyre\"><span class=\"screen-reader-text\">Del p\u00e5 twitter<\/span><\/a>\n\t\t\t<a class=\"share-button share-facebook\" href=\"https:\/\/www.facebook.com\/sharer\/sharer.php?u=https:\/\/hoyre.no\/arendal\/arrangementer\/damelunsj\/\" target=\"_blank\"><span class=\"screen-reader-text\">Del p\u00e5 facebook<\/span><\/a>\n\t\t<\/div>\n\t<\/div>\n<\/div>\n","protected":false},"template":"","meta":{"teft_cards_image_url":"","teft_cards_custom_pretitle":"","teft_cards_image_id":0,"teft_cards_image_focal_point_x":0,"teft_cards_image_focal_point_y":0,"teft_cards_title":"","teft_cards_excerpt":"","teft_show_chapters":false,"event_organizer":[],"event_start_date":"2023-01-20T12:00:00","event_end_date":"","event_registration_url":"https:\/\/facebook.com\/events\/s\/lunsj-for-h%C3%B8yredamer\/2779691935495374\/","event_registration_deadline":"","event_ticket_cost":"","event_venue_name":"Egon","event_venue_url":"https:\/\/www.google.com\/maps\/dir\/58.447564,8.7930133\/egon+arendal\/@58.4576524,8.7568267,13z\/data=!3m1!4b1!4m9!4m8!1m1!4e1!1m5!1m1!1s0x464794dda6c75b29:0x73be74772f9cfc0!2m2!1d8.7666908!2d58.4589405","event_venue_address":"Friergangen 1, 4836 Arendal"},"teft-events-category":[],"class_list":["post-159","teft-events","type-teft-events","status-publish","hentry"],"yoast_head":"<!-- This site is optimized with the Yoast SEO plugin v26.6 - https:\/\/yoast.com\/wordpress\/plugins\/seo\/ -->\n<title>Lunsj for H\u00f8yredamer - Arendal H\u00f8yre<\/title>\n<meta name=\"robots\" content=\"index, follow, max-snippet:-1, max-image-preview:large, max-video-preview:-1\" \/>\n<link rel=\"canonical\" href=\"https:\/\/hoyre.no\/arendal\/arrangementer\/damelunsj\/\" \/>\n<meta property=\"og:locale\" content=\"nb_NO\" \/>\n<meta property=\"og:type\" content=\"article\" \/>\n<meta property=\"og:title\" content=\"Lunsj for H\u00f8yredamer - Arendal H\u00f8yre\" \/>\n<meta property=\"og:url\" content=\"https:\/\/hoyre.no\/arendal\/arrangementer\/damelunsj\/\" \/>\n<meta property=\"og:site_name\" content=\"Arendal H\u00f8yre\" \/>\n<meta property=\"article:modified_time\" content=\"2023-01-28T16:30:13+00:00\" \/>\n<meta property=\"og:image\" content=\"https:\/\/static.xx.fbcdn.net\/images\/emoji.php\/v9\/t6c\/1\/16\/1f499.png\" \/>\n<meta name=\"twitter:card\" content=\"summary_large_image\" \/>\n<meta name=\"twitter:label1\" content=\"Ansl. lesetid\" \/>\n\t<meta name=\"twitter:data1\" content=\"1 minutt\" \/>\n<script type=\"application\/ld+json\" class=\"yoast-schema-graph\">{\"@context\":\"https:\/\/schema.org\",\"@graph\":[{\"@type\":\"WebPage\",\"@id\":\"https:\/\/hoyre.no\/arendal\/arrangementer\/damelunsj\/\",\"url\":\"https:\/\/hoyre.no\/arendal\/arrangementer\/damelunsj\/\",\"name\":\"Lunsj for H\u00f8yredamer - Arendal H\u00f8yre\",\"isPartOf\":{\"@id\":\"https:\/\/hoyre.no\/arendal\/#website\"},\"image\":{\"@id\":\"https:\/\/hoyre.no\/arendal\/arrangementer\/damelunsj\/#primaryimage\"},\"thumbnailUrl\":\"https:\/\/static.xx.fbcdn.net\/images\/emoji.php\/v9\/t6c\/1\/16\/1f499.png\",\"datePublished\":\"2023-01-20T13:33:48+00:00\",\"dateModified\":\"2023-01-28T16:30:13+00:00\",\"breadcrumb\":{\"@id\":\"https:\/\/hoyre.no\/arendal\/arrangementer\/damelunsj\/#breadcrumb\"},\"inLanguage\":\"nb-NO\",\"potentialAction\":[{\"@type\":\"ReadAction\",\"target\":[\"https:\/\/hoyre.no\/arendal\/arrangementer\/damelunsj\/\"]}]},{\"@type\":\"ImageObject\",\"inLanguage\":\"nb-NO\",\"@id\":\"https:\/\/hoyre.no\/arendal\/arrangementer\/damelunsj\/#primaryimage\",\"url\":\"https:\/\/static.xx.fbcdn.net\/images\/emoji.php\/v9\/t6c\/1\/16\/1f499.png\",\"contentUrl\":\"https:\/\/static.xx.fbcdn.net\/images\/emoji.php\/v9\/t6c\/1\/16\/1f499.png\"},{\"@type\":\"BreadcrumbList\",\"@id\":\"https:\/\/hoyre.no\/arendal\/arrangementer\/damelunsj\/#breadcrumb\",\"itemListElement\":[{\"@type\":\"ListItem\",\"position\":1,\"name\":\"Til hoyre.no\",\"item\":\"https:\/\/hoyre.no\"},{\"@type\":\"ListItem\",\"position\":2,\"name\":\"Hjem\",\"item\":\"https:\/\/hoyre.no\/arendal\/\"},{\"@type\":\"ListItem\",\"position\":3,\"name\":\"Arrangement\",\"item\":\"https:\/\/hoyre.no\/arendal\/arrangementer\/\"},{\"@type\":\"ListItem\",\"position\":4,\"name\":\"Lunsj for H\u00f8yredamer\"}]},{\"@type\":\"WebSite\",\"@id\":\"https:\/\/hoyre.no\/arendal\/#website\",\"url\":\"https:\/\/hoyre.no\/arendal\/\",\"name\":\"Arendal H\u00f8yre\",\"description\":\"Bare enda et H\u00f8yres nettsteder-nettsted\",\"inLanguage\":\"nb-NO\"}]}<\/script>\n<!-- \/ Yoast SEO plugin. -->","yoast_head_json":{"title":"Lunsj for H\u00f8yredamer - Arendal H\u00f8yre","robots":{"index":"index","follow":"follow","max-snippet":"max-snippet:-1","max-image-preview":"max-image-preview:large","max-video-preview":"max-video-preview:-1"},"canonical":"https:\/\/hoyre.no\/arendal\/arrangementer\/damelunsj\/","og_locale":"nb_NO","og_type":"article","og_title":"Lunsj for H\u00f8yredamer - Arendal H\u00f8yre","og_url":"https:\/\/hoyre.no\/arendal\/arrangementer\/damelunsj\/","og_site_name":"Arendal H\u00f8yre","article_modified_time":"2023-01-28T16:30:13+00:00","og_image":[{"url":"https:\/\/static.xx.fbcdn.net\/images\/emoji.php\/v9\/t6c\/1\/16\/1f499.png","type":"","width":"","height":""}],"twitter_card":"summary_large_image","twitter_misc":{"Ansl. lesetid":"1 minutt"},"schema":{"@context":"https:\/\/schema.org","@graph":[{"@type":"WebPage","@id":"https:\/\/hoyre.no\/arendal\/arrangementer\/damelunsj\/","url":"https:\/\/hoyre.no\/arendal\/arrangementer\/damelunsj\/","name":"Lunsj for H\u00f8yredamer - Arendal H\u00f8yre","isPartOf":{"@id":"https:\/\/hoyre.no\/arendal\/#website"},"image":{"@id":"https:\/\/hoyre.no\/arendal\/arrangementer\/damelunsj\/#primaryimage"},"thumbnailUrl":"https:\/\/static.xx.fbcdn.net\/images\/emoji.php\/v9\/t6c\/1\/16\/1f499.png","datePublished":"2023-01-20T13:33:48+00:00","dateModified":"2023-01-28T16:30:13+00:00","breadcrumb":{"@id":"https:\/\/hoyre.no\/arendal\/arrangementer\/damelunsj\/#breadcrumb"},"inLanguage":"nb-NO","potentialAction":[{"@type":"ReadAction","target":["https:\/\/hoyre.no\/arendal\/arrangementer\/damelunsj\/"]}]},{"@type":"ImageObject","inLanguage":"nb-NO","@id":"https:\/\/hoyre.no\/arendal\/arrangementer\/damelunsj\/#primaryimage","url":"https:\/\/static.xx.fbcdn.net\/images\/emoji.php\/v9\/t6c\/1\/16\/1f499.png","contentUrl":"https:\/\/static.xx.fbcdn.net\/images\/emoji.php\/v9\/t6c\/1\/16\/1f499.png"},{"@type":"BreadcrumbList","@id":"https:\/\/hoyre.no\/arendal\/arrangementer\/damelunsj\/#breadcrumb","itemListElement":[{"@type":"ListItem","position":1,"name":"Til hoyre.no","item":"https:\/\/hoyre.no"},{"@type":"ListItem","position":2,"name":"Hjem","item":"https:\/\/hoyre.no\/arendal\/"},{"@type":"ListItem","position":3,"name":"Arrangement","item":"https:\/\/hoyre.no\/arendal\/arrangementer\/"},{"@type":"ListItem","position":4,"name":"Lunsj for H\u00f8yredamer"}]},{"@type":"WebSite","@id":"https:\/\/hoyre.no\/arendal\/#website","url":"https:\/\/hoyre.no\/arendal\/","name":"Arendal H\u00f8yre","description":"Bare enda et H\u00f8yres nettsteder-nettsted","inLanguage":"nb-NO"}]}},"distributor_meta":false,"distributor_terms":false,"distributor_media":false,"distributor_original_site_name":"Arendal H\u00f8yre","distributor_original_site_url":"https:\/\/hoyre.no\/arendal","push-errors":false,"_links":{"self":[{"href":"https:\/\/hoyre.no\/arendal\/wp-json\/wp\/v2\/teft-events\/159","targetHints":{"allow":["GET"]}}],"collection":[{"href":"https:\/\/hoyre.no\/arendal\/wp-json\/wp\/v2\/teft-events"}],"about":[{"href":"https:\/\/hoyre.no\/arendal\/wp-json\/wp\/v2\/types\/teft-events"}],"wp:attachment":[{"href":"https:\/\/hoyre.no\/arendal\/wp-json\/wp\/v2\/media?parent=159"}],"wp:term":[{"taxonomy":"teft-events-category","embeddable":true,"href":"https:\/\/hoyre.no\/arendal\/wp-json\/wp\/v2\/teft-events-category?post=159"}],"curies":[{"name":"wp","href":"https:\/\/api.w.org\/{rel}","templated":true}]}}

Lunsj for Høyredamer

<div class="wp-block-teft-event-top">

<div class="teft-event-date-top">
<div class="teft-event-date-wrapper">
	<div class="date-square" aria-hidden="true">
		20			</div>
</div>
	<div class="top-text">
					<p class="top-date-text">fredag 20. januar 2023</p>
							<p class="top-time-text">12:00</p>
						</div>
		<div class="sharing">
		<a class="share-button share-link copy-link" data-copy="https://hoyre.no/arendal/arrangementer/damelunsj/" target="_blank"><span class="screen-reader-text">Del link</span></a>
		<a class="share-button share-twitter" href="http://twitter.com/share?text=Lunsj for Høyredamer&#038;url=https://hoyre.no/arendal/arrangementer/damelunsj/&#038;hashtags=Hoyre" target="_blank"><span class="screen-reader-text">Del på twitter</span></a>
		<a class="share-button share-facebook" href="https://www.facebook.com/sharer/sharer.php?u=https://hoyre.no/arendal/arrangementer/damelunsj/" target="_blank"><span class="screen-reader-text">Del på facebook</span></a>
	</div>
	</div>
<p class="preamble">Kjære Høyre damer!<br>Bli med på lunsj fredag 20. januar på Egon! <img loading="lazy" decoding="async" height="16" width="16" src="https://static.xx.fbcdn.net/images/emoji.php/v9/t6c/1/16/1f499.png" alt="💙"></p><figure class="hoyre-image-wrapper"><div class="hoyre-image"><img loading="lazy" decoding="async" width="2500" height="1667" src="https://hoyre.no/content/uploads/sites/41/2022/09/Foto-Hans-Kristian-Thorbjornsen-5403-scaled.jpg" class="attachment-scaled size-scaled" alt="" style="object-position: 50% 50%" srcset="https://hoyre.no/content/uploads/sites/41/2022/09/Foto-Hans-Kristian-Thorbjornsen-5403-scaled.jpg 2500w, https://hoyre.no/content/uploads/sites/41/2022/09/Foto-Hans-Kristian-Thorbjornsen-5403-300x200.jpg 300w, https://hoyre.no/content/uploads/sites/41/2022/09/Foto-Hans-Kristian-Thorbjornsen-5403-1024x683.jpg 1024w, https://hoyre.no/content/uploads/sites/41/2022/09/Foto-Hans-Kristian-Thorbjornsen-5403-768x512.jpg 768w, https://hoyre.no/content/uploads/sites/41/2022/09/Foto-Hans-Kristian-Thorbjornsen-5403-1536x1024.jpg 1536w, https://hoyre.no/content/uploads/sites/41/2022/09/Foto-Hans-Kristian-Thorbjornsen-5403-2048x1365.jpg 2048w" sizes="auto, (max-width: 2500px) 100vw, 2500px" /></div></figure>

<div class="wp-block wp-block-teft-event-registration-button">
	<div class="registration-button-wrapper">
			<a href="https://facebook.com/events/s/lunsj-for-h%C3%B8yredamer/2779691935495374/" class="wp-block-button__link">Meld deg på her</a>
				
	</div>
</div>

<div class="panel teft-details-panel">
		<h3>Detaljer</h3>

					<dl class="info-misc-with-icons">
				<dt class="venue"><span class="screen-reader-text">Stedet</span></dt>
				<dd>
										<a href="https://www.google.com/maps/dir/58.447564,8.7930133/egon+arendal/@58.4576524,8.7568267,13z/data=!3m1!4b1!4m9!4m8!1m1!4e1!1m5!1m1!1s0x464794dda6c75b29:0x73be74772f9cfc0!2m2!1d8.7666908!2d58.4589405">Egon</a>
																<span class="address-line-2">Friergangen 1, 4836 Arendal</span>
									</dd>
			</dl>
							<dl class="info-misc-with-icons">
		<dt class="time"><span class="screen-reader-text">Arrangement dato</span></dt>
		<dd class="time">
					</dd>
	</dl>
						<dl class="info-misc-with-icons">
		<dt class="registration"><span class="screen-reader-text">Påmeldingsdetajer</span></dt>
		<dd class="registration">
										<a href="https://facebook.com/events/s/lunsj-for-h%C3%B8yredamer/2779691935495374/">Registrer</a>
					</dd>
	</dl>
		</dl>
</div>
</div>




<h2 class="wp-block-heading">Informasjon</h2>



<p>Det er tid for en hyggelig lunsj for Høyredamer igjen.&nbsp;<br>Vår ordførerkandidat kommer også.&nbsp;<br>Sett av en halvtime eller to.&nbsp;</p>



<p>Trykk skal på <em>Meld deg på her</em> eller send meg en e-post: <a href="mailto:linda@sorimoriaholding.no" target="_blank" rel="noreferrer noopener">linda@sorimoriaholding.no</a>.</p>


<div class="post-meta wp-block">
	<div class="top">
		<div class="sharing">
			<a class="share-button share-link" target="_blank"><span class="screen-reader-text">Del link</span></a>
			<a class="share-button share-twitter" href="http://twitter.com/share?text=Lunsj for Høyredamer&#038;url=https://hoyre.no/arendal/arrangementer/damelunsj/&#038;hashtags=Hoyre"><span class="screen-reader-text">Del på twitter</span></a>
			<a class="share-button share-facebook" href="https://www.facebook.com/sharer/sharer.php?u=https://hoyre.no/arendal/arrangementer/damelunsj/" target="_blank"><span class="screen-reader-text">Del på facebook</span></a>
		</div>
	</div>
</div>

<!-- This site is optimized with the Yoast SEO plugin v26.6 - https://yoast.com/wordpress/plugins/seo/ -->
<title>Lunsj for Høyredamer - Arendal Høyre</title>
<meta name="robots" content="index, follow, max-snippet:-1, max-image-preview:large, max-video-preview:-1" />
<link rel="canonical" href="https://hoyre.no/arendal/arrangementer/damelunsj/" />
<meta property="og:locale" content="nb_NO" />
<meta property="og:type" content="article" />
<meta property="og:title" content="Lunsj for Høyredamer - Arendal Høyre" />
<meta property="og:url" content="https://hoyre.no/arendal/arrangementer/damelunsj/" />
<meta property="og:site_name" content="Arendal Høyre" />
<meta property="article:modified_time" content="2023-01-28T16:30:13+00:00" />
<meta property="og:image" content="https://static.xx.fbcdn.net/images/emoji.php/v9/t6c/1/16/1f499.png" />
<meta name="twitter:card" content="summary_large_image" />
<meta name="twitter:label1" content="Ansl. lesetid" />
	<meta name="twitter:data1" content="1 minutt" />
<script type="application/ld+json" class="yoast-schema-graph">{"@context":"https://schema.org","@graph":[{"@type":"WebPage","@id":"https://hoyre.no/arendal/arrangementer/damelunsj/","url":"https://hoyre.no/arendal/arrangementer/damelunsj/","name":"Lunsj for Høyredamer - Arendal Høyre","isPartOf":{"@id":"https://hoyre.no/arendal/#website"},"image":{"@id":"https://hoyre.no/arendal/arrangementer/damelunsj/#primaryimage"},"thumbnailUrl":"https://static.xx.fbcdn.net/images/emoji.php/v9/t6c/1/16/1f499.png","datePublished":"2023-01-20T13:33:48+00:00","dateModified":"2023-01-28T16:30:13+00:00","breadcrumb":{"@id":"https://hoyre.no/arendal/arrangementer/damelunsj/#breadcrumb"},"inLanguage":"nb-NO","potentialAction":[{"@type":"ReadAction","target":["https://hoyre.no/arendal/arrangementer/damelunsj/"]}]},{"@type":"ImageObject","inLanguage":"nb-NO","@id":"https://hoyre.no/arendal/arrangementer/damelunsj/#primaryimage","url":"https://static.xx.fbcdn.net/images/emoji.php/v9/t6c/1/16/1f499.png","contentUrl":"https://static.xx.fbcdn.net/images/emoji.php/v9/t6c/1/16/1f499.png"},{"@type":"BreadcrumbList","@id":"https://hoyre.no/arendal/arrangementer/damelunsj/#breadcrumb","itemListElement":[{"@type":"ListItem","position":1,"name":"Til hoyre.no","item":"https://hoyre.no"},{"@type":"ListItem","position":2,"name":"Hjem","item":"https://hoyre.no/arendal/"},{"@type":"ListItem","position":3,"name":"Arrangement","item":"https://hoyre.no/arendal/arrangementer/"},{"@type":"ListItem","position":4,"name":"Lunsj for Høyredamer"}]},{"@type":"WebSite","@id":"https://hoyre.no/arendal/#website","url":"https://hoyre.no/arendal/","name":"Arendal Høyre","description":"Bare enda et Høyres nettsteder-nettsted","inLanguage":"nb-NO"}]}</script>
<!-- / Yoast SEO plugin. -->

Lunsj for Høyredamer - Arendal Høyre

Arendal Høyre

Bare enda et Høyres nettsteder-nettsted
