{"id":697,"date":"2024-09-23T19:29:14","date_gmt":"2024-09-23T17:29:14","guid":{"rendered":"https:\/\/hoyre.no\/arendal\/?post_type=teft-events&#038;p=697"},"modified":"2026-04-14T17:15:34","modified_gmt":"2026-04-14T15:15:34","slug":"arsmote-2024","status":"publish","type":"teft-events","link":"https:\/\/hoyre.no\/arendal\/arrangementer\/arsmote-2024\/","title":{"rendered":"\u00c5rsm\u00f8te i Arendal H\u00f8yre 2024"},"content":{"rendered":"\n<div class=\"wp-block-teft-event-top\">\n\n<div class=\"teft-event-date-top\">\n<div class=\"teft-event-date-wrapper\">\n\t<div class=\"date-square\" aria-hidden=\"true\">\n\t\t28\t\t\t<\/div>\n<\/div>\n\t<div class=\"top-text\">\n\t\t\t\t\t<p class=\"top-date-text\">torsdag 28. november 2024<\/p>\n\t\t\t\t\t\t\t<p class=\"top-time-text\">17:00 &#8211; 21:00<\/p>\n\t\t\t\t\t\t<\/div>\n\t\t<div class=\"sharing\">\n\t\t<a class=\"share-button share-link copy-link\" data-copy=\"https:\/\/hoyre.no\/arendal\/arrangementer\/arsmote-2024\/\" target=\"_blank\"><span class=\"screen-reader-text\">Del link<\/span><\/a>\n\t\t<a class=\"share-button share-twitter\" href=\"http:\/\/twitter.com\/share?text=\u00c5rsm\u00f8te i Arendal H\u00f8yre 2024&#038;url=https:\/\/hoyre.no\/arendal\/arrangementer\/arsmote-2024\/&#038;hashtags=Hoyre\" target=\"_blank\"><span class=\"screen-reader-text\">Del p\u00e5 twitter<\/span><\/a>\n\t\t<a class=\"share-button share-facebook\" href=\"https:\/\/www.facebook.com\/sharer\/sharer.php?u=https:\/\/hoyre.no\/arendal\/arrangementer\/arsmote-2024\/\" target=\"_blank\"><span class=\"screen-reader-text\">Del p\u00e5 facebook<\/span><\/a>\n\t<\/div>\n\t<\/div>\n<p class=\"preamble\">M\u00f8tet er \u00e5pent for betalende medlemmer. Om du ikke har betalt, kan dette ordnes ved inngangen.<\/p><figure class=\"hoyre-image-wrapper\"><div class=\"hoyre-image\"><img loading=\"lazy\" decoding=\"async\" width=\"1000\" height=\"1000\" src=\"https:\/\/hoyre.no\/content\/uploads\/sites\/41\/2022\/11\/2020_RGB_hoyre_logo_profilbilde_011.png\" class=\"attachment-scaled size-scaled\" alt=\"\" style=\"object-position: 50% 50%\" srcset=\"https:\/\/hoyre.no\/content\/uploads\/sites\/41\/2022\/11\/2020_RGB_hoyre_logo_profilbilde_011.png 1000w, https:\/\/hoyre.no\/content\/uploads\/sites\/41\/2022\/11\/2020_RGB_hoyre_logo_profilbilde_011-300x300.png 300w, https:\/\/hoyre.no\/content\/uploads\/sites\/41\/2022\/11\/2020_RGB_hoyre_logo_profilbilde_011-150x150.png 150w, https:\/\/hoyre.no\/content\/uploads\/sites\/41\/2022\/11\/2020_RGB_hoyre_logo_profilbilde_011-768x768.png 768w\" sizes=\"auto, (max-width: 1000px) 100vw, 1000px\" \/><\/div><\/figure>\n\n<div class=\"panel teft-details-panel\">\n\t\t<h3>Detaljer<\/h3>\n\n\t\t\t\t\t<dl class=\"info-misc-with-icons\">\n\t\t\t\t<dt class=\"venue\"><span class=\"screen-reader-text\">Stedet<\/span><\/dt>\n\t\t\t\t<dd>\n\t\t\t\t\t\t\t\t\t\t\t<span class=\"address-line-1\">Arendal kultur- og r\u00e5dhus, bystyresalen<\/span>\n\t\t\t\t\t\t\t\t\t\t\t\t\t\t<\/dd>\n\t\t\t<\/dl>\n\t\t\t\t\t\t\t<dl class=\"info-misc-with-icons\">\n\t\t<dt class=\"time\"><span class=\"screen-reader-text\">Arrangement dato<\/span><\/dt>\n\t\t<dd class=\"time\">\n\t\t\ttor 28. november 2024 fra  17:00 &#8211; 21:00\t\t<\/dd>\n\t<\/dl>\n\t\t\t\t\t\t<dl class=\"info-misc-with-icons\">\n\t\t<dt class=\"registration\"><span class=\"screen-reader-text\">P\u00e5meldingsdetajer<\/span><\/dt>\n\t\t<dd class=\"registration\">\n\t\t\tGratis\t\t\t\t\t<\/dd>\n\t<\/dl>\n\t\t<\/dl>\n<\/div>\n<\/div>\n\n\n\n\n<h2 class=\"wp-block-heading\">Sakspapirer<\/h2>\n\n\n\n<div class=\"wp-block-teft-file icon-link-block\"><a href=\"https:\/\/hoyre.no\/content\/uploads\/sites\/41\/2024\/09\/Arendal-Hoyre-Arsrapport-2024-281124.pdf\" download><span class=\"file-title\">Arendal H\u00f8yre \u00c5rsrapport 2024 &#8211; 281124<\/span><span class=\"file-name\">Arendal-Hoyre-Arsrapport-2024-281124.pdf [429.3kb]<\/span><\/a><\/div>\n\n\n\n<div class=\"wp-block-teft-file icon-link-block\"><a href=\"https:\/\/hoyre.no\/content\/uploads\/sites\/41\/2024\/09\/SAKER-OG-RESOLUSJONER.pdf\" download><span class=\"file-title\">SAKER OG RESOLUSJONER<\/span><span class=\"file-name\">SAKER-OG-RESOLUSJONER.pdf [6.8kb]<\/span><\/a><\/div>\n\n\n\n<div class=\"wp-block-teft-file icon-link-block\"><a href=\"https:\/\/hoyre.no\/content\/uploads\/sites\/41\/2024\/09\/Innkalling-til-Arsmote-i-Arendal-Hoyre-28.11.24.pdf\" download><span class=\"file-title\">Innkalling til \u00c5rsm\u00f8te i Arendal H\u00f8yre 28.11.24<\/span><span class=\"file-name\">Innkalling-til-Arsmote-i-Arendal-Hoyre-28.11.24.pdf [298.3kb]<\/span><\/a><\/div>\n\n\n\n<p><\/p>\n\n\n<div class=\"post-meta wp-block\">\n\t<div class=\"top\">\n\t\t<div class=\"sharing\">\n\t\t\t<a class=\"share-button share-link\" target=\"_blank\"><span class=\"screen-reader-text\">Del link<\/span><\/a>\n\t\t\t<a class=\"share-button share-twitter\" href=\"http:\/\/twitter.com\/share?text=\u00c5rsm\u00f8te i Arendal H\u00f8yre 2024&#038;url=https:\/\/hoyre.no\/arendal\/arrangementer\/arsmote-2024\/&#038;hashtags=Hoyre\"><span class=\"screen-reader-text\">Del p\u00e5 twitter<\/span><\/a>\n\t\t\t<a class=\"share-button share-facebook\" href=\"https:\/\/www.facebook.com\/sharer\/sharer.php?u=https:\/\/hoyre.no\/arendal\/arrangementer\/arsmote-2024\/\" target=\"_blank\"><span class=\"screen-reader-text\">Del p\u00e5 facebook<\/span><\/a>\n\t\t<\/div>\n\t<\/div>\n<\/div>\n","protected":false},"template":"","meta":{"teft_cards_image_url":"","teft_cards_custom_pretitle":"","teft_cards_image_id":129,"teft_cards_image_focal_point_x":0.5,"teft_cards_image_focal_point_y":0.5,"teft_cards_title":"","teft_cards_excerpt":"","teft_show_chapters":false,"event_organizer":[],"event_start_date":"2024-11-28T17:00:00","event_end_date":"2024-11-28T21:00:00","event_registration_url":"","event_registration_deadline":"","event_ticket_cost":"Gratis","event_venue_name":"Arendal kultur- og r\u00e5dhus, bystyresalen","event_venue_url":"","event_venue_address":""},"teft-events-category":[],"class_list":["post-697","teft-events","type-teft-events","status-publish","hentry"],"yoast_head":"<!-- This site is optimized with the Yoast SEO plugin v26.6 - https:\/\/yoast.com\/wordpress\/plugins\/seo\/ -->\n<title>\u00c5rsm\u00f8te i Arendal H\u00f8yre 2024 - Arendal H\u00f8yre<\/title>\n<meta name=\"robots\" content=\"index, follow, max-snippet:-1, max-image-preview:large, max-video-preview:-1\" \/>\n<link rel=\"canonical\" href=\"https:\/\/hoyre.no\/arendal\/arrangementer\/arsmote-2024\/\" \/>\n<meta property=\"og:locale\" content=\"nb_NO\" \/>\n<meta property=\"og:type\" content=\"article\" \/>\n<meta property=\"og:title\" content=\"\u00c5rsm\u00f8te i Arendal H\u00f8yre 2024 - Arendal H\u00f8yre\" \/>\n<meta property=\"og:url\" content=\"https:\/\/hoyre.no\/arendal\/arrangementer\/arsmote-2024\/\" \/>\n<meta property=\"og:site_name\" content=\"Arendal H\u00f8yre\" \/>\n<meta property=\"article:modified_time\" content=\"2026-04-14T15:15:34+00:00\" \/>\n<meta property=\"og:image\" content=\"https:\/\/hoyre.no\/content\/uploads\/sites\/41\/2022\/11\/2020_RGB_hoyre_logo_profilbilde_011.png\" \/>\n<meta name=\"twitter:card\" content=\"summary_large_image\" \/>\n<meta name=\"twitter:label1\" content=\"Ansl. lesetid\" \/>\n\t<meta name=\"twitter:data1\" content=\"1 minutt\" \/>\n<script type=\"application\/ld+json\" class=\"yoast-schema-graph\">{\"@context\":\"https:\/\/schema.org\",\"@graph\":[{\"@type\":\"WebPage\",\"@id\":\"https:\/\/hoyre.no\/arendal\/arrangementer\/arsmote-2024\/\",\"url\":\"https:\/\/hoyre.no\/arendal\/arrangementer\/arsmote-2024\/\",\"name\":\"\u00c5rsm\u00f8te i Arendal H\u00f8yre 2024 - Arendal H\u00f8yre\",\"isPartOf\":{\"@id\":\"https:\/\/hoyre.no\/arendal\/#website\"},\"datePublished\":\"2024-09-23T17:29:14+00:00\",\"dateModified\":\"2026-04-14T15:15:34+00:00\",\"breadcrumb\":{\"@id\":\"https:\/\/hoyre.no\/arendal\/arrangementer\/arsmote-2024\/#breadcrumb\"},\"inLanguage\":\"nb-NO\",\"potentialAction\":[{\"@type\":\"ReadAction\",\"target\":[\"https:\/\/hoyre.no\/arendal\/arrangementer\/arsmote-2024\/\"]}]},{\"@type\":\"BreadcrumbList\",\"@id\":\"https:\/\/hoyre.no\/arendal\/arrangementer\/arsmote-2024\/#breadcrumb\",\"itemListElement\":[{\"@type\":\"ListItem\",\"position\":1,\"name\":\"Til hoyre.no\",\"item\":\"https:\/\/hoyre.no\"},{\"@type\":\"ListItem\",\"position\":2,\"name\":\"Hjem\",\"item\":\"https:\/\/hoyre.no\/arendal\/\"},{\"@type\":\"ListItem\",\"position\":3,\"name\":\"Arrangement\",\"item\":\"https:\/\/hoyre.no\/arendal\/arrangementer\/\"},{\"@type\":\"ListItem\",\"position\":4,\"name\":\"\u00c5rsm\u00f8te i Arendal H\u00f8yre 2024\"}]},{\"@type\":\"WebSite\",\"@id\":\"https:\/\/hoyre.no\/arendal\/#website\",\"url\":\"https:\/\/hoyre.no\/arendal\/\",\"name\":\"Arendal H\u00f8yre\",\"description\":\"Bare enda et H\u00f8yres nettsteder-nettsted\",\"inLanguage\":\"nb-NO\"}]}<\/script>\n<!-- \/ Yoast SEO plugin. -->","yoast_head_json":{"title":"\u00c5rsm\u00f8te i Arendal H\u00f8yre 2024 - Arendal H\u00f8yre","robots":{"index":"index","follow":"follow","max-snippet":"max-snippet:-1","max-image-preview":"max-image-preview:large","max-video-preview":"max-video-preview:-1"},"canonical":"https:\/\/hoyre.no\/arendal\/arrangementer\/arsmote-2024\/","og_locale":"nb_NO","og_type":"article","og_title":"\u00c5rsm\u00f8te i Arendal H\u00f8yre 2024 - Arendal H\u00f8yre","og_url":"https:\/\/hoyre.no\/arendal\/arrangementer\/arsmote-2024\/","og_site_name":"Arendal H\u00f8yre","article_modified_time":"2026-04-14T15:15:34+00:00","og_image":[{"url":"https:\/\/hoyre.no\/content\/uploads\/sites\/41\/2022\/11\/2020_RGB_hoyre_logo_profilbilde_011.png","width":"","height":"","type":""}],"twitter_card":"summary_large_image","twitter_misc":{"Ansl. lesetid":"1 minutt"},"schema":{"@context":"https:\/\/schema.org","@graph":[{"@type":"WebPage","@id":"https:\/\/hoyre.no\/arendal\/arrangementer\/arsmote-2024\/","url":"https:\/\/hoyre.no\/arendal\/arrangementer\/arsmote-2024\/","name":"\u00c5rsm\u00f8te i Arendal H\u00f8yre 2024 - Arendal H\u00f8yre","isPartOf":{"@id":"https:\/\/hoyre.no\/arendal\/#website"},"datePublished":"2024-09-23T17:29:14+00:00","dateModified":"2026-04-14T15:15:34+00:00","breadcrumb":{"@id":"https:\/\/hoyre.no\/arendal\/arrangementer\/arsmote-2024\/#breadcrumb"},"inLanguage":"nb-NO","potentialAction":[{"@type":"ReadAction","target":["https:\/\/hoyre.no\/arendal\/arrangementer\/arsmote-2024\/"]}]},{"@type":"BreadcrumbList","@id":"https:\/\/hoyre.no\/arendal\/arrangementer\/arsmote-2024\/#breadcrumb","itemListElement":[{"@type":"ListItem","position":1,"name":"Til hoyre.no","item":"https:\/\/hoyre.no"},{"@type":"ListItem","position":2,"name":"Hjem","item":"https:\/\/hoyre.no\/arendal\/"},{"@type":"ListItem","position":3,"name":"Arrangement","item":"https:\/\/hoyre.no\/arendal\/arrangementer\/"},{"@type":"ListItem","position":4,"name":"\u00c5rsm\u00f8te i Arendal H\u00f8yre 2024"}]},{"@type":"WebSite","@id":"https:\/\/hoyre.no\/arendal\/#website","url":"https:\/\/hoyre.no\/arendal\/","name":"Arendal H\u00f8yre","description":"Bare enda et H\u00f8yres nettsteder-nettsted","inLanguage":"nb-NO"}]}},"distributor_meta":false,"distributor_terms":false,"distributor_media":false,"distributor_original_site_name":"Arendal H\u00f8yre","distributor_original_site_url":"https:\/\/hoyre.no\/arendal","push-errors":false,"_links":{"self":[{"href":"https:\/\/hoyre.no\/arendal\/wp-json\/wp\/v2\/teft-events\/697","targetHints":{"allow":["GET"]}}],"collection":[{"href":"https:\/\/hoyre.no\/arendal\/wp-json\/wp\/v2\/teft-events"}],"about":[{"href":"https:\/\/hoyre.no\/arendal\/wp-json\/wp\/v2\/types\/teft-events"}],"wp:attachment":[{"href":"https:\/\/hoyre.no\/arendal\/wp-json\/wp\/v2\/media?parent=697"}],"wp:term":[{"taxonomy":"teft-events-category","embeddable":true,"href":"https:\/\/hoyre.no\/arendal\/wp-json\/wp\/v2\/teft-events-category?post=697"}],"curies":[{"name":"wp","href":"https:\/\/api.w.org\/{rel}","templated":true}]}}

Årsmøte i Arendal Høyre 2024

<div class="wp-block-teft-event-top">

<div class="teft-event-date-top">
<div class="teft-event-date-wrapper">
	<div class="date-square" aria-hidden="true">
		28			</div>
</div>
	<div class="top-text">
					<p class="top-date-text">torsdag 28. november 2024</p>
							<p class="top-time-text">17:00 &#8211; 21:00</p>
						</div>
		<div class="sharing">
		<a class="share-button share-link copy-link" data-copy="https://hoyre.no/arendal/arrangementer/arsmote-2024/" target="_blank"><span class="screen-reader-text">Del link</span></a>
		<a class="share-button share-twitter" href="http://twitter.com/share?text=Årsmøte i Arendal Høyre 2024&#038;url=https://hoyre.no/arendal/arrangementer/arsmote-2024/&#038;hashtags=Hoyre" target="_blank"><span class="screen-reader-text">Del på twitter</span></a>
		<a class="share-button share-facebook" href="https://www.facebook.com/sharer/sharer.php?u=https://hoyre.no/arendal/arrangementer/arsmote-2024/" target="_blank"><span class="screen-reader-text">Del på facebook</span></a>
	</div>
	</div>
<p class="preamble">Møtet er åpent for betalende medlemmer. Om du ikke har betalt, kan dette ordnes ved inngangen.</p><figure class="hoyre-image-wrapper"><div class="hoyre-image"><img loading="lazy" decoding="async" width="1000" height="1000" src="https://hoyre.no/content/uploads/sites/41/2022/11/2020_RGB_hoyre_logo_profilbilde_011.png" class="attachment-scaled size-scaled" alt="" style="object-position: 50% 50%" srcset="https://hoyre.no/content/uploads/sites/41/2022/11/2020_RGB_hoyre_logo_profilbilde_011.png 1000w, https://hoyre.no/content/uploads/sites/41/2022/11/2020_RGB_hoyre_logo_profilbilde_011-300x300.png 300w, https://hoyre.no/content/uploads/sites/41/2022/11/2020_RGB_hoyre_logo_profilbilde_011-150x150.png 150w, https://hoyre.no/content/uploads/sites/41/2022/11/2020_RGB_hoyre_logo_profilbilde_011-768x768.png 768w" sizes="auto, (max-width: 1000px) 100vw, 1000px" /></div></figure>

<div class="panel teft-details-panel">
		<h3>Detaljer</h3>

					<dl class="info-misc-with-icons">
				<dt class="venue"><span class="screen-reader-text">Stedet</span></dt>
				<dd>
											<span class="address-line-1">Arendal kultur- og rådhus, bystyresalen</span>
														</dd>
			</dl>
							<dl class="info-misc-with-icons">
		<dt class="time"><span class="screen-reader-text">Arrangement dato</span></dt>
		<dd class="time">
			tor 28. november 2024 fra  17:00 &#8211; 21:00		</dd>
	</dl>
						<dl class="info-misc-with-icons">
		<dt class="registration"><span class="screen-reader-text">Påmeldingsdetajer</span></dt>
		<dd class="registration">
			Gratis					</dd>
	</dl>
		</dl>
</div>
</div>




<h2 class="wp-block-heading">Sakspapirer</h2>



<div class="wp-block-teft-file icon-link-block"><a href="https://hoyre.no/content/uploads/sites/41/2024/09/Arendal-Hoyre-Arsrapport-2024-281124.pdf" download><span class="file-title">Arendal Høyre Årsrapport 2024 &#8211; 281124</span><span class="file-name">Arendal-Hoyre-Arsrapport-2024-281124.pdf [429.3kb]</span></a></div>



<div class="wp-block-teft-file icon-link-block"><a href="https://hoyre.no/content/uploads/sites/41/2024/09/SAKER-OG-RESOLUSJONER.pdf" download><span class="file-title">SAKER OG RESOLUSJONER</span><span class="file-name">SAKER-OG-RESOLUSJONER.pdf [6.8kb]</span></a></div>



<div class="wp-block-teft-file icon-link-block"><a href="https://hoyre.no/content/uploads/sites/41/2024/09/Innkalling-til-Arsmote-i-Arendal-Hoyre-28.11.24.pdf" download><span class="file-title">Innkalling til Årsmøte i Arendal Høyre 28.11.24</span><span class="file-name">Innkalling-til-Arsmote-i-Arendal-Hoyre-28.11.24.pdf [298.3kb]</span></a></div>



<p></p>


<div class="post-meta wp-block">
	<div class="top">
		<div class="sharing">
			<a class="share-button share-link" target="_blank"><span class="screen-reader-text">Del link</span></a>
			<a class="share-button share-twitter" href="http://twitter.com/share?text=Årsmøte i Arendal Høyre 2024&#038;url=https://hoyre.no/arendal/arrangementer/arsmote-2024/&#038;hashtags=Hoyre"><span class="screen-reader-text">Del på twitter</span></a>
			<a class="share-button share-facebook" href="https://www.facebook.com/sharer/sharer.php?u=https://hoyre.no/arendal/arrangementer/arsmote-2024/" target="_blank"><span class="screen-reader-text">Del på facebook</span></a>
		</div>
	</div>
</div>

Arendal kultur- og rådhus, bystyresalen

<!-- This site is optimized with the Yoast SEO plugin v26.6 - https://yoast.com/wordpress/plugins/seo/ -->
<title>Årsmøte i Arendal Høyre 2024 - Arendal Høyre</title>
<meta name="robots" content="index, follow, max-snippet:-1, max-image-preview:large, max-video-preview:-1" />
<link rel="canonical" href="https://hoyre.no/arendal/arrangementer/arsmote-2024/" />
<meta property="og:locale" content="nb_NO" />
<meta property="og:type" content="article" />
<meta property="og:title" content="Årsmøte i Arendal Høyre 2024 - Arendal Høyre" />
<meta property="og:url" content="https://hoyre.no/arendal/arrangementer/arsmote-2024/" />
<meta property="og:site_name" content="Arendal Høyre" />
<meta property="article:modified_time" content="2026-04-14T15:15:34+00:00" />
<meta property="og:image" content="https://hoyre.no/content/uploads/sites/41/2022/11/2020_RGB_hoyre_logo_profilbilde_011.png" />
<meta name="twitter:card" content="summary_large_image" />
<meta name="twitter:label1" content="Ansl. lesetid" />
	<meta name="twitter:data1" content="1 minutt" />
<script type="application/ld+json" class="yoast-schema-graph">{"@context":"https://schema.org","@graph":[{"@type":"WebPage","@id":"https://hoyre.no/arendal/arrangementer/arsmote-2024/","url":"https://hoyre.no/arendal/arrangementer/arsmote-2024/","name":"Årsmøte i Arendal Høyre 2024 - Arendal Høyre","isPartOf":{"@id":"https://hoyre.no/arendal/#website"},"datePublished":"2024-09-23T17:29:14+00:00","dateModified":"2026-04-14T15:15:34+00:00","breadcrumb":{"@id":"https://hoyre.no/arendal/arrangementer/arsmote-2024/#breadcrumb"},"inLanguage":"nb-NO","potentialAction":[{"@type":"ReadAction","target":["https://hoyre.no/arendal/arrangementer/arsmote-2024/"]}]},{"@type":"BreadcrumbList","@id":"https://hoyre.no/arendal/arrangementer/arsmote-2024/#breadcrumb","itemListElement":[{"@type":"ListItem","position":1,"name":"Til hoyre.no","item":"https://hoyre.no"},{"@type":"ListItem","position":2,"name":"Hjem","item":"https://hoyre.no/arendal/"},{"@type":"ListItem","position":3,"name":"Arrangement","item":"https://hoyre.no/arendal/arrangementer/"},{"@type":"ListItem","position":4,"name":"Årsmøte i Arendal Høyre 2024"}]},{"@type":"WebSite","@id":"https://hoyre.no/arendal/#website","url":"https://hoyre.no/arendal/","name":"Arendal Høyre","description":"Bare enda et Høyres nettsteder-nettsted","inLanguage":"nb-NO"}]}</script>
<!-- / Yoast SEO plugin. -->

Årsmøte i Arendal Høyre 2024 - Arendal Høyre

Arendal Høyre

Bare enda et Høyres nettsteder-nettsted
