{"id":794,"date":"2026-02-21T08:03:40","date_gmt":"2026-02-21T07:03:40","guid":{"rendered":"https:\/\/hoyre.no\/arendal\/?post_type=teft-events&#038;p=794"},"modified":"2026-02-21T08:03:40","modified_gmt":"2026-02-21T07:03:40","slug":"invitasjon-til-medlemsmote-senior-hoyre","status":"publish","type":"teft-events","link":"https:\/\/hoyre.no\/arendal\/arrangementer\/invitasjon-til-medlemsmote-senior-hoyre\/","title":{"rendered":"Invitasjon til medlemsm\u00f8te Senior H\u00f8yre"},"content":{"rendered":"\n<div class=\"wp-block-teft-event-top\">\n\n<div class=\"teft-event-date-top\">\n<div class=\"teft-event-date-wrapper\">\n\t<div class=\"date-square\" aria-hidden=\"true\">\n\t\t24\t\t\t<\/div>\n<\/div>\n\t<div class=\"top-text\">\n\t\t\t\t\t<p class=\"top-date-text\">tirsdag 24. februar 2026<\/p>\n\t\t\t\t\t\t\t<p class=\"top-time-text\">14:15 &#8211; 16:00<\/p>\n\t\t\t\t\t\t<\/div>\n\t\t<div class=\"sharing\">\n\t\t<a class=\"share-button share-link copy-link\" data-copy=\"https:\/\/hoyre.no\/arendal\/arrangementer\/invitasjon-til-medlemsmote-senior-hoyre\/\" target=\"_blank\"><span class=\"screen-reader-text\">Del link<\/span><\/a>\n\t\t<a class=\"share-button share-twitter\" href=\"http:\/\/twitter.com\/share?text=Invitasjon til medlemsm\u00f8te Senior H\u00f8yre&#038;url=https:\/\/hoyre.no\/arendal\/arrangementer\/invitasjon-til-medlemsmote-senior-hoyre\/&#038;hashtags=Hoyre\" target=\"_blank\"><span class=\"screen-reader-text\">Del p\u00e5 twitter<\/span><\/a>\n\t\t<a class=\"share-button share-facebook\" href=\"https:\/\/www.facebook.com\/sharer\/sharer.php?u=https:\/\/hoyre.no\/arendal\/arrangementer\/invitasjon-til-medlemsmote-senior-hoyre\/\" target=\"_blank\"><span class=\"screen-reader-text\">Del p\u00e5 facebook<\/span><\/a>\n\t<\/div>\n\t<\/div>\n<p class=\"preamble\"><em>Arendal st\u00e5r i krevende tider og foran flere viktige politiske veivalg.\u00a0<\/em><br><br><em>Gruppeleder for H\u00f8yres bystyregruppe Linda \u00d8ygarden kommer og gir en kort oppdatering om sentrale saker i lokalpolitikken:\u00a0<\/em><br><em>Fremtidens skole &#8211; status i arbeidet med skolestruktur og \u00f8konomiske rammer.\u00a0<\/em><br><em>Hva ligger p\u00e5 bordet n\u00e5, og hvilke konsekvenser kan ulike valg f\u00e5?\u00a0<\/em><br><br><em>Hva H\u00f8yre vil i Arendal \u2013 v\u00e5re prioriteringer for trygg kommune\u00f8konomi, gode tjenester, n\u00e6ringsvennlige rammer og flere arbeidsplasser.\u00a0<\/em><br><br><em>Interpellasjoner og initiativ fra H\u00f8yre \u2013 hvilke saker har vi l\u00f8ftet i bystyret, og hva \u00f8nsker vi \u00e5 oppn\u00e5?\u00a0<\/em><br><br><em>Det vil bli god\u00a0anledning til sp\u00f8rsm\u00e5l og samtale.<\/em><\/p>\n\n<div class=\"panel teft-details-panel\">\n\t\t<h3>Detaljer<\/h3>\n\n\t\t\t\t\t<dl class=\"info-misc-with-icons\">\n\t\t\t\t<dt class=\"venue\"><span class=\"screen-reader-text\">Stedet<\/span><\/dt>\n\t\t\t\t<dd>\n\t\t\t\t\t\t\t\t\t\t\t<span class=\"address-line-1\">Tyholmen frivillighetssentral<\/span>\n\t\t\t\t\t\t\t\t\t\t\t\t\t\t<\/dd>\n\t\t\t<\/dl>\n\t\t\t\t\t\t\t<dl class=\"info-misc-with-icons\">\n\t\t<dt class=\"time\"><span class=\"screen-reader-text\">Arrangement dato<\/span><\/dt>\n\t\t<dd class=\"time\">\n\t\t\ttir 24. februar 2026 fra  14:15 &#8211; 16:00\t\t<\/dd>\n\t<\/dl>\n\t\t\t\t<\/dl>\n<\/div>\n<\/div>\n\n\n\n\n<h2 class=\"wp-block-heading\">Informasjon<\/h2>\n\n\n\n<p><\/p>\n\n\n<div class=\"post-meta wp-block\">\n\t<div class=\"top\">\n\t\t<div class=\"sharing\">\n\t\t\t<a class=\"share-button share-link\" target=\"_blank\"><span class=\"screen-reader-text\">Del link<\/span><\/a>\n\t\t\t<a class=\"share-button share-twitter\" href=\"http:\/\/twitter.com\/share?text=Invitasjon til medlemsm\u00f8te Senior H\u00f8yre&#038;url=https:\/\/hoyre.no\/arendal\/arrangementer\/invitasjon-til-medlemsmote-senior-hoyre\/&#038;hashtags=Hoyre\"><span class=\"screen-reader-text\">Del p\u00e5 twitter<\/span><\/a>\n\t\t\t<a class=\"share-button share-facebook\" href=\"https:\/\/www.facebook.com\/sharer\/sharer.php?u=https:\/\/hoyre.no\/arendal\/arrangementer\/invitasjon-til-medlemsmote-senior-hoyre\/\" target=\"_blank\"><span class=\"screen-reader-text\">Del p\u00e5 facebook<\/span><\/a>\n\t\t<\/div>\n\t<\/div>\n<\/div>\n","protected":false},"template":"","meta":{"teft_cards_image_url":"","teft_cards_custom_pretitle":"","teft_cards_image_id":0,"teft_cards_image_focal_point_x":0,"teft_cards_image_focal_point_y":0,"teft_cards_title":"","teft_cards_excerpt":"","teft_show_chapters":false,"event_organizer":[],"event_start_date":"2026-02-24T14:15:00","event_end_date":"2026-02-24T16:00:00","event_registration_url":"","event_registration_deadline":"","event_ticket_cost":"","event_venue_name":"Tyholmen frivillighetssentral","event_venue_url":"","event_venue_address":""},"teft-events-category":[],"class_list":["post-794","teft-events","type-teft-events","status-publish","hentry"],"yoast_head":"<!-- This site is optimized with the Yoast SEO plugin v26.6 - https:\/\/yoast.com\/wordpress\/plugins\/seo\/ -->\n<title>Invitasjon til medlemsm\u00f8te Senior H\u00f8yre - Arendal H\u00f8yre<\/title>\n<meta name=\"robots\" content=\"index, follow, max-snippet:-1, max-image-preview:large, max-video-preview:-1\" \/>\n<link rel=\"canonical\" href=\"https:\/\/hoyre.no\/arendal\/arrangementer\/invitasjon-til-medlemsmote-senior-hoyre\/\" \/>\n<meta property=\"og:locale\" content=\"nb_NO\" \/>\n<meta property=\"og:type\" content=\"article\" \/>\n<meta property=\"og:title\" content=\"Invitasjon til medlemsm\u00f8te Senior H\u00f8yre - Arendal H\u00f8yre\" \/>\n<meta property=\"og:url\" content=\"https:\/\/hoyre.no\/arendal\/arrangementer\/invitasjon-til-medlemsmote-senior-hoyre\/\" \/>\n<meta property=\"og:site_name\" content=\"Arendal H\u00f8yre\" \/>\n<meta property=\"og:image\" content=\"https:\/\/hoyre.no\/content\/uploads\/sites\/41\/2022\/11\/2020_RGB_hoyre_logo_profilbilde_011.png\" \/>\n\t<meta property=\"og:image:width\" content=\"1000\" \/>\n\t<meta property=\"og:image:height\" content=\"1000\" \/>\n\t<meta property=\"og:image:type\" content=\"image\/png\" \/>\n<meta name=\"twitter:card\" content=\"summary_large_image\" \/>\n<meta name=\"twitter:label1\" content=\"Ansl. lesetid\" \/>\n\t<meta name=\"twitter:data1\" content=\"1 minutt\" \/>\n<script type=\"application\/ld+json\" class=\"yoast-schema-graph\">{\"@context\":\"https:\/\/schema.org\",\"@graph\":[{\"@type\":\"WebPage\",\"@id\":\"https:\/\/hoyre.no\/arendal\/arrangementer\/invitasjon-til-medlemsmote-senior-hoyre\/\",\"url\":\"https:\/\/hoyre.no\/arendal\/arrangementer\/invitasjon-til-medlemsmote-senior-hoyre\/\",\"name\":\"Invitasjon til medlemsm\u00f8te Senior H\u00f8yre - Arendal H\u00f8yre\",\"isPartOf\":{\"@id\":\"https:\/\/hoyre.no\/arendal\/#website\"},\"datePublished\":\"2026-02-21T07:03:40+00:00\",\"breadcrumb\":{\"@id\":\"https:\/\/hoyre.no\/arendal\/arrangementer\/invitasjon-til-medlemsmote-senior-hoyre\/#breadcrumb\"},\"inLanguage\":\"nb-NO\",\"potentialAction\":[{\"@type\":\"ReadAction\",\"target\":[\"https:\/\/hoyre.no\/arendal\/arrangementer\/invitasjon-til-medlemsmote-senior-hoyre\/\"]}]},{\"@type\":\"BreadcrumbList\",\"@id\":\"https:\/\/hoyre.no\/arendal\/arrangementer\/invitasjon-til-medlemsmote-senior-hoyre\/#breadcrumb\",\"itemListElement\":[{\"@type\":\"ListItem\",\"position\":1,\"name\":\"Til hoyre.no\",\"item\":\"https:\/\/hoyre.no\"},{\"@type\":\"ListItem\",\"position\":2,\"name\":\"Hjem\",\"item\":\"https:\/\/hoyre.no\/arendal\/\"},{\"@type\":\"ListItem\",\"position\":3,\"name\":\"Arrangement\",\"item\":\"https:\/\/hoyre.no\/arendal\/arrangementer\/\"},{\"@type\":\"ListItem\",\"position\":4,\"name\":\"Invitasjon til medlemsm\u00f8te Senior H\u00f8yre\"}]},{\"@type\":\"WebSite\",\"@id\":\"https:\/\/hoyre.no\/arendal\/#website\",\"url\":\"https:\/\/hoyre.no\/arendal\/\",\"name\":\"Arendal H\u00f8yre\",\"description\":\"Bare enda et H\u00f8yres nettsteder-nettsted\",\"inLanguage\":\"nb-NO\"}]}<\/script>\n<!-- \/ Yoast SEO plugin. -->","yoast_head_json":{"title":"Invitasjon til medlemsm\u00f8te Senior H\u00f8yre - Arendal H\u00f8yre","robots":{"index":"index","follow":"follow","max-snippet":"max-snippet:-1","max-image-preview":"max-image-preview:large","max-video-preview":"max-video-preview:-1"},"canonical":"https:\/\/hoyre.no\/arendal\/arrangementer\/invitasjon-til-medlemsmote-senior-hoyre\/","og_locale":"nb_NO","og_type":"article","og_title":"Invitasjon til medlemsm\u00f8te Senior H\u00f8yre - Arendal H\u00f8yre","og_url":"https:\/\/hoyre.no\/arendal\/arrangementer\/invitasjon-til-medlemsmote-senior-hoyre\/","og_site_name":"Arendal H\u00f8yre","og_image":[{"width":1000,"height":1000,"url":"https:\/\/hoyre.no\/content\/uploads\/sites\/41\/2022\/11\/2020_RGB_hoyre_logo_profilbilde_011.png","type":"image\/png"}],"twitter_card":"summary_large_image","twitter_misc":{"Ansl. lesetid":"1 minutt"},"schema":{"@context":"https:\/\/schema.org","@graph":[{"@type":"WebPage","@id":"https:\/\/hoyre.no\/arendal\/arrangementer\/invitasjon-til-medlemsmote-senior-hoyre\/","url":"https:\/\/hoyre.no\/arendal\/arrangementer\/invitasjon-til-medlemsmote-senior-hoyre\/","name":"Invitasjon til medlemsm\u00f8te Senior H\u00f8yre - Arendal H\u00f8yre","isPartOf":{"@id":"https:\/\/hoyre.no\/arendal\/#website"},"datePublished":"2026-02-21T07:03:40+00:00","breadcrumb":{"@id":"https:\/\/hoyre.no\/arendal\/arrangementer\/invitasjon-til-medlemsmote-senior-hoyre\/#breadcrumb"},"inLanguage":"nb-NO","potentialAction":[{"@type":"ReadAction","target":["https:\/\/hoyre.no\/arendal\/arrangementer\/invitasjon-til-medlemsmote-senior-hoyre\/"]}]},{"@type":"BreadcrumbList","@id":"https:\/\/hoyre.no\/arendal\/arrangementer\/invitasjon-til-medlemsmote-senior-hoyre\/#breadcrumb","itemListElement":[{"@type":"ListItem","position":1,"name":"Til hoyre.no","item":"https:\/\/hoyre.no"},{"@type":"ListItem","position":2,"name":"Hjem","item":"https:\/\/hoyre.no\/arendal\/"},{"@type":"ListItem","position":3,"name":"Arrangement","item":"https:\/\/hoyre.no\/arendal\/arrangementer\/"},{"@type":"ListItem","position":4,"name":"Invitasjon til medlemsm\u00f8te Senior H\u00f8yre"}]},{"@type":"WebSite","@id":"https:\/\/hoyre.no\/arendal\/#website","url":"https:\/\/hoyre.no\/arendal\/","name":"Arendal H\u00f8yre","description":"Bare enda et H\u00f8yres nettsteder-nettsted","inLanguage":"nb-NO"}]}},"distributor_meta":false,"distributor_terms":false,"distributor_media":false,"distributor_original_site_name":"Arendal H\u00f8yre","distributor_original_site_url":"https:\/\/hoyre.no\/arendal","push-errors":false,"_links":{"self":[{"href":"https:\/\/hoyre.no\/arendal\/wp-json\/wp\/v2\/teft-events\/794","targetHints":{"allow":["GET"]}}],"collection":[{"href":"https:\/\/hoyre.no\/arendal\/wp-json\/wp\/v2\/teft-events"}],"about":[{"href":"https:\/\/hoyre.no\/arendal\/wp-json\/wp\/v2\/types\/teft-events"}],"wp:attachment":[{"href":"https:\/\/hoyre.no\/arendal\/wp-json\/wp\/v2\/media?parent=794"}],"wp:term":[{"taxonomy":"teft-events-category","embeddable":true,"href":"https:\/\/hoyre.no\/arendal\/wp-json\/wp\/v2\/teft-events-category?post=794"}],"curies":[{"name":"wp","href":"https:\/\/api.w.org\/{rel}","templated":true}]}}

Invitasjon til medlemsmøte Senior Høyre

<div class="wp-block-teft-event-top">

<div class="teft-event-date-top">
<div class="teft-event-date-wrapper">
	<div class="date-square" aria-hidden="true">
		24			</div>
</div>
	<div class="top-text">
					<p class="top-date-text">tirsdag 24. februar 2026</p>
							<p class="top-time-text">14:15 &#8211; 16:00</p>
						</div>
		<div class="sharing">
		<a class="share-button share-link copy-link" data-copy="https://hoyre.no/arendal/arrangementer/invitasjon-til-medlemsmote-senior-hoyre/" target="_blank"><span class="screen-reader-text">Del link</span></a>
		<a class="share-button share-twitter" href="http://twitter.com/share?text=Invitasjon til medlemsmøte Senior Høyre&#038;url=https://hoyre.no/arendal/arrangementer/invitasjon-til-medlemsmote-senior-hoyre/&#038;hashtags=Hoyre" target="_blank"><span class="screen-reader-text">Del på twitter</span></a>
		<a class="share-button share-facebook" href="https://www.facebook.com/sharer/sharer.php?u=https://hoyre.no/arendal/arrangementer/invitasjon-til-medlemsmote-senior-hoyre/" target="_blank"><span class="screen-reader-text">Del på facebook</span></a>
	</div>
	</div>
<p class="preamble"><em>Arendal står i krevende tider og foran flere viktige politiske veivalg. </em><br><br><em>Gruppeleder for Høyres bystyregruppe Linda Øygarden kommer og gir en kort oppdatering om sentrale saker i lokalpolitikken: </em><br><em>Fremtidens skole &#8211; status i arbeidet med skolestruktur og økonomiske rammer. </em><br><em>Hva ligger på bordet nå, og hvilke konsekvenser kan ulike valg få? </em><br><br><em>Hva Høyre vil i Arendal – våre prioriteringer for trygg kommuneøkonomi, gode tjenester, næringsvennlige rammer og flere arbeidsplasser. </em><br><br><em>Interpellasjoner og initiativ fra Høyre – hvilke saker har vi løftet i bystyret, og hva ønsker vi å oppnå? </em><br><br><em>Det vil bli god anledning til spørsmål og samtale.</em></p>

<div class="panel teft-details-panel">
		<h3>Detaljer</h3>

					<dl class="info-misc-with-icons">
				<dt class="venue"><span class="screen-reader-text">Stedet</span></dt>
				<dd>
											<span class="address-line-1">Tyholmen frivillighetssentral</span>
														</dd>
			</dl>
							<dl class="info-misc-with-icons">
		<dt class="time"><span class="screen-reader-text">Arrangement dato</span></dt>
		<dd class="time">
			tir 24. februar 2026 fra  14:15 &#8211; 16:00		</dd>
	</dl>
				</dl>
</div>
</div>




<h2 class="wp-block-heading">Informasjon</h2>



<p></p>


<div class="post-meta wp-block">
	<div class="top">
		<div class="sharing">
			<a class="share-button share-link" target="_blank"><span class="screen-reader-text">Del link</span></a>
			<a class="share-button share-twitter" href="http://twitter.com/share?text=Invitasjon til medlemsmøte Senior Høyre&#038;url=https://hoyre.no/arendal/arrangementer/invitasjon-til-medlemsmote-senior-hoyre/&#038;hashtags=Hoyre"><span class="screen-reader-text">Del på twitter</span></a>
			<a class="share-button share-facebook" href="https://www.facebook.com/sharer/sharer.php?u=https://hoyre.no/arendal/arrangementer/invitasjon-til-medlemsmote-senior-hoyre/" target="_blank"><span class="screen-reader-text">Del på facebook</span></a>
		</div>
	</div>
</div>

<!-- This site is optimized with the Yoast SEO plugin v26.6 - https://yoast.com/wordpress/plugins/seo/ -->
<title>Invitasjon til medlemsmøte Senior Høyre - Arendal Høyre</title>
<meta name="robots" content="index, follow, max-snippet:-1, max-image-preview:large, max-video-preview:-1" />
<link rel="canonical" href="https://hoyre.no/arendal/arrangementer/invitasjon-til-medlemsmote-senior-hoyre/" />
<meta property="og:locale" content="nb_NO" />
<meta property="og:type" content="article" />
<meta property="og:title" content="Invitasjon til medlemsmøte Senior Høyre - Arendal Høyre" />
<meta property="og:url" content="https://hoyre.no/arendal/arrangementer/invitasjon-til-medlemsmote-senior-hoyre/" />
<meta property="og:site_name" content="Arendal Høyre" />
<meta property="og:image" content="https://hoyre.no/content/uploads/sites/41/2022/11/2020_RGB_hoyre_logo_profilbilde_011.png" />
	<meta property="og:image:width" content="1000" />
	<meta property="og:image:height" content="1000" />
	<meta property="og:image:type" content="image/png" />
<meta name="twitter:card" content="summary_large_image" />
<meta name="twitter:label1" content="Ansl. lesetid" />
	<meta name="twitter:data1" content="1 minutt" />
<script type="application/ld+json" class="yoast-schema-graph">{"@context":"https://schema.org","@graph":[{"@type":"WebPage","@id":"https://hoyre.no/arendal/arrangementer/invitasjon-til-medlemsmote-senior-hoyre/","url":"https://hoyre.no/arendal/arrangementer/invitasjon-til-medlemsmote-senior-hoyre/","name":"Invitasjon til medlemsmøte Senior Høyre - Arendal Høyre","isPartOf":{"@id":"https://hoyre.no/arendal/#website"},"datePublished":"2026-02-21T07:03:40+00:00","breadcrumb":{"@id":"https://hoyre.no/arendal/arrangementer/invitasjon-til-medlemsmote-senior-hoyre/#breadcrumb"},"inLanguage":"nb-NO","potentialAction":[{"@type":"ReadAction","target":["https://hoyre.no/arendal/arrangementer/invitasjon-til-medlemsmote-senior-hoyre/"]}]},{"@type":"BreadcrumbList","@id":"https://hoyre.no/arendal/arrangementer/invitasjon-til-medlemsmote-senior-hoyre/#breadcrumb","itemListElement":[{"@type":"ListItem","position":1,"name":"Til hoyre.no","item":"https://hoyre.no"},{"@type":"ListItem","position":2,"name":"Hjem","item":"https://hoyre.no/arendal/"},{"@type":"ListItem","position":3,"name":"Arrangement","item":"https://hoyre.no/arendal/arrangementer/"},{"@type":"ListItem","position":4,"name":"Invitasjon til medlemsmøte Senior Høyre"}]},{"@type":"WebSite","@id":"https://hoyre.no/arendal/#website","url":"https://hoyre.no/arendal/","name":"Arendal Høyre","description":"Bare enda et Høyres nettsteder-nettsted","inLanguage":"nb-NO"}]}</script>
<!-- / Yoast SEO plugin. -->

Invitasjon til medlemsmøte Senior Høyre - Arendal Høyre

Arendal Høyre

Bare enda et Høyres nettsteder-nettsted
