{"id":139,"date":"2023-08-04T15:59:13","date_gmt":"2023-08-04T13:59:13","guid":{"rendered":"https:\/\/hoyre.no\/askoy\/?page_id=139"},"modified":"2023-08-04T15:59:55","modified_gmt":"2023-08-04T13:59:55","slug":"nei-til-eiendomsskatt","status":"publish","type":"page","link":"https:\/\/hoyre.no\/askoy\/nei-til-eiendomsskatt\/","title":{"rendered":"Nei til eiendomsskatt"},"content":{"rendered":"\n<div class=\"wp-block-hoyre-hero with-image-gradient text-color-light  has-media alignfull has-background\"><div class=\"hoyre-hero has-image\"><h1 class=\"title\">H\u00f8yre sier nei til eiendomsskatt p\u00e5 Ask\u00f8y<\/h1><p class=\"preamble\">Du skal beholde mer av egen inntekt<\/p>\t\t\t<div class=\"post-meta wp-block teft-byline-wrapper\">\n\t\t\t\t<div class=\"top\">\n\t\t\t\t\t<div class=\"signature\">\n\t\t\t\t\t\t<div class=\"teft-byline\">\n\t\t\t\t\t\t\t\t\t\t\t\t\t\t<div>\n\t\t\t\t\t\t\t\t<h3>H\u00f8yres redaksjon<\/h3>\t\t\t\t\t\t\t\t\n\t\t\t\t\t\t\t\t\t\t\t\t\t\t\t\t\t<span class=\"date\">Sist oppdatert: 4. august 2023<\/span>\n\t\t\t\t\t\t\t\t\t\t\t\t\t\t\t\t\t\t\t\t\t\t\t\t\t<span class=\"reading-time\" itemprop=\"timeRequired\" content=\"PT1M\"><em>Ca. 1 minutter lesetid<\/em><\/span>\n\t\t\t\t\t\t\t\t\t\t\t\t\t\t\t<\/div>\n\t\t\t\t\t\t<\/div>\n\t\t\t\t\t<\/div>\n\t\t\t\t\t\t<div class=\"sharing\">\n\t\t<a class=\"share-button share-link copy-link\" data-copy=\"https:\/\/hoyre.no\/askoy\/nei-til-eiendomsskatt\/\" target=\"_blank\"><span class=\"screen-reader-text\">Del link<\/span><\/a>\n\t\t<a class=\"share-button share-twitter\" href=\"http:\/\/twitter.com\/share?text=Nei til eiendomsskatt&#038;url=https:\/\/hoyre.no\/askoy\/nei-til-eiendomsskatt\/&#038;hashtags=Hoyre\" target=\"_blank\"><span class=\"screen-reader-text\">Del p\u00e5 twitter<\/span><\/a>\n\t\t<a class=\"share-button share-facebook\" href=\"https:\/\/www.facebook.com\/sharer\/sharer.php?u=https:\/\/hoyre.no\/askoy\/nei-til-eiendomsskatt\/\" target=\"_blank\"><span class=\"screen-reader-text\">Del p\u00e5 facebook<\/span><\/a>\n\t<\/div>\n\t\t\t\t\t<\/div>\n\t\t\t<\/div>\n\n\t\t\t<figure class=\"hoyre-image-wrapper\"><div class=\"hoyre-image\"><img loading=\"lazy\" decoding=\"async\" width=\"2500\" height=\"2167\" src=\"https:\/\/hoyre.no\/content\/uploads\/sites\/348\/2023\/08\/GettyImages-860044576-scaled.jpg\" class=\"attachment-scaled size-scaled\" alt=\"\" style=\"object-position: 50% 50%\" srcset=\"https:\/\/hoyre.no\/content\/uploads\/sites\/348\/2023\/08\/GettyImages-860044576-scaled.jpg 2500w, https:\/\/hoyre.no\/content\/uploads\/sites\/348\/2023\/08\/GettyImages-860044576-300x260.jpg 300w, https:\/\/hoyre.no\/content\/uploads\/sites\/348\/2023\/08\/GettyImages-860044576-1024x888.jpg 1024w, https:\/\/hoyre.no\/content\/uploads\/sites\/348\/2023\/08\/GettyImages-860044576-768x666.jpg 768w, https:\/\/hoyre.no\/content\/uploads\/sites\/348\/2023\/08\/GettyImages-860044576-1536x1331.jpg 1536w, https:\/\/hoyre.no\/content\/uploads\/sites\/348\/2023\/08\/GettyImages-860044576-2048x1775.jpg 2048w\" sizes=\"auto, (max-width: 2500px) 100vw, 2500px\" \/><\/div><\/figure><\/div><\/div>\n\n\n\n\n<div class=\"wp-block-hoyre-banner undefined\"><div class=\"banner-inner\"><div class=\"banner-content\"><div class=\"entry-content\">\n<h2 class=\"wp-block-heading\">Nei til eiendomsskatt<\/h2>\n\n\n\n<p>I forrige periode fjernet vi og v\u00e5re samarbeidspartnere eiendomsskatten. Vi viste at det var mulig \u00e5 styre uten og \u00f8nsker den ikke tilbake. For neste periode er vi og klar p\u00e5 v\u00e5rt nei til eiendomsskatt. <\/p>\n\n\n\n<div class=\"wp-block-buttons is-layout-flex wp-block-buttons-is-layout-flex\"><\/div>\n<\/div><\/div><\/div><\/div>\n\n\n\n\n<figure class=\"wp-block-image size-full\"><img loading=\"lazy\" decoding=\"async\" width=\"650\" height=\"975\" src=\"https:\/\/hoyre.no\/content\/uploads\/sites\/348\/2023\/08\/Vidar2.jpg\" alt=\"\" class=\"wp-image-142\" srcset=\"https:\/\/hoyre.no\/content\/uploads\/sites\/348\/2023\/08\/Vidar2.jpg 650w, https:\/\/hoyre.no\/content\/uploads\/sites\/348\/2023\/08\/Vidar2-200x300.jpg 200w\" sizes=\"auto, (max-width: 650px) 100vw, 650px\" \/><\/figure>\n\n\n\n<blockquote class=\"wp-block-quote is-layout-flow wp-block-quote-is-layout-flow\"><p>&laquo;Eiendomsskatt er en usosial skatt som rammer alle som eier bolig uavhengig av st\u00f8rrelsen p\u00e5 lommeboken. Vi \u00f8nsker at du skal beholde mer av egen inntekt og sier derfor nei til eiendomsskatt&raquo;<\/p><cite>Vidar G. Davidsen, 3.kandidat H\u00f8yre <\/cite><\/blockquote>\n","protected":false},"excerpt":{"rendered":"<p>&laquo;Eiendomsskatt er en usosial skatt som rammer alle som eier bolig uavhengig av st\u00f8rrelsen p\u00e5 lommeboken. Vi \u00f8nsker at du skal beholde mer av egen inntekt og sier derfor nei til eiendomsskatt&raquo; Vidar G. Davidsen, 3.kandidat H\u00f8yre<\/p>\n","protected":false},"author":24723,"featured_media":0,"parent":0,"menu_order":0,"comment_status":"closed","ping_status":"closed","template":"","meta":{"teft_cards_image_url":"","teft_cards_custom_pretitle":"","teft_cards_image_id":0,"teft_cards_image_focal_point_x":0,"teft_cards_image_focal_point_y":0,"teft_cards_title":"","teft_cards_excerpt":"","teft_show_chapters":false,"footnotes":""},"class_list":["post-139","page","type-page","status-publish","hentry"],"yoast_head":"<!-- This site is optimized with the Yoast SEO plugin v26.6 - https:\/\/yoast.com\/wordpress\/plugins\/seo\/ -->\n<title>Nei til eiendomsskatt - Ask\u00f8y H\u00f8yre<\/title>\n<meta name=\"robots\" content=\"index, follow, max-snippet:-1, max-image-preview:large, max-video-preview:-1\" \/>\n<link rel=\"canonical\" href=\"https:\/\/hoyre.no\/askoy\/nei-til-eiendomsskatt\/\" \/>\n<meta property=\"og:locale\" content=\"nb_NO\" \/>\n<meta property=\"og:type\" content=\"article\" \/>\n<meta property=\"og:title\" content=\"Nei til eiendomsskatt - Ask\u00f8y H\u00f8yre\" \/>\n<meta property=\"og:description\" content=\"&laquo;Eiendomsskatt er en usosial skatt som rammer alle som eier bolig uavhengig av st\u00f8rrelsen p\u00e5 lommeboken. Vi \u00f8nsker at du skal beholde mer av egen inntekt og sier derfor nei til eiendomsskatt&raquo; Vidar G. Davidsen, 3.kandidat H\u00f8yre\" \/>\n<meta property=\"og:url\" content=\"https:\/\/hoyre.no\/askoy\/nei-til-eiendomsskatt\/\" \/>\n<meta property=\"og:site_name\" content=\"Ask\u00f8y H\u00f8yre\" \/>\n<meta property=\"article:modified_time\" content=\"2023-08-04T13:59:55+00:00\" \/>\n<meta property=\"og:image\" content=\"https:\/\/hoyre.no\/content\/uploads\/sites\/348\/2023\/08\/Vidar2.jpg\" \/>\n<meta name=\"twitter:card\" content=\"summary_large_image\" \/>\n<meta name=\"twitter:label1\" content=\"Ansl. lesetid\" \/>\n\t<meta name=\"twitter:data1\" content=\"1 minutt\" \/>\n<script type=\"application\/ld+json\" class=\"yoast-schema-graph\">{\"@context\":\"https:\/\/schema.org\",\"@graph\":[{\"@type\":\"WebPage\",\"@id\":\"https:\/\/hoyre.no\/askoy\/nei-til-eiendomsskatt\/\",\"url\":\"https:\/\/hoyre.no\/askoy\/nei-til-eiendomsskatt\/\",\"name\":\"Nei til eiendomsskatt - Ask\u00f8y H\u00f8yre\",\"isPartOf\":{\"@id\":\"https:\/\/hoyre.no\/askoy\/#website\"},\"image\":{\"@id\":\"https:\/\/hoyre.no\/askoy\/nei-til-eiendomsskatt\/#primaryimage\"},\"thumbnailUrl\":\"https:\/\/hoyre.no\/content\/uploads\/sites\/348\/2023\/08\/Vidar2.jpg\",\"datePublished\":\"2023-08-04T13:59:13+00:00\",\"dateModified\":\"2023-08-04T13:59:55+00:00\",\"breadcrumb\":{\"@id\":\"https:\/\/hoyre.no\/askoy\/nei-til-eiendomsskatt\/#breadcrumb\"},\"inLanguage\":\"nb-NO\",\"potentialAction\":[{\"@type\":\"ReadAction\",\"target\":[\"https:\/\/hoyre.no\/askoy\/nei-til-eiendomsskatt\/\"]}]},{\"@type\":\"ImageObject\",\"inLanguage\":\"nb-NO\",\"@id\":\"https:\/\/hoyre.no\/askoy\/nei-til-eiendomsskatt\/#primaryimage\",\"url\":\"https:\/\/hoyre.no\/content\/uploads\/sites\/348\/2023\/08\/Vidar2.jpg\",\"contentUrl\":\"https:\/\/hoyre.no\/content\/uploads\/sites\/348\/2023\/08\/Vidar2.jpg\"},{\"@type\":\"BreadcrumbList\",\"@id\":\"https:\/\/hoyre.no\/askoy\/nei-til-eiendomsskatt\/#breadcrumb\",\"itemListElement\":[{\"@type\":\"ListItem\",\"position\":1,\"name\":\"Til hoyre.no\",\"item\":\"https:\/\/hoyre.no\"},{\"@type\":\"ListItem\",\"position\":2,\"name\":\"Hjem\",\"item\":\"https:\/\/hoyre.no\/askoy\/\"},{\"@type\":\"ListItem\",\"position\":3,\"name\":\"Nei til eiendomsskatt\"}]},{\"@type\":\"WebSite\",\"@id\":\"https:\/\/hoyre.no\/askoy\/#website\",\"url\":\"https:\/\/hoyre.no\/askoy\/\",\"name\":\"Ask\u00f8y H\u00f8yre\",\"description\":\"Bare enda et H\u00f8yres nettsteder-nettsted\",\"inLanguage\":\"nb-NO\"}]}<\/script>\n<!-- \/ Yoast SEO plugin. -->","yoast_head_json":{"title":"Nei til eiendomsskatt - Ask\u00f8y H\u00f8yre","robots":{"index":"index","follow":"follow","max-snippet":"max-snippet:-1","max-image-preview":"max-image-preview:large","max-video-preview":"max-video-preview:-1"},"canonical":"https:\/\/hoyre.no\/askoy\/nei-til-eiendomsskatt\/","og_locale":"nb_NO","og_type":"article","og_title":"Nei til eiendomsskatt - Ask\u00f8y H\u00f8yre","og_description":"&laquo;Eiendomsskatt er en usosial skatt som rammer alle som eier bolig uavhengig av st\u00f8rrelsen p\u00e5 lommeboken. Vi \u00f8nsker at du skal beholde mer av egen inntekt og sier derfor nei til eiendomsskatt&raquo; Vidar G. Davidsen, 3.kandidat H\u00f8yre","og_url":"https:\/\/hoyre.no\/askoy\/nei-til-eiendomsskatt\/","og_site_name":"Ask\u00f8y H\u00f8yre","article_modified_time":"2023-08-04T13:59:55+00:00","og_image":[{"url":"https:\/\/hoyre.no\/content\/uploads\/sites\/348\/2023\/08\/Vidar2.jpg","type":"","width":"","height":""}],"twitter_card":"summary_large_image","twitter_misc":{"Ansl. lesetid":"1 minutt"},"schema":{"@context":"https:\/\/schema.org","@graph":[{"@type":"WebPage","@id":"https:\/\/hoyre.no\/askoy\/nei-til-eiendomsskatt\/","url":"https:\/\/hoyre.no\/askoy\/nei-til-eiendomsskatt\/","name":"Nei til eiendomsskatt - Ask\u00f8y H\u00f8yre","isPartOf":{"@id":"https:\/\/hoyre.no\/askoy\/#website"},"image":{"@id":"https:\/\/hoyre.no\/askoy\/nei-til-eiendomsskatt\/#primaryimage"},"thumbnailUrl":"https:\/\/hoyre.no\/content\/uploads\/sites\/348\/2023\/08\/Vidar2.jpg","datePublished":"2023-08-04T13:59:13+00:00","dateModified":"2023-08-04T13:59:55+00:00","breadcrumb":{"@id":"https:\/\/hoyre.no\/askoy\/nei-til-eiendomsskatt\/#breadcrumb"},"inLanguage":"nb-NO","potentialAction":[{"@type":"ReadAction","target":["https:\/\/hoyre.no\/askoy\/nei-til-eiendomsskatt\/"]}]},{"@type":"ImageObject","inLanguage":"nb-NO","@id":"https:\/\/hoyre.no\/askoy\/nei-til-eiendomsskatt\/#primaryimage","url":"https:\/\/hoyre.no\/content\/uploads\/sites\/348\/2023\/08\/Vidar2.jpg","contentUrl":"https:\/\/hoyre.no\/content\/uploads\/sites\/348\/2023\/08\/Vidar2.jpg"},{"@type":"BreadcrumbList","@id":"https:\/\/hoyre.no\/askoy\/nei-til-eiendomsskatt\/#breadcrumb","itemListElement":[{"@type":"ListItem","position":1,"name":"Til hoyre.no","item":"https:\/\/hoyre.no"},{"@type":"ListItem","position":2,"name":"Hjem","item":"https:\/\/hoyre.no\/askoy\/"},{"@type":"ListItem","position":3,"name":"Nei til eiendomsskatt"}]},{"@type":"WebSite","@id":"https:\/\/hoyre.no\/askoy\/#website","url":"https:\/\/hoyre.no\/askoy\/","name":"Ask\u00f8y H\u00f8yre","description":"Bare enda et H\u00f8yres nettsteder-nettsted","inLanguage":"nb-NO"}]}},"distributor_meta":false,"distributor_terms":false,"distributor_media":false,"distributor_original_site_name":"Ask\u00f8y H\u00f8yre","distributor_original_site_url":"https:\/\/hoyre.no\/askoy","push-errors":false,"_links":{"self":[{"href":"https:\/\/hoyre.no\/askoy\/wp-json\/wp\/v2\/pages\/139","targetHints":{"allow":["GET"]}}],"collection":[{"href":"https:\/\/hoyre.no\/askoy\/wp-json\/wp\/v2\/pages"}],"about":[{"href":"https:\/\/hoyre.no\/askoy\/wp-json\/wp\/v2\/types\/page"}],"author":[{"embeddable":true,"href":"https:\/\/hoyre.no\/askoy\/wp-json\/wp\/v2\/users\/24723"}],"replies":[{"embeddable":true,"href":"https:\/\/hoyre.no\/askoy\/wp-json\/wp\/v2\/comments?post=139"}],"version-history":[{"count":2,"href":"https:\/\/hoyre.no\/askoy\/wp-json\/wp\/v2\/pages\/139\/revisions"}],"predecessor-version":[{"id":144,"href":"https:\/\/hoyre.no\/askoy\/wp-json\/wp\/v2\/pages\/139\/revisions\/144"}],"wp:attachment":[{"href":"https:\/\/hoyre.no\/askoy\/wp-json\/wp\/v2\/media?parent=139"}],"curies":[{"name":"wp","href":"https:\/\/api.w.org\/{rel}","templated":true}]}}