{"id":172,"date":"2023-08-09T20:43:23","date_gmt":"2023-08-09T18:43:23","guid":{"rendered":"https:\/\/hoyre.no\/askoy\/?page_id=172"},"modified":"2025-02-14T12:30:35","modified_gmt":"2025-02-14T11:30:35","slug":"10-gode-grunner-til-a-stemme-hoyre-pa-askoy","status":"publish","type":"page","link":"https:\/\/hoyre.no\/askoy\/10-gode-grunner-til-a-stemme-hoyre-pa-askoy\/","title":{"rendered":"10 gode grunner til \u00e5 stemme H\u00f8yre p\u00e5 Ask\u00f8y"},"content":{"rendered":"\n<div class=\"wp-block-hoyre-hero with-image-gradient text-color-light  has-media alignfull has-background\"><div class=\"hoyre-hero has-image\"><h1 class=\"title\">10 gode grunner til \u00e5 stemme H\u00f8yre p\u00e5 Ask\u00f8y<\/h1><p class=\"preamble\">Vi skal jobbe hardt for at Ask\u00f8y kommune skal v\u00e6re en god kommune for innbyggerne og n\u00e6ringslivet.<\/p>\t\t\t<div class=\"post-meta wp-block teft-byline-wrapper\">\n\t\t\t\t<div class=\"top\">\n\t\t\t\t\t<div class=\"signature\">\n\t\t\t\t\t\t<div class=\"teft-byline\">\n\t\t\t\t\t\t\t\t\t\t\t\t\t\t<div>\n\t\t\t\t\t\t\t\t<h3>H\u00f8yres redaksjon<\/h3>\t\t\t\t\t\t\t\t\n\t\t\t\t\t\t\t\t\t\t\t\t\t\t\t\t\t<span class=\"date\">Sist oppdatert: 14. februar 2025<\/span>\n\t\t\t\t\t\t\t\t\t\t\t\t\t\t\t\t\t\t\t\t\t\t\t\t\t<span class=\"reading-time\" itemprop=\"timeRequired\" content=\"PT2M\"><em>Ca. 2 minutter lesetid<\/em><\/span>\n\t\t\t\t\t\t\t\t\t\t\t\t\t\t\t<\/div>\n\t\t\t\t\t\t<\/div>\n\t\t\t\t\t<\/div>\n\t\t\t\t\t\t<div class=\"sharing\">\n\t\t<a class=\"share-button share-link copy-link\" data-copy=\"https:\/\/hoyre.no\/askoy\/10-gode-grunner-til-a-stemme-hoyre-pa-askoy\/\" target=\"_blank\"><span class=\"screen-reader-text\">Del link<\/span><\/a>\n\t\t<a class=\"share-button share-twitter\" href=\"http:\/\/twitter.com\/share?text=10 gode grunner til \u00e5 stemme H\u00f8yre p\u00e5 Ask\u00f8y&#038;url=https:\/\/hoyre.no\/askoy\/10-gode-grunner-til-a-stemme-hoyre-pa-askoy\/&#038;hashtags=Hoyre\" target=\"_blank\"><span class=\"screen-reader-text\">Del p\u00e5 twitter<\/span><\/a>\n\t\t<a class=\"share-button share-facebook\" href=\"https:\/\/www.facebook.com\/sharer\/sharer.php?u=https:\/\/hoyre.no\/askoy\/10-gode-grunner-til-a-stemme-hoyre-pa-askoy\/\" target=\"_blank\"><span class=\"screen-reader-text\">Del p\u00e5 facebook<\/span><\/a>\n\t<\/div>\n\t\t\t\t\t<\/div>\n\t\t\t<\/div>\n\n\t\t\t<figure class=\"hoyre-image-wrapper\"><div class=\"hoyre-image\"><img loading=\"lazy\" decoding=\"async\" width=\"1440\" height=\"1080\" src=\"https:\/\/hoyre.no\/content\/uploads\/sites\/348\/2023\/06\/341873821_133585439579403_9201010111223839345_n.jpg\" class=\"attachment-scaled size-scaled\" alt=\"\" style=\"object-position: 80% 59%\" srcset=\"https:\/\/hoyre.no\/content\/uploads\/sites\/348\/2023\/06\/341873821_133585439579403_9201010111223839345_n.jpg 1440w, https:\/\/hoyre.no\/content\/uploads\/sites\/348\/2023\/06\/341873821_133585439579403_9201010111223839345_n-300x225.jpg 300w, https:\/\/hoyre.no\/content\/uploads\/sites\/348\/2023\/06\/341873821_133585439579403_9201010111223839345_n-1024x768.jpg 1024w, https:\/\/hoyre.no\/content\/uploads\/sites\/348\/2023\/06\/341873821_133585439579403_9201010111223839345_n-768x576.jpg 768w\" sizes=\"auto, (max-width: 1440px) 100vw, 1440px\" \/><\/div><\/figure><\/div><\/div>\n\n\n\n\n<h3 class=\"wp-block-heading\">Her er de 10 beste grunnene til \u00e5 stemme H\u00f8yre p\u00e5 Ask\u00f8y n\u00e5 i kommunevalget:<\/h3>\n\n\n\n<ol class=\"wp-block-list\">\n<li>Arbeide for et styringdyktig kommunestyre som evner \u00e5 samle seg i viktige saker.<\/li>\n\n\n\n<li>Arbeide for at ny Kleppest\u00f8plan blir vedtatt med bredt flertall slik at vi f\u00e5r satt i gang med utvikling.<\/li>\n\n\n\n<li>Satse p\u00e5 eldreomsorgen og \u00e5pne for at alle gode krefter, ogs\u00e5 private, kan f\u00e5 bidra.<\/li>\n\n\n\n<li>Fortsatt ha nei til eiendomsskatt.<\/li>\n\n\n\n<li>Opprettholde og videreutvikle Frisklivssentralen.<\/li>\n\n\n\n<li>Bedre samarbeidet med lokalt n\u00e6ringsliv for \u00e5 kunne skape flere lokale arbeidsplasser.<\/li>\n\n\n\n<li>Jobbe for gratis bruk av kommunale idrettsanlegg, haller og gymsaler. Da spesielt prioirtere barne og unge.<\/li>\n\n\n\n<li>Satse p\u00e5 tidlig innsats for barn og unge i skolen, slik at alle barn opplever mestring.<\/li>\n\n\n\n<li>Erdal barneskole er den neste skolen som skal bygges p\u00e5 Ask\u00f8y.<\/li>\n\n\n\n<li>Jobbe for at alle prosjektene i Ask\u00f8ypakken blir gjennomf\u00f8rt.<\/li>\n<\/ol>\n\n\n\n<div class=\"wp-block-hoyre-banner alignwide undefined  is-style-blue\"><div class=\"banner-inner\"><figure class=\"hoyre-image-wrapper\"><div class=\"hoyre-image\"><img loading=\"lazy\" decoding=\"async\" width=\"1980\" height=\"1320\" src=\"https:\/\/hoyre.no\/content\/uploads\/sites\/348\/2023\/03\/DSC0392.jpg\" class=\"attachment-scaled size-scaled\" alt=\"\" style=\"object-position: 59% 97%\" srcset=\"https:\/\/hoyre.no\/content\/uploads\/sites\/348\/2023\/03\/DSC0392.jpg 1980w, https:\/\/hoyre.no\/content\/uploads\/sites\/348\/2023\/03\/DSC0392-300x200.jpg 300w, https:\/\/hoyre.no\/content\/uploads\/sites\/348\/2023\/03\/DSC0392-1024x683.jpg 1024w, https:\/\/hoyre.no\/content\/uploads\/sites\/348\/2023\/03\/DSC0392-768x512.jpg 768w, https:\/\/hoyre.no\/content\/uploads\/sites\/348\/2023\/03\/DSC0392-1536x1024.jpg 1536w\" sizes=\"auto, (max-width: 1980px) 100vw, 1980px\" \/><\/div><\/figure><div class=\"banner-content\"><div class=\"entry-content\">\n<h2 class=\"wp-block-heading\">Yngve Magnus Fosse er v\u00e5r ordf\u00f8rer\ud83d\udc99<\/h2>\n\n\n\n<p>Bli bedre kjent med ham her \ud83d\udc47<\/p>\n\n\n\n<div class=\"wp-block-buttons is-layout-flex wp-block-buttons-is-layout-flex\">\n<div class=\"wp-block-button\"><a class=\"wp-block-button__link wp-element-button\" href=\"https:\/\/hoyre.no\/askoy\/ordforerkandidat\/\">trykk her for \u00e5 lese mer<\/a><\/div>\n<\/div>\n<\/div><\/div><\/div><\/div>\n\n\n\n\n<div class=\"wp-block-hoyre-banner alignwide undefined\"><div class=\"banner-inner\"><figure class=\"hoyre-image-wrapper\"><div class=\"hoyre-image\"><img loading=\"lazy\" decoding=\"async\" width=\"2500\" height=\"1875\" src=\"https:\/\/hoyre.no\/content\/uploads\/sites\/348\/2023\/06\/unnamed-5-scaled.jpg\" class=\"attachment-scaled size-scaled\" alt=\"\" style=\"object-position: 50% 50%\" srcset=\"https:\/\/hoyre.no\/content\/uploads\/sites\/348\/2023\/06\/unnamed-5-scaled.jpg 2500w, https:\/\/hoyre.no\/content\/uploads\/sites\/348\/2023\/06\/unnamed-5-300x225.jpg 300w, https:\/\/hoyre.no\/content\/uploads\/sites\/348\/2023\/06\/unnamed-5-1024x768.jpg 1024w, https:\/\/hoyre.no\/content\/uploads\/sites\/348\/2023\/06\/unnamed-5-768x576.jpg 768w, https:\/\/hoyre.no\/content\/uploads\/sites\/348\/2023\/06\/unnamed-5-1536x1152.jpg 1536w, https:\/\/hoyre.no\/content\/uploads\/sites\/348\/2023\/06\/unnamed-5-2048x1536.jpg 2048w\" sizes=\"auto, (max-width: 2500px) 100vw, 2500px\" \/><\/div><\/figure><div class=\"banner-content\"><div class=\"entry-content\">\n<h2 class=\"wp-block-heading\">Vil du vite mer om hva vi g\u00e5r til valg p\u00e5?<\/h2>\n\n\n\n<p>Les hele valgprogrammet v\u00e5rt her \ud83d\udc47<\/p>\n\n\n\n<div class=\"wp-block-buttons is-layout-flex wp-block-buttons-is-layout-flex\">\n<div class=\"wp-block-button\"><a class=\"wp-block-button__link wp-element-button\" href=\"https:\/\/hoyre.no\/askoy\/valprogram-2023-2027\/\">trykk her for \u00e5 lese mer<\/a><\/div>\n<\/div>\n<\/div><\/div><\/div><\/div>\n","protected":false},"excerpt":{"rendered":"","protected":false},"author":29319,"featured_media":0,"parent":0,"menu_order":0,"comment_status":"closed","ping_status":"closed","template":"","meta":{"teft_cards_image_url":"","teft_cards_custom_pretitle":"","teft_cards_image_id":0,"teft_cards_image_focal_point_x":0,"teft_cards_image_focal_point_y":0,"teft_cards_title":"","teft_cards_excerpt":"","teft_show_chapters":false,"footnotes":""},"class_list":["post-172","page","type-page","status-publish","hentry"],"yoast_head":"<!-- This site is optimized with the Yoast SEO plugin v26.6 - https:\/\/yoast.com\/wordpress\/plugins\/seo\/ -->\n<title>10 gode grunner til \u00e5 stemme H\u00f8yre p\u00e5 Ask\u00f8y - Ask\u00f8y H\u00f8yre<\/title>\n<meta name=\"description\" content=\"Hvorfor b\u00f8r du gi H\u00f8yre din stemme p\u00e5 Ask\u00f8y? Vi gir deg 10 gode grunner.\" \/>\n<meta name=\"robots\" content=\"index, follow, max-snippet:-1, max-image-preview:large, max-video-preview:-1\" \/>\n<link rel=\"canonical\" href=\"https:\/\/hoyre.no\/askoy\/10-gode-grunner-til-a-stemme-hoyre-pa-askoy\/\" \/>\n<meta property=\"og:locale\" content=\"nb_NO\" \/>\n<meta property=\"og:type\" content=\"article\" \/>\n<meta property=\"og:title\" content=\"10 gode grunner til \u00e5 stemme H\u00f8yre p\u00e5 Ask\u00f8y - Ask\u00f8y H\u00f8yre\" \/>\n<meta property=\"og:description\" content=\"Hvorfor b\u00f8r du gi H\u00f8yre din stemme p\u00e5 Ask\u00f8y? Vi gir deg 10 gode grunner.\" \/>\n<meta property=\"og:url\" content=\"https:\/\/hoyre.no\/askoy\/10-gode-grunner-til-a-stemme-hoyre-pa-askoy\/\" \/>\n<meta property=\"og:site_name\" content=\"Ask\u00f8y H\u00f8yre\" \/>\n<meta property=\"article:modified_time\" content=\"2025-02-14T11:30:35+00:00\" \/>\n<meta property=\"og:image\" content=\"https:\/\/hoyre.no\/content\/uploads\/sites\/348\/2022\/11\/Hoyres-logo.png\" \/>\n\t<meta property=\"og:image:width\" content=\"1000\" \/>\n\t<meta property=\"og:image:height\" content=\"1000\" \/>\n\t<meta property=\"og:image:type\" content=\"image\/png\" \/>\n<meta name=\"twitter:card\" content=\"summary_large_image\" \/>\n<meta name=\"twitter:label1\" content=\"Ansl. lesetid\" \/>\n\t<meta name=\"twitter:data1\" content=\"2 minutter\" \/>\n<script type=\"application\/ld+json\" class=\"yoast-schema-graph\">{\"@context\":\"https:\/\/schema.org\",\"@graph\":[{\"@type\":\"WebPage\",\"@id\":\"https:\/\/hoyre.no\/askoy\/10-gode-grunner-til-a-stemme-hoyre-pa-askoy\/\",\"url\":\"https:\/\/hoyre.no\/askoy\/10-gode-grunner-til-a-stemme-hoyre-pa-askoy\/\",\"name\":\"10 gode grunner til \u00e5 stemme H\u00f8yre p\u00e5 Ask\u00f8y - Ask\u00f8y H\u00f8yre\",\"isPartOf\":{\"@id\":\"https:\/\/hoyre.no\/askoy\/#website\"},\"datePublished\":\"2023-08-09T18:43:23+00:00\",\"dateModified\":\"2025-02-14T11:30:35+00:00\",\"description\":\"Hvorfor b\u00f8r du gi H\u00f8yre din stemme p\u00e5 Ask\u00f8y? Vi gir deg 10 gode grunner.\",\"breadcrumb\":{\"@id\":\"https:\/\/hoyre.no\/askoy\/10-gode-grunner-til-a-stemme-hoyre-pa-askoy\/#breadcrumb\"},\"inLanguage\":\"nb-NO\",\"potentialAction\":[{\"@type\":\"ReadAction\",\"target\":[\"https:\/\/hoyre.no\/askoy\/10-gode-grunner-til-a-stemme-hoyre-pa-askoy\/\"]}]},{\"@type\":\"BreadcrumbList\",\"@id\":\"https:\/\/hoyre.no\/askoy\/10-gode-grunner-til-a-stemme-hoyre-pa-askoy\/#breadcrumb\",\"itemListElement\":[{\"@type\":\"ListItem\",\"position\":1,\"name\":\"Til hoyre.no\",\"item\":\"https:\/\/hoyre.no\"},{\"@type\":\"ListItem\",\"position\":2,\"name\":\"Hjem\",\"item\":\"https:\/\/hoyre.no\/askoy\/\"},{\"@type\":\"ListItem\",\"position\":3,\"name\":\"10 gode grunner til \u00e5 stemme H\u00f8yre p\u00e5 Ask\u00f8y\"}]},{\"@type\":\"WebSite\",\"@id\":\"https:\/\/hoyre.no\/askoy\/#website\",\"url\":\"https:\/\/hoyre.no\/askoy\/\",\"name\":\"Ask\u00f8y H\u00f8yre\",\"description\":\"Bare enda et H\u00f8yres nettsteder-nettsted\",\"inLanguage\":\"nb-NO\"}]}<\/script>\n<!-- \/ Yoast SEO plugin. -->","yoast_head_json":{"title":"10 gode grunner til \u00e5 stemme H\u00f8yre p\u00e5 Ask\u00f8y - Ask\u00f8y H\u00f8yre","description":"Hvorfor b\u00f8r du gi H\u00f8yre din stemme p\u00e5 Ask\u00f8y? Vi gir deg 10 gode grunner.","robots":{"index":"index","follow":"follow","max-snippet":"max-snippet:-1","max-image-preview":"max-image-preview:large","max-video-preview":"max-video-preview:-1"},"canonical":"https:\/\/hoyre.no\/askoy\/10-gode-grunner-til-a-stemme-hoyre-pa-askoy\/","og_locale":"nb_NO","og_type":"article","og_title":"10 gode grunner til \u00e5 stemme H\u00f8yre p\u00e5 Ask\u00f8y - Ask\u00f8y H\u00f8yre","og_description":"Hvorfor b\u00f8r du gi H\u00f8yre din stemme p\u00e5 Ask\u00f8y? Vi gir deg 10 gode grunner.","og_url":"https:\/\/hoyre.no\/askoy\/10-gode-grunner-til-a-stemme-hoyre-pa-askoy\/","og_site_name":"Ask\u00f8y H\u00f8yre","article_modified_time":"2025-02-14T11:30:35+00:00","og_image":[{"width":1000,"height":1000,"url":"https:\/\/hoyre.no\/content\/uploads\/sites\/348\/2022\/11\/Hoyres-logo.png","type":"image\/png"}],"twitter_card":"summary_large_image","twitter_misc":{"Ansl. lesetid":"2 minutter"},"schema":{"@context":"https:\/\/schema.org","@graph":[{"@type":"WebPage","@id":"https:\/\/hoyre.no\/askoy\/10-gode-grunner-til-a-stemme-hoyre-pa-askoy\/","url":"https:\/\/hoyre.no\/askoy\/10-gode-grunner-til-a-stemme-hoyre-pa-askoy\/","name":"10 gode grunner til \u00e5 stemme H\u00f8yre p\u00e5 Ask\u00f8y - Ask\u00f8y H\u00f8yre","isPartOf":{"@id":"https:\/\/hoyre.no\/askoy\/#website"},"datePublished":"2023-08-09T18:43:23+00:00","dateModified":"2025-02-14T11:30:35+00:00","description":"Hvorfor b\u00f8r du gi H\u00f8yre din stemme p\u00e5 Ask\u00f8y? Vi gir deg 10 gode grunner.","breadcrumb":{"@id":"https:\/\/hoyre.no\/askoy\/10-gode-grunner-til-a-stemme-hoyre-pa-askoy\/#breadcrumb"},"inLanguage":"nb-NO","potentialAction":[{"@type":"ReadAction","target":["https:\/\/hoyre.no\/askoy\/10-gode-grunner-til-a-stemme-hoyre-pa-askoy\/"]}]},{"@type":"BreadcrumbList","@id":"https:\/\/hoyre.no\/askoy\/10-gode-grunner-til-a-stemme-hoyre-pa-askoy\/#breadcrumb","itemListElement":[{"@type":"ListItem","position":1,"name":"Til hoyre.no","item":"https:\/\/hoyre.no"},{"@type":"ListItem","position":2,"name":"Hjem","item":"https:\/\/hoyre.no\/askoy\/"},{"@type":"ListItem","position":3,"name":"10 gode grunner til \u00e5 stemme H\u00f8yre p\u00e5 Ask\u00f8y"}]},{"@type":"WebSite","@id":"https:\/\/hoyre.no\/askoy\/#website","url":"https:\/\/hoyre.no\/askoy\/","name":"Ask\u00f8y H\u00f8yre","description":"Bare enda et H\u00f8yres nettsteder-nettsted","inLanguage":"nb-NO"}]}},"distributor_meta":false,"distributor_terms":false,"distributor_media":false,"distributor_original_site_name":"Ask\u00f8y H\u00f8yre","distributor_original_site_url":"https:\/\/hoyre.no\/askoy","push-errors":false,"_links":{"self":[{"href":"https:\/\/hoyre.no\/askoy\/wp-json\/wp\/v2\/pages\/172","targetHints":{"allow":["GET"]}}],"collection":[{"href":"https:\/\/hoyre.no\/askoy\/wp-json\/wp\/v2\/pages"}],"about":[{"href":"https:\/\/hoyre.no\/askoy\/wp-json\/wp\/v2\/types\/page"}],"author":[{"embeddable":true,"href":"https:\/\/hoyre.no\/askoy\/wp-json\/wp\/v2\/users\/29319"}],"replies":[{"embeddable":true,"href":"https:\/\/hoyre.no\/askoy\/wp-json\/wp\/v2\/comments?post=172"}],"version-history":[{"count":2,"href":"https:\/\/hoyre.no\/askoy\/wp-json\/wp\/v2\/pages\/172\/revisions"}],"predecessor-version":[{"id":198,"href":"https:\/\/hoyre.no\/askoy\/wp-json\/wp\/v2\/pages\/172\/revisions\/198"}],"wp:attachment":[{"href":"https:\/\/hoyre.no\/askoy\/wp-json\/wp\/v2\/media?parent=172"}],"curies":[{"name":"wp","href":"https:\/\/api.w.org\/{rel}","templated":true}]}}