{"id":54,"date":"2023-08-14T20:12:05","date_gmt":"2023-08-14T18:12:05","guid":{"rendered":"https:\/\/hoyre.no\/aurland\/?page_id=54"},"modified":"2025-02-14T12:31:41","modified_gmt":"2025-02-14T11:31:41","slug":"54-2","status":"publish","type":"page","link":"https:\/\/hoyre.no\/aurland\/54-2\/","title":{"rendered":""},"content":{"rendered":"\n<div class=\"wp-block-hoyre-hero with-image-gradient text-color-light  has-media alignfull has-background\"><div class=\"hoyre-hero has-image\"><h1 class=\"title\">5 grunnar til \u00e5 r\u00f8yste H\u00f8gre i Aurland<\/h1><figure class=\"hoyre-image-wrapper\"><div class=\"hoyre-image\"><img loading=\"lazy\" decoding=\"async\" width=\"2500\" height=\"1667\" src=\"https:\/\/hoyre.no\/content\/uploads\/sites\/349\/2023\/08\/GettyImages-601802299-scaled.jpg\" class=\"attachment-scaled size-scaled\" alt=\"\" style=\"object-position: 56.99999999999999% 49%\" srcset=\"https:\/\/hoyre.no\/content\/uploads\/sites\/349\/2023\/08\/GettyImages-601802299-scaled.jpg 2500w, https:\/\/hoyre.no\/content\/uploads\/sites\/349\/2023\/08\/GettyImages-601802299-300x200.jpg 300w, https:\/\/hoyre.no\/content\/uploads\/sites\/349\/2023\/08\/GettyImages-601802299-1024x683.jpg 1024w, https:\/\/hoyre.no\/content\/uploads\/sites\/349\/2023\/08\/GettyImages-601802299-768x512.jpg 768w, https:\/\/hoyre.no\/content\/uploads\/sites\/349\/2023\/08\/GettyImages-601802299-1536x1024.jpg 1536w, https:\/\/hoyre.no\/content\/uploads\/sites\/349\/2023\/08\/GettyImages-601802299-2048x1365.jpg 2048w\" sizes=\"auto, (max-width: 2500px) 100vw, 2500px\" \/><\/div><\/figure><\/div><\/div>\n\n\n\n\n\t\t<div class=\"has-pale-blue-background-color is-layout-right alignwide alignwide wp-block-hoyre-media-text\">\n\t\t\t<div class=\"hoyre-media-text__media\">\n\t\t\t\t<img loading=\"lazy\" decoding=\"async\" width=\"1024\" height=\"683\" src=\"https:\/\/hoyre.no\/content\/uploads\/sites\/349\/2023\/08\/GettyImages-983418152-1024x683.jpg\" class=\"hoyre-media-text__media-image\" alt=\"\" style=\"--focal: 50% 50%;\" srcset=\"https:\/\/hoyre.no\/content\/uploads\/sites\/349\/2023\/08\/GettyImages-983418152-1024x683.jpg 1024w, https:\/\/hoyre.no\/content\/uploads\/sites\/349\/2023\/08\/GettyImages-983418152-300x200.jpg 300w, https:\/\/hoyre.no\/content\/uploads\/sites\/349\/2023\/08\/GettyImages-983418152-768x512.jpg 768w, https:\/\/hoyre.no\/content\/uploads\/sites\/349\/2023\/08\/GettyImages-983418152-1536x1024.jpg 1536w, https:\/\/hoyre.no\/content\/uploads\/sites\/349\/2023\/08\/GettyImages-983418152-2048x1365.jpg 2048w\" sizes=\"auto, (max-width: 1024px) 100vw, 1024px\" \/>\n\t\t\t<\/div>\n\t\t\t<div class=\"hoyre-media-text__content\">\n\t\t\t\t<div class=\"hoyre-media-text__content-inner\">\n\t\t\t\t\t\n\t\t\t<div class=\"hoyre-media-text__title-container\">\n\t\t\t\t\n\t\t\t\t<h2 class=\"hoyre-media-text__title\">1. Trygg oppvekst med kunnskap og l\u00e6relyst<\/h2>\n\t\t\t<\/div>\n\t\t\t\n\t\t\t\t\t<div class=\"hoyre-media-text__blocks\">\n<p>Born og unge i Aurland skal ha ein trygg og god oppvekst. H\u00f8gre vil framleis ha skule og barnehage b\u00e5de i Aurland og Fl\u00e5m. Det skal vera barnehagetilbod heile \u00e5ret med kontinuerleg opptak og opningstid tilpassa brukarane. H\u00f8gre vil at skulane skal leggja vekt p\u00e5 kunnskap, meistring, inkludering og l\u00e6ringsglede. Det skal vera nulltoleranse for mobbing. H\u00f8gre vil arbeida for fritt skuleval i dei vidareg\u00e5ande skulane i Vestland.<\/p>\n<\/div>\n\t\t\t\t\t\n\t\t\t\t<\/div>\n\t\t\t<\/div>\n\t\t<\/div>\n\t\t\n\n\n\n\t\t<div class=\"has-lightest-blue-background-color is-layout-left alignwide alignwide wp-block-hoyre-media-text\">\n\t\t\t<div class=\"hoyre-media-text__media\">\n\t\t\t\t<img loading=\"lazy\" decoding=\"async\" width=\"1024\" height=\"683\" src=\"https:\/\/hoyre.no\/content\/uploads\/sites\/349\/2023\/08\/GettyImages-594379807-1024x683.jpg\" class=\"hoyre-media-text__media-image\" alt=\"\" style=\"--focal: 46% 49%;\" srcset=\"https:\/\/hoyre.no\/content\/uploads\/sites\/349\/2023\/08\/GettyImages-594379807-1024x683.jpg 1024w, https:\/\/hoyre.no\/content\/uploads\/sites\/349\/2023\/08\/GettyImages-594379807-300x200.jpg 300w, https:\/\/hoyre.no\/content\/uploads\/sites\/349\/2023\/08\/GettyImages-594379807-768x512.jpg 768w, https:\/\/hoyre.no\/content\/uploads\/sites\/349\/2023\/08\/GettyImages-594379807-1536x1024.jpg 1536w, https:\/\/hoyre.no\/content\/uploads\/sites\/349\/2023\/08\/GettyImages-594379807-2048x1365.jpg 2048w\" sizes=\"auto, (max-width: 1024px) 100vw, 1024px\" \/>\n\t\t\t<\/div>\n\t\t\t<div class=\"hoyre-media-text__content\">\n\t\t\t\t<div class=\"hoyre-media-text__content-inner\">\n\t\t\t\t\t\n\t\t\t<div class=\"hoyre-media-text__title-container\">\n\t\t\t\t\n\t\t\t\t<h2 class=\"hoyre-media-text__title\">2. Aldersvennleg kommune<\/h2>\n\t\t\t<\/div>\n\t\t\t\n\t\t\t\t\t<div class=\"hoyre-media-text__blocks\">\n<p>I Aurland skal det vera godt \u00e5 leva heile livet. H\u00f8gre vil at eldre skal kunna delta aktivt og vera ein ressurs i samfunnslivet. Dei som har behov for hjelp, omsorg og pleie skal f\u00e5 tenester med h\u00f8g kvalitet, tilpassa den enkelte sine behov og val. H\u00f8gre vil at Aurland til ei kvar tid skal ha nok omsorgsbustader og sjukeheimsplassar.<\/p>\n<\/div>\n\t\t\t\t\t\n\t\t\t\t<\/div>\n\t\t\t<\/div>\n\t\t<\/div>\n\t\t\n\n\n\t\t<div class=\"has-pale-green-background-color is-layout-right alignwide alignwide wp-block-hoyre-media-text\">\n\t\t\t<div class=\"hoyre-media-text__media\">\n\t\t\t\t<img loading=\"lazy\" decoding=\"async\" width=\"1024\" height=\"681\" src=\"https:\/\/hoyre.no\/content\/uploads\/sites\/349\/2023\/08\/GettyImages-171303303-1024x681.jpg\" class=\"hoyre-media-text__media-image\" alt=\"\" style=\"--focal: 66% 39%;\" srcset=\"https:\/\/hoyre.no\/content\/uploads\/sites\/349\/2023\/08\/GettyImages-171303303-1024x681.jpg 1024w, https:\/\/hoyre.no\/content\/uploads\/sites\/349\/2023\/08\/GettyImages-171303303-300x200.jpg 300w, https:\/\/hoyre.no\/content\/uploads\/sites\/349\/2023\/08\/GettyImages-171303303-768x511.jpg 768w, https:\/\/hoyre.no\/content\/uploads\/sites\/349\/2023\/08\/GettyImages-171303303-1536x1022.jpg 1536w, https:\/\/hoyre.no\/content\/uploads\/sites\/349\/2023\/08\/GettyImages-171303303-2048x1363.jpg 2048w\" sizes=\"auto, (max-width: 1024px) 100vw, 1024px\" \/>\n\t\t\t<\/div>\n\t\t\t<div class=\"hoyre-media-text__content\">\n\t\t\t\t<div class=\"hoyre-media-text__content-inner\">\n\t\t\t\t\t\n\t\t\t<div class=\"hoyre-media-text__title-container\">\n\t\t\t\t\n\t\t\t\t<h2 class=\"hoyre-media-text__title\">3. JA-kommune &#8211; p\u00e5 lag med jobbskaparane<\/h2>\n\t\t\t<\/div>\n\t\t\t\n\t\t\t\t\t<div class=\"hoyre-media-text__blocks\">\n<p>H\u00f8gre vil at Aurland kommune skal spela p\u00e5 lag med n\u00e6ringslivet og sikra rom for initiativ, handlekraft, investeringar og berekraftig vekst. Kommunen skal jobba for at alle delar av n\u00e6ringslivet skal ha gode rammevilk\u00e5r. Aurland skal ha enkle planprosessar og gje raske svar til interesserte. H\u00f8gre vil kutta utslepp, men ikkje stoppa utviklinga.<\/p>\n<\/div>\n\t\t\t\t\t\n\t\t\t\t<\/div>\n\t\t\t<\/div>\n\t\t<\/div>\n\t\t\n\n\n\t\t<div class=\"has-pale-purple-background-color is-layout-left alignwide alignwide wp-block-hoyre-media-text\">\n\t\t\t<div class=\"hoyre-media-text__media\">\n\t\t\t\t<img loading=\"lazy\" decoding=\"async\" width=\"1024\" height=\"681\" src=\"https:\/\/hoyre.no\/content\/uploads\/sites\/349\/2023\/06\/Aurland-pixabay-1024x681.jpg\" class=\"hoyre-media-text__media-image\" alt=\"\" style=\"--focal: 50% 50%;\" srcset=\"https:\/\/hoyre.no\/content\/uploads\/sites\/349\/2023\/06\/Aurland-pixabay-1024x681.jpg 1024w, https:\/\/hoyre.no\/content\/uploads\/sites\/349\/2023\/06\/Aurland-pixabay-300x199.jpg 300w, https:\/\/hoyre.no\/content\/uploads\/sites\/349\/2023\/06\/Aurland-pixabay-768x511.jpg 768w, https:\/\/hoyre.no\/content\/uploads\/sites\/349\/2023\/06\/Aurland-pixabay.jpg 1280w\" sizes=\"auto, (max-width: 1024px) 100vw, 1024px\" \/>\n\t\t\t<\/div>\n\t\t\t<div class=\"hoyre-media-text__content\">\n\t\t\t\t<div class=\"hoyre-media-text__content-inner\">\n\t\t\t\t\t\n\t\t\t<div class=\"hoyre-media-text__title-container\">\n\t\t\t\t\n\t\t\t\t<h2 class=\"hoyre-media-text__title\">4. Attraktivt og rimeleg \u00e5 bu i Aurland<\/h2>\n\t\t\t<\/div>\n\t\t\t\n\t\t\t\t\t<div class=\"hoyre-media-text__blocks\">\n<p>Aurland skal vera ein attraktiv kommune b\u00e5de for dei som bur her og for tilflyttarar. H\u00f8gre vil ha frivillige kultur- og fritidsaktivitetar som berebjelkar for trivsel og god folkehelse. H\u00f8gre vil ha h\u00f8gt tempo b\u00e5de i planlegging og bygging av bustader. Kommunale tenester skal ha h\u00f8g kvalitet, vera effektive og rimelege. H\u00f8gre meiner at kommunen ikkje skal inndra straumst\u00f8tte, det som alt er innkrevd skal f\u00f8rast tilbake til abonnentane.<\/p>\n<\/div>\n\t\t\t\t\t\n\t\t\t\t<\/div>\n\t\t\t<\/div>\n\t\t<\/div>\n\t\t\n\n\n\t\t<div class=\"has-lightest-blue-background-color is-layout-right alignwide alignwide wp-block-hoyre-media-text\">\n\t\t\t<div class=\"hoyre-media-text__media\">\n\t\t\t\t<img loading=\"lazy\" decoding=\"async\" width=\"1024\" height=\"586\" src=\"https:\/\/hoyre.no\/content\/uploads\/sites\/349\/2023\/08\/GettyImages-1174655301-1024x586.jpg\" class=\"hoyre-media-text__media-image\" alt=\"\" style=\"--focal: 50% 36%;\" srcset=\"https:\/\/hoyre.no\/content\/uploads\/sites\/349\/2023\/08\/GettyImages-1174655301-1024x586.jpg 1024w, https:\/\/hoyre.no\/content\/uploads\/sites\/349\/2023\/08\/GettyImages-1174655301-300x172.jpg 300w, https:\/\/hoyre.no\/content\/uploads\/sites\/349\/2023\/08\/GettyImages-1174655301-768x440.jpg 768w, https:\/\/hoyre.no\/content\/uploads\/sites\/349\/2023\/08\/GettyImages-1174655301-1536x879.jpg 1536w, https:\/\/hoyre.no\/content\/uploads\/sites\/349\/2023\/08\/GettyImages-1174655301-2048x1172.jpg 2048w\" sizes=\"auto, (max-width: 1024px) 100vw, 1024px\" \/>\n\t\t\t<\/div>\n\t\t\t<div class=\"hoyre-media-text__content\">\n\t\t\t\t<div class=\"hoyre-media-text__content-inner\">\n\t\t\t\t\t\n\t\t\t<div class=\"hoyre-media-text__title-container\">\n\t\t\t\t\n\t\t\t\t<h2 class=\"hoyre-media-text__title\">5. Folkevald styring med samarbeid<\/h2>\n\t\t\t<\/div>\n\t\t\t\n\t\t\t\t\t<div class=\"hoyre-media-text__blocks\">\n<p>Det er eit viktig folkevald ansvar \u00e5 sikra innbyggjarane sine interesser med gode tenester, tryggleik og forst\u00e5ing og gjennomslag i stat og fylkeskommune. H\u00f8gre meiner difor at folkevalde m\u00e5 ha eit sterkt engasjement og avgjerdsmynde i kommunestyre, formannskap og utval. Det vil og styrkja den viktige rolla administrasjonen og dei tilsette har. H\u00f8gre inviterer til breitt samarbeid for \u00e5 utvikla Aurland til ein av dei beste kommunane \u00e5 bu og arbeida i.<\/p>\n<\/div>\n\t\t\t\t\t\n\t\t\t\t<\/div>\n\t\t\t<\/div>\n\t\t<\/div>\n\t\t\n\n\n<div class=\"wp-block-hoyre-banner alignwide undefined\"><div class=\"banner-inner\"><figure class=\"hoyre-image-wrapper\"><div class=\"hoyre-image\"><img loading=\"lazy\" decoding=\"async\" width=\"1000\" height=\"1000\" src=\"https:\/\/hoyre.no\/content\/uploads\/sites\/349\/2022\/11\/Hoyres-logo.png\" class=\"attachment-scaled size-scaled\" alt=\"\" style=\"object-position: 50% 50%\" srcset=\"https:\/\/hoyre.no\/content\/uploads\/sites\/349\/2022\/11\/Hoyres-logo.png 1000w, https:\/\/hoyre.no\/content\/uploads\/sites\/349\/2022\/11\/Hoyres-logo-300x300.png 300w, https:\/\/hoyre.no\/content\/uploads\/sites\/349\/2022\/11\/Hoyres-logo-150x150.png 150w, https:\/\/hoyre.no\/content\/uploads\/sites\/349\/2022\/11\/Hoyres-logo-768x768.png 768w\" sizes=\"auto, (max-width: 1000px) 100vw, 1000px\" \/><\/div><\/figure><div class=\"banner-content\"><div class=\"entry-content\">\n<h2 class=\"wp-block-heading\">Vil du vite meir?<\/h2>\n\n\n\n<p>Her kan du lesa heile valprogrammet v\u00e5rt \ud83d\udc47<\/p>\n\n\n\n<div class=\"wp-block-buttons is-layout-flex wp-block-buttons-is-layout-flex\">\n<div class=\"wp-block-button\"><a class=\"wp-block-button__link\" href=\"https:\/\/hoyre.no\/aurland\/valprogram-2023-2027\/\">trykk her for \u00e5 lesa v\u00e5rt valprogram<\/a><\/div>\n<\/div>\n<\/div><\/div><\/div><\/div>\n","protected":false},"excerpt":{"rendered":"","protected":false},"author":29319,"featured_media":0,"parent":0,"menu_order":0,"comment_status":"closed","ping_status":"closed","template":"","meta":{"teft_cards_image_url":"","teft_cards_custom_pretitle":"","teft_cards_image_id":0,"teft_cards_image_focal_point_x":0,"teft_cards_image_focal_point_y":0,"teft_cards_title":"","teft_cards_excerpt":"","teft_show_chapters":false,"footnotes":""},"class_list":["post-54","page","type-page","status-publish","hentry"],"yoast_head":"<!-- This site is optimized with the Yoast SEO plugin v26.6 - https:\/\/yoast.com\/wordpress\/plugins\/seo\/ -->\n<title>- Aurland H\u00f8gre<\/title>\n<meta name=\"description\" content=\"Her f\u00e5r du 5 gode grunnar til \u00e5 r\u00f8yste H\u00f8gre i Aurland.\" \/>\n<meta name=\"robots\" content=\"index, follow, max-snippet:-1, max-image-preview:large, max-video-preview:-1\" \/>\n<link rel=\"canonical\" href=\"https:\/\/hoyre.no\/aurland\/54-2\/\" \/>\n<meta property=\"og:locale\" content=\"nn_NO\" \/>\n<meta property=\"og:type\" content=\"article\" \/>\n<meta property=\"og:title\" content=\"- Aurland H\u00f8gre\" \/>\n<meta property=\"og:description\" content=\"Her f\u00e5r du 5 gode grunnar til \u00e5 r\u00f8yste H\u00f8gre i Aurland.\" \/>\n<meta property=\"og:url\" content=\"https:\/\/hoyre.no\/aurland\/54-2\/\" \/>\n<meta property=\"og:site_name\" content=\"Aurland H\u00f8gre\" \/>\n<meta property=\"article:modified_time\" content=\"2025-02-14T11:31:41+00:00\" \/>\n<meta property=\"og:image\" content=\"https:\/\/hoyre.no\/content\/uploads\/sites\/349\/2022\/11\/Hoyres-logo.png\" \/>\n\t<meta property=\"og:image:width\" content=\"1000\" \/>\n\t<meta property=\"og:image:height\" content=\"1000\" \/>\n\t<meta property=\"og:image:type\" content=\"image\/png\" \/>\n<meta name=\"twitter:card\" content=\"summary_large_image\" \/>\n<meta name=\"twitter:label1\" content=\"Est. reading time\" \/>\n\t<meta name=\"twitter:data1\" content=\"2 minutt\" \/>\n<script type=\"application\/ld+json\" class=\"yoast-schema-graph\">{\"@context\":\"https:\/\/schema.org\",\"@graph\":[{\"@type\":\"WebPage\",\"@id\":\"https:\/\/hoyre.no\/aurland\/54-2\/\",\"url\":\"https:\/\/hoyre.no\/aurland\/54-2\/\",\"name\":\"- Aurland H\u00f8gre\",\"isPartOf\":{\"@id\":\"https:\/\/hoyre.no\/aurland\/#website\"},\"datePublished\":\"2023-08-14T18:12:05+00:00\",\"dateModified\":\"2025-02-14T11:31:41+00:00\",\"description\":\"Her f\u00e5r du 5 gode grunnar til \u00e5 r\u00f8yste H\u00f8gre i Aurland.\",\"breadcrumb\":{\"@id\":\"https:\/\/hoyre.no\/aurland\/54-2\/#breadcrumb\"},\"inLanguage\":\"nn-NO\",\"potentialAction\":[{\"@type\":\"ReadAction\",\"target\":[\"https:\/\/hoyre.no\/aurland\/54-2\/\"]}]},{\"@type\":\"BreadcrumbList\",\"@id\":\"https:\/\/hoyre.no\/aurland\/54-2\/#breadcrumb\",\"itemListElement\":[{\"@type\":\"ListItem\",\"position\":1,\"name\":\"Til hoyre.no\",\"item\":\"https:\/\/hoyre.no\"},{\"@type\":\"ListItem\",\"position\":2,\"name\":\"Hjem\",\"item\":\"https:\/\/hoyre.no\/aurland\/\"}]},{\"@type\":\"WebSite\",\"@id\":\"https:\/\/hoyre.no\/aurland\/#website\",\"url\":\"https:\/\/hoyre.no\/aurland\/\",\"name\":\"Aurland H\u00f8gre\",\"description\":\"Bare enda et H\u00f8yres nettsteder-nettsted\",\"inLanguage\":\"nn-NO\"}]}<\/script>\n<!-- \/ Yoast SEO plugin. -->","yoast_head_json":{"title":"- Aurland H\u00f8gre","description":"Her f\u00e5r du 5 gode grunnar til \u00e5 r\u00f8yste H\u00f8gre i Aurland.","robots":{"index":"index","follow":"follow","max-snippet":"max-snippet:-1","max-image-preview":"max-image-preview:large","max-video-preview":"max-video-preview:-1"},"canonical":"https:\/\/hoyre.no\/aurland\/54-2\/","og_locale":"nn_NO","og_type":"article","og_title":"- Aurland H\u00f8gre","og_description":"Her f\u00e5r du 5 gode grunnar til \u00e5 r\u00f8yste H\u00f8gre i Aurland.","og_url":"https:\/\/hoyre.no\/aurland\/54-2\/","og_site_name":"Aurland H\u00f8gre","article_modified_time":"2025-02-14T11:31:41+00:00","og_image":[{"width":1000,"height":1000,"url":"https:\/\/hoyre.no\/content\/uploads\/sites\/349\/2022\/11\/Hoyres-logo.png","type":"image\/png"}],"twitter_card":"summary_large_image","twitter_misc":{"Est. reading time":"2 minutt"},"schema":{"@context":"https:\/\/schema.org","@graph":[{"@type":"WebPage","@id":"https:\/\/hoyre.no\/aurland\/54-2\/","url":"https:\/\/hoyre.no\/aurland\/54-2\/","name":"- Aurland H\u00f8gre","isPartOf":{"@id":"https:\/\/hoyre.no\/aurland\/#website"},"datePublished":"2023-08-14T18:12:05+00:00","dateModified":"2025-02-14T11:31:41+00:00","description":"Her f\u00e5r du 5 gode grunnar til \u00e5 r\u00f8yste H\u00f8gre i Aurland.","breadcrumb":{"@id":"https:\/\/hoyre.no\/aurland\/54-2\/#breadcrumb"},"inLanguage":"nn-NO","potentialAction":[{"@type":"ReadAction","target":["https:\/\/hoyre.no\/aurland\/54-2\/"]}]},{"@type":"BreadcrumbList","@id":"https:\/\/hoyre.no\/aurland\/54-2\/#breadcrumb","itemListElement":[{"@type":"ListItem","position":1,"name":"Til hoyre.no","item":"https:\/\/hoyre.no"},{"@type":"ListItem","position":2,"name":"Hjem","item":"https:\/\/hoyre.no\/aurland\/"}]},{"@type":"WebSite","@id":"https:\/\/hoyre.no\/aurland\/#website","url":"https:\/\/hoyre.no\/aurland\/","name":"Aurland H\u00f8gre","description":"Bare enda et H\u00f8yres nettsteder-nettsted","inLanguage":"nn-NO"}]}},"distributor_meta":false,"distributor_terms":false,"distributor_media":false,"distributor_original_site_name":"Aurland H\u00f8gre","distributor_original_site_url":"https:\/\/hoyre.no\/aurland","push-errors":false,"_links":{"self":[{"href":"https:\/\/hoyre.no\/aurland\/wp-json\/wp\/v2\/pages\/54","targetHints":{"allow":["GET"]}}],"collection":[{"href":"https:\/\/hoyre.no\/aurland\/wp-json\/wp\/v2\/pages"}],"about":[{"href":"https:\/\/hoyre.no\/aurland\/wp-json\/wp\/v2\/types\/page"}],"author":[{"embeddable":true,"href":"https:\/\/hoyre.no\/aurland\/wp-json\/wp\/v2\/users\/29319"}],"replies":[{"embeddable":true,"href":"https:\/\/hoyre.no\/aurland\/wp-json\/wp\/v2\/comments?post=54"}],"version-history":[{"count":3,"href":"https:\/\/hoyre.no\/aurland\/wp-json\/wp\/v2\/pages\/54\/revisions"}],"predecessor-version":[{"id":80,"href":"https:\/\/hoyre.no\/aurland\/wp-json\/wp\/v2\/pages\/54\/revisions\/80"}],"wp:attachment":[{"href":"https:\/\/hoyre.no\/aurland\/wp-json\/wp\/v2\/media?parent=54"}],"curies":[{"name":"wp","href":"https:\/\/api.w.org\/{rel}","templated":true}]}}