{"id":101,"date":"2021-01-27T21:16:52","date_gmt":"2021-01-27T20:16:52","guid":{"rendered":"https:\/\/hoyre.no\/austevoll\/?post_type=teft-events&#038;p=101"},"modified":"2021-01-27T21:48:35","modified_gmt":"2021-01-27T20:48:35","slug":"gruppemote","status":"publish","type":"teft-events","link":"https:\/\/hoyre.no\/austevoll\/arrangementer\/gruppemote\/","title":{"rendered":"Gruppem\u00f8te"},"content":{"rendered":"\n<div class=\"wp-block-teft-event-top\">\n\n<div class=\"teft-event-date-top\">\n<div class=\"teft-event-date-wrapper\">\n\t<div class=\"date-square\" aria-hidden=\"true\">\n\t\t11\t\t\t<\/div>\n<\/div>\n\t<div class=\"top-text\">\n\t\t\t\t\t<p class=\"top-date-text\">torsdag 11. februar 2021<\/p>\n\t\t\t\t\t\t\t<p class=\"top-time-text\">19:30 &#8211; 21:00<\/p>\n\t\t\t\t\t\t<\/div>\n\t\t<div class=\"sharing\">\n\t\t<a class=\"share-button share-link copy-link\" data-copy=\"https:\/\/hoyre.no\/austevoll\/arrangementer\/gruppemote\/\" target=\"_blank\"><span class=\"screen-reader-text\">Del link<\/span><\/a>\n\t\t<a class=\"share-button share-twitter\" href=\"http:\/\/twitter.com\/share?text=Gruppem\u00f8te&#038;url=https:\/\/hoyre.no\/austevoll\/arrangementer\/gruppemote\/&#038;hashtags=Hoyre\" target=\"_blank\"><span class=\"screen-reader-text\">Del p\u00e5 twitter<\/span><\/a>\n\t\t<a class=\"share-button share-facebook\" href=\"https:\/\/www.facebook.com\/sharer\/sharer.php?u=https:\/\/hoyre.no\/austevoll\/arrangementer\/gruppemote\/\" target=\"_blank\"><span class=\"screen-reader-text\">Del p\u00e5 facebook<\/span><\/a>\n\t<\/div>\n\t<\/div>\n<p class=\"preamble\">H\u00f8gres gruppem\u00f8te er ope for alle medlemmar.<\/p><figure class=\"hoyre-image-wrapper\"><div class=\"hoyre-image\"><img loading=\"lazy\" decoding=\"async\" width=\"1811\" height=\"796\" src=\"https:\/\/hoyre.no\/content\/uploads\/sites\/350\/2021\/01\/Partiet.jpg\" class=\"attachment-scaled size-scaled\" alt=\"Austevoll H\u00f8gre\" style=\"object-position: 48% 51%\" srcset=\"https:\/\/hoyre.no\/content\/uploads\/sites\/350\/2021\/01\/Partiet.jpg 1811w, https:\/\/hoyre.no\/content\/uploads\/sites\/350\/2021\/01\/Partiet-300x132.jpg 300w, https:\/\/hoyre.no\/content\/uploads\/sites\/350\/2021\/01\/Partiet-1024x450.jpg 1024w, https:\/\/hoyre.no\/content\/uploads\/sites\/350\/2021\/01\/Partiet-768x338.jpg 768w, https:\/\/hoyre.no\/content\/uploads\/sites\/350\/2021\/01\/Partiet-1536x675.jpg 1536w\" sizes=\"auto, (max-width: 1811px) 100vw, 1811px\" \/><\/div><\/figure>\n\n<div class=\"panel teft-details-panel\">\n\t\t<h3>Detaljer<\/h3>\n\n\t\t\t\t\t<dl class=\"info-misc-with-icons\">\n\t\t\t\t<dt class=\"venue\"><span class=\"screen-reader-text\">Stedet<\/span><\/dt>\n\t\t\t\t<dd>\n\t\t\t\t\t\t\t\t\t\t<a href=\"https:\/\/goo.gl\/maps\/foFXy5BRj1RHPUVG6\">Austevoll kommunehus<\/a>\n\t\t\t\t\t\t\t\t\t\t\t\t\t\t\t\t<span class=\"address-line-2\">Birkelandsvegen 2, Storeb\u00f8<\/span>\n\t\t\t\t\t\t\t\t\t<\/dd>\n\t\t\t<\/dl>\n\t\t\t\t\t\t\t<dl class=\"info-misc-with-icons\">\n\t\t<dt class=\"time\"><span class=\"screen-reader-text\">Arrangement dato<\/span><\/dt>\n\t\t<dd class=\"time\">\n\t\t\ttor 11. februar 2021 fr\u00e5  19:30 &#8211; 21:00\t\t<\/dd>\n\t<\/dl>\n\t\t\t\t\t\t<dl class=\"info-misc-with-icons\">\n\t\t<dt class=\"registration\"><span class=\"screen-reader-text\">P\u00e5meldingsdetajer<\/span><\/dt>\n\t\t<dd class=\"registration\">\n\t\t\tGratis\t\t\t\t\t<\/dd>\n\t<\/dl>\n\t\t<\/dl>\n<\/div>\n<\/div>\n\n\n\n\n<h2 class=\"wp-block-heading\">Informasjon<\/h2>\n\n\n\n<p>Austevoll H\u00f8gre har gruppem\u00f8te f\u00f8r alle kommunestyrem\u00f8ta. P\u00e5 desse m\u00f8ta kan alle medlemmar vere med og bestemme kva H\u00f8gre skal meine i dei politiske sakene som st\u00e5r p\u00e5 dagsorden. Du kan ogs\u00e5 kome med forslag til nye saker saker som H\u00f8gre b\u00f8r ta opp. Om du er medlem og berre har lyst \u00e5 f\u00f8lgje med p\u00e5 kva som r\u00f8rer seg i lokalpolitikken s\u00e5 er gruppem\u00f8ta ein god plass \u00e5 m\u00f8te p\u00e5.<\/p>\n\n\n<div class=\"post-meta wp-block\">\n\t<div class=\"top\">\n\t\t<div class=\"sharing\">\n\t\t\t<a class=\"share-button share-link\" target=\"_blank\"><span class=\"screen-reader-text\">Del link<\/span><\/a>\n\t\t\t<a class=\"share-button share-twitter\" href=\"http:\/\/twitter.com\/share?text=Gruppem\u00f8te&#038;url=https:\/\/hoyre.no\/austevoll\/arrangementer\/gruppemote\/&#038;hashtags=Hoyre\"><span class=\"screen-reader-text\">Del p\u00e5 twitter<\/span><\/a>\n\t\t\t<a class=\"share-button share-facebook\" href=\"https:\/\/www.facebook.com\/sharer\/sharer.php?u=https:\/\/hoyre.no\/austevoll\/arrangementer\/gruppemote\/\" target=\"_blank\"><span class=\"screen-reader-text\">Del p\u00e5 facebook<\/span><\/a>\n\t\t<\/div>\n\t<\/div>\n<\/div>\n","protected":false},"template":"","meta":{"teft_cards_image_url":"","teft_cards_custom_pretitle":"","teft_cards_image_id":111,"teft_cards_image_focal_point_x":0.5,"teft_cards_image_focal_point_y":0.5,"teft_cards_title":"","teft_cards_excerpt":"","teft_show_chapters":false,"event_organizer":[],"event_start_date":"2021-02-11T19:30:14","event_end_date":"2021-02-11T21:00:14","event_registration_url":"","event_registration_deadline":"","event_ticket_cost":"Gratis","event_venue_name":"Austevoll kommunehus","event_venue_url":"https:\/\/goo.gl\/maps\/foFXy5BRj1RHPUVG6","event_venue_address":"Birkelandsvegen 2, Storeb\u00f8"},"teft-events-category":[],"class_list":["post-101","teft-events","type-teft-events","status-publish","hentry"],"yoast_head":"<!-- This site is optimized with the Yoast SEO plugin v26.6 - https:\/\/yoast.com\/wordpress\/plugins\/seo\/ -->\n<title>Gruppem\u00f8te - Austevoll H\u00f8gre<\/title>\n<meta name=\"robots\" content=\"index, follow, max-snippet:-1, max-image-preview:large, max-video-preview:-1\" \/>\n<link rel=\"canonical\" href=\"https:\/\/hoyre.no\/austevoll\/arrangementer\/gruppemote\/\" \/>\n<meta property=\"og:locale\" content=\"nn_NO\" \/>\n<meta property=\"og:type\" content=\"article\" \/>\n<meta property=\"og:title\" content=\"Gruppem\u00f8te - Austevoll H\u00f8gre\" \/>\n<meta property=\"og:url\" content=\"https:\/\/hoyre.no\/austevoll\/arrangementer\/gruppemote\/\" \/>\n<meta property=\"og:site_name\" content=\"Austevoll H\u00f8gre\" \/>\n<meta property=\"article:modified_time\" content=\"2021-01-27T20:48:35+00:00\" \/>\n<meta property=\"og:image\" content=\"https:\/\/hoyre.no\/content\/uploads\/sites\/350\/2021\/01\/Partiet-1024x450.jpg\" \/>\n<meta name=\"twitter:card\" content=\"summary_large_image\" \/>\n<meta name=\"twitter:label1\" content=\"Est. reading time\" \/>\n\t<meta name=\"twitter:data1\" content=\"1 minutt\" \/>\n<script type=\"application\/ld+json\" class=\"yoast-schema-graph\">{\"@context\":\"https:\/\/schema.org\",\"@graph\":[{\"@type\":\"WebPage\",\"@id\":\"https:\/\/hoyre.no\/austevoll\/arrangementer\/gruppemote\/\",\"url\":\"https:\/\/hoyre.no\/austevoll\/arrangementer\/gruppemote\/\",\"name\":\"Gruppem\u00f8te - Austevoll H\u00f8gre\",\"isPartOf\":{\"@id\":\"https:\/\/hoyre.no\/austevoll\/#website\"},\"datePublished\":\"2021-01-27T20:16:52+00:00\",\"dateModified\":\"2021-01-27T20:48:35+00:00\",\"breadcrumb\":{\"@id\":\"https:\/\/hoyre.no\/austevoll\/arrangementer\/gruppemote\/#breadcrumb\"},\"inLanguage\":\"nn-NO\",\"potentialAction\":[{\"@type\":\"ReadAction\",\"target\":[\"https:\/\/hoyre.no\/austevoll\/arrangementer\/gruppemote\/\"]}]},{\"@type\":\"BreadcrumbList\",\"@id\":\"https:\/\/hoyre.no\/austevoll\/arrangementer\/gruppemote\/#breadcrumb\",\"itemListElement\":[{\"@type\":\"ListItem\",\"position\":1,\"name\":\"Til hoyre.no\",\"item\":\"https:\/\/hoyre.no\"},{\"@type\":\"ListItem\",\"position\":2,\"name\":\"Hjem\",\"item\":\"https:\/\/hoyre.no\/austevoll\/\"},{\"@type\":\"ListItem\",\"position\":3,\"name\":\"Arrangement\",\"item\":\"https:\/\/hoyre.no\/austevoll\/arrangementer\/\"},{\"@type\":\"ListItem\",\"position\":4,\"name\":\"Gruppem\u00f8te\"}]},{\"@type\":\"WebSite\",\"@id\":\"https:\/\/hoyre.no\/austevoll\/#website\",\"url\":\"https:\/\/hoyre.no\/austevoll\/\",\"name\":\"Austevoll H\u00f8gre\",\"description\":\"Bare enda et H\u00f8yres nettsteder-nettsted\",\"inLanguage\":\"nn-NO\"}]}<\/script>\n<!-- \/ Yoast SEO plugin. -->","yoast_head_json":{"title":"Gruppem\u00f8te - Austevoll H\u00f8gre","robots":{"index":"index","follow":"follow","max-snippet":"max-snippet:-1","max-image-preview":"max-image-preview:large","max-video-preview":"max-video-preview:-1"},"canonical":"https:\/\/hoyre.no\/austevoll\/arrangementer\/gruppemote\/","og_locale":"nn_NO","og_type":"article","og_title":"Gruppem\u00f8te - Austevoll H\u00f8gre","og_url":"https:\/\/hoyre.no\/austevoll\/arrangementer\/gruppemote\/","og_site_name":"Austevoll H\u00f8gre","article_modified_time":"2021-01-27T20:48:35+00:00","og_image":[{"url":"https:\/\/hoyre.no\/content\/uploads\/sites\/350\/2021\/01\/Partiet-1024x450.jpg","width":"","height":"","type":""}],"twitter_card":"summary_large_image","twitter_misc":{"Est. reading time":"1 minutt"},"schema":{"@context":"https:\/\/schema.org","@graph":[{"@type":"WebPage","@id":"https:\/\/hoyre.no\/austevoll\/arrangementer\/gruppemote\/","url":"https:\/\/hoyre.no\/austevoll\/arrangementer\/gruppemote\/","name":"Gruppem\u00f8te - Austevoll H\u00f8gre","isPartOf":{"@id":"https:\/\/hoyre.no\/austevoll\/#website"},"datePublished":"2021-01-27T20:16:52+00:00","dateModified":"2021-01-27T20:48:35+00:00","breadcrumb":{"@id":"https:\/\/hoyre.no\/austevoll\/arrangementer\/gruppemote\/#breadcrumb"},"inLanguage":"nn-NO","potentialAction":[{"@type":"ReadAction","target":["https:\/\/hoyre.no\/austevoll\/arrangementer\/gruppemote\/"]}]},{"@type":"BreadcrumbList","@id":"https:\/\/hoyre.no\/austevoll\/arrangementer\/gruppemote\/#breadcrumb","itemListElement":[{"@type":"ListItem","position":1,"name":"Til hoyre.no","item":"https:\/\/hoyre.no"},{"@type":"ListItem","position":2,"name":"Hjem","item":"https:\/\/hoyre.no\/austevoll\/"},{"@type":"ListItem","position":3,"name":"Arrangement","item":"https:\/\/hoyre.no\/austevoll\/arrangementer\/"},{"@type":"ListItem","position":4,"name":"Gruppem\u00f8te"}]},{"@type":"WebSite","@id":"https:\/\/hoyre.no\/austevoll\/#website","url":"https:\/\/hoyre.no\/austevoll\/","name":"Austevoll H\u00f8gre","description":"Bare enda et H\u00f8yres nettsteder-nettsted","inLanguage":"nn-NO"}]}},"distributor_meta":false,"distributor_terms":false,"distributor_media":false,"distributor_original_site_name":"Austevoll H\u00f8gre","distributor_original_site_url":"https:\/\/hoyre.no\/austevoll","push-errors":false,"_links":{"self":[{"href":"https:\/\/hoyre.no\/austevoll\/wp-json\/wp\/v2\/teft-events\/101","targetHints":{"allow":["GET"]}}],"collection":[{"href":"https:\/\/hoyre.no\/austevoll\/wp-json\/wp\/v2\/teft-events"}],"about":[{"href":"https:\/\/hoyre.no\/austevoll\/wp-json\/wp\/v2\/types\/teft-events"}],"wp:attachment":[{"href":"https:\/\/hoyre.no\/austevoll\/wp-json\/wp\/v2\/media?parent=101"}],"wp:term":[{"taxonomy":"teft-events-category","embeddable":true,"href":"https:\/\/hoyre.no\/austevoll\/wp-json\/wp\/v2\/teft-events-category?post=101"}],"curies":[{"name":"wp","href":"https:\/\/api.w.org\/{rel}","templated":true}]}}

Gruppemøte

<div class="wp-block-teft-event-top">

<div class="teft-event-date-top">
<div class="teft-event-date-wrapper">
	<div class="date-square" aria-hidden="true">
		11			</div>
</div>
	<div class="top-text">
					<p class="top-date-text">torsdag 11. februar 2021</p>
							<p class="top-time-text">19:30 &#8211; 21:00</p>
						</div>
		<div class="sharing">
		<a class="share-button share-link copy-link" data-copy="https://hoyre.no/austevoll/arrangementer/gruppemote/" target="_blank"><span class="screen-reader-text">Del link</span></a>
		<a class="share-button share-twitter" href="http://twitter.com/share?text=Gruppemøte&#038;url=https://hoyre.no/austevoll/arrangementer/gruppemote/&#038;hashtags=Hoyre" target="_blank"><span class="screen-reader-text">Del på twitter</span></a>
		<a class="share-button share-facebook" href="https://www.facebook.com/sharer/sharer.php?u=https://hoyre.no/austevoll/arrangementer/gruppemote/" target="_blank"><span class="screen-reader-text">Del på facebook</span></a>
	</div>
	</div>
<p class="preamble">Høgres gruppemøte er ope for alle medlemmar.</p><figure class="hoyre-image-wrapper"><div class="hoyre-image"><img loading="lazy" decoding="async" width="1811" height="796" src="https://hoyre.no/content/uploads/sites/350/2021/01/Partiet.jpg" class="attachment-scaled size-scaled" alt="Austevoll Høgre" style="object-position: 48% 51%" srcset="https://hoyre.no/content/uploads/sites/350/2021/01/Partiet.jpg 1811w, https://hoyre.no/content/uploads/sites/350/2021/01/Partiet-300x132.jpg 300w, https://hoyre.no/content/uploads/sites/350/2021/01/Partiet-1024x450.jpg 1024w, https://hoyre.no/content/uploads/sites/350/2021/01/Partiet-768x338.jpg 768w, https://hoyre.no/content/uploads/sites/350/2021/01/Partiet-1536x675.jpg 1536w" sizes="auto, (max-width: 1811px) 100vw, 1811px" /></div></figure>

<div class="panel teft-details-panel">
		<h3>Detaljer</h3>

					<dl class="info-misc-with-icons">
				<dt class="venue"><span class="screen-reader-text">Stedet</span></dt>
				<dd>
										<a href="https://goo.gl/maps/foFXy5BRj1RHPUVG6">Austevoll kommunehus</a>
																<span class="address-line-2">Birkelandsvegen 2, Storebø</span>
									</dd>
			</dl>
							<dl class="info-misc-with-icons">
		<dt class="time"><span class="screen-reader-text">Arrangement dato</span></dt>
		<dd class="time">
			tor 11. februar 2021 frå  19:30 &#8211; 21:00		</dd>
	</dl>
						<dl class="info-misc-with-icons">
		<dt class="registration"><span class="screen-reader-text">Påmeldingsdetajer</span></dt>
		<dd class="registration">
			Gratis					</dd>
	</dl>
		</dl>
</div>
</div>




<h2 class="wp-block-heading">Informasjon</h2>



<p>Austevoll Høgre har gruppemøte før alle kommunestyremøta. På desse møta kan alle medlemmar vere med og bestemme kva Høgre skal meine i dei politiske sakene som står på dagsorden. Du kan også kome med forslag til nye saker saker som Høgre bør ta opp. Om du er medlem og berre har lyst å følgje med på kva som rører seg i lokalpolitikken så er gruppemøta ein god plass å møte på.</p>


<div class="post-meta wp-block">
	<div class="top">
		<div class="sharing">
			<a class="share-button share-link" target="_blank"><span class="screen-reader-text">Del link</span></a>
			<a class="share-button share-twitter" href="http://twitter.com/share?text=Gruppemøte&#038;url=https://hoyre.no/austevoll/arrangementer/gruppemote/&#038;hashtags=Hoyre"><span class="screen-reader-text">Del på twitter</span></a>
			<a class="share-button share-facebook" href="https://www.facebook.com/sharer/sharer.php?u=https://hoyre.no/austevoll/arrangementer/gruppemote/" target="_blank"><span class="screen-reader-text">Del på facebook</span></a>
		</div>
	</div>
</div>

Birkelandsvegen 2, Storebø

<!-- This site is optimized with the Yoast SEO plugin v26.6 - https://yoast.com/wordpress/plugins/seo/ -->
<title>Gruppemøte - Austevoll Høgre</title>
<meta name="robots" content="index, follow, max-snippet:-1, max-image-preview:large, max-video-preview:-1" />
<link rel="canonical" href="https://hoyre.no/austevoll/arrangementer/gruppemote/" />
<meta property="og:locale" content="nn_NO" />
<meta property="og:type" content="article" />
<meta property="og:title" content="Gruppemøte - Austevoll Høgre" />
<meta property="og:url" content="https://hoyre.no/austevoll/arrangementer/gruppemote/" />
<meta property="og:site_name" content="Austevoll Høgre" />
<meta property="article:modified_time" content="2021-01-27T20:48:35+00:00" />
<meta property="og:image" content="https://hoyre.no/content/uploads/sites/350/2021/01/Partiet-1024x450.jpg" />
<meta name="twitter:card" content="summary_large_image" />
<meta name="twitter:label1" content="Est. reading time" />
	<meta name="twitter:data1" content="1 minutt" />
<script type="application/ld+json" class="yoast-schema-graph">{"@context":"https://schema.org","@graph":[{"@type":"WebPage","@id":"https://hoyre.no/austevoll/arrangementer/gruppemote/","url":"https://hoyre.no/austevoll/arrangementer/gruppemote/","name":"Gruppemøte - Austevoll Høgre","isPartOf":{"@id":"https://hoyre.no/austevoll/#website"},"datePublished":"2021-01-27T20:16:52+00:00","dateModified":"2021-01-27T20:48:35+00:00","breadcrumb":{"@id":"https://hoyre.no/austevoll/arrangementer/gruppemote/#breadcrumb"},"inLanguage":"nn-NO","potentialAction":[{"@type":"ReadAction","target":["https://hoyre.no/austevoll/arrangementer/gruppemote/"]}]},{"@type":"BreadcrumbList","@id":"https://hoyre.no/austevoll/arrangementer/gruppemote/#breadcrumb","itemListElement":[{"@type":"ListItem","position":1,"name":"Til hoyre.no","item":"https://hoyre.no"},{"@type":"ListItem","position":2,"name":"Hjem","item":"https://hoyre.no/austevoll/"},{"@type":"ListItem","position":3,"name":"Arrangement","item":"https://hoyre.no/austevoll/arrangementer/"},{"@type":"ListItem","position":4,"name":"Gruppemøte"}]},{"@type":"WebSite","@id":"https://hoyre.no/austevoll/#website","url":"https://hoyre.no/austevoll/","name":"Austevoll Høgre","description":"Bare enda et Høyres nettsteder-nettsted","inLanguage":"nn-NO"}]}</script>
<!-- / Yoast SEO plugin. -->

Gruppemøte - Austevoll Høgre

Austevoll Høgre

Bare enda et Høyres nettsteder-nettsted
