{"id":98,"date":"2023-04-25T09:33:15","date_gmt":"2023-04-25T07:33:15","guid":{"rendered":"https:\/\/hoyre.no\/birkenes\/?page_id=98"},"modified":"2023-06-07T12:30:32","modified_gmt":"2023-06-07T10:30:32","slug":"7-grunner-til-a-stemme-birkenes-hoyre","status":"publish","type":"page","link":"https:\/\/hoyre.no\/birkenes\/politikk\/7-grunner-til-a-stemme-birkenes-hoyre\/","title":{"rendered":"7 grunner til \u00e5 stemme Birkenes H\u00f8yre"},"content":{"rendered":"\n<div class=\"wp-block-hoyre-hero with-image-gradient text-color-light  has-media alignfull has-background\"><div class=\"hoyre-hero has-image\"><h1 class=\"title\">Syv gode grunner til \u00e5 stemme H\u00f8yre i Birkenes<\/h1><figure class=\"hoyre-image-wrapper\"><div class=\"hoyre-image\"><img loading=\"lazy\" decoding=\"async\" width=\"2500\" height=\"1875\" src=\"https:\/\/hoyre.no\/content\/uploads\/sites\/40\/2023\/04\/20230418_090355-scaled.jpg\" class=\"attachment-scaled size-scaled\" alt=\"\" style=\"object-position: 75% 90%\" srcset=\"https:\/\/hoyre.no\/content\/uploads\/sites\/40\/2023\/04\/20230418_090355-scaled.jpg 2500w, https:\/\/hoyre.no\/content\/uploads\/sites\/40\/2023\/04\/20230418_090355-300x225.jpg 300w, https:\/\/hoyre.no\/content\/uploads\/sites\/40\/2023\/04\/20230418_090355-1024x768.jpg 1024w, https:\/\/hoyre.no\/content\/uploads\/sites\/40\/2023\/04\/20230418_090355-768x576.jpg 768w, https:\/\/hoyre.no\/content\/uploads\/sites\/40\/2023\/04\/20230418_090355-1536x1152.jpg 1536w, https:\/\/hoyre.no\/content\/uploads\/sites\/40\/2023\/04\/20230418_090355-2048x1536.jpg 2048w\" sizes=\"auto, (max-width: 2500px) 100vw, 2500px\" \/><\/div><\/figure><\/div><\/div>\n\n\n\n<div class=\"wp-block-hoyre-banner alignwide undefined\"><div class=\"banner-inner\"><figure class=\"hoyre-image-wrapper\"><div class=\"hoyre-image\"><img loading=\"lazy\" decoding=\"async\" width=\"2126\" height=\"2500\" src=\"https:\/\/hoyre.no\/content\/uploads\/sites\/40\/2023\/04\/74A58784-DC13-48CA-80D4-F7165700FC6E-scaled.jpeg\" class=\"attachment-scaled size-scaled\" alt=\"\" style=\"object-position: 47% 26%\" srcset=\"https:\/\/hoyre.no\/content\/uploads\/sites\/40\/2023\/04\/74A58784-DC13-48CA-80D4-F7165700FC6E-scaled.jpeg 2126w, https:\/\/hoyre.no\/content\/uploads\/sites\/40\/2023\/04\/74A58784-DC13-48CA-80D4-F7165700FC6E-255x300.jpeg 255w, https:\/\/hoyre.no\/content\/uploads\/sites\/40\/2023\/04\/74A58784-DC13-48CA-80D4-F7165700FC6E-871x1024.jpeg 871w, https:\/\/hoyre.no\/content\/uploads\/sites\/40\/2023\/04\/74A58784-DC13-48CA-80D4-F7165700FC6E-768x903.jpeg 768w, https:\/\/hoyre.no\/content\/uploads\/sites\/40\/2023\/04\/74A58784-DC13-48CA-80D4-F7165700FC6E-1307x1536.jpeg 1307w, https:\/\/hoyre.no\/content\/uploads\/sites\/40\/2023\/04\/74A58784-DC13-48CA-80D4-F7165700FC6E-1742x2048.jpeg 1742w\" sizes=\"auto, (max-width: 2126px) 100vw, 2126px\" \/><\/div><\/figure><div class=\"banner-content\"><div class=\"entry-content\">\n<p>Vi mener at det trengs et skifte i Birkenes. Skal Birkenes kommune lykkes i fremtiden, trenger vi offensive holdninger, lite byr\u00e5krati, stort engasjement og mye handling!<\/p>\n\n\n\n<div class=\"wp-block-buttons is-layout-flex wp-block-buttons-is-layout-flex\"><\/div>\n<\/div><\/div><\/div><\/div>\n\n\n\n\n<div class=\"wp-block-media-text alignwide is-stacked-on-mobile\"><figure class=\"wp-block-media-text__media\"><img loading=\"lazy\" decoding=\"async\" width=\"1024\" height=\"768\" src=\"https:\/\/hoyre.no\/content\/uploads\/sites\/40\/2023\/04\/D5F08285-97B9-4C90-A7AD-43442C1C4546-1024x768.jpeg\" alt=\"\" class=\"wp-image-117 size-full\" srcset=\"https:\/\/hoyre.no\/content\/uploads\/sites\/40\/2023\/04\/D5F08285-97B9-4C90-A7AD-43442C1C4546-1024x768.jpeg 1024w, https:\/\/hoyre.no\/content\/uploads\/sites\/40\/2023\/04\/D5F08285-97B9-4C90-A7AD-43442C1C4546-300x225.jpeg 300w, https:\/\/hoyre.no\/content\/uploads\/sites\/40\/2023\/04\/D5F08285-97B9-4C90-A7AD-43442C1C4546-768x576.jpeg 768w, https:\/\/hoyre.no\/content\/uploads\/sites\/40\/2023\/04\/D5F08285-97B9-4C90-A7AD-43442C1C4546-1536x1152.jpeg 1536w, https:\/\/hoyre.no\/content\/uploads\/sites\/40\/2023\/04\/D5F08285-97B9-4C90-A7AD-43442C1C4546.jpeg 2048w\" sizes=\"auto, (max-width: 1024px) 100vw, 1024px\" \/><\/figure><div class=\"wp-block-media-text__content\">\n\n<h2 class=\"wp-block-heading\">1. P\u00e5 lag med folk og n\u00e6ringsliv<\/h2>\n\n\n<p>Vekst og utvikling er de viktigste forutsetningene for \u00e5 skape et vellykket samfunn. Birkenes H\u00f8yre vil derfor samarbeide og legge tilrette for det fremoverlente n\u00e6ringslivet vi har i Birkenes. Vi m\u00e5 s\u00f8rge for at innbyggerne og n\u00e6ringslivet blir m\u00f8tt av en forutsigbar og samarbeidsvillig kommune, raskere saksbehandling og fjerne un\u00f8dvendige reguleringer.<\/p>\n\n<\/div><\/div>\n\n\n\n<div class=\"wp-block-media-text alignwide has-media-on-the-right is-stacked-on-mobile\"><figure class=\"wp-block-media-text__media\"><img loading=\"lazy\" decoding=\"async\" width=\"1024\" height=\"683\" src=\"https:\/\/hoyre.no\/content\/uploads\/sites\/40\/2023\/05\/GettyImages-1224332804-1024x683.jpg\" alt=\"\" class=\"wp-image-166 size-full\" srcset=\"https:\/\/hoyre.no\/content\/uploads\/sites\/40\/2023\/05\/GettyImages-1224332804-1024x683.jpg 1024w, https:\/\/hoyre.no\/content\/uploads\/sites\/40\/2023\/05\/GettyImages-1224332804-300x200.jpg 300w, https:\/\/hoyre.no\/content\/uploads\/sites\/40\/2023\/05\/GettyImages-1224332804-768x513.jpg 768w, https:\/\/hoyre.no\/content\/uploads\/sites\/40\/2023\/05\/GettyImages-1224332804-1536x1025.jpg 1536w, https:\/\/hoyre.no\/content\/uploads\/sites\/40\/2023\/05\/GettyImages-1224332804-2048x1367.jpg 2048w\" sizes=\"auto, (max-width: 1024px) 100vw, 1024px\" \/><\/figure><div class=\"wp-block-media-text__content\">\n\n<h2 class=\"wp-block-heading\">2. Du skal beholde mer av egne penger<\/h2>\n\n\n<p>Mange opplever \u00e5 f\u00e5 en svekket privat\u00f8konomi p\u00e5 grunn av h\u00f8ye str\u00f8mpriser, \u00f8kt rente, og stadig dyrere matvarepriser. I tillegg kreves det inn eiendomsskatt, samtidig som de kommunale avgiftene blir dyrere. I mange familier blir barn skadelidende p\u00e5 grunn av foreldrenes d\u00e5rlige \u00f8konomi. Birkenes H\u00f8yre vil at du skal beholde mer av egne penger. Derfor vil vi jobbe for \u00e5 redusere, og p\u00e5 sikt fjerne eiendomsskatten. Vi vil ogs\u00e5 jobbe for at alle barn og unge skal kunne delta p\u00e5 minst en fritidsaktivitet, uavhengig av familiens \u00f8konomi.<\/p>\n\n<\/div><\/div>\n\n\n\n<div class=\"wp-block-media-text alignwide is-stacked-on-mobile\"><figure class=\"wp-block-media-text__media\"><img loading=\"lazy\" decoding=\"async\" width=\"1024\" height=\"683\" src=\"https:\/\/hoyre.no\/content\/uploads\/sites\/40\/2023\/05\/GettyImages-1251337507-1024x683.jpg\" alt=\"\" class=\"wp-image-167 size-full\" srcset=\"https:\/\/hoyre.no\/content\/uploads\/sites\/40\/2023\/05\/GettyImages-1251337507-1024x683.jpg 1024w, https:\/\/hoyre.no\/content\/uploads\/sites\/40\/2023\/05\/GettyImages-1251337507-300x200.jpg 300w, https:\/\/hoyre.no\/content\/uploads\/sites\/40\/2023\/05\/GettyImages-1251337507-768x512.jpg 768w, https:\/\/hoyre.no\/content\/uploads\/sites\/40\/2023\/05\/GettyImages-1251337507-1536x1024.jpg 1536w, https:\/\/hoyre.no\/content\/uploads\/sites\/40\/2023\/05\/GettyImages-1251337507-2048x1365.jpg 2048w\" sizes=\"auto, (max-width: 1024px) 100vw, 1024px\" \/><\/figure><div class=\"wp-block-media-text__content\">\n\n<h2 class=\"wp-block-heading\">3. Bist\u00e5 de som trenger hjelp n\u00e5r livet blir vanskelig<\/h2>\n\n\n<p>Mange opplever \u00e5 ha psykiske helseproblemer i l\u00f8pet av livet, p\u00e5 tvers av aldersgrupper og i alle deler av befolkningen. Birkenes H\u00f8yre vi sikre og utvikle gode lavterskeltilbud. Arbeidet mot mobbing og utenforskap m\u00e5 intensiveres. Vi mener ogs\u00e5 det er sv\u00e6rt viktig at kommunen st\u00f8tter opp om frivillighetens engasjement innenfor alle aldersgrupper.&nbsp;<\/p>\n\n<\/div><\/div>\n\n\n\n<div class=\"wp-block-media-text alignwide has-media-on-the-right is-stacked-on-mobile\"><figure class=\"wp-block-media-text__media\"><img loading=\"lazy\" decoding=\"async\" width=\"1024\" height=\"683\" src=\"https:\/\/hoyre.no\/content\/uploads\/sites\/40\/2023\/05\/GettyImages-516689144-1024x683.jpg\" alt=\"\" class=\"wp-image-168 size-full\" srcset=\"https:\/\/hoyre.no\/content\/uploads\/sites\/40\/2023\/05\/GettyImages-516689144-1024x683.jpg 1024w, https:\/\/hoyre.no\/content\/uploads\/sites\/40\/2023\/05\/GettyImages-516689144-300x200.jpg 300w, https:\/\/hoyre.no\/content\/uploads\/sites\/40\/2023\/05\/GettyImages-516689144-768x512.jpg 768w, https:\/\/hoyre.no\/content\/uploads\/sites\/40\/2023\/05\/GettyImages-516689144-1536x1024.jpg 1536w, https:\/\/hoyre.no\/content\/uploads\/sites\/40\/2023\/05\/GettyImages-516689144-2048x1365.jpg 2048w\" sizes=\"auto, (max-width: 1024px) 100vw, 1024px\" \/><\/figure><div class=\"wp-block-media-text__content\">\n\n<h2 class=\"wp-block-heading\">4. Kultur og idrett<\/h2>\n\n\n<p>Birkenes H\u00f8yre vil alltid prioritere kultur og idrett. Ved \u00e5 st\u00f8tte opp om dette arbeidet, vil det v\u00e6re med \u00e5 bidra til \u00e5 opprettholde den gode dugnadskulturen kommunen er kjent for. Utenforskap er en \u00f8kende utfordring i samfunnet, og samfunnet er helt avhengig av at vi alle spiller p\u00e5 lag for \u00e5 bekjempe dette. Kommunens frivillige lag og foreninger, er i denne sammenheng gode og forebyggende arenaer, som Birkenes H\u00f8yre ser p\u00e5 som sv\u00e6rt viktig \u00e5 st\u00f8tte opp om.<\/p>\n\n<\/div><\/div>\n\n\n\n<div class=\"wp-block-media-text alignwide is-stacked-on-mobile\"><figure class=\"wp-block-media-text__media\"><img loading=\"lazy\" decoding=\"async\" width=\"1024\" height=\"683\" src=\"https:\/\/hoyre.no\/content\/uploads\/sites\/40\/2023\/05\/GettyImages-1053414448-1024x683.jpg\" alt=\"\" class=\"wp-image-169 size-full\" srcset=\"https:\/\/hoyre.no\/content\/uploads\/sites\/40\/2023\/05\/GettyImages-1053414448-1024x683.jpg 1024w, https:\/\/hoyre.no\/content\/uploads\/sites\/40\/2023\/05\/GettyImages-1053414448-300x200.jpg 300w, https:\/\/hoyre.no\/content\/uploads\/sites\/40\/2023\/05\/GettyImages-1053414448-768x512.jpg 768w, https:\/\/hoyre.no\/content\/uploads\/sites\/40\/2023\/05\/GettyImages-1053414448-1536x1024.jpg 1536w, https:\/\/hoyre.no\/content\/uploads\/sites\/40\/2023\/05\/GettyImages-1053414448-2048x1365.jpg 2048w\" sizes=\"auto, (max-width: 1024px) 100vw, 1024px\" \/><\/figure><div class=\"wp-block-media-text__content\">\n\n<h2 class=\"wp-block-heading\">5. En trygg og god alderdom<\/h2>\n\n\n<p>Andelen eldre i kommunen \u00f8ker, flere har sammensatte omsorgsbehov og det er alt for mange som er ensomme. Birkenes H\u00f8yre vil at alle eldre skal f\u00e5 muligheten til et aktivt og sosialt liv, god pleie og mer sammenhengende tjenester. Tjenestene skal preges av livskvalitet og kompetanse. Enkeltmenneskets behov for omsorg skal st\u00e5 i sentrum. \u00c5 bo i eget hjem er velferd \u2013 de som vil, m\u00e5 f\u00e5 bo hjemme lenger. For \u00e5 f\u00e5 til dette vil Birkenes h\u00f8yre ta i bruk ny velferdsteknologi, som gj\u00f8r det enklere \u00e5 bo hjemme.<\/p>\n\n<\/div><\/div>\n\n\n\n<div class=\"wp-block-media-text alignwide has-media-on-the-right is-stacked-on-mobile\"><figure class=\"wp-block-media-text__media\"><img loading=\"lazy\" decoding=\"async\" width=\"1024\" height=\"916\" src=\"https:\/\/hoyre.no\/content\/uploads\/sites\/40\/2023\/04\/4F7BC3D2-D376-4D07-A78D-C247B73A326E-1024x916.jpeg\" alt=\"\" class=\"wp-image-122 size-full\" srcset=\"https:\/\/hoyre.no\/content\/uploads\/sites\/40\/2023\/04\/4F7BC3D2-D376-4D07-A78D-C247B73A326E-1024x916.jpeg 1024w, https:\/\/hoyre.no\/content\/uploads\/sites\/40\/2023\/04\/4F7BC3D2-D376-4D07-A78D-C247B73A326E-300x268.jpeg 300w, https:\/\/hoyre.no\/content\/uploads\/sites\/40\/2023\/04\/4F7BC3D2-D376-4D07-A78D-C247B73A326E-768x687.jpeg 768w, https:\/\/hoyre.no\/content\/uploads\/sites\/40\/2023\/04\/4F7BC3D2-D376-4D07-A78D-C247B73A326E-1536x1374.jpeg 1536w, https:\/\/hoyre.no\/content\/uploads\/sites\/40\/2023\/04\/4F7BC3D2-D376-4D07-A78D-C247B73A326E.jpeg 2048w\" sizes=\"auto, (max-width: 1024px) 100vw, 1024px\" \/><\/figure><div class=\"wp-block-media-text__content\">\n\n<h2 class=\"wp-block-heading\">6. Trygg styring av kommunens \u00f8konomi<\/h2>\n\n\n<p>Trygg styring betyr f\u00f8rst og fremst \u00e5 ikke bruke mer penger enn det man har. Birkenes H\u00f8yre mener kommunen m\u00e5 ha balanse i sine budsjetter og levere overskudd i regnskap. Derfor vil vi ha et st\u00f8rre fokus p\u00e5 kostnadskontroll, konsulentbruk og en mer effektiv bruk av kommunens ressurser. Birkenes h\u00f8yre vil ogs\u00e5 ha et st\u00f8rre fokus p\u00e5 gjenbruk og sirkul\u00e6r\u00f8konomi.&nbsp;<\/p>\n\n<\/div><\/div>\n\n\n\n<div class=\"wp-block-media-text alignwide is-stacked-on-mobile\"><figure class=\"wp-block-media-text__media\"><img loading=\"lazy\" decoding=\"async\" width=\"1024\" height=\"676\" src=\"https:\/\/hoyre.no\/content\/uploads\/sites\/40\/2023\/05\/GettyImages-1160692980-1024x676.jpg\" alt=\"\" class=\"wp-image-170 size-full\" srcset=\"https:\/\/hoyre.no\/content\/uploads\/sites\/40\/2023\/05\/GettyImages-1160692980-1024x676.jpg 1024w, https:\/\/hoyre.no\/content\/uploads\/sites\/40\/2023\/05\/GettyImages-1160692980-300x198.jpg 300w, https:\/\/hoyre.no\/content\/uploads\/sites\/40\/2023\/05\/GettyImages-1160692980-768x507.jpg 768w, https:\/\/hoyre.no\/content\/uploads\/sites\/40\/2023\/05\/GettyImages-1160692980-1536x1014.jpg 1536w, https:\/\/hoyre.no\/content\/uploads\/sites\/40\/2023\/05\/GettyImages-1160692980-2048x1352.jpg 2048w\" sizes=\"auto, (max-width: 1024px) 100vw, 1024px\" \/><\/figure><div class=\"wp-block-media-text__content\">\n\n<h2 class=\"wp-block-heading\">7. Barnehage og skole<\/h2>\n\n\n<p>Birkenes H\u00f8yre mener at alle foreldre skal v\u00e6re trygge p\u00e5 at barna trives og utvikles i barnehage og skole. Vi vil prioritere \u00e5 styrke arbeidet med tidlig innsats, og ha et st\u00f8rre fokus p\u00e5 \u00e5 f\u00e5 frem den enkelte elev sitt potensial og mestringsf\u00f8lelse, gjennom en st\u00f8rre grad av individuell tilpasning. Dette er viktig for den enkeltes livskvalitet, og fordi at trivsel og l\u00e6ring forhindrer frafall senere i skolel\u00f8pet. Et godt oppvekstmilj\u00f8 er helt avgj\u00f8rende for at vi skal skape et samfunn der alle kan lykkes.&nbsp;<\/p>\n\n<\/div><\/div>\n\n\n\n\n<div class=\"wp-block-hoyre-banner alignwide undefined has-icon-title icon-heart is-style-blue\"><div class=\"banner-inner\"><figure class=\"hoyre-image-wrapper\"><div class=\"hoyre-image\"><img loading=\"lazy\" decoding=\"async\" width=\"1113\" height=\"1153\" src=\"https:\/\/hoyre.no\/content\/uploads\/sites\/40\/2023\/04\/31634726-226F-485F-BFBF-336394F7CB6E.jpeg\" class=\"attachment-scaled size-scaled\" alt=\"\" style=\"object-position: 87% 40%\" srcset=\"https:\/\/hoyre.no\/content\/uploads\/sites\/40\/2023\/04\/31634726-226F-485F-BFBF-336394F7CB6E.jpeg 1113w, https:\/\/hoyre.no\/content\/uploads\/sites\/40\/2023\/04\/31634726-226F-485F-BFBF-336394F7CB6E-290x300.jpeg 290w, https:\/\/hoyre.no\/content\/uploads\/sites\/40\/2023\/04\/31634726-226F-485F-BFBF-336394F7CB6E-988x1024.jpeg 988w, https:\/\/hoyre.no\/content\/uploads\/sites\/40\/2023\/04\/31634726-226F-485F-BFBF-336394F7CB6E-768x796.jpeg 768w\" sizes=\"auto, (max-width: 1113px) 100vw, 1113px\" \/><\/div><\/figure><div class=\"banner-content\"><div class=\"entry-content\">\n<h2 class=\"wp-block-heading\">Fant du ikke din hjertesak?<\/h2>\n\n\n\n<p>Det er heldigvis mange gode grunner til \u00e5 stemme H\u00f8yre i Birkenes. Finn ut hva vi mener om din hjertesak ved \u00e5 lese programmet v\u00e5rt!<\/p>\n\n\n\n<div class=\"wp-block-buttons is-layout-flex wp-block-buttons-is-layout-flex\">\n<div class=\"wp-block-button\"><a class=\"wp-block-button__link\" href=\"https:\/\/hoyre.no\/birkenes\/politikk\/\">LES Birkenes H\u00d8YRES VALGPROGRAM<\/a><\/div>\n<\/div>\n<\/div><\/div><\/div><\/div>\n\n\n\n<div class=\"wp-block-hoyre-banner alignwide undefined\"><div class=\"banner-inner\"><figure class=\"hoyre-image-wrapper\"><div class=\"hoyre-image\"><img loading=\"lazy\" decoding=\"async\" width=\"2000\" height=\"2000\" src=\"https:\/\/hoyre.no\/content\/uploads\/sites\/40\/2023\/05\/BIRKENES-Arild-Windsland.jpg\" class=\"attachment-scaled size-scaled\" alt=\"\" style=\"object-position: 50% 38%\" srcset=\"https:\/\/hoyre.no\/content\/uploads\/sites\/40\/2023\/05\/BIRKENES-Arild-Windsland.jpg 2000w, https:\/\/hoyre.no\/content\/uploads\/sites\/40\/2023\/05\/BIRKENES-Arild-Windsland-300x300.jpg 300w, https:\/\/hoyre.no\/content\/uploads\/sites\/40\/2023\/05\/BIRKENES-Arild-Windsland-1024x1024.jpg 1024w, https:\/\/hoyre.no\/content\/uploads\/sites\/40\/2023\/05\/BIRKENES-Arild-Windsland-150x150.jpg 150w, https:\/\/hoyre.no\/content\/uploads\/sites\/40\/2023\/05\/BIRKENES-Arild-Windsland-768x768.jpg 768w, https:\/\/hoyre.no\/content\/uploads\/sites\/40\/2023\/05\/BIRKENES-Arild-Windsland-1536x1536.jpg 1536w\" sizes=\"auto, (max-width: 2000px) 100vw, 2000px\" \/><\/div><\/figure><div class=\"banner-content\"><div class=\"entry-content\">\n<h2 class=\"wp-block-heading\">Bli bedre kjent med Birkenes H\u00f8yres ordf\u00f8rerkandidat<\/h2>\n\n\n\n<p>Arild Windsland er v\u00e5r ordf\u00f8rerkandidat for kommunevalget i 2023. Bli bedre kjent med hvem han er og hva han st\u00e5r for \ud83d\udc47<\/p>\n\n\n\n<div class=\"wp-block-buttons is-layout-flex wp-block-buttons-is-layout-flex\">\n<div class=\"wp-block-button\"><a class=\"wp-block-button__link\" href=\"https:\/\/hoyre.no\/birkenes\/arild-windsland-var-ordforerkandidat\/\">BLI KJENT MED Arild<\/a><\/div>\n<\/div>\n<\/div><\/div><\/div><\/div>\n","protected":false},"excerpt":{"rendered":"","protected":false},"author":38104,"featured_media":0,"parent":158,"menu_order":0,"comment_status":"closed","ping_status":"closed","template":"","meta":{"teft_cards_image_url":"","teft_cards_custom_pretitle":"","teft_cards_image_id":0,"teft_cards_image_focal_point_x":0,"teft_cards_image_focal_point_y":0,"teft_cards_title":"","teft_cards_excerpt":"","teft_show_chapters":false,"footnotes":""},"class_list":["post-98","page","type-page","status-publish","hentry"],"yoast_head":"<!-- This site is optimized with the Yoast SEO plugin v26.6 - https:\/\/yoast.com\/wordpress\/plugins\/seo\/ -->\n<title>7 grunner til \u00e5 stemme Birkenes H\u00f8yre - Birkenes H\u00f8yre<\/title>\n<meta name=\"robots\" content=\"index, follow, max-snippet:-1, max-image-preview:large, max-video-preview:-1\" \/>\n<link rel=\"canonical\" href=\"https:\/\/hoyre.no\/birkenes\/politikk\/7-grunner-til-a-stemme-birkenes-hoyre\/\" \/>\n<meta property=\"og:locale\" content=\"nb_NO\" \/>\n<meta property=\"og:type\" content=\"article\" \/>\n<meta property=\"og:title\" content=\"7 grunner til \u00e5 stemme Birkenes H\u00f8yre - Birkenes H\u00f8yre\" \/>\n<meta property=\"og:url\" content=\"https:\/\/hoyre.no\/birkenes\/politikk\/7-grunner-til-a-stemme-birkenes-hoyre\/\" \/>\n<meta property=\"og:site_name\" content=\"Birkenes H\u00f8yre\" \/>\n<meta property=\"article:modified_time\" content=\"2023-06-07T10:30:32+00:00\" \/>\n<meta property=\"og:image\" content=\"https:\/\/hoyre.no\/content\/uploads\/sites\/40\/2023\/04\/D5F08285-97B9-4C90-A7AD-43442C1C4546-1024x768.jpeg\" \/>\n<meta name=\"twitter:card\" content=\"summary_large_image\" \/>\n<meta name=\"twitter:label1\" content=\"Ansl. lesetid\" \/>\n\t<meta name=\"twitter:data1\" content=\"6 minutter\" \/>\n<script type=\"application\/ld+json\" class=\"yoast-schema-graph\">{\"@context\":\"https:\/\/schema.org\",\"@graph\":[{\"@type\":\"WebPage\",\"@id\":\"https:\/\/hoyre.no\/birkenes\/politikk\/7-grunner-til-a-stemme-birkenes-hoyre\/\",\"url\":\"https:\/\/hoyre.no\/birkenes\/politikk\/7-grunner-til-a-stemme-birkenes-hoyre\/\",\"name\":\"7 grunner til \u00e5 stemme Birkenes H\u00f8yre - Birkenes H\u00f8yre\",\"isPartOf\":{\"@id\":\"https:\/\/hoyre.no\/birkenes\/#website\"},\"image\":{\"@id\":\"https:\/\/hoyre.no\/birkenes\/politikk\/7-grunner-til-a-stemme-birkenes-hoyre\/#primaryimage\"},\"thumbnailUrl\":\"https:\/\/hoyre.no\/content\/uploads\/sites\/40\/2023\/04\/D5F08285-97B9-4C90-A7AD-43442C1C4546-1024x768.jpeg\",\"datePublished\":\"2023-04-25T07:33:15+00:00\",\"dateModified\":\"2023-06-07T10:30:32+00:00\",\"breadcrumb\":{\"@id\":\"https:\/\/hoyre.no\/birkenes\/politikk\/7-grunner-til-a-stemme-birkenes-hoyre\/#breadcrumb\"},\"inLanguage\":\"nb-NO\",\"potentialAction\":[{\"@type\":\"ReadAction\",\"target\":[\"https:\/\/hoyre.no\/birkenes\/politikk\/7-grunner-til-a-stemme-birkenes-hoyre\/\"]}]},{\"@type\":\"ImageObject\",\"inLanguage\":\"nb-NO\",\"@id\":\"https:\/\/hoyre.no\/birkenes\/politikk\/7-grunner-til-a-stemme-birkenes-hoyre\/#primaryimage\",\"url\":\"https:\/\/hoyre.no\/content\/uploads\/sites\/40\/2023\/04\/D5F08285-97B9-4C90-A7AD-43442C1C4546-1024x768.jpeg\",\"contentUrl\":\"https:\/\/hoyre.no\/content\/uploads\/sites\/40\/2023\/04\/D5F08285-97B9-4C90-A7AD-43442C1C4546-1024x768.jpeg\"},{\"@type\":\"BreadcrumbList\",\"@id\":\"https:\/\/hoyre.no\/birkenes\/politikk\/7-grunner-til-a-stemme-birkenes-hoyre\/#breadcrumb\",\"itemListElement\":[{\"@type\":\"ListItem\",\"position\":1,\"name\":\"Til hoyre.no\",\"item\":\"https:\/\/hoyre.no\"},{\"@type\":\"ListItem\",\"position\":2,\"name\":\"Hjem\",\"item\":\"https:\/\/hoyre.no\/birkenes\/\"},{\"@type\":\"ListItem\",\"position\":3,\"name\":\"Politikk\",\"item\":\"https:\/\/hoyre.no\/birkenes\/politikk\/\"},{\"@type\":\"ListItem\",\"position\":4,\"name\":\"7 grunner til \u00e5 stemme Birkenes H\u00f8yre\"}]},{\"@type\":\"WebSite\",\"@id\":\"https:\/\/hoyre.no\/birkenes\/#website\",\"url\":\"https:\/\/hoyre.no\/birkenes\/\",\"name\":\"Birkenes H\u00f8yre\",\"description\":\"Bare enda et H\u00f8yres nettsteder-nettsted\",\"inLanguage\":\"nb-NO\"}]}<\/script>\n<!-- \/ Yoast SEO plugin. -->","yoast_head_json":{"title":"7 grunner til \u00e5 stemme Birkenes H\u00f8yre - Birkenes H\u00f8yre","robots":{"index":"index","follow":"follow","max-snippet":"max-snippet:-1","max-image-preview":"max-image-preview:large","max-video-preview":"max-video-preview:-1"},"canonical":"https:\/\/hoyre.no\/birkenes\/politikk\/7-grunner-til-a-stemme-birkenes-hoyre\/","og_locale":"nb_NO","og_type":"article","og_title":"7 grunner til \u00e5 stemme Birkenes H\u00f8yre - Birkenes H\u00f8yre","og_url":"https:\/\/hoyre.no\/birkenes\/politikk\/7-grunner-til-a-stemme-birkenes-hoyre\/","og_site_name":"Birkenes H\u00f8yre","article_modified_time":"2023-06-07T10:30:32+00:00","og_image":[{"url":"https:\/\/hoyre.no\/content\/uploads\/sites\/40\/2023\/04\/D5F08285-97B9-4C90-A7AD-43442C1C4546-1024x768.jpeg","type":"","width":"","height":""}],"twitter_card":"summary_large_image","twitter_misc":{"Ansl. lesetid":"6 minutter"},"schema":{"@context":"https:\/\/schema.org","@graph":[{"@type":"WebPage","@id":"https:\/\/hoyre.no\/birkenes\/politikk\/7-grunner-til-a-stemme-birkenes-hoyre\/","url":"https:\/\/hoyre.no\/birkenes\/politikk\/7-grunner-til-a-stemme-birkenes-hoyre\/","name":"7 grunner til \u00e5 stemme Birkenes H\u00f8yre - Birkenes H\u00f8yre","isPartOf":{"@id":"https:\/\/hoyre.no\/birkenes\/#website"},"image":{"@id":"https:\/\/hoyre.no\/birkenes\/politikk\/7-grunner-til-a-stemme-birkenes-hoyre\/#primaryimage"},"thumbnailUrl":"https:\/\/hoyre.no\/content\/uploads\/sites\/40\/2023\/04\/D5F08285-97B9-4C90-A7AD-43442C1C4546-1024x768.jpeg","datePublished":"2023-04-25T07:33:15+00:00","dateModified":"2023-06-07T10:30:32+00:00","breadcrumb":{"@id":"https:\/\/hoyre.no\/birkenes\/politikk\/7-grunner-til-a-stemme-birkenes-hoyre\/#breadcrumb"},"inLanguage":"nb-NO","potentialAction":[{"@type":"ReadAction","target":["https:\/\/hoyre.no\/birkenes\/politikk\/7-grunner-til-a-stemme-birkenes-hoyre\/"]}]},{"@type":"ImageObject","inLanguage":"nb-NO","@id":"https:\/\/hoyre.no\/birkenes\/politikk\/7-grunner-til-a-stemme-birkenes-hoyre\/#primaryimage","url":"https:\/\/hoyre.no\/content\/uploads\/sites\/40\/2023\/04\/D5F08285-97B9-4C90-A7AD-43442C1C4546-1024x768.jpeg","contentUrl":"https:\/\/hoyre.no\/content\/uploads\/sites\/40\/2023\/04\/D5F08285-97B9-4C90-A7AD-43442C1C4546-1024x768.jpeg"},{"@type":"BreadcrumbList","@id":"https:\/\/hoyre.no\/birkenes\/politikk\/7-grunner-til-a-stemme-birkenes-hoyre\/#breadcrumb","itemListElement":[{"@type":"ListItem","position":1,"name":"Til hoyre.no","item":"https:\/\/hoyre.no"},{"@type":"ListItem","position":2,"name":"Hjem","item":"https:\/\/hoyre.no\/birkenes\/"},{"@type":"ListItem","position":3,"name":"Politikk","item":"https:\/\/hoyre.no\/birkenes\/politikk\/"},{"@type":"ListItem","position":4,"name":"7 grunner til \u00e5 stemme Birkenes H\u00f8yre"}]},{"@type":"WebSite","@id":"https:\/\/hoyre.no\/birkenes\/#website","url":"https:\/\/hoyre.no\/birkenes\/","name":"Birkenes H\u00f8yre","description":"Bare enda et H\u00f8yres nettsteder-nettsted","inLanguage":"nb-NO"}]}},"distributor_meta":false,"distributor_terms":false,"distributor_media":false,"distributor_original_site_name":"Birkenes H\u00f8yre","distributor_original_site_url":"https:\/\/hoyre.no\/birkenes","push-errors":false,"_links":{"self":[{"href":"https:\/\/hoyre.no\/birkenes\/wp-json\/wp\/v2\/pages\/98","targetHints":{"allow":["GET"]}}],"collection":[{"href":"https:\/\/hoyre.no\/birkenes\/wp-json\/wp\/v2\/pages"}],"about":[{"href":"https:\/\/hoyre.no\/birkenes\/wp-json\/wp\/v2\/types\/page"}],"author":[{"embeddable":true,"href":"https:\/\/hoyre.no\/birkenes\/wp-json\/wp\/v2\/users\/38104"}],"replies":[{"embeddable":true,"href":"https:\/\/hoyre.no\/birkenes\/wp-json\/wp\/v2\/comments?post=98"}],"version-history":[{"count":23,"href":"https:\/\/hoyre.no\/birkenes\/wp-json\/wp\/v2\/pages\/98\/revisions"}],"predecessor-version":[{"id":179,"href":"https:\/\/hoyre.no\/birkenes\/wp-json\/wp\/v2\/pages\/98\/revisions\/179"}],"up":[{"embeddable":true,"href":"https:\/\/hoyre.no\/birkenes\/wp-json\/wp\/v2\/pages\/158"}],"wp:attachment":[{"href":"https:\/\/hoyre.no\/birkenes\/wp-json\/wp\/v2\/media?parent=98"}],"curies":[{"name":"wp","href":"https:\/\/api.w.org\/{rel}","templated":true}]}}