{"id":83,"date":"2023-06-13T23:08:54","date_gmt":"2023-06-13T21:08:54","guid":{"rendered":"https:\/\/hoyre.no\/bjerkreim\/?page_id=83"},"modified":"2023-06-15T13:00:34","modified_gmt":"2023-06-15T11:00:34","slug":"10-grunner-til-a-stemme-bjerkreim-hoyre","status":"publish","type":"page","link":"https:\/\/hoyre.no\/bjerkreim\/10-grunner-til-a-stemme-bjerkreim-hoyre\/","title":{"rendered":"10 grunner til \u00e5 stemme Bjerkreim H\u00f8yre"},"content":{"rendered":"\n<div class=\"wp-block-hoyre-hero with-image-gradient text-color-light  has-media alignfull has-background\"><div class=\"hoyre-hero has-image\"><h1 class=\"title\">10 grunner til \u00e5 stemme Bjerkreim H\u00f8yre<\/h1><figure class=\"hoyre-image-wrapper\"><div class=\"hoyre-image\"><img loading=\"lazy\" decoding=\"async\" width=\"1280\" height=\"720\" src=\"https:\/\/hoyre.no\/content\/uploads\/sites\/227\/2023\/06\/IMG_2325.png\" class=\"attachment-scaled size-scaled\" alt=\"\" style=\"object-position: 50% 50%\" srcset=\"https:\/\/hoyre.no\/content\/uploads\/sites\/227\/2023\/06\/IMG_2325.png 1280w, https:\/\/hoyre.no\/content\/uploads\/sites\/227\/2023\/06\/IMG_2325-300x169.png 300w, https:\/\/hoyre.no\/content\/uploads\/sites\/227\/2023\/06\/IMG_2325-1024x576.png 1024w, https:\/\/hoyre.no\/content\/uploads\/sites\/227\/2023\/06\/IMG_2325-768x432.png 768w\" sizes=\"auto, (max-width: 1280px) 100vw, 1280px\" \/><\/div><\/figure><\/div><\/div>\n\n\n\n\n<div class=\"wp-block-hoyre-banner alignwide undefined\"><div class=\"banner-inner\"><figure class=\"hoyre-image-wrapper\"><div class=\"hoyre-image\"><img loading=\"lazy\" decoding=\"async\" width=\"960\" height=\"1280\" src=\"https:\/\/hoyre.no\/content\/uploads\/sites\/227\/2023\/06\/06-Inger-IMG_3634.jpeg\" class=\"attachment-scaled size-scaled\" alt=\"\" style=\"object-position: 50% 50%\" srcset=\"https:\/\/hoyre.no\/content\/uploads\/sites\/227\/2023\/06\/06-Inger-IMG_3634.jpeg 960w, https:\/\/hoyre.no\/content\/uploads\/sites\/227\/2023\/06\/06-Inger-IMG_3634-225x300.jpeg 225w, https:\/\/hoyre.no\/content\/uploads\/sites\/227\/2023\/06\/06-Inger-IMG_3634-768x1024.jpeg 768w\" sizes=\"auto, (max-width: 960px) 100vw, 960px\" \/><\/div><\/figure><div class=\"banner-content\"><div class=\"entry-content\">\n<h2 class=\"wp-block-heading\">Muligheter for alle!<\/h2>\n\n\n\n<p>H\u00f8yre i Bjerkreim vil prioritere de viktigste oppgavene f\u00f8rst. Vi skal skape bolyst ved \u00e5 gi de beste tjenestene, ha et mangfoldig fritidstilbud og lage flere m\u00f8teplasser. Vi skal ha en skole der alle kan lykkes og vil skal ha en trygg og god eldreomsorg.<\/p>\n\n\n\n<div class=\"wp-block-buttons alignwide is-layout-flex wp-block-buttons-is-layout-flex\"><\/div>\n<\/div><\/div><\/div><\/div>\n\n\n\n\n\t\t<div class=\"has-lightest-blue-background-color is-layout-left alignwide alignwide wp-block-hoyre-media-text\">\n\t\t\t<div class=\"hoyre-media-text__media\">\n\t\t\t\t<img loading=\"lazy\" decoding=\"async\" width=\"1024\" height=\"1024\" src=\"https:\/\/hoyre.no\/content\/uploads\/sites\/227\/2023\/06\/GettyImages-179708964-1024x1024.jpg\" class=\"hoyre-media-text__media-image\" alt=\"\" style=\"--focal: 50% 50%;\" srcset=\"https:\/\/hoyre.no\/content\/uploads\/sites\/227\/2023\/06\/GettyImages-179708964-1024x1024.jpg 1024w, https:\/\/hoyre.no\/content\/uploads\/sites\/227\/2023\/06\/GettyImages-179708964-300x300.jpg 300w, https:\/\/hoyre.no\/content\/uploads\/sites\/227\/2023\/06\/GettyImages-179708964-150x150.jpg 150w, https:\/\/hoyre.no\/content\/uploads\/sites\/227\/2023\/06\/GettyImages-179708964-768x768.jpg 768w, https:\/\/hoyre.no\/content\/uploads\/sites\/227\/2023\/06\/GettyImages-179708964-1536x1536.jpg 1536w, https:\/\/hoyre.no\/content\/uploads\/sites\/227\/2023\/06\/GettyImages-179708964-2048x2048.jpg 2048w\" sizes=\"auto, (max-width: 1024px) 100vw, 1024px\" \/>\n\t\t\t<\/div>\n\t\t\t<div class=\"hoyre-media-text__content\">\n\t\t\t\t<div class=\"hoyre-media-text__content-inner\">\n\t\t\t\t\t\n\t\t\t<div class=\"hoyre-media-text__title-container\">\n\t\t\t\t\n\t\t\t\t<h2 class=\"hoyre-media-text__title\">1. En god barndom<\/h2>\n\t\t\t<\/div>\n\t\t\t\n\t\t\t\t\t<div class=\"hoyre-media-text__blocks\">\n<p>Barn skal ha det beste grunnlaget for videre l\u00e6ring, mestring og utvikling.<\/p>\n<\/div>\n\t\t\t\t\t\n\t\t\t\t<\/div>\n\t\t\t<\/div>\n\t\t<\/div>\n\t\t\n\n\n\t\t<div class=\"has-pale-purple-background-color is-layout-right alignwide alignwide wp-block-hoyre-media-text\">\n\t\t\t<div class=\"hoyre-media-text__media\">\n\t\t\t\t<img loading=\"lazy\" decoding=\"async\" width=\"1024\" height=\"683\" src=\"https:\/\/hoyre.no\/content\/uploads\/sites\/227\/2023\/06\/GettyImages-1053414448-1024x683.jpg\" class=\"hoyre-media-text__media-image\" alt=\"\" style=\"--focal: 50% 50%;\" srcset=\"https:\/\/hoyre.no\/content\/uploads\/sites\/227\/2023\/06\/GettyImages-1053414448-1024x683.jpg 1024w, https:\/\/hoyre.no\/content\/uploads\/sites\/227\/2023\/06\/GettyImages-1053414448-300x200.jpg 300w, https:\/\/hoyre.no\/content\/uploads\/sites\/227\/2023\/06\/GettyImages-1053414448-768x512.jpg 768w, https:\/\/hoyre.no\/content\/uploads\/sites\/227\/2023\/06\/GettyImages-1053414448-1536x1024.jpg 1536w, https:\/\/hoyre.no\/content\/uploads\/sites\/227\/2023\/06\/GettyImages-1053414448-2048x1365.jpg 2048w\" sizes=\"auto, (max-width: 1024px) 100vw, 1024px\" \/>\n\t\t\t<\/div>\n\t\t\t<div class=\"hoyre-media-text__content\">\n\t\t\t\t<div class=\"hoyre-media-text__content-inner\">\n\t\t\t\t\t\n\t\t\t<div class=\"hoyre-media-text__title-container\">\n\t\t\t\t\n\t\t\t\t<h2 class=\"hoyre-media-text__title\">2. Leve hele livet<\/h2>\n\t\t\t<\/div>\n\t\t\t\n\t\t\t\t\t<div class=\"hoyre-media-text__blocks\">\n<p>Eldre skal tilbys mer aktivitet<\/p>\n<\/div>\n\t\t\t\t\t\n\t\t\t\t<\/div>\n\t\t\t<\/div>\n\t\t<\/div>\n\t\t\n\n\n\t\t<div class=\"has-pale-green-background-color is-layout-left alignwide alignwide wp-block-hoyre-media-text\">\n\t\t\t<div class=\"hoyre-media-text__media\">\n\t\t\t\t<img loading=\"lazy\" decoding=\"async\" width=\"1024\" height=\"683\" src=\"https:\/\/hoyre.no\/content\/uploads\/sites\/227\/2023\/06\/towfiqu-barbhuiya-3aGZ7a97qwA-unsplash-1024x683.jpg\" class=\"hoyre-media-text__media-image\" alt=\"\" style=\"--focal: 50% 50%;\" srcset=\"https:\/\/hoyre.no\/content\/uploads\/sites\/227\/2023\/06\/towfiqu-barbhuiya-3aGZ7a97qwA-unsplash-1024x683.jpg 1024w, https:\/\/hoyre.no\/content\/uploads\/sites\/227\/2023\/06\/towfiqu-barbhuiya-3aGZ7a97qwA-unsplash-300x200.jpg 300w, https:\/\/hoyre.no\/content\/uploads\/sites\/227\/2023\/06\/towfiqu-barbhuiya-3aGZ7a97qwA-unsplash-768x512.jpg 768w, https:\/\/hoyre.no\/content\/uploads\/sites\/227\/2023\/06\/towfiqu-barbhuiya-3aGZ7a97qwA-unsplash-1536x1024.jpg 1536w, https:\/\/hoyre.no\/content\/uploads\/sites\/227\/2023\/06\/towfiqu-barbhuiya-3aGZ7a97qwA-unsplash-2048x1365.jpg 2048w\" sizes=\"auto, (max-width: 1024px) 100vw, 1024px\" \/>\n\t\t\t<\/div>\n\t\t\t<div class=\"hoyre-media-text__content\">\n\t\t\t\t<div class=\"hoyre-media-text__content-inner\">\n\t\t\t\t\t\n\t\t\t<div class=\"hoyre-media-text__title-container\">\n\t\t\t\t\n\t\t\t\t<h2 class=\"hoyre-media-text__title\">3. Bedre \u00f8konomi<\/h2>\n\t\t\t<\/div>\n\t\t\t\n\t\t\t\t\t<div class=\"hoyre-media-text__blocks\">\n<p>Du skal beholde mer av egne penger.<\/p><p>Eiendomsskatten skal ned.<\/p>\n<\/div>\n\t\t\t\t\t\n\t\t\t\t<\/div>\n\t\t\t<\/div>\n\t\t<\/div>\n\t\t\n\n\n\t\t<div class=\"has-pale-blue-background-color is-layout-right alignwide alignwide wp-block-hoyre-media-text\">\n\t\t\t<div class=\"hoyre-media-text__media\">\n\t\t\t\t<img loading=\"lazy\" decoding=\"async\" width=\"1024\" height=\"683\" src=\"https:\/\/hoyre.no\/content\/uploads\/sites\/227\/2023\/06\/towfiqu-barbhuiya-joqWSI9u_XM-unsplash-1024x683.jpg\" class=\"hoyre-media-text__media-image\" alt=\"\" style=\"--focal: 50% 50%;\" srcset=\"https:\/\/hoyre.no\/content\/uploads\/sites\/227\/2023\/06\/towfiqu-barbhuiya-joqWSI9u_XM-unsplash-1024x683.jpg 1024w, https:\/\/hoyre.no\/content\/uploads\/sites\/227\/2023\/06\/towfiqu-barbhuiya-joqWSI9u_XM-unsplash-300x200.jpg 300w, https:\/\/hoyre.no\/content\/uploads\/sites\/227\/2023\/06\/towfiqu-barbhuiya-joqWSI9u_XM-unsplash-768x512.jpg 768w, https:\/\/hoyre.no\/content\/uploads\/sites\/227\/2023\/06\/towfiqu-barbhuiya-joqWSI9u_XM-unsplash-1536x1025.jpg 1536w, https:\/\/hoyre.no\/content\/uploads\/sites\/227\/2023\/06\/towfiqu-barbhuiya-joqWSI9u_XM-unsplash-2048x1367.jpg 2048w\" sizes=\"auto, (max-width: 1024px) 100vw, 1024px\" \/>\n\t\t\t<\/div>\n\t\t\t<div class=\"hoyre-media-text__content\">\n\t\t\t\t<div class=\"hoyre-media-text__content-inner\">\n\t\t\t\t\t\n\t\t\t<div class=\"hoyre-media-text__title-container\">\n\t\t\t\t\n\t\t\t\t<h2 class=\"hoyre-media-text__title\">4. P\u00e5 lag med frivilligheten<\/h2>\n\t\t\t<\/div>\n\t\t\t\n\t\t\t\t\t<div class=\"hoyre-media-text__blocks\">\n<p>Frivillige lag og organisasjoner skal f\u00e5 \u00f8kt st\u00f8tte.<\/p>\n<\/div>\n\t\t\t\t\t\n\t\t\t\t<\/div>\n\t\t\t<\/div>\n\t\t<\/div>\n\t\t\n\n\n\t\t<div class=\"has-pink-background-color is-layout-left alignwide alignwide wp-block-hoyre-media-text\">\n\t\t\t<div class=\"hoyre-media-text__media\">\n\t\t\t\t<img loading=\"lazy\" decoding=\"async\" width=\"1024\" height=\"576\" src=\"https:\/\/hoyre.no\/content\/uploads\/sites\/227\/2023\/06\/russn_fckr-krV5aS4jDjA-unsplash-1024x576.jpg\" class=\"hoyre-media-text__media-image\" alt=\"\" style=\"--focal: 50% 50%;\" srcset=\"https:\/\/hoyre.no\/content\/uploads\/sites\/227\/2023\/06\/russn_fckr-krV5aS4jDjA-unsplash-1024x576.jpg 1024w, https:\/\/hoyre.no\/content\/uploads\/sites\/227\/2023\/06\/russn_fckr-krV5aS4jDjA-unsplash-300x169.jpg 300w, https:\/\/hoyre.no\/content\/uploads\/sites\/227\/2023\/06\/russn_fckr-krV5aS4jDjA-unsplash-768x432.jpg 768w, https:\/\/hoyre.no\/content\/uploads\/sites\/227\/2023\/06\/russn_fckr-krV5aS4jDjA-unsplash-1536x864.jpg 1536w, https:\/\/hoyre.no\/content\/uploads\/sites\/227\/2023\/06\/russn_fckr-krV5aS4jDjA-unsplash-2048x1152.jpg 2048w\" sizes=\"auto, (max-width: 1024px) 100vw, 1024px\" \/>\n\t\t\t<\/div>\n\t\t\t<div class=\"hoyre-media-text__content\">\n\t\t\t\t<div class=\"hoyre-media-text__content-inner\">\n\t\t\t\t\t\n\t\t\t<div class=\"hoyre-media-text__title-container\">\n\t\t\t\t\n\t\t\t\t<h2 class=\"hoyre-media-text__title\">5. Kulturskole for alle<\/h2>\n\t\t\t<\/div>\n\t\t\t\n\t\t\t\t\t<div class=\"hoyre-media-text__blocks\">\n<p>Kulturskoletilbudet skal utvikles til flere aldersgrupper.<\/p>\n<\/div>\n\t\t\t\t\t\n\t\t\t\t<\/div>\n\t\t\t<\/div>\n\t\t<\/div>\n\t\t\n\n\n\t\t<div class=\"has-pale-green-background-color is-layout-right alignwide alignwide wp-block-hoyre-media-text\">\n\t\t\t<div class=\"hoyre-media-text__media\">\n\t\t\t\t<img loading=\"lazy\" decoding=\"async\" width=\"683\" height=\"1024\" src=\"https:\/\/hoyre.no\/content\/uploads\/sites\/227\/2023\/06\/GettyImages-1396518237-683x1024.jpg\" class=\"hoyre-media-text__media-image\" alt=\"\" style=\"--focal: 50% 50%;\" srcset=\"https:\/\/hoyre.no\/content\/uploads\/sites\/227\/2023\/06\/GettyImages-1396518237-683x1024.jpg 683w, https:\/\/hoyre.no\/content\/uploads\/sites\/227\/2023\/06\/GettyImages-1396518237-200x300.jpg 200w, https:\/\/hoyre.no\/content\/uploads\/sites\/227\/2023\/06\/GettyImages-1396518237-768x1151.jpg 768w, https:\/\/hoyre.no\/content\/uploads\/sites\/227\/2023\/06\/GettyImages-1396518237-1025x1536.jpg 1025w, https:\/\/hoyre.no\/content\/uploads\/sites\/227\/2023\/06\/GettyImages-1396518237-1367x2048.jpg 1367w, https:\/\/hoyre.no\/content\/uploads\/sites\/227\/2023\/06\/GettyImages-1396518237-scaled.jpg 1668w\" sizes=\"auto, (max-width: 683px) 100vw, 683px\" \/>\n\t\t\t<\/div>\n\t\t\t<div class=\"hoyre-media-text__content\">\n\t\t\t\t<div class=\"hoyre-media-text__content-inner\">\n\t\t\t\t\t\n\t\t\t<div class=\"hoyre-media-text__title-container\">\n\t\t\t\t\n\t\t\t\t<h2 class=\"hoyre-media-text__title\">6. Offentlig m\u00f8teplass<\/h2>\n\t\t\t<\/div>\n\t\t\t\n\t\t\t\t\t<div class=\"hoyre-media-text__blocks\">\n<p>Biblioteket skal utvikles til en naturlig m\u00f8teplass med mangfoldig tilbud.<\/p>\n<\/div>\n\t\t\t\t\t\n\t\t\t\t<\/div>\n\t\t\t<\/div>\n\t\t<\/div>\n\t\t\n\n\n\t\t<div class=\"has-dark-blue-background-color is-layout-left alignwide alignwide wp-block-hoyre-media-text\">\n\t\t\t<div class=\"hoyre-media-text__media\">\n\t\t\t\t<img loading=\"lazy\" decoding=\"async\" width=\"1024\" height=\"680\" src=\"https:\/\/hoyre.no\/content\/uploads\/sites\/227\/2023\/06\/GettyImages-492779192-1024x680.jpg\" class=\"hoyre-media-text__media-image\" alt=\"\" style=\"--focal: 50% 50%;\" srcset=\"https:\/\/hoyre.no\/content\/uploads\/sites\/227\/2023\/06\/GettyImages-492779192-1024x680.jpg 1024w, https:\/\/hoyre.no\/content\/uploads\/sites\/227\/2023\/06\/GettyImages-492779192-300x199.jpg 300w, https:\/\/hoyre.no\/content\/uploads\/sites\/227\/2023\/06\/GettyImages-492779192-768x510.jpg 768w, https:\/\/hoyre.no\/content\/uploads\/sites\/227\/2023\/06\/GettyImages-492779192-1536x1020.jpg 1536w, https:\/\/hoyre.no\/content\/uploads\/sites\/227\/2023\/06\/GettyImages-492779192-2048x1360.jpg 2048w\" sizes=\"auto, (max-width: 1024px) 100vw, 1024px\" \/>\n\t\t\t<\/div>\n\t\t\t<div class=\"hoyre-media-text__content\">\n\t\t\t\t<div class=\"hoyre-media-text__content-inner\">\n\t\t\t\t\t\n\t\t\t<div class=\"hoyre-media-text__title-container\">\n\t\t\t\t\n\t\t\t\t<h2 class=\"hoyre-media-text__title\">7. Bedre vei<\/h2>\n\t\t\t<\/div>\n\t\t\t\n\t\t\t\t\t<div class=\"hoyre-media-text__blocks\">\n<p>Bygge ny E39 slik at du kommer trygt hjem og fort fram.<\/p>\n<\/div>\n\t\t\t\t\t\n\t\t\t\t<\/div>\n\t\t\t<\/div>\n\t\t<\/div>\n\t\t\n\n\n\t\t<div class=\"has-pale-blue-background-color is-layout-right alignwide alignwide wp-block-hoyre-media-text\">\n\t\t\t<div class=\"hoyre-media-text__media\">\n\t\t\t\t<img loading=\"lazy\" decoding=\"async\" width=\"1024\" height=\"683\" src=\"https:\/\/hoyre.no\/content\/uploads\/sites\/227\/2023\/06\/GettyImages-1074061838-1024x683.jpg\" class=\"hoyre-media-text__media-image\" alt=\"\" style=\"--focal: 50% 50%;\" srcset=\"https:\/\/hoyre.no\/content\/uploads\/sites\/227\/2023\/06\/GettyImages-1074061838-1024x683.jpg 1024w, https:\/\/hoyre.no\/content\/uploads\/sites\/227\/2023\/06\/GettyImages-1074061838-300x200.jpg 300w, https:\/\/hoyre.no\/content\/uploads\/sites\/227\/2023\/06\/GettyImages-1074061838-768x512.jpg 768w, https:\/\/hoyre.no\/content\/uploads\/sites\/227\/2023\/06\/GettyImages-1074061838-1536x1024.jpg 1536w, https:\/\/hoyre.no\/content\/uploads\/sites\/227\/2023\/06\/GettyImages-1074061838-2048x1365.jpg 2048w\" sizes=\"auto, (max-width: 1024px) 100vw, 1024px\" \/>\n\t\t\t<\/div>\n\t\t\t<div class=\"hoyre-media-text__content\">\n\t\t\t\t<div class=\"hoyre-media-text__content-inner\">\n\t\t\t\t\t\n\t\t\t<div class=\"hoyre-media-text__title-container\">\n\t\t\t\t\n\t\t\t\t<h2 class=\"hoyre-media-text__title\">8. Verne om matjord<\/h2>\n\t\t\t<\/div>\n\t\t\t\n\t\t\t\t\t<div class=\"hoyre-media-text__blocks\">\n<p>Ta vare p\u00e5 matjord og sikre matproduksjon.<\/p>\n<\/div>\n\t\t\t\t\t\n\t\t\t\t<\/div>\n\t\t\t<\/div>\n\t\t<\/div>\n\t\t\n\n\n\t\t<div class=\"has-pale-purple-background-color is-layout-left alignwide alignwide wp-block-hoyre-media-text\">\n\t\t\t<div class=\"hoyre-media-text__media\">\n\t\t\t\t<img loading=\"lazy\" decoding=\"async\" width=\"1024\" height=\"683\" src=\"https:\/\/hoyre.no\/content\/uploads\/sites\/227\/2023\/06\/GettyImages-1329997503-1024x683.jpg\" class=\"hoyre-media-text__media-image\" alt=\"\" style=\"--focal: 50% 50%;\" srcset=\"https:\/\/hoyre.no\/content\/uploads\/sites\/227\/2023\/06\/GettyImages-1329997503-1024x683.jpg 1024w, https:\/\/hoyre.no\/content\/uploads\/sites\/227\/2023\/06\/GettyImages-1329997503-300x200.jpg 300w, https:\/\/hoyre.no\/content\/uploads\/sites\/227\/2023\/06\/GettyImages-1329997503-768x512.jpg 768w, https:\/\/hoyre.no\/content\/uploads\/sites\/227\/2023\/06\/GettyImages-1329997503-1536x1025.jpg 1536w, https:\/\/hoyre.no\/content\/uploads\/sites\/227\/2023\/06\/GettyImages-1329997503-2048x1366.jpg 2048w\" sizes=\"auto, (max-width: 1024px) 100vw, 1024px\" \/>\n\t\t\t<\/div>\n\t\t\t<div class=\"hoyre-media-text__content\">\n\t\t\t\t<div class=\"hoyre-media-text__content-inner\">\n\t\t\t\t\t\n\t\t\t<div class=\"hoyre-media-text__title-container\">\n\t\t\t\t\n\t\t\t\t<h2 class=\"hoyre-media-text__title\">9. En aktiv n\u00e6ringspolitikk<\/h2>\n\t\t\t<\/div>\n\t\t\t\n\t\t\t\t\t<div class=\"hoyre-media-text__blocks\">\n<p>Vi skal v\u00e6re p\u00e5 lag med jobbskapere.<\/p>\n<\/div>\n\t\t\t\t\t\n\t\t\t\t<\/div>\n\t\t\t<\/div>\n\t\t<\/div>\n\t\t\n\n\n\t\t<div class=\"has-pink-background-color is-layout-right alignwide alignwide wp-block-hoyre-media-text\">\n\t\t\t<div class=\"hoyre-media-text__media\">\n\t\t\t\t<img loading=\"lazy\" decoding=\"async\" width=\"1024\" height=\"683\" src=\"https:\/\/hoyre.no\/content\/uploads\/sites\/227\/2023\/06\/ochir-erdene-oyunmedeg-LmyPLbbUWhA-unsplash-1024x683.jpg\" class=\"hoyre-media-text__media-image\" alt=\"\" style=\"--focal: 50% 50%;\" srcset=\"https:\/\/hoyre.no\/content\/uploads\/sites\/227\/2023\/06\/ochir-erdene-oyunmedeg-LmyPLbbUWhA-unsplash-1024x683.jpg 1024w, https:\/\/hoyre.no\/content\/uploads\/sites\/227\/2023\/06\/ochir-erdene-oyunmedeg-LmyPLbbUWhA-unsplash-300x200.jpg 300w, https:\/\/hoyre.no\/content\/uploads\/sites\/227\/2023\/06\/ochir-erdene-oyunmedeg-LmyPLbbUWhA-unsplash-768x512.jpg 768w, https:\/\/hoyre.no\/content\/uploads\/sites\/227\/2023\/06\/ochir-erdene-oyunmedeg-LmyPLbbUWhA-unsplash-1536x1024.jpg 1536w, https:\/\/hoyre.no\/content\/uploads\/sites\/227\/2023\/06\/ochir-erdene-oyunmedeg-LmyPLbbUWhA-unsplash-2048x1365.jpg 2048w\" sizes=\"auto, (max-width: 1024px) 100vw, 1024px\" \/>\n\t\t\t<\/div>\n\t\t\t<div class=\"hoyre-media-text__content\">\n\t\t\t\t<div class=\"hoyre-media-text__content-inner\">\n\t\t\t\t\t\n\t\t\t<div class=\"hoyre-media-text__title-container\">\n\t\t\t\t\n\t\t\t\t<h2 class=\"hoyre-media-text__title\">10. Energieffektivisering<\/h2>\n\t\t\t<\/div>\n\t\t\t\n\t\t\t\t\t<div class=\"hoyre-media-text__blocks\">\n<p>Du skal kunne s\u00f8ke midler til energieffektviserende tiltak.<\/p>\n<\/div>\n\t\t\t\t\t\n\t\t\t\t<\/div>\n\t\t\t<\/div>\n\t\t<\/div>\n\t\t","protected":false},"excerpt":{"rendered":"","protected":false},"author":10416,"featured_media":0,"parent":0,"menu_order":0,"comment_status":"closed","ping_status":"closed","template":"","meta":{"teft_cards_image_url":"","teft_cards_custom_pretitle":"","teft_cards_image_id":68,"teft_cards_image_focal_point_x":0.5,"teft_cards_image_focal_point_y":0.5,"teft_cards_title":"","teft_cards_excerpt":"","teft_show_chapters":false,"footnotes":""},"class_list":["post-83","page","type-page","status-publish","hentry"],"yoast_head":"<!-- This site is optimized with the Yoast SEO plugin v26.6 - https:\/\/yoast.com\/wordpress\/plugins\/seo\/ -->\n<title>10 grunner til \u00e5 stemme Bjerkreim H\u00f8yre - Bjerkreim H\u00f8yre<\/title>\n<meta name=\"robots\" content=\"index, follow, max-snippet:-1, max-image-preview:large, max-video-preview:-1\" \/>\n<link rel=\"canonical\" href=\"https:\/\/hoyre.no\/bjerkreim\/10-grunner-til-a-stemme-bjerkreim-hoyre\/\" \/>\n<meta property=\"og:locale\" content=\"nb_NO\" \/>\n<meta property=\"og:type\" content=\"article\" \/>\n<meta property=\"og:title\" content=\"10 grunner til \u00e5 stemme Bjerkreim H\u00f8yre - Bjerkreim H\u00f8yre\" \/>\n<meta property=\"og:url\" content=\"https:\/\/hoyre.no\/bjerkreim\/10-grunner-til-a-stemme-bjerkreim-hoyre\/\" \/>\n<meta property=\"og:site_name\" content=\"Bjerkreim H\u00f8yre\" \/>\n<meta property=\"article:modified_time\" content=\"2023-06-15T11:00:34+00:00\" \/>\n<meta property=\"og:image\" content=\"https:\/\/hoyre.no\/content\/uploads\/sites\/227\/2023\/06\/IMG_2325-1024x576.png\" \/>\n<meta name=\"twitter:card\" content=\"summary_large_image\" \/>\n<meta name=\"twitter:label1\" content=\"Ansl. lesetid\" \/>\n\t<meta name=\"twitter:data1\" content=\"1 minutt\" \/>\n<script type=\"application\/ld+json\" class=\"yoast-schema-graph\">{\"@context\":\"https:\/\/schema.org\",\"@graph\":[{\"@type\":\"WebPage\",\"@id\":\"https:\/\/hoyre.no\/bjerkreim\/10-grunner-til-a-stemme-bjerkreim-hoyre\/\",\"url\":\"https:\/\/hoyre.no\/bjerkreim\/10-grunner-til-a-stemme-bjerkreim-hoyre\/\",\"name\":\"10 grunner til \u00e5 stemme Bjerkreim H\u00f8yre - Bjerkreim H\u00f8yre\",\"isPartOf\":{\"@id\":\"https:\/\/hoyre.no\/bjerkreim\/#website\"},\"datePublished\":\"2023-06-13T21:08:54+00:00\",\"dateModified\":\"2023-06-15T11:00:34+00:00\",\"breadcrumb\":{\"@id\":\"https:\/\/hoyre.no\/bjerkreim\/10-grunner-til-a-stemme-bjerkreim-hoyre\/#breadcrumb\"},\"inLanguage\":\"nb-NO\",\"potentialAction\":[{\"@type\":\"ReadAction\",\"target\":[\"https:\/\/hoyre.no\/bjerkreim\/10-grunner-til-a-stemme-bjerkreim-hoyre\/\"]}]},{\"@type\":\"BreadcrumbList\",\"@id\":\"https:\/\/hoyre.no\/bjerkreim\/10-grunner-til-a-stemme-bjerkreim-hoyre\/#breadcrumb\",\"itemListElement\":[{\"@type\":\"ListItem\",\"position\":1,\"name\":\"Til hoyre.no\",\"item\":\"https:\/\/hoyre.no\"},{\"@type\":\"ListItem\",\"position\":2,\"name\":\"Hjem\",\"item\":\"https:\/\/hoyre.no\/bjerkreim\/\"},{\"@type\":\"ListItem\",\"position\":3,\"name\":\"10 grunner til \u00e5 stemme Bjerkreim H\u00f8yre\"}]},{\"@type\":\"WebSite\",\"@id\":\"https:\/\/hoyre.no\/bjerkreim\/#website\",\"url\":\"https:\/\/hoyre.no\/bjerkreim\/\",\"name\":\"Bjerkreim H\u00f8yre\",\"description\":\"Bare enda et H\u00f8yres nettsteder-nettsted\",\"inLanguage\":\"nb-NO\"}]}<\/script>\n<!-- \/ Yoast SEO plugin. -->","yoast_head_json":{"title":"10 grunner til \u00e5 stemme Bjerkreim H\u00f8yre - Bjerkreim H\u00f8yre","robots":{"index":"index","follow":"follow","max-snippet":"max-snippet:-1","max-image-preview":"max-image-preview:large","max-video-preview":"max-video-preview:-1"},"canonical":"https:\/\/hoyre.no\/bjerkreim\/10-grunner-til-a-stemme-bjerkreim-hoyre\/","og_locale":"nb_NO","og_type":"article","og_title":"10 grunner til \u00e5 stemme Bjerkreim H\u00f8yre - Bjerkreim H\u00f8yre","og_url":"https:\/\/hoyre.no\/bjerkreim\/10-grunner-til-a-stemme-bjerkreim-hoyre\/","og_site_name":"Bjerkreim H\u00f8yre","article_modified_time":"2023-06-15T11:00:34+00:00","og_image":[{"url":"https:\/\/hoyre.no\/content\/uploads\/sites\/227\/2023\/06\/IMG_2325-1024x576.png","width":"","height":"","type":""}],"twitter_card":"summary_large_image","twitter_misc":{"Ansl. lesetid":"1 minutt"},"schema":{"@context":"https:\/\/schema.org","@graph":[{"@type":"WebPage","@id":"https:\/\/hoyre.no\/bjerkreim\/10-grunner-til-a-stemme-bjerkreim-hoyre\/","url":"https:\/\/hoyre.no\/bjerkreim\/10-grunner-til-a-stemme-bjerkreim-hoyre\/","name":"10 grunner til \u00e5 stemme Bjerkreim H\u00f8yre - Bjerkreim H\u00f8yre","isPartOf":{"@id":"https:\/\/hoyre.no\/bjerkreim\/#website"},"datePublished":"2023-06-13T21:08:54+00:00","dateModified":"2023-06-15T11:00:34+00:00","breadcrumb":{"@id":"https:\/\/hoyre.no\/bjerkreim\/10-grunner-til-a-stemme-bjerkreim-hoyre\/#breadcrumb"},"inLanguage":"nb-NO","potentialAction":[{"@type":"ReadAction","target":["https:\/\/hoyre.no\/bjerkreim\/10-grunner-til-a-stemme-bjerkreim-hoyre\/"]}]},{"@type":"BreadcrumbList","@id":"https:\/\/hoyre.no\/bjerkreim\/10-grunner-til-a-stemme-bjerkreim-hoyre\/#breadcrumb","itemListElement":[{"@type":"ListItem","position":1,"name":"Til hoyre.no","item":"https:\/\/hoyre.no"},{"@type":"ListItem","position":2,"name":"Hjem","item":"https:\/\/hoyre.no\/bjerkreim\/"},{"@type":"ListItem","position":3,"name":"10 grunner til \u00e5 stemme Bjerkreim H\u00f8yre"}]},{"@type":"WebSite","@id":"https:\/\/hoyre.no\/bjerkreim\/#website","url":"https:\/\/hoyre.no\/bjerkreim\/","name":"Bjerkreim H\u00f8yre","description":"Bare enda et H\u00f8yres nettsteder-nettsted","inLanguage":"nb-NO"}]}},"distributor_meta":false,"distributor_terms":false,"distributor_media":false,"distributor_original_site_name":"Bjerkreim H\u00f8yre","distributor_original_site_url":"https:\/\/hoyre.no\/bjerkreim","push-errors":false,"_links":{"self":[{"href":"https:\/\/hoyre.no\/bjerkreim\/wp-json\/wp\/v2\/pages\/83","targetHints":{"allow":["GET"]}}],"collection":[{"href":"https:\/\/hoyre.no\/bjerkreim\/wp-json\/wp\/v2\/pages"}],"about":[{"href":"https:\/\/hoyre.no\/bjerkreim\/wp-json\/wp\/v2\/types\/page"}],"author":[{"embeddable":true,"href":"https:\/\/hoyre.no\/bjerkreim\/wp-json\/wp\/v2\/users\/10416"}],"replies":[{"embeddable":true,"href":"https:\/\/hoyre.no\/bjerkreim\/wp-json\/wp\/v2\/comments?post=83"}],"version-history":[{"count":2,"href":"https:\/\/hoyre.no\/bjerkreim\/wp-json\/wp\/v2\/pages\/83\/revisions"}],"predecessor-version":[{"id":169,"href":"https:\/\/hoyre.no\/bjerkreim\/wp-json\/wp\/v2\/pages\/83\/revisions\/169"}],"wp:attachment":[{"href":"https:\/\/hoyre.no\/bjerkreim\/wp-json\/wp\/v2\/media?parent=83"}],"curies":[{"name":"wp","href":"https:\/\/api.w.org\/{rel}","templated":true}]}}