{"id":50,"date":"2023-06-08T13:15:00","date_gmt":"2023-06-08T11:15:00","guid":{"rendered":"https:\/\/hoyre.no\/bokn\/?page_id=50"},"modified":"2025-01-28T12:34:04","modified_gmt":"2025-01-28T11:34:04","slug":"bokn-hoyres-ordforerkandidat","status":"publish","type":"page","link":"https:\/\/hoyre.no\/bokn\/bokn-hoyres-ordforerkandidat\/","title":{"rendered":"Bokn H\u00f8yres Ordf\u00f8rerkandidat"},"content":{"rendered":"\n<div class=\"wp-block-hoyre-hero with-image-gradient text-color-light  has-media alignfull has-background\"><div class=\"hoyre-hero has-image\"><h1 class=\"title\">Lene Ogn\u00f8y Foss<\/h1><p class=\"preamble\"> Lene er gruppeleder for H\u00f8yre i Bokn. Her kan du blir bedre kjent med henne.<\/p>\t\t\t<div class=\"post-meta wp-block teft-byline-wrapper\">\n\t\t\t\t<div class=\"top\">\n\t\t\t\t\t<div class=\"signature\">\n\t\t\t\t\t\t<div class=\"teft-byline\">\n\t\t\t\t\t\t\t\t\t\t\t\t\t\t<div>\n\t\t\t\t\t\t\t\t<h3>H\u00f8yres redaksjon<\/h3>\t\t\t\t\t\t\t\t\n\t\t\t\t\t\t\t\t\t\t\t\t\t\t\t\t\t<span class=\"date\">Sist oppdatert: 28. januar 2025<\/span>\n\t\t\t\t\t\t\t\t\t\t\t\t\t\t\t\t\t\t\t\t\t\t\t\t\t<span class=\"reading-time\" itemprop=\"timeRequired\" content=\"PT3M\"><em>Ca. 3 minutter lesetid<\/em><\/span>\n\t\t\t\t\t\t\t\t\t\t\t\t\t\t\t<\/div>\n\t\t\t\t\t\t<\/div>\n\t\t\t\t\t<\/div>\n\t\t\t\t\t\t<div class=\"sharing\">\n\t\t<a class=\"share-button share-link copy-link\" data-copy=\"https:\/\/hoyre.no\/bokn\/bokn-hoyres-ordforerkandidat\/\" target=\"_blank\"><span class=\"screen-reader-text\">Del link<\/span><\/a>\n\t\t<a class=\"share-button share-twitter\" href=\"http:\/\/twitter.com\/share?text=Bokn H\u00f8yres Ordf\u00f8rerkandidat&#038;url=https:\/\/hoyre.no\/bokn\/bokn-hoyres-ordforerkandidat\/&#038;hashtags=Hoyre\" target=\"_blank\"><span class=\"screen-reader-text\">Del p\u00e5 twitter<\/span><\/a>\n\t\t<a class=\"share-button share-facebook\" href=\"https:\/\/www.facebook.com\/sharer\/sharer.php?u=https:\/\/hoyre.no\/bokn\/bokn-hoyres-ordforerkandidat\/\" target=\"_blank\"><span class=\"screen-reader-text\">Del p\u00e5 facebook<\/span><\/a>\n\t<\/div>\n\t\t\t\t\t<\/div>\n\t\t\t<\/div>\n\n\t\t\t<figure class=\"hoyre-image-wrapper\"><div class=\"hoyre-image\"><img loading=\"lazy\" decoding=\"async\" width=\"2500\" height=\"1667\" src=\"https:\/\/hoyre.no\/content\/uploads\/sites\/226\/2023\/05\/52770505905_9c3edbbafb_o-scaled.jpg\" class=\"attachment-scaled size-scaled\" alt=\"\" style=\"object-position: 50% 50%\" srcset=\"https:\/\/hoyre.no\/content\/uploads\/sites\/226\/2023\/05\/52770505905_9c3edbbafb_o-scaled.jpg 2500w, https:\/\/hoyre.no\/content\/uploads\/sites\/226\/2023\/05\/52770505905_9c3edbbafb_o-300x200.jpg 300w, https:\/\/hoyre.no\/content\/uploads\/sites\/226\/2023\/05\/52770505905_9c3edbbafb_o-1024x683.jpg 1024w, https:\/\/hoyre.no\/content\/uploads\/sites\/226\/2023\/05\/52770505905_9c3edbbafb_o-768x512.jpg 768w, https:\/\/hoyre.no\/content\/uploads\/sites\/226\/2023\/05\/52770505905_9c3edbbafb_o-1536x1024.jpg 1536w, https:\/\/hoyre.no\/content\/uploads\/sites\/226\/2023\/05\/52770505905_9c3edbbafb_o-2048x1365.jpg 2048w\" sizes=\"auto, (max-width: 2500px) 100vw, 2500px\" \/><\/div><\/figure><\/div><\/div>\n\n\n\n<div class=\"wp-block-columns is-layout-flex wp-container-core-columns-is-layout-9d6595d7 wp-block-columns-is-layout-flex\">\n<div class=\"wp-block-column is-layout-flow wp-block-column-is-layout-flow\" style=\"flex-basis:100%\">\n\n<div class=\"wp-block-buttons is-layout-flex wp-block-buttons-is-layout-flex\">\n<div class=\"wp-block-button\" id=\"Lene\"><a class=\"wp-block-button__link wp-element-button\" href=\"https:\/\/hoyre.no\/personprofiler\/lene-ognoy-foss\/\" target=\"_blank\" rel=\"noreferrer noopener\">Kom i kontakt med lene<\/a><\/div>\n<\/div>\n\n<\/div>\n<\/div>\n\n\n\n<div class=\"wp-block-hoyre-banner undefined has-icon-title icon-heart\"><div class=\"banner-inner\"><div class=\"banner-content\"><div class=\"entry-content\">\n<h2 class=\"wp-block-heading has-text-align-center\">Bli bedre kjent med Lene!<\/h2>\n\n\n\n<p class=\"has-text-align-left\"><strong>Bosted:<\/strong> Alvestadkroken<\/p>\n\n\n\n<p class=\"has-text-align-left\"><strong>Sivilstatus: <\/strong>Gift med Trond og mor til Joachim, Markus og Truls.<\/p>\n\n\n\n<p class=\"has-text-align-left\"><strong>Jobb:<\/strong> Autorisert r\u00e5dgiver i Sparebanken Vest i 13\u00e5r, varaordf\u00f8rer siden 2019.<\/p>\n\n\n\n<p class=\"has-text-align-left\"><strong>Bakgrunn:<\/strong> Tidligere jobbet p\u00e5 IKEA, Lefdal og Ge Money Bank. <\/p>\n\n\n\n<p class=\"has-text-align-left\"><strong>Politisk erfaring:<\/strong> Kommunestyre- og formannskapsmedlem siden 2015. Gruppeleder for H\u00f8yre siden 2019.<\/p>\n\n\n\n<p class=\"has-text-align-left\"><strong>Hvorfor meldte du deg inn i H\u00f8yre?<\/strong> Jeg valgte meg H\u00f8yre fordi de setter mennesker f\u00f8r system og er et JA-parti.<\/p>\n\n\n\n<p class=\"has-text-align-left\"><strong>Hva gj\u00f8r deg skikkelig glad?<\/strong> Jeg er veldig sosial, og blir superglad av mennesker. Jeg liker godt \u00e5 bli kjent med nye folk. Se mennesker rundt meg mestre og har det bra. Familien og venner gir meg  energi og godt hum\u00f8r.<\/p>\n\n\n\n<p class=\"has-text-align-left\"><strong>Hva provoserer deg?<\/strong>\u00a0\u00a0Jeg blir provosert om  folk ikke blir behandlet likt og med respekt. Jeg blir provosert av nettroll og folk som bare kritiserer uten \u00e5 komme med egne l\u00f8sninger.<\/p>\n\n\n\n<p class=\"has-text-align-left\"><strong>Fritidsinteresser:<\/strong> G\u00e5 tur, samles med venner og familie. Reising og opplevelser. Hummerfiske, slal\u00e5m og god mat.<\/p>\n\n\n\n<div class=\"wp-block-buttons is-layout-flex wp-block-buttons-is-layout-flex\"><\/div>\n<\/div><\/div><\/div><\/div>\n\n\n\n<figure class=\"wp-block-teft-gallery columns-3 count-3 rows-2 is-cropped is-style-grid\"><ul class=\"teft-gallery-grid\"><li class=\"teft-gallery-item \"><figure><a href=\"https:\/\/hoyre.no\/content\/uploads\/sites\/226\/2023\/06\/IMG_3149.jpg\" data-size=\"1188x2208\"><img loading=\"lazy\" decoding=\"async\" width=\"551\" height=\"1024\" src=\"https:\/\/hoyre.no\/content\/uploads\/sites\/226\/2023\/06\/IMG_3149-551x1024.jpg\" class=\"attachment-large size-large\" alt=\"\" srcset=\"https:\/\/hoyre.no\/content\/uploads\/sites\/226\/2023\/06\/IMG_3149-551x1024.jpg 551w, https:\/\/hoyre.no\/content\/uploads\/sites\/226\/2023\/06\/IMG_3149-161x300.jpg 161w, https:\/\/hoyre.no\/content\/uploads\/sites\/226\/2023\/06\/IMG_3149-768x1427.jpg 768w, https:\/\/hoyre.no\/content\/uploads\/sites\/226\/2023\/06\/IMG_3149-826x1536.jpg 826w, https:\/\/hoyre.no\/content\/uploads\/sites\/226\/2023\/06\/IMG_3149-1102x2048.jpg 1102w, https:\/\/hoyre.no\/content\/uploads\/sites\/226\/2023\/06\/IMG_3149.jpg 1188w\" sizes=\"auto, (max-width: 551px) 100vw, 551px\" \/ data-full-url=\"https:\/\/hoyre.no\/content\/uploads\/sites\/226\/2023\/06\/IMG_3149.jpg\" data-id=\"130\" data-caption=\"130\"\/><\/a><\/figure><\/li><li class=\"teft-gallery-item \"><figure><a href=\"https:\/\/hoyre.no\/content\/uploads\/sites\/226\/2023\/06\/IMG_5848.png\" data-size=\"1125x2436\"><img loading=\"lazy\" decoding=\"async\" width=\"473\" height=\"1024\" src=\"https:\/\/hoyre.no\/content\/uploads\/sites\/226\/2023\/06\/IMG_5848-473x1024.png\" class=\"attachment-large size-large\" alt=\"\" srcset=\"https:\/\/hoyre.no\/content\/uploads\/sites\/226\/2023\/06\/IMG_5848-473x1024.png 473w, https:\/\/hoyre.no\/content\/uploads\/sites\/226\/2023\/06\/IMG_5848-139x300.png 139w, https:\/\/hoyre.no\/content\/uploads\/sites\/226\/2023\/06\/IMG_5848-768x1663.png 768w, https:\/\/hoyre.no\/content\/uploads\/sites\/226\/2023\/06\/IMG_5848-709x1536.png 709w, https:\/\/hoyre.no\/content\/uploads\/sites\/226\/2023\/06\/IMG_5848-946x2048.png 946w, https:\/\/hoyre.no\/content\/uploads\/sites\/226\/2023\/06\/IMG_5848.png 1125w\" sizes=\"auto, (max-width: 473px) 100vw, 473px\" \/ data-full-url=\"https:\/\/hoyre.no\/content\/uploads\/sites\/226\/2023\/06\/IMG_5848.png\" data-id=\"131\" data-caption=\"131\"\/><\/a><\/figure><\/li><li class=\"teft-gallery-item \"><figure><a href=\"https:\/\/hoyre.no\/content\/uploads\/sites\/226\/2023\/06\/IMG_6635-scaled.jpg\" data-size=\"1875x2500\"><img loading=\"lazy\" decoding=\"async\" width=\"768\" height=\"1024\" src=\"https:\/\/hoyre.no\/content\/uploads\/sites\/226\/2023\/06\/IMG_6635-768x1024.jpg\" class=\"attachment-large size-large\" alt=\"\" srcset=\"https:\/\/hoyre.no\/content\/uploads\/sites\/226\/2023\/06\/IMG_6635-768x1024.jpg 768w, https:\/\/hoyre.no\/content\/uploads\/sites\/226\/2023\/06\/IMG_6635-225x300.jpg 225w, https:\/\/hoyre.no\/content\/uploads\/sites\/226\/2023\/06\/IMG_6635-1152x1536.jpg 1152w, https:\/\/hoyre.no\/content\/uploads\/sites\/226\/2023\/06\/IMG_6635-1536x2048.jpg 1536w, https:\/\/hoyre.no\/content\/uploads\/sites\/226\/2023\/06\/IMG_6635-scaled.jpg 1875w\" sizes=\"auto, (max-width: 768px) 100vw, 768px\" \/ data-full-url=\"https:\/\/hoyre.no\/content\/uploads\/sites\/226\/2023\/06\/IMG_6635-scaled.jpg\" data-id=\"132\" data-caption=\"132\"\/><\/a><\/figure><\/li><\/ul><\/figure>\n\n\n\n<h2 class=\"wp-block-heading\">Lene sin hjertesak<\/h2>\n\n\n\n<p>\ud83d\udc99 Jeg har et stort hjerte for Bokn. Jeg er f\u00f8dt og oppvokst i kommunen, og er skikkelig Bokn-patriot! I Bokn har vi tradisjoner for dra lasset sammen og \u00e5 skape en god kommune. Jeg sier det enkelt; mitt og H\u00f8yres \u00f8nske er at Bokn skal v\u00e6re Norges beste kommune \u00e5 bo i!<br>Da m\u00e5 vi s\u00f8rge for trygge\u00a0n\u00e6rmilj\u00f8\u00a0med gode m\u00f8testeder. Frivilligheten er v\u00e5r viktigste ressurs for nettopp det, og derfor skal vi alltid v\u00e6re positive til initiativ fra frivillige lag og foreninger.\u00a0<br><br>\ud83d\udc99 Vi er glad i skolen v\u00e5r. Vi m\u00e5 s\u00f8rge for at skolen er trygt for v\u00e5re elever og ansatte. Vi m\u00e5 vi satse p\u00e5 l\u00e6rer, fagarbeidere og forebyggende arbeid. S\u00f8rge for oppdatert l\u00e6reverk, tilby mer praktisk l\u00e6ring og ha en skole som i st\u00f8rre grad motiverer elevene v\u00e5re.\u00a0<br><br>\ud83d\udc99 Gammel nok til \u00e5 bestemme selv. Vi vil at v\u00e5re eldre skal f\u00e5 bestemme mer over egen hverdag. Vi vil bidra til bedre samarbeid mellom hjemmetjenesten, p\u00e5r\u00f8rende og frivillige for \u00e5 forebygge og redusere ensomhet, inaktivitet og fare for underern\u00e6ring hos hjemmeboende eldre.\u00a0<\/p>\n\n\n\n<p>\u00a0\ud83d\udc99 Jeg mener at Bokn er\u00a0p\u00e5 sitt beste\u00a0n\u00e5r folkevalgte spiller p\u00e5 lag med innbyggere, n\u00e6ringsliv, lag og foreninger.\u00a0Det handler rett og slett om \u00e5 forst\u00e5 hvordan innbyggerne \u00f8nsker \u00e5 leve livene sine.\u00a0<br><br>Sammen skaper vi det beste Bokn!<\/p>\n\n\n\n<figure class=\"wp-block-teft-gallery columns-3 count-6 rows-2 is-cropped is-style-grid\"><ul class=\"teft-gallery-grid\"><li class=\"teft-gallery-item \"><figure><a data-size=\"undefinedxundefined\"><img loading=\"lazy\" decoding=\"async\" width=\"551\" height=\"1024\" src=\"https:\/\/hoyre.no\/content\/uploads\/sites\/226\/2023\/06\/IMG_2983-551x1024.jpg\" class=\"attachment-large size-large\" alt=\"\" srcset=\"https:\/\/hoyre.no\/content\/uploads\/sites\/226\/2023\/06\/IMG_2983-551x1024.jpg 551w, https:\/\/hoyre.no\/content\/uploads\/sites\/226\/2023\/06\/IMG_2983-161x300.jpg 161w, https:\/\/hoyre.no\/content\/uploads\/sites\/226\/2023\/06\/IMG_2983-768x1427.jpg 768w, https:\/\/hoyre.no\/content\/uploads\/sites\/226\/2023\/06\/IMG_2983-826x1536.jpg 826w, https:\/\/hoyre.no\/content\/uploads\/sites\/226\/2023\/06\/IMG_2983-1102x2048.jpg 1102w, https:\/\/hoyre.no\/content\/uploads\/sites\/226\/2023\/06\/IMG_2983.jpg 1188w\" sizes=\"auto, (max-width: 551px) 100vw, 551px\" \/ data-full-url=\"https:\/\/hoyre.no\/content\/uploads\/sites\/226\/2023\/06\/IMG_2983.jpg\" data-id=\"133\" data-caption=\"133\"\/><\/a><\/figure><\/li><li class=\"teft-gallery-item \"><figure><a data-size=\"undefinedxundefined\"><img loading=\"lazy\" decoding=\"async\" width=\"596\" height=\"1024\" src=\"https:\/\/hoyre.no\/content\/uploads\/sites\/226\/2023\/06\/IMG_4356-596x1024.png\" class=\"attachment-large size-large\" alt=\"\" srcset=\"https:\/\/hoyre.no\/content\/uploads\/sites\/226\/2023\/06\/IMG_4356-596x1024.png 596w, https:\/\/hoyre.no\/content\/uploads\/sites\/226\/2023\/06\/IMG_4356-175x300.png 175w, https:\/\/hoyre.no\/content\/uploads\/sites\/226\/2023\/06\/IMG_4356-768x1319.png 768w, https:\/\/hoyre.no\/content\/uploads\/sites\/226\/2023\/06\/IMG_4356-894x1536.png 894w, https:\/\/hoyre.no\/content\/uploads\/sites\/226\/2023\/06\/IMG_4356.png 1125w\" sizes=\"auto, (max-width: 596px) 100vw, 596px\" \/ data-full-url=\"https:\/\/hoyre.no\/content\/uploads\/sites\/226\/2023\/06\/IMG_4356.png\" data-id=\"134\" data-caption=\"134\"\/><\/a><\/figure><\/li><li class=\"teft-gallery-item \"><figure><a data-size=\"undefinedxundefined\"><img loading=\"lazy\" decoding=\"async\" width=\"557\" height=\"1024\" src=\"https:\/\/hoyre.no\/content\/uploads\/sites\/226\/2023\/06\/IMG_4574-557x1024.jpg\" class=\"attachment-large size-large\" alt=\"\" srcset=\"https:\/\/hoyre.no\/content\/uploads\/sites\/226\/2023\/06\/IMG_4574-557x1024.jpg 557w, https:\/\/hoyre.no\/content\/uploads\/sites\/226\/2023\/06\/IMG_4574-163x300.jpg 163w, https:\/\/hoyre.no\/content\/uploads\/sites\/226\/2023\/06\/IMG_4574-768x1413.jpg 768w, https:\/\/hoyre.no\/content\/uploads\/sites\/226\/2023\/06\/IMG_4574-835x1536.jpg 835w, https:\/\/hoyre.no\/content\/uploads\/sites\/226\/2023\/06\/IMG_4574-1113x2048.jpg 1113w, https:\/\/hoyre.no\/content\/uploads\/sites\/226\/2023\/06\/IMG_4574.jpg 1200w\" sizes=\"auto, (max-width: 557px) 100vw, 557px\" \/ data-full-url=\"https:\/\/hoyre.no\/content\/uploads\/sites\/226\/2023\/06\/IMG_4574.jpg\" data-id=\"135\" data-caption=\"135\"\/><\/a><\/figure><\/li><li class=\"teft-gallery-item \"><figure><a data-size=\"undefinedxundefined\"><img loading=\"lazy\" decoding=\"async\" width=\"1024\" height=\"490\" src=\"https:\/\/hoyre.no\/content\/uploads\/sites\/226\/2023\/06\/IMG_4917-1024x490.jpg\" class=\"attachment-large size-large\" alt=\"\" srcset=\"https:\/\/hoyre.no\/content\/uploads\/sites\/226\/2023\/06\/IMG_4917-1024x490.jpg 1024w, https:\/\/hoyre.no\/content\/uploads\/sites\/226\/2023\/06\/IMG_4917-300x144.jpg 300w, https:\/\/hoyre.no\/content\/uploads\/sites\/226\/2023\/06\/IMG_4917-768x368.jpg 768w, https:\/\/hoyre.no\/content\/uploads\/sites\/226\/2023\/06\/IMG_4917-1536x735.jpg 1536w, https:\/\/hoyre.no\/content\/uploads\/sites\/226\/2023\/06\/IMG_4917-rotated.jpg 1897w\" sizes=\"auto, (max-width: 1024px) 100vw, 1024px\" \/ data-full-url=\"https:\/\/hoyre.no\/content\/uploads\/sites\/226\/2023\/06\/IMG_4917-rotated.jpg\" data-id=\"136\" data-caption=\"136\"\/><\/a><\/figure><\/li><li class=\"teft-gallery-item \"><figure><a data-size=\"undefinedxundefined\"><img loading=\"lazy\" decoding=\"async\" width=\"556\" height=\"1024\" src=\"https:\/\/hoyre.no\/content\/uploads\/sites\/226\/2023\/06\/lene-2-556x1024.jpg\" class=\"attachment-large size-large\" alt=\"\" srcset=\"https:\/\/hoyre.no\/content\/uploads\/sites\/226\/2023\/06\/lene-2-556x1024.jpg 556w, https:\/\/hoyre.no\/content\/uploads\/sites\/226\/2023\/06\/lene-2-163x300.jpg 163w, https:\/\/hoyre.no\/content\/uploads\/sites\/226\/2023\/06\/lene-2-768x1414.jpg 768w, https:\/\/hoyre.no\/content\/uploads\/sites\/226\/2023\/06\/lene-2-834x1536.jpg 834w, https:\/\/hoyre.no\/content\/uploads\/sites\/226\/2023\/06\/lene-2.jpg 1104w\" sizes=\"auto, (max-width: 556px) 100vw, 556px\" \/ data-full-url=\"https:\/\/hoyre.no\/content\/uploads\/sites\/226\/2023\/06\/lene-2.jpg\" data-id=\"137\" data-caption=\"137\"\/><\/a><\/figure><\/li><li class=\"teft-gallery-item \"><figure><a href=\"https:\/\/hoyre.no\/content\/uploads\/sites\/226\/2023\/06\/IMG_5081-scaled.jpg\" data-size=\"1875x2500\"><img loading=\"lazy\" decoding=\"async\" width=\"768\" height=\"1024\" src=\"https:\/\/hoyre.no\/content\/uploads\/sites\/226\/2023\/06\/IMG_5081-768x1024.jpg\" class=\"attachment-large size-large\" alt=\"\" srcset=\"https:\/\/hoyre.no\/content\/uploads\/sites\/226\/2023\/06\/IMG_5081-768x1024.jpg 768w, https:\/\/hoyre.no\/content\/uploads\/sites\/226\/2023\/06\/IMG_5081-225x300.jpg 225w, https:\/\/hoyre.no\/content\/uploads\/sites\/226\/2023\/06\/IMG_5081-1152x1536.jpg 1152w, https:\/\/hoyre.no\/content\/uploads\/sites\/226\/2023\/06\/IMG_5081-1536x2048.jpg 1536w, https:\/\/hoyre.no\/content\/uploads\/sites\/226\/2023\/06\/IMG_5081-scaled.jpg 1875w\" sizes=\"auto, (max-width: 768px) 100vw, 768px\" \/ data-full-url=\"https:\/\/hoyre.no\/content\/uploads\/sites\/226\/2023\/06\/IMG_5081-scaled.jpg\" data-id=\"167\" data-caption=\"167\"\/><\/a><\/figure><\/li><\/ul><\/figure>\n","protected":false},"excerpt":{"rendered":"<p>Lene sin hjertesak \ud83d\udc99 Jeg har et stort hjerte for Bokn. Jeg er f\u00f8dt og oppvokst i kommunen, og er skikkelig Bokn-patriot! I Bokn har vi tradisjoner for dra lasset sammen og \u00e5 skape en god kommune. Jeg sier det enkelt; mitt og H\u00f8yres \u00f8nske er at Bokn skal v\u00e6re Norges beste kommune \u00e5 bo [&hellip;]<\/p>\n","protected":false},"author":3069,"featured_media":0,"parent":0,"menu_order":0,"comment_status":"closed","ping_status":"closed","template":"","meta":{"teft_cards_image_url":"","teft_cards_custom_pretitle":"","teft_cards_image_id":0,"teft_cards_image_focal_point_x":0,"teft_cards_image_focal_point_y":0,"teft_cards_title":"","teft_cards_excerpt":"","teft_show_chapters":false,"footnotes":""},"class_list":["post-50","page","type-page","status-publish","hentry"],"yoast_head":"<!-- This site is optimized with the Yoast SEO plugin v26.6 - https:\/\/yoast.com\/wordpress\/plugins\/seo\/ -->\n<title>Bokn H\u00f8yres Ordf\u00f8rerkandidat - Bokn H\u00f8yre<\/title>\n<meta name=\"description\" content=\"Bli bedre kjent med gruppeleder i Bokn H\u00f8yre, Lene Ogn\u00f8y Foss.\" \/>\n<meta name=\"robots\" content=\"index, follow, max-snippet:-1, max-image-preview:large, max-video-preview:-1\" \/>\n<link rel=\"canonical\" href=\"https:\/\/hoyre.no\/bokn\/bokn-hoyres-ordforerkandidat\/\" \/>\n<meta property=\"og:locale\" content=\"nn_NO\" \/>\n<meta property=\"og:type\" content=\"article\" \/>\n<meta property=\"og:title\" content=\"Bokn H\u00f8yres Ordf\u00f8rerkandidat - Bokn H\u00f8yre\" \/>\n<meta property=\"og:description\" content=\"Bli bedre kjent med gruppeleder i Bokn H\u00f8yre, Lene Ogn\u00f8y Foss.\" \/>\n<meta property=\"og:url\" content=\"https:\/\/hoyre.no\/bokn\/bokn-hoyres-ordforerkandidat\/\" \/>\n<meta property=\"og:site_name\" content=\"Bokn H\u00f8yre\" \/>\n<meta property=\"article:modified_time\" content=\"2025-01-28T11:34:04+00:00\" \/>\n<meta property=\"og:image\" content=\"https:\/\/hoyre.no\/content\/uploads\/sites\/226\/2022\/11\/Hoyres-logo.png\" \/>\n\t<meta property=\"og:image:width\" content=\"1000\" \/>\n\t<meta property=\"og:image:height\" content=\"1000\" \/>\n\t<meta property=\"og:image:type\" content=\"image\/png\" \/>\n<meta name=\"twitter:card\" content=\"summary_large_image\" \/>\n<meta name=\"twitter:label1\" content=\"Est. reading time\" \/>\n\t<meta name=\"twitter:data1\" content=\"3 minutt\" \/>\n<script type=\"application\/ld+json\" class=\"yoast-schema-graph\">{\"@context\":\"https:\/\/schema.org\",\"@graph\":[{\"@type\":\"WebPage\",\"@id\":\"https:\/\/hoyre.no\/bokn\/bokn-hoyres-ordforerkandidat\/\",\"url\":\"https:\/\/hoyre.no\/bokn\/bokn-hoyres-ordforerkandidat\/\",\"name\":\"Bokn H\u00f8yres Ordf\u00f8rerkandidat - Bokn H\u00f8yre\",\"isPartOf\":{\"@id\":\"https:\/\/hoyre.no\/bokn\/#website\"},\"datePublished\":\"2023-06-08T11:15:00+00:00\",\"dateModified\":\"2025-01-28T11:34:04+00:00\",\"description\":\"Bli bedre kjent med gruppeleder i Bokn H\u00f8yre, Lene Ogn\u00f8y Foss.\",\"breadcrumb\":{\"@id\":\"https:\/\/hoyre.no\/bokn\/bokn-hoyres-ordforerkandidat\/#breadcrumb\"},\"inLanguage\":\"nn-NO\",\"potentialAction\":[{\"@type\":\"ReadAction\",\"target\":[\"https:\/\/hoyre.no\/bokn\/bokn-hoyres-ordforerkandidat\/\"]}]},{\"@type\":\"BreadcrumbList\",\"@id\":\"https:\/\/hoyre.no\/bokn\/bokn-hoyres-ordforerkandidat\/#breadcrumb\",\"itemListElement\":[{\"@type\":\"ListItem\",\"position\":1,\"name\":\"Til hoyre.no\",\"item\":\"https:\/\/hoyre.no\"},{\"@type\":\"ListItem\",\"position\":2,\"name\":\"Hjem\",\"item\":\"https:\/\/hoyre.no\/bokn\/\"},{\"@type\":\"ListItem\",\"position\":3,\"name\":\"Bokn H\u00f8yres Ordf\u00f8rerkandidat\"}]},{\"@type\":\"WebSite\",\"@id\":\"https:\/\/hoyre.no\/bokn\/#website\",\"url\":\"https:\/\/hoyre.no\/bokn\/\",\"name\":\"Bokn H\u00f8yre\",\"description\":\"Bare enda et H\u00f8yres nettsteder-nettsted\",\"inLanguage\":\"nn-NO\"}]}<\/script>\n<!-- \/ Yoast SEO plugin. -->","yoast_head_json":{"title":"Bokn H\u00f8yres Ordf\u00f8rerkandidat - Bokn H\u00f8yre","description":"Bli bedre kjent med gruppeleder i Bokn H\u00f8yre, Lene Ogn\u00f8y Foss.","robots":{"index":"index","follow":"follow","max-snippet":"max-snippet:-1","max-image-preview":"max-image-preview:large","max-video-preview":"max-video-preview:-1"},"canonical":"https:\/\/hoyre.no\/bokn\/bokn-hoyres-ordforerkandidat\/","og_locale":"nn_NO","og_type":"article","og_title":"Bokn H\u00f8yres Ordf\u00f8rerkandidat - Bokn H\u00f8yre","og_description":"Bli bedre kjent med gruppeleder i Bokn H\u00f8yre, Lene Ogn\u00f8y Foss.","og_url":"https:\/\/hoyre.no\/bokn\/bokn-hoyres-ordforerkandidat\/","og_site_name":"Bokn H\u00f8yre","article_modified_time":"2025-01-28T11:34:04+00:00","og_image":[{"width":1000,"height":1000,"url":"https:\/\/hoyre.no\/content\/uploads\/sites\/226\/2022\/11\/Hoyres-logo.png","type":"image\/png"}],"twitter_card":"summary_large_image","twitter_misc":{"Est. reading time":"3 minutt"},"schema":{"@context":"https:\/\/schema.org","@graph":[{"@type":"WebPage","@id":"https:\/\/hoyre.no\/bokn\/bokn-hoyres-ordforerkandidat\/","url":"https:\/\/hoyre.no\/bokn\/bokn-hoyres-ordforerkandidat\/","name":"Bokn H\u00f8yres Ordf\u00f8rerkandidat - Bokn H\u00f8yre","isPartOf":{"@id":"https:\/\/hoyre.no\/bokn\/#website"},"datePublished":"2023-06-08T11:15:00+00:00","dateModified":"2025-01-28T11:34:04+00:00","description":"Bli bedre kjent med gruppeleder i Bokn H\u00f8yre, Lene Ogn\u00f8y Foss.","breadcrumb":{"@id":"https:\/\/hoyre.no\/bokn\/bokn-hoyres-ordforerkandidat\/#breadcrumb"},"inLanguage":"nn-NO","potentialAction":[{"@type":"ReadAction","target":["https:\/\/hoyre.no\/bokn\/bokn-hoyres-ordforerkandidat\/"]}]},{"@type":"BreadcrumbList","@id":"https:\/\/hoyre.no\/bokn\/bokn-hoyres-ordforerkandidat\/#breadcrumb","itemListElement":[{"@type":"ListItem","position":1,"name":"Til hoyre.no","item":"https:\/\/hoyre.no"},{"@type":"ListItem","position":2,"name":"Hjem","item":"https:\/\/hoyre.no\/bokn\/"},{"@type":"ListItem","position":3,"name":"Bokn H\u00f8yres Ordf\u00f8rerkandidat"}]},{"@type":"WebSite","@id":"https:\/\/hoyre.no\/bokn\/#website","url":"https:\/\/hoyre.no\/bokn\/","name":"Bokn H\u00f8yre","description":"Bare enda et H\u00f8yres nettsteder-nettsted","inLanguage":"nn-NO"}]}},"distributor_meta":false,"distributor_terms":false,"distributor_media":false,"distributor_original_site_name":"Bokn H\u00f8yre","distributor_original_site_url":"https:\/\/hoyre.no\/bokn","push-errors":false,"_links":{"self":[{"href":"https:\/\/hoyre.no\/bokn\/wp-json\/wp\/v2\/pages\/50","targetHints":{"allow":["GET"]}}],"collection":[{"href":"https:\/\/hoyre.no\/bokn\/wp-json\/wp\/v2\/pages"}],"about":[{"href":"https:\/\/hoyre.no\/bokn\/wp-json\/wp\/v2\/types\/page"}],"author":[{"embeddable":true,"href":"https:\/\/hoyre.no\/bokn\/wp-json\/wp\/v2\/users\/3069"}],"replies":[{"embeddable":true,"href":"https:\/\/hoyre.no\/bokn\/wp-json\/wp\/v2\/comments?post=50"}],"version-history":[{"count":18,"href":"https:\/\/hoyre.no\/bokn\/wp-json\/wp\/v2\/pages\/50\/revisions"}],"predecessor-version":[{"id":197,"href":"https:\/\/hoyre.no\/bokn\/wp-json\/wp\/v2\/pages\/50\/revisions\/197"}],"wp:attachment":[{"href":"https:\/\/hoyre.no\/bokn\/wp-json\/wp\/v2\/media?parent=50"}],"curies":[{"name":"wp","href":"https:\/\/api.w.org\/{rel}","templated":true}]}}