{"id":68,"date":"2023-06-08T14:22:01","date_gmt":"2023-06-08T12:22:01","guid":{"rendered":"https:\/\/hoyre.no\/bokn\/?page_id=68"},"modified":"2025-01-28T12:36:39","modified_gmt":"2025-01-28T11:36:39","slug":"5-grunner-til-a-stemme-bokn-hoyre","status":"publish","type":"page","link":"https:\/\/hoyre.no\/bokn\/5-grunner-til-a-stemme-bokn-hoyre\/","title":{"rendered":"5 grunner til \u00e5 stemme Bokn H\u00f8yre"},"content":{"rendered":"\n<div class=\"wp-block-hoyre-hero with-image-gradient text-color-light  has-media alignfull has-background\"><div class=\"hoyre-hero has-image\"><h1 class=\"title\">5 grunner til \u00e5 stemme Bokn H\u00f8yre<\/h1><figure class=\"hoyre-image-wrapper\"><div class=\"hoyre-image\"><img loading=\"lazy\" decoding=\"async\" width=\"2500\" height=\"1875\" src=\"https:\/\/hoyre.no\/content\/uploads\/sites\/226\/2023\/06\/348361806_504331038485187_5939181105440554115_n-scaled.jpg\" class=\"attachment-scaled size-scaled\" alt=\"\" style=\"object-position: 50% 50%\" srcset=\"https:\/\/hoyre.no\/content\/uploads\/sites\/226\/2023\/06\/348361806_504331038485187_5939181105440554115_n-scaled.jpg 2500w, https:\/\/hoyre.no\/content\/uploads\/sites\/226\/2023\/06\/348361806_504331038485187_5939181105440554115_n-300x225.jpg 300w, https:\/\/hoyre.no\/content\/uploads\/sites\/226\/2023\/06\/348361806_504331038485187_5939181105440554115_n-1024x768.jpg 1024w, https:\/\/hoyre.no\/content\/uploads\/sites\/226\/2023\/06\/348361806_504331038485187_5939181105440554115_n-768x576.jpg 768w, https:\/\/hoyre.no\/content\/uploads\/sites\/226\/2023\/06\/348361806_504331038485187_5939181105440554115_n-1536x1152.jpg 1536w, https:\/\/hoyre.no\/content\/uploads\/sites\/226\/2023\/06\/348361806_504331038485187_5939181105440554115_n-2048x1536.jpg 2048w\" sizes=\"auto, (max-width: 2500px) 100vw, 2500px\" \/><\/div><\/figure><\/div><\/div>\n\n\n\n<div class=\"wp-block-hoyre-banner alignwide undefined has-icon-title icon-speech-bubbles is-style-dark\"><div class=\"banner-inner\"><figure class=\"hoyre-image-wrapper\"><div class=\"hoyre-image\"><img loading=\"lazy\" decoding=\"async\" width=\"2500\" height=\"1667\" src=\"https:\/\/hoyre.no\/content\/uploads\/sites\/226\/2023\/05\/52770505905_9c3edbbafb_o-scaled.jpg\" class=\"attachment-scaled size-scaled\" alt=\"\" style=\"object-position: 49% 56.00000000000001%\" srcset=\"https:\/\/hoyre.no\/content\/uploads\/sites\/226\/2023\/05\/52770505905_9c3edbbafb_o-scaled.jpg 2500w, https:\/\/hoyre.no\/content\/uploads\/sites\/226\/2023\/05\/52770505905_9c3edbbafb_o-300x200.jpg 300w, https:\/\/hoyre.no\/content\/uploads\/sites\/226\/2023\/05\/52770505905_9c3edbbafb_o-1024x683.jpg 1024w, https:\/\/hoyre.no\/content\/uploads\/sites\/226\/2023\/05\/52770505905_9c3edbbafb_o-768x512.jpg 768w, https:\/\/hoyre.no\/content\/uploads\/sites\/226\/2023\/05\/52770505905_9c3edbbafb_o-1536x1024.jpg 1536w, https:\/\/hoyre.no\/content\/uploads\/sites\/226\/2023\/05\/52770505905_9c3edbbafb_o-2048x1365.jpg 2048w\" sizes=\"auto, (max-width: 2500px) 100vw, 2500px\" \/><\/div><\/figure><div class=\"banner-content\"><div class=\"entry-content\">\n<p><strong><u>Med r\u00f8tter I fortiden skaper vi et framtidens Bokn.<\/u><\/strong><\/p>\n\n\n\n<p>Bokn st\u00e5r n\u00e5 foran en spennende fremtid, med bygging av Rogfast og vi blir bundet tett sammen med Stavanger-regionen. For Bokn H\u00f8yre blir det n\u00e5 viktig \u00e5 forberede Bokn p\u00e5 de nye mulighetene som vil oppst\u00e5 med Rogfast. Det er vi p\u00e5 Bokn som m\u00e5 gj\u00f8re jobben, utviklingen kommer ikke av seg selv. Derfor trenger vi en engasjerte og dyktige politikere. Det er v\u00e5r visjon \u00e5 legge til rette for at Bokn Kommune vil bli en attraktiv kommune b\u00e5de \u00e5 vokse opp i, bo i og bli gammel i.<\/p>\n\n\n\n<div class=\"wp-block-buttons is-layout-flex wp-block-buttons-is-layout-flex\"><\/div>\n<\/div><\/div><\/div><\/div>\n\n\n\n\t\t<div class=\"has-pale-purple-background-color is-layout-right alignwide alignwide wp-block-hoyre-media-text\">\n\t\t\t<div class=\"hoyre-media-text__media\">\n\t\t\t\t<img loading=\"lazy\" decoding=\"async\" width=\"1024\" height=\"683\" src=\"https:\/\/hoyre.no\/content\/uploads\/sites\/226\/2023\/06\/GettyImages-1032862512-1024x683.jpg\" class=\"hoyre-media-text__media-image\" alt=\"\" style=\"--focal: 50% 50%;\" srcset=\"https:\/\/hoyre.no\/content\/uploads\/sites\/226\/2023\/06\/GettyImages-1032862512-1024x683.jpg 1024w, https:\/\/hoyre.no\/content\/uploads\/sites\/226\/2023\/06\/GettyImages-1032862512-300x200.jpg 300w, https:\/\/hoyre.no\/content\/uploads\/sites\/226\/2023\/06\/GettyImages-1032862512-768x512.jpg 768w, https:\/\/hoyre.no\/content\/uploads\/sites\/226\/2023\/06\/GettyImages-1032862512-1536x1024.jpg 1536w, https:\/\/hoyre.no\/content\/uploads\/sites\/226\/2023\/06\/GettyImages-1032862512-2048x1365.jpg 2048w\" sizes=\"auto, (max-width: 1024px) 100vw, 1024px\" \/>\n\t\t\t<\/div>\n\t\t\t<div class=\"hoyre-media-text__content\">\n\t\t\t\t<div class=\"hoyre-media-text__content-inner\">\n\t\t\t\t\t\n\t\t\t<div class=\"hoyre-media-text__title-container\">\n\t\t\t\t\n\t\t\t\t<h2 class=\"hoyre-media-text__title\">1. Bokn skal v\u00e6re en JA- kommune<\/h2>\n\t\t\t<\/div>\n\t\t\t\n\t\t\t\t\t<div class=\"hoyre-media-text__blocks\">\n<p><strong>H\u00f8yre vil at Bokn skal v\u00e6re en JA-kommune som spiller p\u00e5 lag med folk, frivillighet og n\u00e6ringsliv. Bokn skal v\u00e6re en attraktiv, forutsigbar og god kommune \u00e5 bo, jobbe og leve i og vi \u00f8nsker en kommune som ikke gj\u00f8r ting vanskeligere enn de er. Du skal f\u00e5 bestemme mest mulig over egen hverdag og eget liv. H\u00f8yre skal si JA n\u00e5r vi kan, og nei KUN n\u00e5r vi m\u00e5.<\/strong><\/p>\n<\/div>\n\t\t\t\t\t\n\t\t\t\t<\/div>\n\t\t\t<\/div>\n\t\t<\/div>\n\t\t\n\n\n\t\t<div class=\"has-pale-green-background-color is-layout-left alignwide alignwide wp-block-hoyre-media-text\">\n\t\t\t<div class=\"hoyre-media-text__media\">\n\t\t\t\t<img loading=\"lazy\" decoding=\"async\" width=\"1024\" height=\"566\" src=\"https:\/\/hoyre.no\/content\/uploads\/sites\/226\/2023\/06\/GettyImages-473032112-1024x566.jpg\" class=\"hoyre-media-text__media-image\" alt=\"\" style=\"--focal: 50% 50%;\" srcset=\"https:\/\/hoyre.no\/content\/uploads\/sites\/226\/2023\/06\/GettyImages-473032112-1024x566.jpg 1024w, https:\/\/hoyre.no\/content\/uploads\/sites\/226\/2023\/06\/GettyImages-473032112-300x166.jpg 300w, https:\/\/hoyre.no\/content\/uploads\/sites\/226\/2023\/06\/GettyImages-473032112-768x425.jpg 768w, https:\/\/hoyre.no\/content\/uploads\/sites\/226\/2023\/06\/GettyImages-473032112-1536x850.jpg 1536w, https:\/\/hoyre.no\/content\/uploads\/sites\/226\/2023\/06\/GettyImages-473032112-2048x1133.jpg 2048w\" sizes=\"auto, (max-width: 1024px) 100vw, 1024px\" \/>\n\t\t\t<\/div>\n\t\t\t<div class=\"hoyre-media-text__content\">\n\t\t\t\t<div class=\"hoyre-media-text__content-inner\">\n\t\t\t\t\t\n\t\t\t<div class=\"hoyre-media-text__title-container\">\n\t\t\t\t\n\t\t\t\t<h2 class=\"hoyre-media-text__title\">2. Fritidstilbud for alle!<\/h2>\n\t\t\t<\/div>\n\t\t\t\n\t\t\t\t\t<div class=\"hoyre-media-text__blocks\">\n<p>Vi i Bokn H\u00f8yre skal alltid v\u00e6re positive til initiativ fra frivilligheten. Et bredt idretts- og aktivitetstilbud sikrer muligheter til bevegelse og engasjement, bidrar til integrering og fremmer god helse. Da m\u00e5 det v\u00e6re enkelt \u00e5 etablere og drive aktiviteter. Bokn skal v\u00e6re en ja-kommune for lag og foreninger.<\/p>\n<\/div>\n\t\t\t\t\t\n\t\t\t\t<\/div>\n\t\t\t<\/div>\n\t\t<\/div>\n\t\t\n\n\n\t\t<div class=\"has-lightest-blue-background-color is-layout-right alignwide alignwide wp-block-hoyre-media-text\">\n\t\t\t<div class=\"hoyre-media-text__media\">\n\t\t\t\t<img loading=\"lazy\" decoding=\"async\" width=\"1024\" height=\"683\" src=\"https:\/\/hoyre.no\/content\/uploads\/sites\/226\/2023\/06\/GettyImages-1216408189-1024x683.jpg\" class=\"hoyre-media-text__media-image\" alt=\"\" style=\"--focal: 50% 50%;\" srcset=\"https:\/\/hoyre.no\/content\/uploads\/sites\/226\/2023\/06\/GettyImages-1216408189-1024x683.jpg 1024w, https:\/\/hoyre.no\/content\/uploads\/sites\/226\/2023\/06\/GettyImages-1216408189-300x200.jpg 300w, https:\/\/hoyre.no\/content\/uploads\/sites\/226\/2023\/06\/GettyImages-1216408189-768x512.jpg 768w, https:\/\/hoyre.no\/content\/uploads\/sites\/226\/2023\/06\/GettyImages-1216408189-1536x1024.jpg 1536w, https:\/\/hoyre.no\/content\/uploads\/sites\/226\/2023\/06\/GettyImages-1216408189-2048x1365.jpg 2048w\" sizes=\"auto, (max-width: 1024px) 100vw, 1024px\" \/>\n\t\t\t<\/div>\n\t\t\t<div class=\"hoyre-media-text__content\">\n\t\t\t\t<div class=\"hoyre-media-text__content-inner\">\n\t\t\t\t\t\n\t\t\t<div class=\"hoyre-media-text__title-container\">\n\t\t\t\t\n\t\t\t\t<h2 class=\"hoyre-media-text__title\">3. Trygg skole<\/h2>\n\t\t\t<\/div>\n\t\t\t\n\t\t\t\t\t<div class=\"hoyre-media-text__blocks\">\n<p>Skolen skal v\u00e6re en plass hvor b\u00e5de elever og l\u00e6rere trives. Da m\u00e5 vi gj\u00f8re det som m\u00e5 til for \u00e5 f\u00e5 kvalifiserte l\u00e6rere, s\u00f8rge for oppdatert l\u00e6reverk og tilby mer praktisk l\u00e6ring. Slik f\u00e5r vi en bedre skole som i st\u00f8rre grad motiverer elevene v\u00e5re<\/p>\n<\/div>\n\t\t\t\t\t\n\t\t\t\t<\/div>\n\t\t\t<\/div>\n\t\t<\/div>\n\t\t\n\n\n\t\t<div class=\"has-pale-grey-background-color is-layout-left alignwide alignwide wp-block-hoyre-media-text\">\n\t\t\t<div class=\"hoyre-media-text__media\">\n\t\t\t\t<img loading=\"lazy\" decoding=\"async\" width=\"1024\" height=\"683\" src=\"https:\/\/hoyre.no\/content\/uploads\/sites\/226\/2023\/06\/GettyImages-1053414448-1024x683.jpg\" class=\"hoyre-media-text__media-image\" alt=\"\" style=\"--focal: 50% 50%;\" srcset=\"https:\/\/hoyre.no\/content\/uploads\/sites\/226\/2023\/06\/GettyImages-1053414448-1024x683.jpg 1024w, https:\/\/hoyre.no\/content\/uploads\/sites\/226\/2023\/06\/GettyImages-1053414448-300x200.jpg 300w, https:\/\/hoyre.no\/content\/uploads\/sites\/226\/2023\/06\/GettyImages-1053414448-768x512.jpg 768w, https:\/\/hoyre.no\/content\/uploads\/sites\/226\/2023\/06\/GettyImages-1053414448-1536x1024.jpg 1536w, https:\/\/hoyre.no\/content\/uploads\/sites\/226\/2023\/06\/GettyImages-1053414448-2048x1365.jpg 2048w\" sizes=\"auto, (max-width: 1024px) 100vw, 1024px\" \/>\n\t\t\t<\/div>\n\t\t\t<div class=\"hoyre-media-text__content\">\n\t\t\t\t<div class=\"hoyre-media-text__content-inner\">\n\t\t\t\t\t\n\t\t\t<div class=\"hoyre-media-text__title-container\">\n\t\t\t\t\n\t\t\t\t<h2 class=\"hoyre-media-text__title\">4. Det skal v\u00e6re godt \u00e5 bli gammel i Bokn<\/h2>\n\t\t\t<\/div>\n\t\t\t\n\t\t\t\t\t<div class=\"hoyre-media-text__blocks\">\n<p>Vi m\u00e5 se til at alle i kommunen f\u00e5r en god og verdig eldreomsorg. Vi vil arbeide for en enda mer aldersvennlig kommune, styrke eldreomsorgen og hjemmetjenestene, slik at de eldre f\u00e5r bo hjemme lengst mulig.<\/p><p>Pleietrengende eldre skal kunne forvente en kompetent helsetjeneste som gir de valgfrihet og bestemmelse, og har nok ressurser til \u00e5 la de v\u00e6re seg sj\u00f8l helt til livets slutt.<\/p><p>Det er viktig med gode m\u00f8teplasser, smakfulle m\u00e5ltider og et variert aktivitetstilbud til alle eldre, slik at man kan leve gode liv \u2013 hele livet!<\/p>\n<\/div>\n\t\t\t\t\t\n\t\t\t\t<\/div>\n\t\t\t<\/div>\n\t\t<\/div>\n\t\t\n\n\n\t\t<div class=\"has-pale-blue-background-color is-layout-right alignwide alignwide wp-block-hoyre-media-text\">\n\t\t\t<div class=\"hoyre-media-text__media\">\n\t\t\t\t<img loading=\"lazy\" decoding=\"async\" width=\"1024\" height=\"683\" src=\"https:\/\/hoyre.no\/content\/uploads\/sites\/226\/2023\/06\/GettyImages-550537349-1024x683.jpg\" class=\"hoyre-media-text__media-image\" alt=\"\" style=\"--focal: 50% 50%;\" srcset=\"https:\/\/hoyre.no\/content\/uploads\/sites\/226\/2023\/06\/GettyImages-550537349-1024x683.jpg 1024w, https:\/\/hoyre.no\/content\/uploads\/sites\/226\/2023\/06\/GettyImages-550537349-300x200.jpg 300w, https:\/\/hoyre.no\/content\/uploads\/sites\/226\/2023\/06\/GettyImages-550537349-768x513.jpg 768w, https:\/\/hoyre.no\/content\/uploads\/sites\/226\/2023\/06\/GettyImages-550537349-1536x1025.jpg 1536w, https:\/\/hoyre.no\/content\/uploads\/sites\/226\/2023\/06\/GettyImages-550537349-2048x1367.jpg 2048w\" sizes=\"auto, (max-width: 1024px) 100vw, 1024px\" \/>\n\t\t\t<\/div>\n\t\t\t<div class=\"hoyre-media-text__content\">\n\t\t\t\t<div class=\"hoyre-media-text__content-inner\">\n\t\t\t\t\t\n\t\t\t<div class=\"hoyre-media-text__title-container\">\n\t\t\t\t\n\t\t\t\t<h2 class=\"hoyre-media-text__title\">5. Jobbe p\u00e5 lag med de som skaper jobber<\/h2>\n\t\t\t<\/div>\n\t\t\t\n\t\t\t\t\t<div class=\"hoyre-media-text__blocks\">\n<p>Det skal v\u00e6re l\u00f8nnsomt og attraktivt \u00e5 skape arbeidsplasser i Bokn!<\/p><p>Vi heier p\u00e5 de som \u00f8nsker \u00e5 skape noe! Gode lokalsamfunn krever sterke bedrifter.Det gir arbeidsplasser og velstand .<\/p><p>Vi vil ha en tett dialog med n\u00e6ringslivet og lytte til de behovene bedriftene har. Bokn H\u00f8yre vil at kommunen skal oppleves som l\u00f8sningsorientert medspiller, som \u00f8nsker \u00e5 spille p\u00e5 lag med n\u00e6ringslivet. Bokn vil gj\u00f8re det lettere, gjennom rask og effektiv saksbehandling, \u00e5 etablere ny og utvide n\u00e6ringsvirksomhet i kommunen.<\/p>\n<\/div>\n\t\t\t\t\t\n\t\t\t\t<\/div>\n\t\t\t<\/div>\n\t\t<\/div>\n\t\t\n\n\n<div class=\"wp-block-buttons is-content-justification-center is-layout-flex wp-container-core-buttons-is-layout-16018d1d wp-block-buttons-is-layout-flex\">\n<div class=\"wp-block-button\"><a class=\"wp-block-button__link wp-element-button\" href=\"https:\/\/hoyre.no\/bokn\/politikk\/\">Les mer om programmet v\u00e5rt her<\/a><\/div>\n<\/div>\n","protected":false},"excerpt":{"rendered":"","protected":false},"author":10416,"featured_media":0,"parent":0,"menu_order":0,"comment_status":"closed","ping_status":"closed","template":"","meta":{"teft_cards_image_url":"","teft_cards_custom_pretitle":"","teft_cards_image_id":0,"teft_cards_image_focal_point_x":0,"teft_cards_image_focal_point_y":0,"teft_cards_title":"","teft_cards_excerpt":"","teft_show_chapters":false,"footnotes":""},"class_list":["post-68","page","type-page","status-publish","hentry"],"yoast_head":"<!-- This site is optimized with the Yoast SEO plugin v26.6 - https:\/\/yoast.com\/wordpress\/plugins\/seo\/ -->\n<title>5 grunner til \u00e5 stemme Bokn H\u00f8yre - Bokn H\u00f8yre<\/title>\n<meta name=\"description\" content=\"Her f\u00e5r du fem gode grunner til hvorfor du b\u00f8r stemme H\u00f8yre i Bokn.\" \/>\n<meta name=\"robots\" content=\"index, follow, max-snippet:-1, max-image-preview:large, max-video-preview:-1\" \/>\n<link rel=\"canonical\" href=\"https:\/\/hoyre.no\/bokn\/5-grunner-til-a-stemme-bokn-hoyre\/\" \/>\n<meta property=\"og:locale\" content=\"nn_NO\" \/>\n<meta property=\"og:type\" content=\"article\" \/>\n<meta property=\"og:title\" content=\"5 grunner til \u00e5 stemme Bokn H\u00f8yre - Bokn H\u00f8yre\" \/>\n<meta property=\"og:description\" content=\"Her f\u00e5r du fem gode grunner til hvorfor du b\u00f8r stemme H\u00f8yre i Bokn.\" \/>\n<meta property=\"og:url\" content=\"https:\/\/hoyre.no\/bokn\/5-grunner-til-a-stemme-bokn-hoyre\/\" \/>\n<meta property=\"og:site_name\" content=\"Bokn H\u00f8yre\" \/>\n<meta property=\"article:modified_time\" content=\"2025-01-28T11:36:39+00:00\" \/>\n<meta property=\"og:image\" content=\"https:\/\/hoyre.no\/content\/uploads\/sites\/226\/2022\/11\/Hoyres-logo.png\" \/>\n\t<meta property=\"og:image:width\" content=\"1000\" \/>\n\t<meta property=\"og:image:height\" content=\"1000\" \/>\n\t<meta property=\"og:image:type\" content=\"image\/png\" \/>\n<meta name=\"twitter:card\" content=\"summary_large_image\" \/>\n<meta name=\"twitter:label1\" content=\"Est. reading time\" \/>\n\t<meta name=\"twitter:data1\" content=\"3 minutt\" \/>\n<script type=\"application\/ld+json\" class=\"yoast-schema-graph\">{\"@context\":\"https:\/\/schema.org\",\"@graph\":[{\"@type\":\"WebPage\",\"@id\":\"https:\/\/hoyre.no\/bokn\/5-grunner-til-a-stemme-bokn-hoyre\/\",\"url\":\"https:\/\/hoyre.no\/bokn\/5-grunner-til-a-stemme-bokn-hoyre\/\",\"name\":\"5 grunner til \u00e5 stemme Bokn H\u00f8yre - Bokn H\u00f8yre\",\"isPartOf\":{\"@id\":\"https:\/\/hoyre.no\/bokn\/#website\"},\"datePublished\":\"2023-06-08T12:22:01+00:00\",\"dateModified\":\"2025-01-28T11:36:39+00:00\",\"description\":\"Her f\u00e5r du fem gode grunner til hvorfor du b\u00f8r stemme H\u00f8yre i Bokn.\",\"breadcrumb\":{\"@id\":\"https:\/\/hoyre.no\/bokn\/5-grunner-til-a-stemme-bokn-hoyre\/#breadcrumb\"},\"inLanguage\":\"nn-NO\",\"potentialAction\":[{\"@type\":\"ReadAction\",\"target\":[\"https:\/\/hoyre.no\/bokn\/5-grunner-til-a-stemme-bokn-hoyre\/\"]}]},{\"@type\":\"BreadcrumbList\",\"@id\":\"https:\/\/hoyre.no\/bokn\/5-grunner-til-a-stemme-bokn-hoyre\/#breadcrumb\",\"itemListElement\":[{\"@type\":\"ListItem\",\"position\":1,\"name\":\"Til hoyre.no\",\"item\":\"https:\/\/hoyre.no\"},{\"@type\":\"ListItem\",\"position\":2,\"name\":\"Hjem\",\"item\":\"https:\/\/hoyre.no\/bokn\/\"},{\"@type\":\"ListItem\",\"position\":3,\"name\":\"5 grunner til \u00e5 stemme Bokn H\u00f8yre\"}]},{\"@type\":\"WebSite\",\"@id\":\"https:\/\/hoyre.no\/bokn\/#website\",\"url\":\"https:\/\/hoyre.no\/bokn\/\",\"name\":\"Bokn H\u00f8yre\",\"description\":\"Bare enda et H\u00f8yres nettsteder-nettsted\",\"inLanguage\":\"nn-NO\"}]}<\/script>\n<!-- \/ Yoast SEO plugin. -->","yoast_head_json":{"title":"5 grunner til \u00e5 stemme Bokn H\u00f8yre - Bokn H\u00f8yre","description":"Her f\u00e5r du fem gode grunner til hvorfor du b\u00f8r stemme H\u00f8yre i Bokn.","robots":{"index":"index","follow":"follow","max-snippet":"max-snippet:-1","max-image-preview":"max-image-preview:large","max-video-preview":"max-video-preview:-1"},"canonical":"https:\/\/hoyre.no\/bokn\/5-grunner-til-a-stemme-bokn-hoyre\/","og_locale":"nn_NO","og_type":"article","og_title":"5 grunner til \u00e5 stemme Bokn H\u00f8yre - Bokn H\u00f8yre","og_description":"Her f\u00e5r du fem gode grunner til hvorfor du b\u00f8r stemme H\u00f8yre i Bokn.","og_url":"https:\/\/hoyre.no\/bokn\/5-grunner-til-a-stemme-bokn-hoyre\/","og_site_name":"Bokn H\u00f8yre","article_modified_time":"2025-01-28T11:36:39+00:00","og_image":[{"width":1000,"height":1000,"url":"https:\/\/hoyre.no\/content\/uploads\/sites\/226\/2022\/11\/Hoyres-logo.png","type":"image\/png"}],"twitter_card":"summary_large_image","twitter_misc":{"Est. reading time":"3 minutt"},"schema":{"@context":"https:\/\/schema.org","@graph":[{"@type":"WebPage","@id":"https:\/\/hoyre.no\/bokn\/5-grunner-til-a-stemme-bokn-hoyre\/","url":"https:\/\/hoyre.no\/bokn\/5-grunner-til-a-stemme-bokn-hoyre\/","name":"5 grunner til \u00e5 stemme Bokn H\u00f8yre - Bokn H\u00f8yre","isPartOf":{"@id":"https:\/\/hoyre.no\/bokn\/#website"},"datePublished":"2023-06-08T12:22:01+00:00","dateModified":"2025-01-28T11:36:39+00:00","description":"Her f\u00e5r du fem gode grunner til hvorfor du b\u00f8r stemme H\u00f8yre i Bokn.","breadcrumb":{"@id":"https:\/\/hoyre.no\/bokn\/5-grunner-til-a-stemme-bokn-hoyre\/#breadcrumb"},"inLanguage":"nn-NO","potentialAction":[{"@type":"ReadAction","target":["https:\/\/hoyre.no\/bokn\/5-grunner-til-a-stemme-bokn-hoyre\/"]}]},{"@type":"BreadcrumbList","@id":"https:\/\/hoyre.no\/bokn\/5-grunner-til-a-stemme-bokn-hoyre\/#breadcrumb","itemListElement":[{"@type":"ListItem","position":1,"name":"Til hoyre.no","item":"https:\/\/hoyre.no"},{"@type":"ListItem","position":2,"name":"Hjem","item":"https:\/\/hoyre.no\/bokn\/"},{"@type":"ListItem","position":3,"name":"5 grunner til \u00e5 stemme Bokn H\u00f8yre"}]},{"@type":"WebSite","@id":"https:\/\/hoyre.no\/bokn\/#website","url":"https:\/\/hoyre.no\/bokn\/","name":"Bokn H\u00f8yre","description":"Bare enda et H\u00f8yres nettsteder-nettsted","inLanguage":"nn-NO"}]}},"distributor_meta":false,"distributor_terms":false,"distributor_media":false,"distributor_original_site_name":"Bokn H\u00f8yre","distributor_original_site_url":"https:\/\/hoyre.no\/bokn","push-errors":false,"_links":{"self":[{"href":"https:\/\/hoyre.no\/bokn\/wp-json\/wp\/v2\/pages\/68","targetHints":{"allow":["GET"]}}],"collection":[{"href":"https:\/\/hoyre.no\/bokn\/wp-json\/wp\/v2\/pages"}],"about":[{"href":"https:\/\/hoyre.no\/bokn\/wp-json\/wp\/v2\/types\/page"}],"author":[{"embeddable":true,"href":"https:\/\/hoyre.no\/bokn\/wp-json\/wp\/v2\/users\/10416"}],"replies":[{"embeddable":true,"href":"https:\/\/hoyre.no\/bokn\/wp-json\/wp\/v2\/comments?post=68"}],"version-history":[{"count":5,"href":"https:\/\/hoyre.no\/bokn\/wp-json\/wp\/v2\/pages\/68\/revisions"}],"predecessor-version":[{"id":199,"href":"https:\/\/hoyre.no\/bokn\/wp-json\/wp\/v2\/pages\/68\/revisions\/199"}],"wp:attachment":[{"href":"https:\/\/hoyre.no\/bokn\/wp-json\/wp\/v2\/media?parent=68"}],"curies":[{"name":"wp","href":"https:\/\/api.w.org\/{rel}","templated":true}]}}