{"id":32,"date":"2023-05-02T12:49:24","date_gmt":"2023-05-02T10:49:24","guid":{"rendered":"https:\/\/hoyre.no\/bremanger\/?page_id=32"},"modified":"2023-08-16T17:18:35","modified_gmt":"2023-08-16T15:18:35","slug":"politikk","status":"publish","type":"page","link":"https:\/\/hoyre.no\/bremanger\/politikk\/","title":{"rendered":"Politikk"},"content":{"rendered":"\n<div class=\"wp-block-hoyre-hero with-image-gradient text-color-light  alignfull has-background\"><div class=\"hoyre-hero \"><h1 class=\"title\">Politikk<\/h1><p class=\"preamble\">N\u00e5r frivillegheita, n\u00e6ringslivet og offentleg sektor spelar p\u00e5 lag, skapar det gode lokalsamfunn. H\u00f8gre trur p\u00e5 enkeltmenneske si evne og lyst til \u00e5 st\u00e5 p\u00e5 eigne bein.<br><br>V\u00e5r oppg\u00e5ve er \u00e5 s\u00f8rge for at menneske kan leve gode liv, uansett utgangspunkt. Vi skapar ikkje politikk for kommunen, men for alle som bur der. H\u00f8gre trur p\u00e5 eit samfunn som gir moglegheiter for alle.<\/p><\/div><\/div>\n\n\n\n\n\n<div class=\"wp-block-hoyre-banner alignwide undefined  is-style-blue\"><div class=\"banner-inner\"><figure class=\"hoyre-image-wrapper\"><div class=\"hoyre-image\"><img loading=\"lazy\" decoding=\"async\" width=\"2500\" height=\"1667\" src=\"https:\/\/hoyre.no\/content\/uploads\/sites\/343\/2023\/08\/GettyImages-1304356424-scaled.jpg\" class=\"attachment-scaled size-scaled\" alt=\"\" style=\"object-position: 52% 70%\" srcset=\"https:\/\/hoyre.no\/content\/uploads\/sites\/343\/2023\/08\/GettyImages-1304356424-scaled.jpg 2500w, https:\/\/hoyre.no\/content\/uploads\/sites\/343\/2023\/08\/GettyImages-1304356424-300x200.jpg 300w, https:\/\/hoyre.no\/content\/uploads\/sites\/343\/2023\/08\/GettyImages-1304356424-1024x683.jpg 1024w, https:\/\/hoyre.no\/content\/uploads\/sites\/343\/2023\/08\/GettyImages-1304356424-768x512.jpg 768w, https:\/\/hoyre.no\/content\/uploads\/sites\/343\/2023\/08\/GettyImages-1304356424-1536x1024.jpg 1536w, https:\/\/hoyre.no\/content\/uploads\/sites\/343\/2023\/08\/GettyImages-1304356424-2048x1365.jpg 2048w\" sizes=\"auto, (max-width: 2500px) 100vw, 2500px\" \/><\/div><\/figure><div class=\"banner-content\"><div class=\"entry-content\">\n<h2 class=\"wp-block-heading\">Vil du vite kva me g\u00e5r til val p\u00e5?<\/h2>\n\n\n\n<p>Her kan du lese 7 gode grunnar til \u00e5 r\u00f8yste H\u00f8gre i Bremanger \ud83d\udc47<\/p>\n\n\n\n<div class=\"wp-block-buttons is-layout-flex wp-block-buttons-is-layout-flex\">\n<div class=\"wp-block-button\"><a class=\"wp-block-button__link\" href=\"https:\/\/hoyre.no\/bremanger\/7-gode-grunnar\/\">les meir her<\/a><\/div>\n<\/div>\n<\/div><\/div><\/div><\/div>\n","protected":false},"excerpt":{"rendered":"","protected":false},"author":29319,"featured_media":0,"parent":0,"menu_order":0,"comment_status":"closed","ping_status":"closed","template":"","meta":{"teft_cards_image_url":"","teft_cards_custom_pretitle":"","teft_cards_image_id":0,"teft_cards_image_focal_point_x":0,"teft_cards_image_focal_point_y":0,"teft_cards_title":"","teft_cards_excerpt":"","teft_show_chapters":false,"footnotes":""},"class_list":["post-32","page","type-page","status-publish","hentry"],"yoast_head":"<!-- This site is optimized with the Yoast SEO plugin v26.6 - https:\/\/yoast.com\/wordpress\/plugins\/seo\/ -->\n<title>Politikk - Bremanger H\u00f8gre<\/title>\n<meta name=\"robots\" content=\"index, follow, max-snippet:-1, max-image-preview:large, max-video-preview:-1\" \/>\n<link rel=\"canonical\" href=\"https:\/\/hoyre.no\/bremanger\/politikk\/\" \/>\n<meta property=\"og:locale\" content=\"nn_NO\" \/>\n<meta property=\"og:type\" content=\"article\" \/>\n<meta property=\"og:title\" content=\"Politikk - Bremanger H\u00f8gre\" \/>\n<meta property=\"og:url\" content=\"https:\/\/hoyre.no\/bremanger\/politikk\/\" \/>\n<meta property=\"og:site_name\" content=\"Bremanger H\u00f8gre\" \/>\n<meta property=\"article:modified_time\" content=\"2023-08-16T15:18:35+00:00\" \/>\n<meta property=\"og:image\" content=\"https:\/\/hoyre.no\/content\/uploads\/sites\/343\/2022\/11\/Hoyres-logo.png\" \/>\n\t<meta property=\"og:image:width\" content=\"1000\" \/>\n\t<meta property=\"og:image:height\" content=\"1000\" \/>\n\t<meta property=\"og:image:type\" content=\"image\/png\" \/>\n<meta name=\"twitter:card\" content=\"summary_large_image\" \/>\n<meta name=\"twitter:label1\" content=\"Est. reading time\" \/>\n\t<meta name=\"twitter:data1\" content=\"1 minutt\" \/>\n<script type=\"application\/ld+json\" class=\"yoast-schema-graph\">{\"@context\":\"https:\/\/schema.org\",\"@graph\":[{\"@type\":\"WebPage\",\"@id\":\"https:\/\/hoyre.no\/bremanger\/politikk\/\",\"url\":\"https:\/\/hoyre.no\/bremanger\/politikk\/\",\"name\":\"Politikk - Bremanger H\u00f8gre\",\"isPartOf\":{\"@id\":\"https:\/\/hoyre.no\/bremanger\/#website\"},\"datePublished\":\"2023-05-02T10:49:24+00:00\",\"dateModified\":\"2023-08-16T15:18:35+00:00\",\"breadcrumb\":{\"@id\":\"https:\/\/hoyre.no\/bremanger\/politikk\/#breadcrumb\"},\"inLanguage\":\"nn-NO\",\"potentialAction\":[{\"@type\":\"ReadAction\",\"target\":[\"https:\/\/hoyre.no\/bremanger\/politikk\/\"]}]},{\"@type\":\"BreadcrumbList\",\"@id\":\"https:\/\/hoyre.no\/bremanger\/politikk\/#breadcrumb\",\"itemListElement\":[{\"@type\":\"ListItem\",\"position\":1,\"name\":\"Til hoyre.no\",\"item\":\"https:\/\/hoyre.no\"},{\"@type\":\"ListItem\",\"position\":2,\"name\":\"Hjem\",\"item\":\"https:\/\/hoyre.no\/bremanger\/\"},{\"@type\":\"ListItem\",\"position\":3,\"name\":\"Politikk\"}]},{\"@type\":\"WebSite\",\"@id\":\"https:\/\/hoyre.no\/bremanger\/#website\",\"url\":\"https:\/\/hoyre.no\/bremanger\/\",\"name\":\"Bremanger H\u00f8gre\",\"description\":\"Bare enda et H\u00f8yres nettsteder-nettsted\",\"inLanguage\":\"nn-NO\"}]}<\/script>\n<!-- \/ Yoast SEO plugin. -->","yoast_head_json":{"title":"Politikk - Bremanger H\u00f8gre","robots":{"index":"index","follow":"follow","max-snippet":"max-snippet:-1","max-image-preview":"max-image-preview:large","max-video-preview":"max-video-preview:-1"},"canonical":"https:\/\/hoyre.no\/bremanger\/politikk\/","og_locale":"nn_NO","og_type":"article","og_title":"Politikk - Bremanger H\u00f8gre","og_url":"https:\/\/hoyre.no\/bremanger\/politikk\/","og_site_name":"Bremanger H\u00f8gre","article_modified_time":"2023-08-16T15:18:35+00:00","og_image":[{"width":1000,"height":1000,"url":"https:\/\/hoyre.no\/content\/uploads\/sites\/343\/2022\/11\/Hoyres-logo.png","type":"image\/png"}],"twitter_card":"summary_large_image","twitter_misc":{"Est. reading time":"1 minutt"},"schema":{"@context":"https:\/\/schema.org","@graph":[{"@type":"WebPage","@id":"https:\/\/hoyre.no\/bremanger\/politikk\/","url":"https:\/\/hoyre.no\/bremanger\/politikk\/","name":"Politikk - Bremanger H\u00f8gre","isPartOf":{"@id":"https:\/\/hoyre.no\/bremanger\/#website"},"datePublished":"2023-05-02T10:49:24+00:00","dateModified":"2023-08-16T15:18:35+00:00","breadcrumb":{"@id":"https:\/\/hoyre.no\/bremanger\/politikk\/#breadcrumb"},"inLanguage":"nn-NO","potentialAction":[{"@type":"ReadAction","target":["https:\/\/hoyre.no\/bremanger\/politikk\/"]}]},{"@type":"BreadcrumbList","@id":"https:\/\/hoyre.no\/bremanger\/politikk\/#breadcrumb","itemListElement":[{"@type":"ListItem","position":1,"name":"Til hoyre.no","item":"https:\/\/hoyre.no"},{"@type":"ListItem","position":2,"name":"Hjem","item":"https:\/\/hoyre.no\/bremanger\/"},{"@type":"ListItem","position":3,"name":"Politikk"}]},{"@type":"WebSite","@id":"https:\/\/hoyre.no\/bremanger\/#website","url":"https:\/\/hoyre.no\/bremanger\/","name":"Bremanger H\u00f8gre","description":"Bare enda et H\u00f8yres nettsteder-nettsted","inLanguage":"nn-NO"}]}},"distributor_meta":false,"distributor_terms":false,"distributor_media":false,"distributor_original_site_name":"Bremanger H\u00f8gre","distributor_original_site_url":"https:\/\/hoyre.no\/bremanger","push-errors":false,"_links":{"self":[{"href":"https:\/\/hoyre.no\/bremanger\/wp-json\/wp\/v2\/pages\/32","targetHints":{"allow":["GET"]}}],"collection":[{"href":"https:\/\/hoyre.no\/bremanger\/wp-json\/wp\/v2\/pages"}],"about":[{"href":"https:\/\/hoyre.no\/bremanger\/wp-json\/wp\/v2\/types\/page"}],"author":[{"embeddable":true,"href":"https:\/\/hoyre.no\/bremanger\/wp-json\/wp\/v2\/users\/29319"}],"replies":[{"embeddable":true,"href":"https:\/\/hoyre.no\/bremanger\/wp-json\/wp\/v2\/comments?post=32"}],"version-history":[{"count":2,"href":"https:\/\/hoyre.no\/bremanger\/wp-json\/wp\/v2\/pages\/32\/revisions"}],"predecessor-version":[{"id":55,"href":"https:\/\/hoyre.no\/bremanger\/wp-json\/wp\/v2\/pages\/32\/revisions\/55"}],"wp:attachment":[{"href":"https:\/\/hoyre.no\/bremanger\/wp-json\/wp\/v2\/media?parent=32"}],"curies":[{"name":"wp","href":"https:\/\/api.w.org\/{rel}","templated":true}]}}