{"id":804,"date":"2025-02-22T10:39:52","date_gmt":"2025-02-22T09:39:52","guid":{"rendered":"https:\/\/hoyre.no\/drammen\/?post_type=teft-events&#038;p=804"},"modified":"2025-02-22T10:41:32","modified_gmt":"2025-02-22T09:41:32","slug":"feiring-av-kvinnedagen","status":"publish","type":"teft-events","link":"https:\/\/hoyre.no\/drammen\/arrangementer\/feiring-av-kvinnedagen\/","title":{"rendered":"Feiring av kvinnedagen"},"content":{"rendered":"\n<div class=\"wp-block-teft-event-top\">\n\n<div class=\"teft-event-date-top\">\n<div class=\"teft-event-date-wrapper\">\n\t<div class=\"date-square\" aria-hidden=\"true\">\n\t\t08\t\t\t<\/div>\n<\/div>\n\t<div class=\"top-text\">\n\t\t\t\t\t<p class=\"top-date-text\">l\u00f8rdag 08. mars 2025<\/p>\n\t\t\t\t\t\t\t<p class=\"top-time-text\">17:00 &#8211; 20:00<\/p>\n\t\t\t\t\t\t<\/div>\n\t\t<div class=\"sharing\">\n\t\t<a class=\"share-button share-link copy-link\" data-copy=\"https:\/\/hoyre.no\/drammen\/arrangementer\/feiring-av-kvinnedagen\/\" target=\"_blank\"><span class=\"screen-reader-text\">Del link<\/span><\/a>\n\t\t<a class=\"share-button share-twitter\" href=\"http:\/\/twitter.com\/share?text=Feiring av kvinnedagen&#038;url=https:\/\/hoyre.no\/drammen\/arrangementer\/feiring-av-kvinnedagen\/&#038;hashtags=Hoyre\" target=\"_blank\"><span class=\"screen-reader-text\">Del p\u00e5 twitter<\/span><\/a>\n\t\t<a class=\"share-button share-facebook\" href=\"https:\/\/www.facebook.com\/sharer\/sharer.php?u=https:\/\/hoyre.no\/drammen\/arrangementer\/feiring-av-kvinnedagen\/\" target=\"_blank\"><span class=\"screen-reader-text\">Del p\u00e5 facebook<\/span><\/a>\n\t<\/div>\n\t<\/div>\n<p class=\"preamble\">Vi setter kvinnehelse p\u00e5 agendaen!<\/p><figure class=\"hoyre-image-wrapper\"><div class=\"hoyre-image\"><img loading=\"lazy\" decoding=\"async\" width=\"1920\" height=\"1920\" src=\"https:\/\/hoyre.no\/content\/uploads\/sites\/201\/2025\/02\/480157197_1026106806207401_327856595426493738_n.jpg\" class=\"attachment-scaled size-scaled\" alt=\"Kvinnepolitisk\" style=\"object-position: 50% 50%\" srcset=\"https:\/\/hoyre.no\/content\/uploads\/sites\/201\/2025\/02\/480157197_1026106806207401_327856595426493738_n.jpg 1920w, https:\/\/hoyre.no\/content\/uploads\/sites\/201\/2025\/02\/480157197_1026106806207401_327856595426493738_n-300x300.jpg 300w, https:\/\/hoyre.no\/content\/uploads\/sites\/201\/2025\/02\/480157197_1026106806207401_327856595426493738_n-1024x1024.jpg 1024w, https:\/\/hoyre.no\/content\/uploads\/sites\/201\/2025\/02\/480157197_1026106806207401_327856595426493738_n-150x150.jpg 150w, https:\/\/hoyre.no\/content\/uploads\/sites\/201\/2025\/02\/480157197_1026106806207401_327856595426493738_n-768x768.jpg 768w, https:\/\/hoyre.no\/content\/uploads\/sites\/201\/2025\/02\/480157197_1026106806207401_327856595426493738_n-1536x1536.jpg 1536w\" sizes=\"auto, (max-width: 1920px) 100vw, 1920px\" \/><\/div><\/figure>\n\n<div class=\"wp-block wp-block-teft-event-registration-button\">\n\t<div class=\"registration-button-wrapper\">\n\t\t\t<a href=\"https:\/\/fb.me\/e\/5XiTPT0be\" class=\"wp-block-button__link\">Meld deg p\u00e5 her<\/a>\n\t\t\t\t\t\t\t<p class=\"registration-deadline\"><strong>P\u00e5meldingsfrist:<\/strong> l\u00f8r 8. mars 2025<\/p>\n\t\t\n\t<\/div>\n<\/div>\n\n<div class=\"panel teft-details-panel\">\n\t\t<h3>Detaljer<\/h3>\n\n\t\t\t\t\t<dl class=\"info-misc-with-icons\">\n\t\t\t\t<dt class=\"venue\"><span class=\"screen-reader-text\">Stedet<\/span><\/dt>\n\t\t\t\t<dd>\n\t\t\t\t\t\t\t\t\t\t\t<span class=\"address-line-1\">Kings Arm Pub<\/span>\n\t\t\t\t\t\t\t\t\t\t\t\t\t\t\t\t<span class=\"address-line-2\"> Tollbugata 10, 3044 Drammen<\/span>\n\t\t\t\t\t\t\t\t\t<\/dd>\n\t\t\t<\/dl>\n\t\t\t\t\t\t\t<dl class=\"info-misc-with-icons\">\n\t\t<dt class=\"time\"><span class=\"screen-reader-text\">Arrangement dato<\/span><\/dt>\n\t\t<dd class=\"time\">\n\t\t\tl\u00f8r 8. mars 2025 fra  17:00 &#8211; 20:00\t\t<\/dd>\n\t<\/dl>\n\t\t\t\t\t\t<dl class=\"info-misc-with-icons\">\n\t\t<dt class=\"registration\"><span class=\"screen-reader-text\">P\u00e5meldingsdetajer<\/span><\/dt>\n\t\t<dd class=\"registration\">\n\t\t\tGratis\t\t\t\t\t\t\t<a href=\"https:\/\/fb.me\/e\/5XiTPT0be\">Registrer<\/a>\n\t\t\t\t\t<\/dd>\n\t<\/dl>\n\t\t<\/dl>\n<\/div>\n<\/div>\n\n\n\n\n<h2 class=\"wp-block-heading\" id=\"h-informasjon\">Informasjon<\/h2>\n\n\n\n<p>Vi i H\u00f8yre \u00f8nsker \u00e5 feire \u00e5rets kvinnedag med et spennende program! Kveldens tema er kvinnehelse sett fra ulike perspektiver.<\/p>\n\n\n\n<p>D\u00f8rene \u00e5pner kl. 17:00 p\u00e5 Kings i Drammen.<\/p>\n\n\n\n<p>Klokken 17.30 starter programmet med Sandra Bruflot, H\u00f8yres stortingskandidat og en sterk forkjemper for kvinnehelse.<\/p>\n\n\n\n<p>Deretter vil Bente Bostr\u00f8m, leder av Drammen Sanitetsforening dele sine erfaringer.<\/p>\n\n\n\n<p>Avslutningsvis f\u00e5r vi h\u00f8re fra Mona Steenberg Gran, leder av Ledervekst, som vil gi oss en innsikt i hvordan selvledelse kan p\u00e5virke v\u00e5re tanker, f\u00f8lelser og handlinger. Hun vil ogs\u00e5 snakke om livsmestring og hvordan vi kan v\u00e6re ledere i v\u00e5re egne liv.<\/p>\n\n\n\n<p>Publikum vil f\u00e5 muligheten til \u00e5 stille sp\u00f8rsm\u00e5l og bidra til en engasjerende diskusjon om kvinnehelse. Etter programmet h\u00e5per vi at b\u00e5de kvinner og menn blir igjen for litt sosialt samv\u00e6r. Det er fritt frem for alle \u00e5 bestille mat og drikke \u2013 det er tross alt l\u00f8rdagskveld!<\/p>\n\n\n\n<p>Vi h\u00e5per s\u00e5 mange som mulig kan delta, s\u00e5 del gjerne arrangementet og trykk SKAL slik at vi vet hvor mange vi blir og kan sikre nok plass til alle.<\/p>\n\n\n<div class=\"post-meta wp-block\">\n\t<div class=\"top\">\n\t\t<div class=\"sharing\">\n\t\t\t<a class=\"share-button share-link\" target=\"_blank\"><span class=\"screen-reader-text\">Del link<\/span><\/a>\n\t\t\t<a class=\"share-button share-twitter\" href=\"http:\/\/twitter.com\/share?text=Feiring av kvinnedagen&#038;url=https:\/\/hoyre.no\/drammen\/arrangementer\/feiring-av-kvinnedagen\/&#038;hashtags=Hoyre\"><span class=\"screen-reader-text\">Del p\u00e5 twitter<\/span><\/a>\n\t\t\t<a class=\"share-button share-facebook\" href=\"https:\/\/www.facebook.com\/sharer\/sharer.php?u=https:\/\/hoyre.no\/drammen\/arrangementer\/feiring-av-kvinnedagen\/\" target=\"_blank\"><span class=\"screen-reader-text\">Del p\u00e5 facebook<\/span><\/a>\n\t\t<\/div>\n\t<\/div>\n<\/div>\n","protected":false},"template":"","meta":{"teft_cards_image_url":"","teft_cards_custom_pretitle":"","teft_cards_image_id":805,"teft_cards_image_focal_point_x":0.5,"teft_cards_image_focal_point_y":0.5,"teft_cards_title":"","teft_cards_excerpt":"","teft_show_chapters":false,"event_organizer":[],"event_start_date":"2025-03-08T17:00:00","event_end_date":"2025-03-08T20:00:00","event_registration_url":"https:\/\/fb.me\/e\/5XiTPT0be","event_registration_deadline":"2025-03-08T10:39:39","event_ticket_cost":"Gratis","event_venue_name":"Kings Arm Pub","event_venue_url":"","event_venue_address":" Tollbugata 10, 3044 Drammen"},"teft-events-category":[],"class_list":["post-804","teft-events","type-teft-events","status-publish","hentry"],"yoast_head":"<!-- This site is optimized with the Yoast SEO plugin v26.6 - https:\/\/yoast.com\/wordpress\/plugins\/seo\/ -->\n<title>Feiring av kvinnedagen - Drammen H\u00f8yre<\/title>\n<meta name=\"robots\" content=\"index, follow, max-snippet:-1, max-image-preview:large, max-video-preview:-1\" \/>\n<link rel=\"canonical\" href=\"https:\/\/hoyre.no\/drammen\/arrangementer\/feiring-av-kvinnedagen\/\" \/>\n<meta property=\"og:locale\" content=\"nb_NO\" \/>\n<meta property=\"og:type\" content=\"article\" \/>\n<meta property=\"og:title\" content=\"Feiring av kvinnedagen - Drammen H\u00f8yre\" \/>\n<meta property=\"og:url\" content=\"https:\/\/hoyre.no\/drammen\/arrangementer\/feiring-av-kvinnedagen\/\" \/>\n<meta property=\"og:site_name\" content=\"Drammen H\u00f8yre\" \/>\n<meta property=\"article:modified_time\" content=\"2025-02-22T09:41:32+00:00\" \/>\n<meta property=\"og:image\" content=\"https:\/\/hoyre.no\/content\/uploads\/sites\/201\/2025\/02\/480157197_1026106806207401_327856595426493738_n-1024x1024.jpg\" \/>\n<meta name=\"twitter:card\" content=\"summary_large_image\" \/>\n<meta name=\"twitter:label1\" content=\"Ansl. lesetid\" \/>\n\t<meta name=\"twitter:data1\" content=\"2 minutter\" \/>\n<script type=\"application\/ld+json\" class=\"yoast-schema-graph\">{\"@context\":\"https:\/\/schema.org\",\"@graph\":[{\"@type\":\"WebPage\",\"@id\":\"https:\/\/hoyre.no\/drammen\/arrangementer\/feiring-av-kvinnedagen\/\",\"url\":\"https:\/\/hoyre.no\/drammen\/arrangementer\/feiring-av-kvinnedagen\/\",\"name\":\"Feiring av kvinnedagen - Drammen H\u00f8yre\",\"isPartOf\":{\"@id\":\"https:\/\/hoyre.no\/drammen\/#website\"},\"datePublished\":\"2025-02-22T09:39:52+00:00\",\"dateModified\":\"2025-02-22T09:41:32+00:00\",\"breadcrumb\":{\"@id\":\"https:\/\/hoyre.no\/drammen\/arrangementer\/feiring-av-kvinnedagen\/#breadcrumb\"},\"inLanguage\":\"nb-NO\",\"potentialAction\":[{\"@type\":\"ReadAction\",\"target\":[\"https:\/\/hoyre.no\/drammen\/arrangementer\/feiring-av-kvinnedagen\/\"]}]},{\"@type\":\"BreadcrumbList\",\"@id\":\"https:\/\/hoyre.no\/drammen\/arrangementer\/feiring-av-kvinnedagen\/#breadcrumb\",\"itemListElement\":[{\"@type\":\"ListItem\",\"position\":1,\"name\":\"Til hoyre.no\",\"item\":\"https:\/\/hoyre.no\"},{\"@type\":\"ListItem\",\"position\":2,\"name\":\"Hjem\",\"item\":\"https:\/\/hoyre.no\/drammen\/\"},{\"@type\":\"ListItem\",\"position\":3,\"name\":\"Arrangement\",\"item\":\"https:\/\/hoyre.no\/drammen\/arrangementer\/\"},{\"@type\":\"ListItem\",\"position\":4,\"name\":\"Feiring av kvinnedagen\"}]},{\"@type\":\"WebSite\",\"@id\":\"https:\/\/hoyre.no\/drammen\/#website\",\"url\":\"https:\/\/hoyre.no\/drammen\/\",\"name\":\"Drammen H\u00f8yre\",\"description\":\"Bare enda et H\u00f8yres nettsteder-nettsted\",\"inLanguage\":\"nb-NO\"}]}<\/script>\n<!-- \/ Yoast SEO plugin. -->","yoast_head_json":{"title":"Feiring av kvinnedagen - Drammen H\u00f8yre","robots":{"index":"index","follow":"follow","max-snippet":"max-snippet:-1","max-image-preview":"max-image-preview:large","max-video-preview":"max-video-preview:-1"},"canonical":"https:\/\/hoyre.no\/drammen\/arrangementer\/feiring-av-kvinnedagen\/","og_locale":"nb_NO","og_type":"article","og_title":"Feiring av kvinnedagen - Drammen H\u00f8yre","og_url":"https:\/\/hoyre.no\/drammen\/arrangementer\/feiring-av-kvinnedagen\/","og_site_name":"Drammen H\u00f8yre","article_modified_time":"2025-02-22T09:41:32+00:00","og_image":[{"url":"https:\/\/hoyre.no\/content\/uploads\/sites\/201\/2025\/02\/480157197_1026106806207401_327856595426493738_n-1024x1024.jpg","width":"","height":"","type":""}],"twitter_card":"summary_large_image","twitter_misc":{"Ansl. lesetid":"2 minutter"},"schema":{"@context":"https:\/\/schema.org","@graph":[{"@type":"WebPage","@id":"https:\/\/hoyre.no\/drammen\/arrangementer\/feiring-av-kvinnedagen\/","url":"https:\/\/hoyre.no\/drammen\/arrangementer\/feiring-av-kvinnedagen\/","name":"Feiring av kvinnedagen - Drammen H\u00f8yre","isPartOf":{"@id":"https:\/\/hoyre.no\/drammen\/#website"},"datePublished":"2025-02-22T09:39:52+00:00","dateModified":"2025-02-22T09:41:32+00:00","breadcrumb":{"@id":"https:\/\/hoyre.no\/drammen\/arrangementer\/feiring-av-kvinnedagen\/#breadcrumb"},"inLanguage":"nb-NO","potentialAction":[{"@type":"ReadAction","target":["https:\/\/hoyre.no\/drammen\/arrangementer\/feiring-av-kvinnedagen\/"]}]},{"@type":"BreadcrumbList","@id":"https:\/\/hoyre.no\/drammen\/arrangementer\/feiring-av-kvinnedagen\/#breadcrumb","itemListElement":[{"@type":"ListItem","position":1,"name":"Til hoyre.no","item":"https:\/\/hoyre.no"},{"@type":"ListItem","position":2,"name":"Hjem","item":"https:\/\/hoyre.no\/drammen\/"},{"@type":"ListItem","position":3,"name":"Arrangement","item":"https:\/\/hoyre.no\/drammen\/arrangementer\/"},{"@type":"ListItem","position":4,"name":"Feiring av kvinnedagen"}]},{"@type":"WebSite","@id":"https:\/\/hoyre.no\/drammen\/#website","url":"https:\/\/hoyre.no\/drammen\/","name":"Drammen H\u00f8yre","description":"Bare enda et H\u00f8yres nettsteder-nettsted","inLanguage":"nb-NO"}]}},"distributor_meta":false,"distributor_terms":false,"distributor_media":false,"distributor_original_site_name":"Drammen H\u00f8yre","distributor_original_site_url":"https:\/\/hoyre.no\/drammen","push-errors":false,"_links":{"self":[{"href":"https:\/\/hoyre.no\/drammen\/wp-json\/wp\/v2\/teft-events\/804","targetHints":{"allow":["GET"]}}],"collection":[{"href":"https:\/\/hoyre.no\/drammen\/wp-json\/wp\/v2\/teft-events"}],"about":[{"href":"https:\/\/hoyre.no\/drammen\/wp-json\/wp\/v2\/types\/teft-events"}],"wp:attachment":[{"href":"https:\/\/hoyre.no\/drammen\/wp-json\/wp\/v2\/media?parent=804"}],"wp:term":[{"taxonomy":"teft-events-category","embeddable":true,"href":"https:\/\/hoyre.no\/drammen\/wp-json\/wp\/v2\/teft-events-category?post=804"}],"curies":[{"name":"wp","href":"https:\/\/api.w.org\/{rel}","templated":true}]}}

<div class="wp-block-teft-event-top">

<div class="teft-event-date-top">
<div class="teft-event-date-wrapper">
	<div class="date-square" aria-hidden="true">
		08			</div>
</div>
	<div class="top-text">
					<p class="top-date-text">lørdag 08. mars 2025</p>
							<p class="top-time-text">17:00 &#8211; 20:00</p>
						</div>
		<div class="sharing">
		<a class="share-button share-link copy-link" data-copy="https://hoyre.no/drammen/arrangementer/feiring-av-kvinnedagen/" target="_blank"><span class="screen-reader-text">Del link</span></a>
		<a class="share-button share-twitter" href="http://twitter.com/share?text=Feiring av kvinnedagen&#038;url=https://hoyre.no/drammen/arrangementer/feiring-av-kvinnedagen/&#038;hashtags=Hoyre" target="_blank"><span class="screen-reader-text">Del på twitter</span></a>
		<a class="share-button share-facebook" href="https://www.facebook.com/sharer/sharer.php?u=https://hoyre.no/drammen/arrangementer/feiring-av-kvinnedagen/" target="_blank"><span class="screen-reader-text">Del på facebook</span></a>
	</div>
	</div>
<p class="preamble">Vi setter kvinnehelse på agendaen!</p><figure class="hoyre-image-wrapper"><div class="hoyre-image"><img loading="lazy" decoding="async" width="1920" height="1920" src="https://hoyre.no/content/uploads/sites/201/2025/02/480157197_1026106806207401_327856595426493738_n.jpg" class="attachment-scaled size-scaled" alt="Kvinnepolitisk" style="object-position: 50% 50%" srcset="https://hoyre.no/content/uploads/sites/201/2025/02/480157197_1026106806207401_327856595426493738_n.jpg 1920w, https://hoyre.no/content/uploads/sites/201/2025/02/480157197_1026106806207401_327856595426493738_n-300x300.jpg 300w, https://hoyre.no/content/uploads/sites/201/2025/02/480157197_1026106806207401_327856595426493738_n-1024x1024.jpg 1024w, https://hoyre.no/content/uploads/sites/201/2025/02/480157197_1026106806207401_327856595426493738_n-150x150.jpg 150w, https://hoyre.no/content/uploads/sites/201/2025/02/480157197_1026106806207401_327856595426493738_n-768x768.jpg 768w, https://hoyre.no/content/uploads/sites/201/2025/02/480157197_1026106806207401_327856595426493738_n-1536x1536.jpg 1536w" sizes="auto, (max-width: 1920px) 100vw, 1920px" /></div></figure>

<div class="wp-block wp-block-teft-event-registration-button">
	<div class="registration-button-wrapper">
			<a href="https://fb.me/e/5XiTPT0be" class="wp-block-button__link">Meld deg på her</a>
							<p class="registration-deadline"><strong>Påmeldingsfrist:</strong> lør 8. mars 2025</p>
		
	</div>
</div>

<div class="panel teft-details-panel">
		<h3>Detaljer</h3>

					<dl class="info-misc-with-icons">
				<dt class="venue"><span class="screen-reader-text">Stedet</span></dt>
				<dd>
											<span class="address-line-1">Kings Arm Pub</span>
																<span class="address-line-2"> Tollbugata 10, 3044 Drammen</span>
									</dd>
			</dl>
							<dl class="info-misc-with-icons">
		<dt class="time"><span class="screen-reader-text">Arrangement dato</span></dt>
		<dd class="time">
			lør 8. mars 2025 fra  17:00 &#8211; 20:00		</dd>
	</dl>
						<dl class="info-misc-with-icons">
		<dt class="registration"><span class="screen-reader-text">Påmeldingsdetajer</span></dt>
		<dd class="registration">
			Gratis							<a href="https://fb.me/e/5XiTPT0be">Registrer</a>
					</dd>
	</dl>
		</dl>
</div>
</div>




<h2 class="wp-block-heading" id="h-informasjon">Informasjon</h2>



<p>Vi i Høyre ønsker å feire årets kvinnedag med et spennende program! Kveldens tema er kvinnehelse sett fra ulike perspektiver.</p>



<p>Dørene åpner kl. 17:00 på Kings i Drammen.</p>



<p>Klokken 17.30 starter programmet med Sandra Bruflot, Høyres stortingskandidat og en sterk forkjemper for kvinnehelse.</p>



<p>Deretter vil Bente Bostrøm, leder av Drammen Sanitetsforening dele sine erfaringer.</p>



<p>Avslutningsvis får vi høre fra Mona Steenberg Gran, leder av Ledervekst, som vil gi oss en innsikt i hvordan selvledelse kan påvirke våre tanker, følelser og handlinger. Hun vil også snakke om livsmestring og hvordan vi kan være ledere i våre egne liv.</p>



<p>Publikum vil få muligheten til å stille spørsmål og bidra til en engasjerende diskusjon om kvinnehelse. Etter programmet håper vi at både kvinner og menn blir igjen for litt sosialt samvær. Det er fritt frem for alle å bestille mat og drikke – det er tross alt lørdagskveld!</p>



<p>Vi håper så mange som mulig kan delta, så del gjerne arrangementet og trykk SKAL slik at vi vet hvor mange vi blir og kan sikre nok plass til alle.</p>


<div class="post-meta wp-block">
	<div class="top">
		<div class="sharing">
			<a class="share-button share-link" target="_blank"><span class="screen-reader-text">Del link</span></a>
			<a class="share-button share-twitter" href="http://twitter.com/share?text=Feiring av kvinnedagen&#038;url=https://hoyre.no/drammen/arrangementer/feiring-av-kvinnedagen/&#038;hashtags=Hoyre"><span class="screen-reader-text">Del på twitter</span></a>
			<a class="share-button share-facebook" href="https://www.facebook.com/sharer/sharer.php?u=https://hoyre.no/drammen/arrangementer/feiring-av-kvinnedagen/" target="_blank"><span class="screen-reader-text">Del på facebook</span></a>
		</div>
	</div>
</div>

<!-- This site is optimized with the Yoast SEO plugin v26.6 - https://yoast.com/wordpress/plugins/seo/ -->
<title>Feiring av kvinnedagen - Drammen Høyre</title>
<meta name="robots" content="index, follow, max-snippet:-1, max-image-preview:large, max-video-preview:-1" />
<link rel="canonical" href="https://hoyre.no/drammen/arrangementer/feiring-av-kvinnedagen/" />
<meta property="og:locale" content="nb_NO" />
<meta property="og:type" content="article" />
<meta property="og:title" content="Feiring av kvinnedagen - Drammen Høyre" />
<meta property="og:url" content="https://hoyre.no/drammen/arrangementer/feiring-av-kvinnedagen/" />
<meta property="og:site_name" content="Drammen Høyre" />
<meta property="article:modified_time" content="2025-02-22T09:41:32+00:00" />
<meta property="og:image" content="https://hoyre.no/content/uploads/sites/201/2025/02/480157197_1026106806207401_327856595426493738_n-1024x1024.jpg" />
<meta name="twitter:card" content="summary_large_image" />
<meta name="twitter:label1" content="Ansl. lesetid" />
	<meta name="twitter:data1" content="2 minutter" />
<script type="application/ld+json" class="yoast-schema-graph">{"@context":"https://schema.org","@graph":[{"@type":"WebPage","@id":"https://hoyre.no/drammen/arrangementer/feiring-av-kvinnedagen/","url":"https://hoyre.no/drammen/arrangementer/feiring-av-kvinnedagen/","name":"Feiring av kvinnedagen - Drammen Høyre","isPartOf":{"@id":"https://hoyre.no/drammen/#website"},"datePublished":"2025-02-22T09:39:52+00:00","dateModified":"2025-02-22T09:41:32+00:00","breadcrumb":{"@id":"https://hoyre.no/drammen/arrangementer/feiring-av-kvinnedagen/#breadcrumb"},"inLanguage":"nb-NO","potentialAction":[{"@type":"ReadAction","target":["https://hoyre.no/drammen/arrangementer/feiring-av-kvinnedagen/"]}]},{"@type":"BreadcrumbList","@id":"https://hoyre.no/drammen/arrangementer/feiring-av-kvinnedagen/#breadcrumb","itemListElement":[{"@type":"ListItem","position":1,"name":"Til hoyre.no","item":"https://hoyre.no"},{"@type":"ListItem","position":2,"name":"Hjem","item":"https://hoyre.no/drammen/"},{"@type":"ListItem","position":3,"name":"Arrangement","item":"https://hoyre.no/drammen/arrangementer/"},{"@type":"ListItem","position":4,"name":"Feiring av kvinnedagen"}]},{"@type":"WebSite","@id":"https://hoyre.no/drammen/#website","url":"https://hoyre.no/drammen/","name":"Drammen Høyre","description":"Bare enda et Høyres nettsteder-nettsted","inLanguage":"nb-NO"}]}</script>
<!-- / Yoast SEO plugin. -->

Feiring av kvinnedagen - Drammen Høyre

Drammen Høyre

Bare enda et Høyres nettsteder-nettsted
