{"id":810,"date":"2025-02-22T13:28:11","date_gmt":"2025-02-22T12:28:11","guid":{"rendered":"https:\/\/hoyre.no\/drammen\/?post_type=teft-events&#038;p=810"},"modified":"2025-02-22T13:30:20","modified_gmt":"2025-02-22T12:30:20","slug":"henrik-asheim-kommer-til-drammen","status":"publish","type":"teft-events","link":"https:\/\/hoyre.no\/drammen\/arrangementer\/henrik-asheim-kommer-til-drammen\/","title":{"rendered":"Henrik Asheim kommer til Drammen!"},"content":{"rendered":"\n<div class=\"wp-block-teft-event-top\">\n\n<div class=\"teft-event-date-top\">\n<div class=\"teft-event-date-wrapper\">\n\t<div class=\"date-square\" aria-hidden=\"true\">\n\t\t24\t\t\t<\/div>\n<\/div>\n\t<div class=\"top-text\">\n\t\t\t\t\t<p class=\"top-date-text\">mandag 24. februar 2025<\/p>\n\t\t\t\t\t\t\t<p class=\"top-time-text\">18:00 &#8211; 20:00<\/p>\n\t\t\t\t\t\t<\/div>\n\t\t<div class=\"sharing\">\n\t\t<a class=\"share-button share-link copy-link\" data-copy=\"https:\/\/hoyre.no\/drammen\/arrangementer\/henrik-asheim-kommer-til-drammen\/\" target=\"_blank\"><span class=\"screen-reader-text\">Del link<\/span><\/a>\n\t\t<a class=\"share-button share-twitter\" href=\"http:\/\/twitter.com\/share?text=Henrik Asheim kommer til Drammen!&#038;url=https:\/\/hoyre.no\/drammen\/arrangementer\/henrik-asheim-kommer-til-drammen\/&#038;hashtags=Hoyre\" target=\"_blank\"><span class=\"screen-reader-text\">Del p\u00e5 twitter<\/span><\/a>\n\t\t<a class=\"share-button share-facebook\" href=\"https:\/\/www.facebook.com\/sharer\/sharer.php?u=https:\/\/hoyre.no\/drammen\/arrangementer\/henrik-asheim-kommer-til-drammen\/\" target=\"_blank\"><span class=\"screen-reader-text\">Del p\u00e5 facebook<\/span><\/a>\n\t<\/div>\n\t<\/div>\n<figure class=\"hoyre-image-wrapper\"><div class=\"hoyre-image\"><img loading=\"lazy\" decoding=\"async\" width=\"657\" height=\"472\" src=\"https:\/\/hoyre.no\/content\/uploads\/sites\/201\/2025\/02\/Skjermbilde.jpg\" class=\"attachment-scaled size-scaled\" alt=\"Henrik\" style=\"object-position: 50% 50%\" srcset=\"https:\/\/hoyre.no\/content\/uploads\/sites\/201\/2025\/02\/Skjermbilde.jpg 657w, https:\/\/hoyre.no\/content\/uploads\/sites\/201\/2025\/02\/Skjermbilde-300x216.jpg 300w\" sizes=\"auto, (max-width: 657px) 100vw, 657px\" \/><\/div><\/figure>\n\n<div class=\"wp-block wp-block-teft-event-registration-button\">\n\t<div class=\"registration-button-wrapper\">\n\t\t\t<a href=\"https:\/\/fb.me\/e\/2NuylAVyK\" class=\"wp-block-button__link\">Meld deg p\u00e5 her<\/a>\n\t\t\t\t\n\t<\/div>\n<\/div>\n\n<div class=\"panel teft-details-panel\">\n\t\t<h3>Detaljer<\/h3>\n\n\t\t\t\t\t<dl class=\"info-misc-with-icons\">\n\t\t\t\t<dt class=\"venue\"><span class=\"screen-reader-text\">Stedet<\/span><\/dt>\n\t\t\t\t<dd>\n\t\t\t\t\t\t\t\t\t\t\t<span class=\"address-line-1\">Drammen R\u00e5dhus<\/span>\n\t\t\t\t\t\t\t\t\t\t\t\t\t\t<\/dd>\n\t\t\t<\/dl>\n\t\t\t\t\t\t\t<dl class=\"info-misc-with-icons\">\n\t\t<dt class=\"time\"><span class=\"screen-reader-text\">Arrangement dato<\/span><\/dt>\n\t\t<dd class=\"time\">\n\t\t\tman 24. februar 2025 fra  18:00 &#8211; 20:00\t\t<\/dd>\n\t<\/dl>\n\t\t\t\t\t\t<dl class=\"info-misc-with-icons\">\n\t\t<dt class=\"registration\"><span class=\"screen-reader-text\">P\u00e5meldingsdetajer<\/span><\/dt>\n\t\t<dd class=\"registration\">\n\t\t\tKun for medlemmer av Drammen H\u00f8yre\t\t\t\t\t\t\t<a href=\"https:\/\/fb.me\/e\/2NuylAVyK\">Registrer<\/a>\n\t\t\t\t\t<\/dd>\n\t<\/dl>\n\t\t<\/dl>\n<\/div>\n<\/div>\n\n\n\n\n<h2 class=\"wp-block-heading\" id=\"h-informasjon\">Informasjon<\/h2>\n\n\n\n<p>Buskerud H\u00f8yre inviterer til medlemsm\u00f8te i kommunestyresalen:<\/p>\n\n\n\n<p><strong>Henrik Asheim kommer til Drammen!<\/strong><\/p>\n\n\n\n<p>Bli med n\u00e5r Henrik Asheim tar turen til Drammen for \u00e5 snakke om valgkampen og de viktigste sakene fremover! Dette er en god mulighet til \u00e5 h\u00f8re hans tanker om hva som st\u00e5r p\u00e5 spill, stille sp\u00f8rsm\u00e5l og bli inspirert til innsats i valgkampen.<\/p>\n\n\n\n<p>Enten du er engasjert i politikk fra f\u00f8r eller bare nysgjerrig p\u00e5 hva som skjer, er du hjertelig velkommen!<\/p>\n\n\n\n<p>Vi gleder oss til en spennende kveld med gode samtaler!<\/p>\n\n\n<div class=\"post-meta wp-block\">\n\t<div class=\"top\">\n\t\t<div class=\"sharing\">\n\t\t\t<a class=\"share-button share-link\" target=\"_blank\"><span class=\"screen-reader-text\">Del link<\/span><\/a>\n\t\t\t<a class=\"share-button share-twitter\" href=\"http:\/\/twitter.com\/share?text=Henrik Asheim kommer til Drammen!&#038;url=https:\/\/hoyre.no\/drammen\/arrangementer\/henrik-asheim-kommer-til-drammen\/&#038;hashtags=Hoyre\"><span class=\"screen-reader-text\">Del p\u00e5 twitter<\/span><\/a>\n\t\t\t<a class=\"share-button share-facebook\" href=\"https:\/\/www.facebook.com\/sharer\/sharer.php?u=https:\/\/hoyre.no\/drammen\/arrangementer\/henrik-asheim-kommer-til-drammen\/\" target=\"_blank\"><span class=\"screen-reader-text\">Del p\u00e5 facebook<\/span><\/a>\n\t\t<\/div>\n\t<\/div>\n<\/div>\n","protected":false},"template":"","meta":{"teft_cards_image_url":"","teft_cards_custom_pretitle":"","teft_cards_image_id":811,"teft_cards_image_focal_point_x":0.5,"teft_cards_image_focal_point_y":0.5,"teft_cards_title":"","teft_cards_excerpt":"","teft_show_chapters":false,"event_organizer":[],"event_start_date":"2025-02-24T18:00:00","event_end_date":"2025-02-24T20:00:00","event_registration_url":"https:\/\/fb.me\/e\/2NuylAVyK","event_registration_deadline":"","event_ticket_cost":"Kun for medlemmer av Drammen H\u00f8yre","event_venue_name":"Drammen R\u00e5dhus","event_venue_url":"","event_venue_address":""},"teft-events-category":[],"class_list":["post-810","teft-events","type-teft-events","status-publish","hentry"],"yoast_head":"<!-- This site is optimized with the Yoast SEO plugin v26.6 - https:\/\/yoast.com\/wordpress\/plugins\/seo\/ -->\n<title>Henrik Asheim kommer til Drammen! - Drammen H\u00f8yre<\/title>\n<meta name=\"robots\" content=\"index, follow, max-snippet:-1, max-image-preview:large, max-video-preview:-1\" \/>\n<link rel=\"canonical\" href=\"https:\/\/hoyre.no\/drammen\/arrangementer\/henrik-asheim-kommer-til-drammen\/\" \/>\n<meta property=\"og:locale\" content=\"nb_NO\" \/>\n<meta property=\"og:type\" content=\"article\" \/>\n<meta property=\"og:title\" content=\"Henrik Asheim kommer til Drammen! - Drammen H\u00f8yre\" \/>\n<meta property=\"og:url\" content=\"https:\/\/hoyre.no\/drammen\/arrangementer\/henrik-asheim-kommer-til-drammen\/\" \/>\n<meta property=\"og:site_name\" content=\"Drammen H\u00f8yre\" \/>\n<meta property=\"article:modified_time\" content=\"2025-02-22T12:30:20+00:00\" \/>\n<meta property=\"og:image\" content=\"https:\/\/hoyre.no\/content\/uploads\/sites\/201\/2025\/02\/Skjermbilde.jpg\" \/>\n<meta name=\"twitter:card\" content=\"summary_large_image\" \/>\n<meta name=\"twitter:label1\" content=\"Ansl. lesetid\" \/>\n\t<meta name=\"twitter:data1\" content=\"1 minutt\" \/>\n<script type=\"application\/ld+json\" class=\"yoast-schema-graph\">{\"@context\":\"https:\/\/schema.org\",\"@graph\":[{\"@type\":\"WebPage\",\"@id\":\"https:\/\/hoyre.no\/drammen\/arrangementer\/henrik-asheim-kommer-til-drammen\/\",\"url\":\"https:\/\/hoyre.no\/drammen\/arrangementer\/henrik-asheim-kommer-til-drammen\/\",\"name\":\"Henrik Asheim kommer til Drammen! - Drammen H\u00f8yre\",\"isPartOf\":{\"@id\":\"https:\/\/hoyre.no\/drammen\/#website\"},\"datePublished\":\"2025-02-22T12:28:11+00:00\",\"dateModified\":\"2025-02-22T12:30:20+00:00\",\"breadcrumb\":{\"@id\":\"https:\/\/hoyre.no\/drammen\/arrangementer\/henrik-asheim-kommer-til-drammen\/#breadcrumb\"},\"inLanguage\":\"nb-NO\",\"potentialAction\":[{\"@type\":\"ReadAction\",\"target\":[\"https:\/\/hoyre.no\/drammen\/arrangementer\/henrik-asheim-kommer-til-drammen\/\"]}]},{\"@type\":\"BreadcrumbList\",\"@id\":\"https:\/\/hoyre.no\/drammen\/arrangementer\/henrik-asheim-kommer-til-drammen\/#breadcrumb\",\"itemListElement\":[{\"@type\":\"ListItem\",\"position\":1,\"name\":\"Til hoyre.no\",\"item\":\"https:\/\/hoyre.no\"},{\"@type\":\"ListItem\",\"position\":2,\"name\":\"Hjem\",\"item\":\"https:\/\/hoyre.no\/drammen\/\"},{\"@type\":\"ListItem\",\"position\":3,\"name\":\"Arrangement\",\"item\":\"https:\/\/hoyre.no\/drammen\/arrangementer\/\"},{\"@type\":\"ListItem\",\"position\":4,\"name\":\"Henrik Asheim kommer til Drammen!\"}]},{\"@type\":\"WebSite\",\"@id\":\"https:\/\/hoyre.no\/drammen\/#website\",\"url\":\"https:\/\/hoyre.no\/drammen\/\",\"name\":\"Drammen H\u00f8yre\",\"description\":\"Bare enda et H\u00f8yres nettsteder-nettsted\",\"inLanguage\":\"nb-NO\"}]}<\/script>\n<!-- \/ Yoast SEO plugin. -->","yoast_head_json":{"title":"Henrik Asheim kommer til Drammen! - Drammen H\u00f8yre","robots":{"index":"index","follow":"follow","max-snippet":"max-snippet:-1","max-image-preview":"max-image-preview:large","max-video-preview":"max-video-preview:-1"},"canonical":"https:\/\/hoyre.no\/drammen\/arrangementer\/henrik-asheim-kommer-til-drammen\/","og_locale":"nb_NO","og_type":"article","og_title":"Henrik Asheim kommer til Drammen! - Drammen H\u00f8yre","og_url":"https:\/\/hoyre.no\/drammen\/arrangementer\/henrik-asheim-kommer-til-drammen\/","og_site_name":"Drammen H\u00f8yre","article_modified_time":"2025-02-22T12:30:20+00:00","og_image":[{"url":"https:\/\/hoyre.no\/content\/uploads\/sites\/201\/2025\/02\/Skjermbilde.jpg","width":"","height":"","type":""}],"twitter_card":"summary_large_image","twitter_misc":{"Ansl. lesetid":"1 minutt"},"schema":{"@context":"https:\/\/schema.org","@graph":[{"@type":"WebPage","@id":"https:\/\/hoyre.no\/drammen\/arrangementer\/henrik-asheim-kommer-til-drammen\/","url":"https:\/\/hoyre.no\/drammen\/arrangementer\/henrik-asheim-kommer-til-drammen\/","name":"Henrik Asheim kommer til Drammen! - Drammen H\u00f8yre","isPartOf":{"@id":"https:\/\/hoyre.no\/drammen\/#website"},"datePublished":"2025-02-22T12:28:11+00:00","dateModified":"2025-02-22T12:30:20+00:00","breadcrumb":{"@id":"https:\/\/hoyre.no\/drammen\/arrangementer\/henrik-asheim-kommer-til-drammen\/#breadcrumb"},"inLanguage":"nb-NO","potentialAction":[{"@type":"ReadAction","target":["https:\/\/hoyre.no\/drammen\/arrangementer\/henrik-asheim-kommer-til-drammen\/"]}]},{"@type":"BreadcrumbList","@id":"https:\/\/hoyre.no\/drammen\/arrangementer\/henrik-asheim-kommer-til-drammen\/#breadcrumb","itemListElement":[{"@type":"ListItem","position":1,"name":"Til hoyre.no","item":"https:\/\/hoyre.no"},{"@type":"ListItem","position":2,"name":"Hjem","item":"https:\/\/hoyre.no\/drammen\/"},{"@type":"ListItem","position":3,"name":"Arrangement","item":"https:\/\/hoyre.no\/drammen\/arrangementer\/"},{"@type":"ListItem","position":4,"name":"Henrik Asheim kommer til Drammen!"}]},{"@type":"WebSite","@id":"https:\/\/hoyre.no\/drammen\/#website","url":"https:\/\/hoyre.no\/drammen\/","name":"Drammen H\u00f8yre","description":"Bare enda et H\u00f8yres nettsteder-nettsted","inLanguage":"nb-NO"}]}},"distributor_meta":false,"distributor_terms":false,"distributor_media":false,"distributor_original_site_name":"Drammen H\u00f8yre","distributor_original_site_url":"https:\/\/hoyre.no\/drammen","push-errors":false,"_links":{"self":[{"href":"https:\/\/hoyre.no\/drammen\/wp-json\/wp\/v2\/teft-events\/810","targetHints":{"allow":["GET"]}}],"collection":[{"href":"https:\/\/hoyre.no\/drammen\/wp-json\/wp\/v2\/teft-events"}],"about":[{"href":"https:\/\/hoyre.no\/drammen\/wp-json\/wp\/v2\/types\/teft-events"}],"wp:attachment":[{"href":"https:\/\/hoyre.no\/drammen\/wp-json\/wp\/v2\/media?parent=810"}],"wp:term":[{"taxonomy":"teft-events-category","embeddable":true,"href":"https:\/\/hoyre.no\/drammen\/wp-json\/wp\/v2\/teft-events-category?post=810"}],"curies":[{"name":"wp","href":"https:\/\/api.w.org\/{rel}","templated":true}]}}

<div class="wp-block-teft-event-top">

<div class="teft-event-date-top">
<div class="teft-event-date-wrapper">
	<div class="date-square" aria-hidden="true">
		24			</div>
</div>
	<div class="top-text">
					<p class="top-date-text">mandag 24. februar 2025</p>
							<p class="top-time-text">18:00 &#8211; 20:00</p>
						</div>
		<div class="sharing">
		<a class="share-button share-link copy-link" data-copy="https://hoyre.no/drammen/arrangementer/henrik-asheim-kommer-til-drammen/" target="_blank"><span class="screen-reader-text">Del link</span></a>
		<a class="share-button share-twitter" href="http://twitter.com/share?text=Henrik Asheim kommer til Drammen!&#038;url=https://hoyre.no/drammen/arrangementer/henrik-asheim-kommer-til-drammen/&#038;hashtags=Hoyre" target="_blank"><span class="screen-reader-text">Del på twitter</span></a>
		<a class="share-button share-facebook" href="https://www.facebook.com/sharer/sharer.php?u=https://hoyre.no/drammen/arrangementer/henrik-asheim-kommer-til-drammen/" target="_blank"><span class="screen-reader-text">Del på facebook</span></a>
	</div>
	</div>
<figure class="hoyre-image-wrapper"><div class="hoyre-image"><img loading="lazy" decoding="async" width="657" height="472" src="https://hoyre.no/content/uploads/sites/201/2025/02/Skjermbilde.jpg" class="attachment-scaled size-scaled" alt="Henrik" style="object-position: 50% 50%" srcset="https://hoyre.no/content/uploads/sites/201/2025/02/Skjermbilde.jpg 657w, https://hoyre.no/content/uploads/sites/201/2025/02/Skjermbilde-300x216.jpg 300w" sizes="auto, (max-width: 657px) 100vw, 657px" /></div></figure>

<div class="wp-block wp-block-teft-event-registration-button">
	<div class="registration-button-wrapper">
			<a href="https://fb.me/e/2NuylAVyK" class="wp-block-button__link">Meld deg på her</a>
				
	</div>
</div>

<div class="panel teft-details-panel">
		<h3>Detaljer</h3>

					<dl class="info-misc-with-icons">
				<dt class="venue"><span class="screen-reader-text">Stedet</span></dt>
				<dd>
											<span class="address-line-1">Drammen Rådhus</span>
														</dd>
			</dl>
							<dl class="info-misc-with-icons">
		<dt class="time"><span class="screen-reader-text">Arrangement dato</span></dt>
		<dd class="time">
			man 24. februar 2025 fra  18:00 &#8211; 20:00		</dd>
	</dl>
						<dl class="info-misc-with-icons">
		<dt class="registration"><span class="screen-reader-text">Påmeldingsdetajer</span></dt>
		<dd class="registration">
			Kun for medlemmer av Drammen Høyre							<a href="https://fb.me/e/2NuylAVyK">Registrer</a>
					</dd>
	</dl>
		</dl>
</div>
</div>




<h2 class="wp-block-heading" id="h-informasjon">Informasjon</h2>



<p>Buskerud Høyre inviterer til medlemsmøte i kommunestyresalen:</p>



<p><strong>Henrik Asheim kommer til Drammen!</strong></p>



<p>Bli med når Henrik Asheim tar turen til Drammen for å snakke om valgkampen og de viktigste sakene fremover! Dette er en god mulighet til å høre hans tanker om hva som står på spill, stille spørsmål og bli inspirert til innsats i valgkampen.</p>



<p>Enten du er engasjert i politikk fra før eller bare nysgjerrig på hva som skjer, er du hjertelig velkommen!</p>



<p>Vi gleder oss til en spennende kveld med gode samtaler!</p>


<div class="post-meta wp-block">
	<div class="top">
		<div class="sharing">
			<a class="share-button share-link" target="_blank"><span class="screen-reader-text">Del link</span></a>
			<a class="share-button share-twitter" href="http://twitter.com/share?text=Henrik Asheim kommer til Drammen!&#038;url=https://hoyre.no/drammen/arrangementer/henrik-asheim-kommer-til-drammen/&#038;hashtags=Hoyre"><span class="screen-reader-text">Del på twitter</span></a>
			<a class="share-button share-facebook" href="https://www.facebook.com/sharer/sharer.php?u=https://hoyre.no/drammen/arrangementer/henrik-asheim-kommer-til-drammen/" target="_blank"><span class="screen-reader-text">Del på facebook</span></a>
		</div>
	</div>
</div>

Kun for medlemmer av Drammen Høyre

Drammen Rådhus

<!-- This site is optimized with the Yoast SEO plugin v26.6 - https://yoast.com/wordpress/plugins/seo/ -->
<title>Henrik Asheim kommer til Drammen! - Drammen Høyre</title>
<meta name="robots" content="index, follow, max-snippet:-1, max-image-preview:large, max-video-preview:-1" />
<link rel="canonical" href="https://hoyre.no/drammen/arrangementer/henrik-asheim-kommer-til-drammen/" />
<meta property="og:locale" content="nb_NO" />
<meta property="og:type" content="article" />
<meta property="og:title" content="Henrik Asheim kommer til Drammen! - Drammen Høyre" />
<meta property="og:url" content="https://hoyre.no/drammen/arrangementer/henrik-asheim-kommer-til-drammen/" />
<meta property="og:site_name" content="Drammen Høyre" />
<meta property="article:modified_time" content="2025-02-22T12:30:20+00:00" />
<meta property="og:image" content="https://hoyre.no/content/uploads/sites/201/2025/02/Skjermbilde.jpg" />
<meta name="twitter:card" content="summary_large_image" />
<meta name="twitter:label1" content="Ansl. lesetid" />
	<meta name="twitter:data1" content="1 minutt" />
<script type="application/ld+json" class="yoast-schema-graph">{"@context":"https://schema.org","@graph":[{"@type":"WebPage","@id":"https://hoyre.no/drammen/arrangementer/henrik-asheim-kommer-til-drammen/","url":"https://hoyre.no/drammen/arrangementer/henrik-asheim-kommer-til-drammen/","name":"Henrik Asheim kommer til Drammen! - Drammen Høyre","isPartOf":{"@id":"https://hoyre.no/drammen/#website"},"datePublished":"2025-02-22T12:28:11+00:00","dateModified":"2025-02-22T12:30:20+00:00","breadcrumb":{"@id":"https://hoyre.no/drammen/arrangementer/henrik-asheim-kommer-til-drammen/#breadcrumb"},"inLanguage":"nb-NO","potentialAction":[{"@type":"ReadAction","target":["https://hoyre.no/drammen/arrangementer/henrik-asheim-kommer-til-drammen/"]}]},{"@type":"BreadcrumbList","@id":"https://hoyre.no/drammen/arrangementer/henrik-asheim-kommer-til-drammen/#breadcrumb","itemListElement":[{"@type":"ListItem","position":1,"name":"Til hoyre.no","item":"https://hoyre.no"},{"@type":"ListItem","position":2,"name":"Hjem","item":"https://hoyre.no/drammen/"},{"@type":"ListItem","position":3,"name":"Arrangement","item":"https://hoyre.no/drammen/arrangementer/"},{"@type":"ListItem","position":4,"name":"Henrik Asheim kommer til Drammen!"}]},{"@type":"WebSite","@id":"https://hoyre.no/drammen/#website","url":"https://hoyre.no/drammen/","name":"Drammen Høyre","description":"Bare enda et Høyres nettsteder-nettsted","inLanguage":"nb-NO"}]}</script>
<!-- / Yoast SEO plugin. -->

Henrik Asheim kommer til Drammen! - Drammen Høyre

Drammen Høyre

Bare enda et Høyres nettsteder-nettsted
