{"id":34,"date":"2023-05-02T12:49:21","date_gmt":"2023-05-02T10:49:21","guid":{"rendered":"https:\/\/hoyre.no\/etne\/?page_id=34"},"modified":"2023-08-14T16:55:09","modified_gmt":"2023-08-14T14:55:09","slug":"politikk","status":"publish","type":"page","link":"https:\/\/hoyre.no\/etne\/politikk\/","title":{"rendered":"Politikk"},"content":{"rendered":"\n<div class=\"wp-block-hoyre-hero with-image-gradient text-color-light  alignfull has-background\"><div class=\"hoyre-hero \"><h1 class=\"title\"><strong>Folketalsauke <\/strong><br><strong>i Etne kommune<\/strong><\/h1><p class=\"preamble\">V\u00e5r hovudsak i haustens kommuneval!<\/p><\/div><\/div>\n\n\n\n\n\n<p>Dette er hovudsaka for Etne H\u00f8gre i kommunevalet. <br>Vekst i folketalet er eit hovudm\u00e5l som ber i seg alle dei ulike delm\u00e5la som er lista opp i programmet v\u00e5rt.&nbsp;<br><br>Skal me f\u00e5 det til, m\u00e5 me ha hovudm\u00e5let i tankane n\u00e5r me skal utforma politikken v\u00e5r i alle sektorane. For \u00e5 f\u00e5 til ein folketalsauke er det for det f\u00f8rste viktig at folk blir buande i kommunen. Me m\u00e5 ha ein politikk som gjer at Etne st\u00e5r fram som ein kommune det er freistande \u00e5 bu og jobba i. D\u00e5 m\u00e5 me ha tiltak som merkest i kvardagen: t.d. eit fleksibelt barnehagetilbod, ein god skule, eit allsidig fritidstilbod, eit rikt kulturliv, osv. Etne kommune er alt gode p\u00e5 desse felta, men me i H\u00f8gre vil vera med p\u00e5 \u00e5 gjera dei betre.&nbsp;<br><br>Neste punkt er \u00e5 f\u00e5 folk til \u00e5 flytta til kommunen v\u00e5r. Dei same tiltaka gjeld her, men i tillegg m\u00e5 dei som skal flytta til kommunen, ha bustad og arbeidsplassar.<br>Me m\u00e5 ha fleire arbeidsplassar i heile kommunen, b\u00e5de i eksisterande bedrifter og i nyetableringar. Me m\u00e5 s\u00f8rga for at det finst tilgjengelege industriomr\u00e5de, og me vil f\u00f8ra ein politikk som gjer at det blir freistande \u00e5 flytta til kommunen v\u00e5r og etablera seg her. Dette m\u00e5 me ha fullt fokus p\u00e5 i \u00e5ra som kjem!<br><br>Det er ikkje nokon ny tanke &#8211; mange har snakka om dette f\u00f8r, men det som har vore av satsing, har vore tilfeldig, og folketalet har g\u00e5tt opp og ned. Det er heilt n\u00f8dvendig \u00e5 f\u00e5 vekst i folketalet, og tilveksten m\u00e5 vera stabil og varig. Fordi folketalsprofilen viser at det er for mange eldre og gamle i kommunen i forhold til talet p\u00e5 innbyggjarar i yrkesaktiv alder, er det viktig \u00e5 f\u00e5 tilflytting av unge folk.<br><br>Den viktigaste m\u00e5lgruppa for denne satsinga er utflytta Etne-ungdom. Dei kjenner kommunen, dei har familie og vener her, og f\u00e5r me dei til \u00e5 komma tilbake, er det stor sjanse for at dei blir her lenge.&nbsp;<br><br>I arbeidet for \u00e5 gjera Etne til ein meir attraktiv kommune vil me invitera dei unge med i prosessen og ta forslaga deira p\u00e5 alvor. Ingen veit betre korleis dei vil ha det i framtida enn ungdommen!<\/p>\n\n\n\n<div class=\"wp-block-hoyre-banner alignwide undefined\"><div class=\"banner-inner\"><figure class=\"hoyre-image-wrapper\"><div class=\"hoyre-image\"><img loading=\"lazy\" decoding=\"async\" width=\"1000\" height=\"1000\" src=\"https:\/\/hoyre.no\/content\/uploads\/sites\/339\/2022\/11\/Hoyres-logo.png\" class=\"attachment-scaled size-scaled\" alt=\"\" style=\"object-position: 50% 50%\" srcset=\"https:\/\/hoyre.no\/content\/uploads\/sites\/339\/2022\/11\/Hoyres-logo.png 1000w, https:\/\/hoyre.no\/content\/uploads\/sites\/339\/2022\/11\/Hoyres-logo-300x300.png 300w, https:\/\/hoyre.no\/content\/uploads\/sites\/339\/2022\/11\/Hoyres-logo-150x150.png 150w, https:\/\/hoyre.no\/content\/uploads\/sites\/339\/2022\/11\/Hoyres-logo-768x768.png 768w\" sizes=\"auto, (max-width: 1000px) 100vw, 1000px\" \/><\/div><\/figure><div class=\"banner-content\"><div class=\"entry-content\">\n<h2 class=\"wp-block-heading\" id=\"h-valprogram2023-2027\">Valprogram<br>2023-2027<\/h2>\n\n\n\n<p>Sj\u00e5 kva me g\u00e5r til val p\u00e5 i Etne \ud83d\udc47<\/p>\n\n\n\n<div class=\"wp-block-buttons is-layout-flex wp-block-buttons-is-layout-flex\">\n<div class=\"wp-block-button\"><a class=\"wp-block-button__link\" href=\"https:\/\/hoyre.no\/etne\/valprogram-2023-2027\/\">les meir her<\/a><\/div>\n<\/div>\n<\/div><\/div><\/div><\/div>\n","protected":false},"excerpt":{"rendered":"<p>Dette er hovudsaka for Etne H\u00f8gre i kommunevalet. Vekst i folketalet er eit hovudm\u00e5l som ber i seg alle dei ulike delm\u00e5la som er lista opp i programmet v\u00e5rt.&nbsp; Skal me f\u00e5 det til, m\u00e5 me ha hovudm\u00e5let i tankane n\u00e5r me skal utforma politikken v\u00e5r i alle sektorane. For \u00e5 f\u00e5 til ein folketalsauke [&hellip;]<\/p>\n","protected":false},"author":24079,"featured_media":0,"parent":0,"menu_order":0,"comment_status":"closed","ping_status":"closed","template":"","meta":{"teft_cards_image_url":"","teft_cards_custom_pretitle":"","teft_cards_image_id":0,"teft_cards_image_focal_point_x":0,"teft_cards_image_focal_point_y":0,"teft_cards_title":"","teft_cards_excerpt":"","teft_show_chapters":false,"footnotes":""},"class_list":["post-34","page","type-page","status-publish","hentry"],"yoast_head":"<!-- This site is optimized with the Yoast SEO Premium plugin v26.5 (Yoast SEO v26.6) - https:\/\/yoast.com\/wordpress\/plugins\/seo\/ -->\n<title>Politikk - Etne H\u00f8gre<\/title>\n<meta name=\"robots\" content=\"index, follow, max-snippet:-1, max-image-preview:large, max-video-preview:-1\" \/>\n<link rel=\"canonical\" href=\"https:\/\/hoyre.no\/etne\/politikk\/\" \/>\n<meta property=\"og:locale\" content=\"nn_NO\" \/>\n<meta property=\"og:type\" content=\"article\" \/>\n<meta property=\"og:title\" content=\"Politikk\" \/>\n<meta property=\"og:description\" content=\"Dette er hovudsaka for Etne H\u00f8gre i kommunevalet. Vekst i folketalet er eit hovudm\u00e5l som ber i seg alle dei ulike delm\u00e5la som er lista opp i programmet v\u00e5rt.&nbsp; Skal me f\u00e5 det til, m\u00e5 me ha hovudm\u00e5let i tankane n\u00e5r me skal utforma politikken v\u00e5r i alle sektorane. For \u00e5 f\u00e5 til ein folketalsauke [&hellip;]\" \/>\n<meta property=\"og:url\" content=\"https:\/\/hoyre.no\/etne\/politikk\/\" \/>\n<meta property=\"og:site_name\" content=\"Etne H\u00f8gre\" \/>\n<meta property=\"article:modified_time\" content=\"2023-08-14T14:55:09+00:00\" \/>\n<meta property=\"og:image\" content=\"https:\/\/hoyre.no\/content\/uploads\/sites\/339\/2022\/11\/Hoyres-logo.png\" \/>\n\t<meta property=\"og:image:width\" content=\"1000\" \/>\n\t<meta property=\"og:image:height\" content=\"1000\" \/>\n\t<meta property=\"og:image:type\" content=\"image\/png\" \/>\n<meta name=\"twitter:card\" content=\"summary_large_image\" \/>\n<meta name=\"twitter:label1\" content=\"Est. reading time\" \/>\n\t<meta name=\"twitter:data1\" content=\"3 minutt\" \/>\n<script type=\"application\/ld+json\" class=\"yoast-schema-graph\">{\"@context\":\"https:\/\/schema.org\",\"@graph\":[{\"@type\":\"WebPage\",\"@id\":\"https:\/\/hoyre.no\/etne\/politikk\/\",\"url\":\"https:\/\/hoyre.no\/etne\/politikk\/\",\"name\":\"Politikk - Etne H\u00f8gre\",\"isPartOf\":{\"@id\":\"https:\/\/hoyre.no\/etne\/#website\"},\"datePublished\":\"2023-05-02T10:49:21+00:00\",\"dateModified\":\"2023-08-14T14:55:09+00:00\",\"breadcrumb\":{\"@id\":\"https:\/\/hoyre.no\/etne\/politikk\/#breadcrumb\"},\"inLanguage\":\"nn-NO\",\"potentialAction\":[{\"@type\":\"ReadAction\",\"target\":[\"https:\/\/hoyre.no\/etne\/politikk\/\"]}]},{\"@type\":\"BreadcrumbList\",\"@id\":\"https:\/\/hoyre.no\/etne\/politikk\/#breadcrumb\",\"itemListElement\":[{\"@type\":\"ListItem\",\"position\":1,\"name\":\"Til hoyre.no\",\"item\":\"https:\/\/hoyre.no\"},{\"@type\":\"ListItem\",\"position\":2,\"name\":\"Hjem\",\"item\":\"https:\/\/hoyre.no\/etne\/\"},{\"@type\":\"ListItem\",\"position\":3,\"name\":\"Politikk\"}]},{\"@type\":\"WebSite\",\"@id\":\"https:\/\/hoyre.no\/etne\/#website\",\"url\":\"https:\/\/hoyre.no\/etne\/\",\"name\":\"Etne H\u00f8gre\",\"description\":\"Bare enda et H\u00f8yres nettsteder-nettsted\",\"inLanguage\":\"nn-NO\"}]}<\/script>\n<!-- \/ Yoast SEO Premium plugin. -->","yoast_head_json":{"title":"Politikk - Etne H\u00f8gre","robots":{"index":"index","follow":"follow","max-snippet":"max-snippet:-1","max-image-preview":"max-image-preview:large","max-video-preview":"max-video-preview:-1"},"canonical":"https:\/\/hoyre.no\/etne\/politikk\/","og_locale":"nn_NO","og_type":"article","og_title":"Politikk","og_description":"Dette er hovudsaka for Etne H\u00f8gre i kommunevalet. Vekst i folketalet er eit hovudm\u00e5l som ber i seg alle dei ulike delm\u00e5la som er lista opp i programmet v\u00e5rt.&nbsp; Skal me f\u00e5 det til, m\u00e5 me ha hovudm\u00e5let i tankane n\u00e5r me skal utforma politikken v\u00e5r i alle sektorane. For \u00e5 f\u00e5 til ein folketalsauke [&hellip;]","og_url":"https:\/\/hoyre.no\/etne\/politikk\/","og_site_name":"Etne H\u00f8gre","article_modified_time":"2023-08-14T14:55:09+00:00","og_image":[{"width":1000,"height":1000,"url":"https:\/\/hoyre.no\/content\/uploads\/sites\/339\/2022\/11\/Hoyres-logo.png","type":"image\/png"}],"twitter_card":"summary_large_image","twitter_misc":{"Est. reading time":"3 minutt"},"schema":{"@context":"https:\/\/schema.org","@graph":[{"@type":"WebPage","@id":"https:\/\/hoyre.no\/etne\/politikk\/","url":"https:\/\/hoyre.no\/etne\/politikk\/","name":"Politikk - Etne H\u00f8gre","isPartOf":{"@id":"https:\/\/hoyre.no\/etne\/#website"},"datePublished":"2023-05-02T10:49:21+00:00","dateModified":"2023-08-14T14:55:09+00:00","breadcrumb":{"@id":"https:\/\/hoyre.no\/etne\/politikk\/#breadcrumb"},"inLanguage":"nn-NO","potentialAction":[{"@type":"ReadAction","target":["https:\/\/hoyre.no\/etne\/politikk\/"]}]},{"@type":"BreadcrumbList","@id":"https:\/\/hoyre.no\/etne\/politikk\/#breadcrumb","itemListElement":[{"@type":"ListItem","position":1,"name":"Til hoyre.no","item":"https:\/\/hoyre.no"},{"@type":"ListItem","position":2,"name":"Hjem","item":"https:\/\/hoyre.no\/etne\/"},{"@type":"ListItem","position":3,"name":"Politikk"}]},{"@type":"WebSite","@id":"https:\/\/hoyre.no\/etne\/#website","url":"https:\/\/hoyre.no\/etne\/","name":"Etne H\u00f8gre","description":"Bare enda et H\u00f8yres nettsteder-nettsted","inLanguage":"nn-NO"}]}},"distributor_meta":false,"distributor_terms":false,"distributor_media":false,"distributor_original_site_name":"Etne H\u00f8gre","distributor_original_site_url":"https:\/\/hoyre.no\/etne","push-errors":false,"_links":{"self":[{"href":"https:\/\/hoyre.no\/etne\/wp-json\/wp\/v2\/pages\/34","targetHints":{"allow":["GET"]}}],"collection":[{"href":"https:\/\/hoyre.no\/etne\/wp-json\/wp\/v2\/pages"}],"about":[{"href":"https:\/\/hoyre.no\/etne\/wp-json\/wp\/v2\/types\/page"}],"author":[{"embeddable":true,"href":"https:\/\/hoyre.no\/etne\/wp-json\/wp\/v2\/users\/24079"}],"replies":[{"embeddable":true,"href":"https:\/\/hoyre.no\/etne\/wp-json\/wp\/v2\/comments?post=34"}],"version-history":[{"count":17,"href":"https:\/\/hoyre.no\/etne\/wp-json\/wp\/v2\/pages\/34\/revisions"}],"predecessor-version":[{"id":214,"href":"https:\/\/hoyre.no\/etne\/wp-json\/wp\/v2\/pages\/34\/revisions\/214"}],"wp:attachment":[{"href":"https:\/\/hoyre.no\/etne\/wp-json\/wp\/v2\/media?parent=34"}],"curies":[{"name":"wp","href":"https:\/\/api.w.org\/{rel}","templated":true}]}}

<div class="wp-block-hoyre-hero with-image-gradient text-color-light  alignfull has-background"><div class="hoyre-hero "><h1 class="title"><strong>Folketalsauke </strong><br><strong>i Etne kommune</strong></h1><p class="preamble">Vår hovudsak i haustens kommuneval!</p></div></div>





<p>Dette er hovudsaka for Etne Høgre i kommunevalet. <br>Vekst i folketalet er eit hovudmål som ber i seg alle dei ulike delmåla som er lista opp i programmet vårt.&nbsp;<br><br>Skal me få det til, må me ha hovudmålet i tankane når me skal utforma politikken vår i alle sektorane. For å få til ein folketalsauke er det for det første viktig at folk blir buande i kommunen. Me må ha ein politikk som gjer at Etne står fram som ein kommune det er freistande å bu og jobba i. Då må me ha tiltak som merkest i kvardagen: t.d. eit fleksibelt barnehagetilbod, ein god skule, eit allsidig fritidstilbod, eit rikt kulturliv, osv. Etne kommune er alt gode på desse felta, men me i Høgre vil vera med på å gjera dei betre.&nbsp;<br><br>Neste punkt er å få folk til å flytta til kommunen vår. Dei same tiltaka gjeld her, men i tillegg må dei som skal flytta til kommunen, ha bustad og arbeidsplassar.<br>Me må ha fleire arbeidsplassar i heile kommunen, både i eksisterande bedrifter og i nyetableringar. Me må sørga for at det finst tilgjengelege industriområde, og me vil føra ein politikk som gjer at det blir freistande å flytta til kommunen vår og etablera seg her. Dette må me ha fullt fokus på i åra som kjem!<br><br>Det er ikkje nokon ny tanke &#8211; mange har snakka om dette før, men det som har vore av satsing, har vore tilfeldig, og folketalet har gått opp og ned. Det er heilt nødvendig å få vekst i folketalet, og tilveksten må vera stabil og varig. Fordi folketalsprofilen viser at det er for mange eldre og gamle i kommunen i forhold til talet på innbyggjarar i yrkesaktiv alder, er det viktig å få tilflytting av unge folk.<br><br>Den viktigaste målgruppa for denne satsinga er utflytta Etne-ungdom. Dei kjenner kommunen, dei har familie og vener her, og får me dei til å komma tilbake, er det stor sjanse for at dei blir her lenge.&nbsp;<br><br>I arbeidet for å gjera Etne til ein meir attraktiv kommune vil me invitera dei unge med i prosessen og ta forslaga deira på alvor. Ingen veit betre korleis dei vil ha det i framtida enn ungdommen!</p>



<div class="wp-block-hoyre-banner alignwide undefined"><div class="banner-inner"><figure class="hoyre-image-wrapper"><div class="hoyre-image"><img loading="lazy" decoding="async" width="1000" height="1000" src="https://hoyre.no/content/uploads/sites/339/2022/11/Hoyres-logo.png" class="attachment-scaled size-scaled" alt="" style="object-position: 50% 50%" srcset="https://hoyre.no/content/uploads/sites/339/2022/11/Hoyres-logo.png 1000w, https://hoyre.no/content/uploads/sites/339/2022/11/Hoyres-logo-300x300.png 300w, https://hoyre.no/content/uploads/sites/339/2022/11/Hoyres-logo-150x150.png 150w, https://hoyre.no/content/uploads/sites/339/2022/11/Hoyres-logo-768x768.png 768w" sizes="auto, (max-width: 1000px) 100vw, 1000px" /></div></figure><div class="banner-content"><div class="entry-content">
<h2 class="wp-block-heading" id="h-valprogram2023-2027">Valprogram<br>2023-2027</h2>



<p>Sjå kva me går til val på i Etne 👇</p>



<div class="wp-block-buttons is-layout-flex wp-block-buttons-is-layout-flex">
<div class="wp-block-button"><a class="wp-block-button__link" href="https://hoyre.no/etne/valprogram-2023-2027/">les meir her</a></div>
</div>
</div></div></div></div>

<p>Dette er hovudsaka for Etne Høgre i kommunevalet. Vekst i folketalet er eit hovudmål som ber i seg alle dei ulike delmåla som er lista opp i programmet vårt.&nbsp; Skal me få det til, må me ha hovudmålet i tankane når me skal utforma politikken vår i alle sektorane. For å få til ein folketalsauke [&hellip;]</p>

<!-- This site is optimized with the Yoast SEO Premium plugin v26.5 (Yoast SEO v26.6) - https://yoast.com/wordpress/plugins/seo/ -->
<title>Politikk - Etne Høgre</title>
<meta name="robots" content="index, follow, max-snippet:-1, max-image-preview:large, max-video-preview:-1" />
<link rel="canonical" href="https://hoyre.no/etne/politikk/" />
<meta property="og:locale" content="nn_NO" />
<meta property="og:type" content="article" />
<meta property="og:title" content="Politikk" />
<meta property="og:description" content="Dette er hovudsaka for Etne Høgre i kommunevalet. Vekst i folketalet er eit hovudmål som ber i seg alle dei ulike delmåla som er lista opp i programmet vårt.&nbsp; Skal me få det til, må me ha hovudmålet i tankane når me skal utforma politikken vår i alle sektorane. For å få til ein folketalsauke [&hellip;]" />
<meta property="og:url" content="https://hoyre.no/etne/politikk/" />
<meta property="og:site_name" content="Etne Høgre" />
<meta property="article:modified_time" content="2023-08-14T14:55:09+00:00" />
<meta property="og:image" content="https://hoyre.no/content/uploads/sites/339/2022/11/Hoyres-logo.png" />
	<meta property="og:image:width" content="1000" />
	<meta property="og:image:height" content="1000" />
	<meta property="og:image:type" content="image/png" />
<meta name="twitter:card" content="summary_large_image" />
<meta name="twitter:label1" content="Est. reading time" />
	<meta name="twitter:data1" content="3 minutt" />
<script type="application/ld+json" class="yoast-schema-graph">{"@context":"https://schema.org","@graph":[{"@type":"WebPage","@id":"https://hoyre.no/etne/politikk/","url":"https://hoyre.no/etne/politikk/","name":"Politikk - Etne Høgre","isPartOf":{"@id":"https://hoyre.no/etne/#website"},"datePublished":"2023-05-02T10:49:21+00:00","dateModified":"2023-08-14T14:55:09+00:00","breadcrumb":{"@id":"https://hoyre.no/etne/politikk/#breadcrumb"},"inLanguage":"nn-NO","potentialAction":[{"@type":"ReadAction","target":["https://hoyre.no/etne/politikk/"]}]},{"@type":"BreadcrumbList","@id":"https://hoyre.no/etne/politikk/#breadcrumb","itemListElement":[{"@type":"ListItem","position":1,"name":"Til hoyre.no","item":"https://hoyre.no"},{"@type":"ListItem","position":2,"name":"Hjem","item":"https://hoyre.no/etne/"},{"@type":"ListItem","position":3,"name":"Politikk"}]},{"@type":"WebSite","@id":"https://hoyre.no/etne/#website","url":"https://hoyre.no/etne/","name":"Etne Høgre","description":"Bare enda et Høyres nettsteder-nettsted","inLanguage":"nn-NO"}]}</script>
<!-- / Yoast SEO Premium plugin. -->

Politikk - Etne Høgre

Dette er hovudsaka for Etne Høgre i kommunevalet. Vekst i folketalet er eit hovudmål som ber i seg alle dei ulike delmåla som er lista opp i programmet vårt.&nbsp; Skal me få det til, må me ha hovudmålet i tankane når me skal utforma politikken vår i alle sektorane. For å få til ein folketalsauke [&hellip;]

Etne Høgre

Bare enda et Høyres nettsteder-nettsted
