{"id":952,"date":"2023-04-23T22:33:32","date_gmt":"2023-04-23T20:33:32","guid":{"rendered":"https:\/\/hoyre.no\/fredrikstad\/?page_id=952"},"modified":"2025-02-18T16:50:05","modified_gmt":"2025-02-18T15:50:05","slug":"arne-sekkelsten","status":"publish","type":"page","link":"https:\/\/hoyre.no\/fredrikstad\/arne-sekkelsten\/","title":{"rendered":"Arne Sekkelsten"},"content":{"rendered":"\n<div class=\"wp-block-hoyre-hero with-image-gradient text-color-light  has-media alignfull has-background\"><div class=\"hoyre-hero has-image\"><h1 class=\"title\">Arne Sekkelsten<\/h1><p class=\"preamble\">H\u00f8yres ordf\u00f8rer i Fredrikstad.<\/p>\t\t\t<div class=\"post-meta wp-block teft-byline-wrapper\">\n\t\t\t\t<div class=\"top\">\n\t\t\t\t\t<div class=\"signature\">\n\t\t\t\t\t\t<div class=\"teft-byline\">\n\t\t\t\t\t\t\t\t\t\t\t\t\t\t<div>\n\t\t\t\t\t\t\t\t<h3>H\u00f8yres redaksjon<\/h3>\t\t\t\t\t\t\t\t\n\t\t\t\t\t\t\t\t\t\t\t\t\t\t\t\t\t<span class=\"date\">Sist oppdatert: 18. februar 2025<\/span>\n\t\t\t\t\t\t\t\t\t\t\t\t\t\t\t\t\t\t\t\t\t\t\t\t\t<span class=\"reading-time\" itemprop=\"timeRequired\" content=\"PT5M\"><em>Ca. 5 minutter lesetid<\/em><\/span>\n\t\t\t\t\t\t\t\t\t\t\t\t\t\t\t<\/div>\n\t\t\t\t\t\t<\/div>\n\t\t\t\t\t<\/div>\n\t\t\t\t\t\t<div class=\"sharing\">\n\t\t<a class=\"share-button share-link copy-link\" data-copy=\"https:\/\/hoyre.no\/fredrikstad\/arne-sekkelsten\/\" target=\"_blank\"><span class=\"screen-reader-text\">Del link<\/span><\/a>\n\t\t<a class=\"share-button share-twitter\" href=\"http:\/\/twitter.com\/share?text=Arne Sekkelsten&#038;url=https:\/\/hoyre.no\/fredrikstad\/arne-sekkelsten\/&#038;hashtags=Hoyre\" target=\"_blank\"><span class=\"screen-reader-text\">Del p\u00e5 twitter<\/span><\/a>\n\t\t<a class=\"share-button share-facebook\" href=\"https:\/\/www.facebook.com\/sharer\/sharer.php?u=https:\/\/hoyre.no\/fredrikstad\/arne-sekkelsten\/\" target=\"_blank\"><span class=\"screen-reader-text\">Del p\u00e5 facebook<\/span><\/a>\n\t<\/div>\n\t\t\t\t\t<\/div>\n\t\t\t<\/div>\n\n\t\t\t<figure class=\"hoyre-image-wrapper\"><div class=\"hoyre-image\"><img loading=\"lazy\" decoding=\"async\" width=\"1094\" height=\"1094\" src=\"https:\/\/hoyre.no\/content\/uploads\/sites\/194\/2023\/04\/Arne-Sekkelsten-kandidat-nr1.jpeg\" class=\"attachment-scaled size-scaled\" alt=\"\" style=\"object-position: 47% 9%\" srcset=\"https:\/\/hoyre.no\/content\/uploads\/sites\/194\/2023\/04\/Arne-Sekkelsten-kandidat-nr1.jpeg 1094w, https:\/\/hoyre.no\/content\/uploads\/sites\/194\/2023\/04\/Arne-Sekkelsten-kandidat-nr1-300x300.jpeg 300w, https:\/\/hoyre.no\/content\/uploads\/sites\/194\/2023\/04\/Arne-Sekkelsten-kandidat-nr1-1024x1024.jpeg 1024w, https:\/\/hoyre.no\/content\/uploads\/sites\/194\/2023\/04\/Arne-Sekkelsten-kandidat-nr1-150x150.jpeg 150w, https:\/\/hoyre.no\/content\/uploads\/sites\/194\/2023\/04\/Arne-Sekkelsten-kandidat-nr1-768x768.jpeg 768w\" sizes=\"auto, (max-width: 1094px) 100vw, 1094px\" \/><\/div><\/figure><\/div><\/div>\n\n\n\n<div class=\"wp-block-buttons is-layout-flex wp-block-buttons-is-layout-flex\">\n<div class=\"wp-block-button is-style-fill\"><a class=\"wp-block-button__link wp-element-button\" href=\"https:\/\/www.facebook.com\/arne.sekkelsten\">F\u00d8LG ARNE P\u00c5 Facebook<\/a><\/div>\n\n\n\n<div class=\"wp-block-button is-style-fill\"><a class=\"wp-block-button__link wp-element-button\" href=\"https:\/\/www.instagram.com\/arnesekkelsten\/\">F\u00d8LG ARNE P\u00c5 INSTAGRAM<\/a><\/div>\n<\/div>\n\n\n\n<div class=\"wp-block-hoyre-banner undefined has-icon-title icon-heart is-style-blue\"><div class=\"banner-inner\"><div class=\"banner-content\"><div class=\"entry-content\">\n<h2 class=\"wp-block-heading\" id=\"h-bli-kjent-med-arne\">Bli kjent med Arne<\/h2>\n\n\n\n<p class=\"has-text-align-left\"><strong>Bosted<\/strong>: Kr\u00e5ker\u00f8y<\/p>\n\n\n\n<p class=\"has-text-align-left\"><strong>Sivilstatus<\/strong>: Gift med Lene, 2 barn<\/p>\n\n\n\n<p class=\"has-text-align-left\"><strong>Dyr<\/strong>: 2 hunder og 1 katt<\/p>\n\n\n\n<p class=\"has-text-align-left\"><strong>Jobb<\/strong>: Advokat hos Lex Advokater. Har tidligere jobbet i politiet og Oslo fengsel.<\/p>\n\n\n\n<p class=\"has-text-align-left\"><strong>Utdanning<\/strong>: Msc. (Master in International and European Politics) fra Edinburgh i Skottland og Cand. jur. fra Universitetet i Oslo.<\/p>\n\n\n\n<p class=\"has-text-align-left\"><strong>Politisk erfaring<\/strong>: Tidligere leder av Fredrikstad H\u00f8yre og sittet i bystyret siden 2019. Er medlem av utvalg for helse og velferd i innev\u00e6rende periode. Har tidligere sittet i kommunestyret i Oppeg\u00e5rd og v\u00e6rt fylkestingsrepresentant i Akershus.<\/p>\n\n\n\n<p class=\"has-text-align-left\"><strong>Hvorfor er H\u00f8yre rett parti for deg?<\/strong> H\u00f8yre er mitt parti fordi det har troen p\u00e5 at alle kan lykkes, bare de f\u00e5r muligheten. H\u00f8yre har den beste skolepolitikken, som ogs\u00e5 er en av de viktigste arenaene for \u00e5 utjevne sosiale forskjeller. I tillegg er H\u00f8yre et ansvarlig styringsparti med fokus p\u00e5 menneske fremfor systemet, og en politisk helhet som ikke hopper p\u00e5 lettvinne l\u00f8sninger.<\/p>\n\n\n\n<p class=\"has-text-align-left\"><strong>Hva spiser du n\u00e5r du skal kose deg skikkelig?<\/strong> Ingenting sl\u00e5r en ordentlig biff. Ellers er jeg glad i grillmat og generelt alt som er usunt.<\/p>\n\n\n\n<p class=\"has-text-align-left\"><strong>Konsert eller idrettsarrangement? <\/strong>Idrettsarrangement. Synes det er aller morsomst \u00e5 se mine egne barn i aksjon.<\/p>\n\n\n\n<p class=\"has-text-align-left\"><strong>Hva har du av fritidsinteresser bortsett fra politikk?<\/strong> P\u00e5 sommerstid er jeg glad i sj\u00f8, &#8211; og b\u00e5tliv. Jeg liker ogs\u00e5 \u00e5 g\u00e5 i fjellet. Gjerne p\u00e5 toppturer.<br>P\u00e5 vinterstid st\u00e5r jeg slal\u00e5m. Helst p\u00e5 Kvitfjell som har de r\u00e5este bakkene.<\/p>\n\n\n\n<p class=\"has-text-align-left\"><strong>Hva h\u00f8rer du p\u00e5 av musikk?<\/strong> Jeg liker klassisk rock og p\u00f8nk-rock gjerne fra den tiden jeg vokste opp med. S\u00e5nn som Metallica, Nirvana, Ozzy Osbourne, Green Day osv. Av norsk musikk er jeg ubetinget fan av Jokke &amp; Valentinerne. Utover det, h\u00f8rer jeg ufrivillig p\u00e5 en del av n\u00e5tidens russel\u00e5ter.<\/p>\n\n\n\n<p class=\"has-text-align-left\"><strong>Funfact?<\/strong> Da jeg studerte i Skottland, fikk jeg sommerjobb i det skotske parlamentet. Jeg jobbet for den skotske parlamentarikeren Ben Wallace. Han er fortsatt forsvarsminister i Storbritannia og har overlevd tre Statsministre.<\/p>\n\n\n\n<p class=\"has-text-align-left\"><strong>Hva er din favorittplass i kommunen og utenfor kommunen?<\/strong> Jeg er veldig glad i n\u00e6rmilj\u00f8et mitt p\u00e5 Kr\u00e5ker\u00f8y, og alle steder som er i n\u00e6rheten av sj\u00f8en. De er det heldigvis mange av i Fredrikstad.<br>Utenfor kommunen s\u00e5 er jeg veldig glad i Sunnm\u00f8re og dramatiske fjellandskap.<\/p>\n\n\n\n<p class=\"has-text-align-left\"><strong>Hva er din visjon for Fredrikstad?<\/strong> Min visjon for Fredrikstad er enkel, men ambisi\u00f8s. Vi skal bli Norges mest attraktive kommune \u00e5 bo i. Men da m\u00e5 vi ta grep om de st\u00f8rste utfordringene v\u00e5re. I dag er altfor mange som faller utenfor. Det er vondt \u00e5 h\u00f8re historier om barn som ikke f\u00e5r delta p\u00e5 fritidsaktivitet fordi \u00f8konomien ikke strekker til. Skal vi lykkes med \u00e5 f\u00e5 endret dette m\u00e5 vi styrke samarbeidet mellom kommunen og frivilligheten, lag og foreninger.<\/p>\n\n\n\n<div class=\"wp-block-buttons alignwide is-layout-flex wp-block-buttons-is-layout-flex\"><\/div>\n<\/div><\/div><\/div><\/div>\n\n\n\n<div class=\"wp-block-hoyre-banner undefined\"><div class=\"banner-inner\"><div class=\"banner-content\"><div class=\"entry-content\">\n<h2 class=\"wp-block-heading\" id=\"h-mine-hjertesaker\">Mine hjertesaker<\/h2>\n\n\n\n<h3 class=\"wp-block-heading has-text-align-left\" id=\"h-skole\">\ud83d\udc99 Skole<\/h3>\n\n\n\n<p class=\"has-text-align-left\">Jeg m\u00e5 nok peke p\u00e5 skole og oppvekst som det omr\u00e5de jeg er mest opptatt av. Det er her grunnlaget legges, og vi m\u00e5 sikre at alle barn skal f\u00e5 et best mulig utgangspunkt for \u00e5 lykkes med det de \u00f8nsker her i livet. Da kan vi ikke ha skolebygg som bokstavelig talt faller fra hverandre. Det handler om signaleffekt, og det \u00e5 ta barn og unge p\u00e5 alvor.<\/p>\n\n\n\n<h3 class=\"wp-block-heading has-text-align-left\" id=\"h-eldreomsorg\">\ud83d\udc99 Eldreomsorg<\/h3>\n\n\n\n<p class=\"has-text-align-left\">En annen viktig sak for meg er eldreomsorg. Jeg er opptatt av at vi burde har et bredere tilbud til de eldre og syke. Det har i alt for liten grad v\u00e6rt satset p\u00e5 alternative boformer utover sykehjemsplasser. Dette selv om landet f\u00e5r en aldrende befolkning. Vi blir flere eldre, som p\u00e5 sikt vil ha behov for pleie, da m\u00e5 vi ha en mer offensiv holdning for \u00e5 l\u00f8se utfordringene.<\/p>\n\n\n\n<h3 class=\"wp-block-heading has-text-align-left\" id=\"h-naeringsliv\">\ud83d\udc99 N\u00e6ringsliv<\/h3>\n\n\n\n<p class=\"has-text-align-left\">Jeg er ogs\u00e5 opptatt av \u00e5 jobbe for at n\u00e6ringslivet i Fredrikstad skal ha best mulige rammer for \u00e5 lykkes. Det trengs trygge og l\u00f8nnsomme arbeidsplasser som er avhengige av infrastruktur og forutsigbarhet. H\u00f8yres slagord \u00abSkape mer og inkludere flere\u00bb, er selve kjernen i dette. Et skikkelig jobb-tilbud der flest mulig er ute i arbeid, er ogs\u00e5 b\u00e6rebjelken i v\u00e5r velferdsstat.<\/p>\n\n\n\n<h3 class=\"wp-block-heading has-text-align-left\" id=\"h-en-sunn-ja-kommune\">\ud83d\udc99 En sunn JA-kommune<\/h3>\n\n\n\n<p class=\"has-text-align-left\">Jeg vil at Fredrikstad skal bli en Ja-kommune, som sier ja n\u00e5r den kan og nei bare n\u00e5r den m\u00e5. Jeg vil ha en innbyggervennlig kommune som lytter til innbyggerne, som hjelper til der det trengs og ellers gir folk valgfrihet til \u00e5 bestemme selv. Vi m\u00e5 ogs\u00e5 ha en sunn \u00f8konomisk drift i kommunen siden det er en forutsetning for en god skole og en verdig eldreomsorg.<\/p>\n\n\n\n<div class=\"wp-block-buttons is-layout-flex wp-block-buttons-is-layout-flex\"><\/div>\n<\/div><\/div><\/div><\/div>\n","protected":false},"excerpt":{"rendered":"","protected":false},"author":15700,"featured_media":0,"parent":0,"menu_order":0,"comment_status":"closed","ping_status":"closed","template":"","meta":{"teft_cards_image_url":"","teft_cards_custom_pretitle":"","teft_cards_image_id":0,"teft_cards_image_focal_point_x":0,"teft_cards_image_focal_point_y":0,"teft_cards_title":"","teft_cards_excerpt":"","teft_show_chapters":false,"footnotes":""},"class_list":["post-952","page","type-page","status-publish","hentry"],"yoast_head":"<!-- This site is optimized with the Yoast SEO plugin v26.6 - https:\/\/yoast.com\/wordpress\/plugins\/seo\/ -->\n<title>Arne Sekkelsten - Fredrikstad H\u00f8yre<\/title>\n<meta name=\"description\" content=\"Her kan du bli litt bedre kjent med H\u00f8yres ordf\u00f8rer i Fredrikstad, Arne Sekkelsten.\" \/>\n<meta name=\"robots\" content=\"index, follow, max-snippet:-1, max-image-preview:large, max-video-preview:-1\" \/>\n<link rel=\"canonical\" href=\"https:\/\/hoyre.no\/fredrikstad\/arne-sekkelsten\/\" \/>\n<meta property=\"og:locale\" content=\"nb_NO\" \/>\n<meta property=\"og:type\" content=\"article\" \/>\n<meta property=\"og:title\" content=\"Arne Sekkelsten - Fredrikstad H\u00f8yre\" \/>\n<meta property=\"og:description\" content=\"Her kan du bli litt bedre kjent med H\u00f8yres ordf\u00f8rer i Fredrikstad, Arne Sekkelsten.\" \/>\n<meta property=\"og:url\" content=\"https:\/\/hoyre.no\/fredrikstad\/arne-sekkelsten\/\" \/>\n<meta property=\"og:site_name\" content=\"Fredrikstad H\u00f8yre\" \/>\n<meta property=\"article:modified_time\" content=\"2025-02-18T15:50:05+00:00\" \/>\n<meta property=\"og:image\" content=\"https:\/\/hoyre.no\/content\/uploads\/sites\/194\/2022\/11\/Hoyres-logo.png\" \/>\n\t<meta property=\"og:image:width\" content=\"1000\" \/>\n\t<meta property=\"og:image:height\" content=\"1000\" \/>\n\t<meta property=\"og:image:type\" content=\"image\/png\" \/>\n<meta name=\"twitter:card\" content=\"summary_large_image\" \/>\n<meta name=\"twitter:label1\" content=\"Ansl. lesetid\" \/>\n\t<meta name=\"twitter:data1\" content=\"5 minutter\" \/>\n<script type=\"application\/ld+json\" class=\"yoast-schema-graph\">{\"@context\":\"https:\/\/schema.org\",\"@graph\":[{\"@type\":\"WebPage\",\"@id\":\"https:\/\/hoyre.no\/fredrikstad\/arne-sekkelsten\/\",\"url\":\"https:\/\/hoyre.no\/fredrikstad\/arne-sekkelsten\/\",\"name\":\"Arne Sekkelsten - Fredrikstad H\u00f8yre\",\"isPartOf\":{\"@id\":\"https:\/\/hoyre.no\/fredrikstad\/#website\"},\"datePublished\":\"2023-04-23T20:33:32+00:00\",\"dateModified\":\"2025-02-18T15:50:05+00:00\",\"description\":\"Her kan du bli litt bedre kjent med H\u00f8yres ordf\u00f8rer i Fredrikstad, Arne Sekkelsten.\",\"breadcrumb\":{\"@id\":\"https:\/\/hoyre.no\/fredrikstad\/arne-sekkelsten\/#breadcrumb\"},\"inLanguage\":\"nb-NO\",\"potentialAction\":[{\"@type\":\"ReadAction\",\"target\":[\"https:\/\/hoyre.no\/fredrikstad\/arne-sekkelsten\/\"]}]},{\"@type\":\"BreadcrumbList\",\"@id\":\"https:\/\/hoyre.no\/fredrikstad\/arne-sekkelsten\/#breadcrumb\",\"itemListElement\":[{\"@type\":\"ListItem\",\"position\":1,\"name\":\"Til hoyre.no\",\"item\":\"https:\/\/hoyre.no\"},{\"@type\":\"ListItem\",\"position\":2,\"name\":\"Hjem\",\"item\":\"https:\/\/hoyre.no\/fredrikstad\/\"},{\"@type\":\"ListItem\",\"position\":3,\"name\":\"Arne Sekkelsten\"}]},{\"@type\":\"WebSite\",\"@id\":\"https:\/\/hoyre.no\/fredrikstad\/#website\",\"url\":\"https:\/\/hoyre.no\/fredrikstad\/\",\"name\":\"Fredrikstad H\u00f8yre\",\"description\":\"Bare enda et H\u00f8yres nettsteder-nettsted\",\"inLanguage\":\"nb-NO\"}]}<\/script>\n<!-- \/ Yoast SEO plugin. -->","yoast_head_json":{"title":"Arne Sekkelsten - Fredrikstad H\u00f8yre","description":"Her kan du bli litt bedre kjent med H\u00f8yres ordf\u00f8rer i Fredrikstad, Arne Sekkelsten.","robots":{"index":"index","follow":"follow","max-snippet":"max-snippet:-1","max-image-preview":"max-image-preview:large","max-video-preview":"max-video-preview:-1"},"canonical":"https:\/\/hoyre.no\/fredrikstad\/arne-sekkelsten\/","og_locale":"nb_NO","og_type":"article","og_title":"Arne Sekkelsten - Fredrikstad H\u00f8yre","og_description":"Her kan du bli litt bedre kjent med H\u00f8yres ordf\u00f8rer i Fredrikstad, Arne Sekkelsten.","og_url":"https:\/\/hoyre.no\/fredrikstad\/arne-sekkelsten\/","og_site_name":"Fredrikstad H\u00f8yre","article_modified_time":"2025-02-18T15:50:05+00:00","og_image":[{"width":1000,"height":1000,"url":"https:\/\/hoyre.no\/content\/uploads\/sites\/194\/2022\/11\/Hoyres-logo.png","type":"image\/png"}],"twitter_card":"summary_large_image","twitter_misc":{"Ansl. lesetid":"5 minutter"},"schema":{"@context":"https:\/\/schema.org","@graph":[{"@type":"WebPage","@id":"https:\/\/hoyre.no\/fredrikstad\/arne-sekkelsten\/","url":"https:\/\/hoyre.no\/fredrikstad\/arne-sekkelsten\/","name":"Arne Sekkelsten - Fredrikstad H\u00f8yre","isPartOf":{"@id":"https:\/\/hoyre.no\/fredrikstad\/#website"},"datePublished":"2023-04-23T20:33:32+00:00","dateModified":"2025-02-18T15:50:05+00:00","description":"Her kan du bli litt bedre kjent med H\u00f8yres ordf\u00f8rer i Fredrikstad, Arne Sekkelsten.","breadcrumb":{"@id":"https:\/\/hoyre.no\/fredrikstad\/arne-sekkelsten\/#breadcrumb"},"inLanguage":"nb-NO","potentialAction":[{"@type":"ReadAction","target":["https:\/\/hoyre.no\/fredrikstad\/arne-sekkelsten\/"]}]},{"@type":"BreadcrumbList","@id":"https:\/\/hoyre.no\/fredrikstad\/arne-sekkelsten\/#breadcrumb","itemListElement":[{"@type":"ListItem","position":1,"name":"Til hoyre.no","item":"https:\/\/hoyre.no"},{"@type":"ListItem","position":2,"name":"Hjem","item":"https:\/\/hoyre.no\/fredrikstad\/"},{"@type":"ListItem","position":3,"name":"Arne Sekkelsten"}]},{"@type":"WebSite","@id":"https:\/\/hoyre.no\/fredrikstad\/#website","url":"https:\/\/hoyre.no\/fredrikstad\/","name":"Fredrikstad H\u00f8yre","description":"Bare enda et H\u00f8yres nettsteder-nettsted","inLanguage":"nb-NO"}]}},"distributor_meta":false,"distributor_terms":false,"distributor_media":false,"distributor_original_site_name":"Fredrikstad H\u00f8yre","distributor_original_site_url":"https:\/\/hoyre.no\/fredrikstad","push-errors":false,"_links":{"self":[{"href":"https:\/\/hoyre.no\/fredrikstad\/wp-json\/wp\/v2\/pages\/952","targetHints":{"allow":["GET"]}}],"collection":[{"href":"https:\/\/hoyre.no\/fredrikstad\/wp-json\/wp\/v2\/pages"}],"about":[{"href":"https:\/\/hoyre.no\/fredrikstad\/wp-json\/wp\/v2\/types\/page"}],"author":[{"embeddable":true,"href":"https:\/\/hoyre.no\/fredrikstad\/wp-json\/wp\/v2\/users\/15700"}],"replies":[{"embeddable":true,"href":"https:\/\/hoyre.no\/fredrikstad\/wp-json\/wp\/v2\/comments?post=952"}],"version-history":[{"count":12,"href":"https:\/\/hoyre.no\/fredrikstad\/wp-json\/wp\/v2\/pages\/952\/revisions"}],"predecessor-version":[{"id":1529,"href":"https:\/\/hoyre.no\/fredrikstad\/wp-json\/wp\/v2\/pages\/952\/revisions\/1529"}],"wp:attachment":[{"href":"https:\/\/hoyre.no\/fredrikstad\/wp-json\/wp\/v2\/media?parent=952"}],"curies":[{"name":"wp","href":"https:\/\/api.w.org\/{rel}","templated":true}]}}