{"id":572,"date":"2023-10-09T20:03:34","date_gmt":"2023-10-09T18:03:34","guid":{"rendered":"https:\/\/hoyre.no\/frogn\/?page_id=572"},"modified":"2024-12-13T13:36:06","modified_gmt":"2024-12-13T12:36:06","slug":"var-ordforer","status":"publish","type":"page","link":"https:\/\/hoyre.no\/frogn\/var-ordforer\/","title":{"rendered":"V\u00e5r ordf\u00f8rer"},"content":{"rendered":"\n<div class=\"wp-block-hoyre-hero with-image-gradient text-color-light  has-media alignfull has-background\"><div class=\"hoyre-hero has-image\"><h1 class=\"title\">Sigbj\u00f8rn Odden &#8211; v\u00e5r ordf\u00f8rer<\/h1><p class=\"preamble\">Bli bedre kjent med Frogns ordf\u00f8rer her.<\/p>\t\t\t<div class=\"post-meta wp-block teft-byline-wrapper\">\n\t\t\t\t<div class=\"top\">\n\t\t\t\t\t<div class=\"signature\">\n\t\t\t\t\t\t<div class=\"teft-byline\">\n\t\t\t\t\t\t\t\t\t\t\t\t\t\t<div>\n\t\t\t\t\t\t\t\t<h3>H\u00f8yres redaksjon<\/h3>\t\t\t\t\t\t\t\t\n\t\t\t\t\t\t\t\t\t\t\t\t\t\t\t\t\t<span class=\"date\">Sist oppdatert: 13. desember 2024<\/span>\n\t\t\t\t\t\t\t\t\t\t\t\t\t\t\t\t\t\t\t\t\t\t\t\t\t<span class=\"reading-time\" itemprop=\"timeRequired\" content=\"PT2M\"><em>Ca. 2 minutter lesetid<\/em><\/span>\n\t\t\t\t\t\t\t\t\t\t\t\t\t\t\t<\/div>\n\t\t\t\t\t\t<\/div>\n\t\t\t\t\t<\/div>\n\t\t\t\t\t\t<div class=\"sharing\">\n\t\t<a class=\"share-button share-link copy-link\" data-copy=\"https:\/\/hoyre.no\/frogn\/var-ordforer\/\" target=\"_blank\"><span class=\"screen-reader-text\">Del link<\/span><\/a>\n\t\t<a class=\"share-button share-twitter\" href=\"http:\/\/twitter.com\/share?text=V\u00e5r ordf\u00f8rer&#038;url=https:\/\/hoyre.no\/frogn\/var-ordforer\/&#038;hashtags=Hoyre\" target=\"_blank\"><span class=\"screen-reader-text\">Del p\u00e5 twitter<\/span><\/a>\n\t\t<a class=\"share-button share-facebook\" href=\"https:\/\/www.facebook.com\/sharer\/sharer.php?u=https:\/\/hoyre.no\/frogn\/var-ordforer\/\" target=\"_blank\"><span class=\"screen-reader-text\">Del p\u00e5 facebook<\/span><\/a>\n\t<\/div>\n\t\t\t\t\t<\/div>\n\t\t\t<\/div>\n\n\t\t\t<figure class=\"hoyre-image-wrapper\"><div class=\"hoyre-image\"><img loading=\"lazy\" decoding=\"async\" width=\"2500\" height=\"1670\" src=\"https:\/\/hoyre.no\/content\/uploads\/sites\/195\/2023\/04\/DSC07738-scaled.jpg\" class=\"attachment-scaled size-scaled\" alt=\"\" style=\"object-position: 25% 4%\" srcset=\"https:\/\/hoyre.no\/content\/uploads\/sites\/195\/2023\/04\/DSC07738-scaled.jpg 2500w, https:\/\/hoyre.no\/content\/uploads\/sites\/195\/2023\/04\/DSC07738-300x200.jpg 300w, https:\/\/hoyre.no\/content\/uploads\/sites\/195\/2023\/04\/DSC07738-1024x684.jpg 1024w, https:\/\/hoyre.no\/content\/uploads\/sites\/195\/2023\/04\/DSC07738-768x513.jpg 768w, https:\/\/hoyre.no\/content\/uploads\/sites\/195\/2023\/04\/DSC07738-1536x1026.jpg 1536w, https:\/\/hoyre.no\/content\/uploads\/sites\/195\/2023\/04\/DSC07738-2048x1368.jpg 2048w\" sizes=\"auto, (max-width: 2500px) 100vw, 2500px\" \/><\/div><\/figure><\/div><\/div>\n\n\n\n\n<div class=\"wp-block-buttons alignfull is-content-justification-center is-layout-flex wp-container-core-buttons-is-layout-16018d1d wp-block-buttons-is-layout-flex\">\n<div class=\"wp-block-button\"><a class=\"wp-block-button__link wp-element-button\" href=\"https:\/\/hoyre.no\/nyhetsbrev\/\">ABONNER P\u00c5 H\u00d8YRES NYHETSBREV<\/a><\/div>\n\n\n\n<div class=\"wp-block-button\"><a class=\"wp-block-button__link wp-element-button\" href=\"https:\/\/hoyre.no\/personprofiler\/sigbjorn-odden\/\">Kom i kontakt med sigbj\u00f8rn<\/a><\/div>\n\n\n\n<div class=\"wp-block-button\"><a class=\"wp-block-button__link wp-element-button\" href=\"https:\/\/www.facebook.com\/frognhoyre\">f\u00f8lg frogn h\u00f8yre p\u00e5 facebook<\/a><\/div>\n<\/div>\n\n\n\n<div class=\"wp-block-hoyre-banner undefined has-icon-title icon-heart\"><div class=\"banner-inner\"><div class=\"banner-content\"><div class=\"entry-content\">\n<h2 class=\"wp-block-heading has-text-align-center\">Bli bedre kjent med Sigbj\u00f8rn!<\/h2>\n\n\n\n<p class=\"has-text-align-left\"><strong>Alder:<\/strong> 59 \u00e5r<\/p>\n\n\n\n<p class=\"has-text-align-left\"><strong>Bosted:<\/strong> Dr\u00f8bak<\/p>\n\n\n\n<p class=\"has-text-align-left\"><strong>Bakgrunn:<\/strong> Tidligere gruppeleder for H\u00f8yre i Frogn kommunestyre. Ble folkevalgt for f\u00f8rste gang i Oslo i 1995.<\/p>\n\n\n\n<p class=\"has-text-align-left\"><\/p>\n\n\n\n<div class=\"wp-block-buttons is-layout-flex wp-block-buttons-is-layout-flex\"><\/div>\n<\/div><\/div><\/div><\/div>\n\n\n\n<figure class=\"wp-block-teft-gallery columns-3 count-3 rows-2 is-cropped\"><ul class=\"teft-gallery-grid\"><li class=\"teft-gallery-item \"><figure><a href=\"https:\/\/hoyre.no\/content\/uploads\/sites\/195\/2023\/10\/Sigbjorn-stand-scaled.jpg\" data-size=\"1875x2500\"><img loading=\"lazy\" decoding=\"async\" width=\"768\" height=\"1024\" src=\"https:\/\/hoyre.no\/content\/uploads\/sites\/195\/2023\/10\/Sigbjorn-stand-768x1024.jpg\" class=\"attachment-large size-large\" alt=\"\" srcset=\"https:\/\/hoyre.no\/content\/uploads\/sites\/195\/2023\/10\/Sigbjorn-stand-768x1024.jpg 768w, https:\/\/hoyre.no\/content\/uploads\/sites\/195\/2023\/10\/Sigbjorn-stand-225x300.jpg 225w, https:\/\/hoyre.no\/content\/uploads\/sites\/195\/2023\/10\/Sigbjorn-stand-1152x1536.jpg 1152w, https:\/\/hoyre.no\/content\/uploads\/sites\/195\/2023\/10\/Sigbjorn-stand-1536x2048.jpg 1536w, https:\/\/hoyre.no\/content\/uploads\/sites\/195\/2023\/10\/Sigbjorn-stand-scaled.jpg 1875w\" sizes=\"auto, (max-width: 768px) 100vw, 768px\" \/ data-full-url=\"https:\/\/hoyre.no\/content\/uploads\/sites\/195\/2023\/10\/Sigbjorn-stand-scaled.jpg\" data-id=\"574\" data-caption=\"574\"\/><\/a><\/figure><\/li><li class=\"teft-gallery-item \"><figure><a href=\"https:\/\/hoyre.no\/content\/uploads\/sites\/195\/2023\/06\/DSC00656.jpg\" data-size=\"2235x1788\"><img loading=\"lazy\" decoding=\"async\" width=\"1024\" height=\"819\" src=\"https:\/\/hoyre.no\/content\/uploads\/sites\/195\/2023\/06\/DSC00656-1024x819.jpg\" class=\"attachment-large size-large\" alt=\"\" srcset=\"https:\/\/hoyre.no\/content\/uploads\/sites\/195\/2023\/06\/DSC00656-1024x819.jpg 1024w, https:\/\/hoyre.no\/content\/uploads\/sites\/195\/2023\/06\/DSC00656-300x240.jpg 300w, https:\/\/hoyre.no\/content\/uploads\/sites\/195\/2023\/06\/DSC00656-768x614.jpg 768w, https:\/\/hoyre.no\/content\/uploads\/sites\/195\/2023\/06\/DSC00656-1536x1229.jpg 1536w, https:\/\/hoyre.no\/content\/uploads\/sites\/195\/2023\/06\/DSC00656-2048x1638.jpg 2048w\" sizes=\"auto, (max-width: 1024px) 100vw, 1024px\" \/ data-full-url=\"https:\/\/hoyre.no\/content\/uploads\/sites\/195\/2023\/06\/DSC00656.jpg\" data-id=\"451\" data-caption=\"451\"\/><\/a><\/figure><\/li><li class=\"teft-gallery-item \"><figure><a href=\"https:\/\/hoyre.no\/content\/uploads\/sites\/195\/2022\/12\/241631457_10161407702598569_3401020463216413751_n.jpg\" data-size=\"1511x2000\"><img loading=\"lazy\" decoding=\"async\" width=\"774\" height=\"1024\" src=\"https:\/\/hoyre.no\/content\/uploads\/sites\/195\/2022\/12\/241631457_10161407702598569_3401020463216413751_n-774x1024.jpg\" class=\"attachment-large size-large\" alt=\"\" srcset=\"https:\/\/hoyre.no\/content\/uploads\/sites\/195\/2022\/12\/241631457_10161407702598569_3401020463216413751_n-774x1024.jpg 774w, https:\/\/hoyre.no\/content\/uploads\/sites\/195\/2022\/12\/241631457_10161407702598569_3401020463216413751_n-227x300.jpg 227w, https:\/\/hoyre.no\/content\/uploads\/sites\/195\/2022\/12\/241631457_10161407702598569_3401020463216413751_n-768x1017.jpg 768w, https:\/\/hoyre.no\/content\/uploads\/sites\/195\/2022\/12\/241631457_10161407702598569_3401020463216413751_n-1160x1536.jpg 1160w, https:\/\/hoyre.no\/content\/uploads\/sites\/195\/2022\/12\/241631457_10161407702598569_3401020463216413751_n.jpg 1511w\" sizes=\"auto, (max-width: 774px) 100vw, 774px\" \/ data-full-url=\"https:\/\/hoyre.no\/content\/uploads\/sites\/195\/2022\/12\/241631457_10161407702598569_3401020463216413751_n.jpg\" data-id=\"311\" data-caption=\"311\"\/><\/a><\/figure><\/li><\/ul><\/figure>\n\n\n\n<h2 class=\"wp-block-heading has-text-align-left\">\ud83d\udc99 Sigbj\u00f8rns hjertesaker<\/h2>\n\n\n\n<p>Det Frogn trenger n\u00e5 er st\u00f8 kurs for \u00e5 h\u00e5ndtere de utfordringene kommunen st\u00e5r overfor. Vi m\u00e5 tiltrekke oss flere barnefamilier slik at vi kan f\u00e5 fylle opp skolene igjen, sikre en god aldersbalanse i befolkningen og styrke lokalsamfunnet. Vi m\u00e5 utnytte mulighetene i digitalisering og det gr\u00f8nne skiftet for \u00e5 skape gode tjenester og l\u00f8sninger som gj\u00f8r at Frogn fortsetter \u00e5 v\u00e6re en attraktiv kommune i dag og for kommende generasjoner.<\/p>\n\n\n\n<p><strong>Hvorfor er H\u00f8yre riktig parti for deg?\u00a0<\/strong><\/p>\n\n\n\n<p>Jeg opplever at H\u00f8yre har de beste l\u00f8sningene for \u00e5 m\u00f8te samfunnsutfordringene, sikre demokratiet og bygge fremtidens Norge. H\u00f8yre er et helhetlig og ansvarlig parti som tar utgangspunkt i det enkelte mennesket. Vi er opptatt av \u00e5 bygge et samfunn der det er plass til alle, og hvor den enkelte har frihet til \u00e5 gj\u00f8re sine valg.<\/p>\n\n\n\n<p><strong>Hva er din hjertesak (en lokal og en nasjonal)?&nbsp;<\/strong><\/p>\n\n\n\n<p>Mitt viktigste m\u00e5l med politikken er \u00e5 bidra til et vitalt og fungerende lokalsamfunn. Jeg har stor tro p\u00e5 digitalisering og det gr\u00f8nne skiftet b\u00e5de lokalt og nasjonalt.<\/p>\n\n\n\n<p><strong>Det er l\u00f8rdag, klokka n\u00e6rmer seg 19.00. Hva spiser du helst til middag?\u00a0<\/strong><\/p>\n\n\n\n<p>Taco med barna er alltid en vinner.<\/p>\n\n\n\n<p><strong>Hva er din favorittplass i<\/strong> <strong>Frogn?<\/strong><\/p>\n\n\n\n<p>Frogn har mange finne steder med ulike kvaliteter. M\u00e5 jeg velge en favorittplass s\u00e5 er det i vannkanten med utsikt over Oscarsborg og fjorden.<\/p>\n\n\n\n<p><strong>Hva med utenfor kommunen?<\/strong><\/p>\n\n\n\n<p>Det m\u00e5 v\u00e6re et sted p\u00e5 fjellet, enten p\u00e5 slutten av vinteren med sol og nykj\u00f8rte skispor eller en klar h\u00f8stdag.<\/p>\n\n","protected":false},"excerpt":{"rendered":"","protected":false},"author":20880,"featured_media":0,"parent":0,"menu_order":0,"comment_status":"closed","ping_status":"closed","template":"","meta":{"teft_cards_image_url":"","teft_cards_custom_pretitle":"","teft_cards_image_id":0,"teft_cards_image_focal_point_x":0,"teft_cards_image_focal_point_y":0,"teft_cards_title":"","teft_cards_excerpt":"","teft_show_chapters":false,"footnotes":""},"class_list":["post-572","page","type-page","status-publish","hentry"],"yoast_head":"<!-- This site is optimized with the Yoast SEO plugin v26.6 - https:\/\/yoast.com\/wordpress\/plugins\/seo\/ -->\n<title>V\u00e5r ordf\u00f8rer - Frogn H\u00f8yre<\/title>\n<meta name=\"robots\" content=\"index, follow, max-snippet:-1, max-image-preview:large, max-video-preview:-1\" \/>\n<link rel=\"canonical\" href=\"https:\/\/hoyre.no\/frogn\/var-ordforer\/\" \/>\n<meta property=\"og:locale\" content=\"nb_NO\" \/>\n<meta property=\"og:type\" content=\"article\" \/>\n<meta property=\"og:title\" content=\"V\u00e5r ordf\u00f8rer - Frogn H\u00f8yre\" \/>\n<meta property=\"og:url\" content=\"https:\/\/hoyre.no\/frogn\/var-ordforer\/\" \/>\n<meta property=\"og:site_name\" content=\"Frogn H\u00f8yre\" \/>\n<meta property=\"article:modified_time\" content=\"2024-12-13T12:36:06+00:00\" \/>\n<meta property=\"og:image\" content=\"https:\/\/hoyre.no\/content\/uploads\/sites\/195\/2022\/11\/Hoyres-logo.png\" \/>\n\t<meta property=\"og:image:width\" content=\"1000\" \/>\n\t<meta property=\"og:image:height\" content=\"1000\" \/>\n\t<meta property=\"og:image:type\" content=\"image\/png\" \/>\n<meta name=\"twitter:card\" content=\"summary_large_image\" \/>\n<meta name=\"twitter:label1\" content=\"Ansl. lesetid\" \/>\n\t<meta name=\"twitter:data1\" content=\"2 minutter\" \/>\n<script type=\"application\/ld+json\" class=\"yoast-schema-graph\">{\"@context\":\"https:\/\/schema.org\",\"@graph\":[{\"@type\":\"WebPage\",\"@id\":\"https:\/\/hoyre.no\/frogn\/var-ordforer\/\",\"url\":\"https:\/\/hoyre.no\/frogn\/var-ordforer\/\",\"name\":\"V\u00e5r ordf\u00f8rer - Frogn H\u00f8yre\",\"isPartOf\":{\"@id\":\"https:\/\/hoyre.no\/frogn\/#website\"},\"datePublished\":\"2023-10-09T18:03:34+00:00\",\"dateModified\":\"2024-12-13T12:36:06+00:00\",\"breadcrumb\":{\"@id\":\"https:\/\/hoyre.no\/frogn\/var-ordforer\/#breadcrumb\"},\"inLanguage\":\"nb-NO\",\"potentialAction\":[{\"@type\":\"ReadAction\",\"target\":[\"https:\/\/hoyre.no\/frogn\/var-ordforer\/\"]}]},{\"@type\":\"BreadcrumbList\",\"@id\":\"https:\/\/hoyre.no\/frogn\/var-ordforer\/#breadcrumb\",\"itemListElement\":[{\"@type\":\"ListItem\",\"position\":1,\"name\":\"Til hoyre.no\",\"item\":\"https:\/\/hoyre.no\"},{\"@type\":\"ListItem\",\"position\":2,\"name\":\"Hjem\",\"item\":\"https:\/\/hoyre.no\/frogn\/\"},{\"@type\":\"ListItem\",\"position\":3,\"name\":\"V\u00e5r ordf\u00f8rer\"}]},{\"@type\":\"WebSite\",\"@id\":\"https:\/\/hoyre.no\/frogn\/#website\",\"url\":\"https:\/\/hoyre.no\/frogn\/\",\"name\":\"Frogn H\u00f8yre\",\"description\":\"Bare enda et H\u00f8yres nettsteder-nettsted\",\"inLanguage\":\"nb-NO\"}]}<\/script>\n<!-- \/ Yoast SEO plugin. -->","yoast_head_json":{"title":"V\u00e5r ordf\u00f8rer - Frogn H\u00f8yre","robots":{"index":"index","follow":"follow","max-snippet":"max-snippet:-1","max-image-preview":"max-image-preview:large","max-video-preview":"max-video-preview:-1"},"canonical":"https:\/\/hoyre.no\/frogn\/var-ordforer\/","og_locale":"nb_NO","og_type":"article","og_title":"V\u00e5r ordf\u00f8rer - Frogn H\u00f8yre","og_url":"https:\/\/hoyre.no\/frogn\/var-ordforer\/","og_site_name":"Frogn H\u00f8yre","article_modified_time":"2024-12-13T12:36:06+00:00","og_image":[{"width":1000,"height":1000,"url":"https:\/\/hoyre.no\/content\/uploads\/sites\/195\/2022\/11\/Hoyres-logo.png","type":"image\/png"}],"twitter_card":"summary_large_image","twitter_misc":{"Ansl. lesetid":"2 minutter"},"schema":{"@context":"https:\/\/schema.org","@graph":[{"@type":"WebPage","@id":"https:\/\/hoyre.no\/frogn\/var-ordforer\/","url":"https:\/\/hoyre.no\/frogn\/var-ordforer\/","name":"V\u00e5r ordf\u00f8rer - Frogn H\u00f8yre","isPartOf":{"@id":"https:\/\/hoyre.no\/frogn\/#website"},"datePublished":"2023-10-09T18:03:34+00:00","dateModified":"2024-12-13T12:36:06+00:00","breadcrumb":{"@id":"https:\/\/hoyre.no\/frogn\/var-ordforer\/#breadcrumb"},"inLanguage":"nb-NO","potentialAction":[{"@type":"ReadAction","target":["https:\/\/hoyre.no\/frogn\/var-ordforer\/"]}]},{"@type":"BreadcrumbList","@id":"https:\/\/hoyre.no\/frogn\/var-ordforer\/#breadcrumb","itemListElement":[{"@type":"ListItem","position":1,"name":"Til hoyre.no","item":"https:\/\/hoyre.no"},{"@type":"ListItem","position":2,"name":"Hjem","item":"https:\/\/hoyre.no\/frogn\/"},{"@type":"ListItem","position":3,"name":"V\u00e5r ordf\u00f8rer"}]},{"@type":"WebSite","@id":"https:\/\/hoyre.no\/frogn\/#website","url":"https:\/\/hoyre.no\/frogn\/","name":"Frogn H\u00f8yre","description":"Bare enda et H\u00f8yres nettsteder-nettsted","inLanguage":"nb-NO"}]}},"distributor_meta":false,"distributor_terms":false,"distributor_media":false,"distributor_original_site_name":"Frogn H\u00f8yre","distributor_original_site_url":"https:\/\/hoyre.no\/frogn","push-errors":false,"_links":{"self":[{"href":"https:\/\/hoyre.no\/frogn\/wp-json\/wp\/v2\/pages\/572","targetHints":{"allow":["GET"]}}],"collection":[{"href":"https:\/\/hoyre.no\/frogn\/wp-json\/wp\/v2\/pages"}],"about":[{"href":"https:\/\/hoyre.no\/frogn\/wp-json\/wp\/v2\/types\/page"}],"author":[{"embeddable":true,"href":"https:\/\/hoyre.no\/frogn\/wp-json\/wp\/v2\/users\/20880"}],"replies":[{"embeddable":true,"href":"https:\/\/hoyre.no\/frogn\/wp-json\/wp\/v2\/comments?post=572"}],"version-history":[{"count":5,"href":"https:\/\/hoyre.no\/frogn\/wp-json\/wp\/v2\/pages\/572\/revisions"}],"predecessor-version":[{"id":666,"href":"https:\/\/hoyre.no\/frogn\/wp-json\/wp\/v2\/pages\/572\/revisions\/666"}],"wp:attachment":[{"href":"https:\/\/hoyre.no\/frogn\/wp-json\/wp\/v2\/media?parent=572"}],"curies":[{"name":"wp","href":"https:\/\/api.w.org\/{rel}","templated":true}]}}