{"id":236,"date":"2023-06-09T15:49:13","date_gmt":"2023-06-09T13:49:13","guid":{"rendered":"https:\/\/hoyre.no\/gran\/?page_id=236"},"modified":"2023-07-12T13:54:28","modified_gmt":"2023-07-12T11:54:28","slug":"bli-bedre-kjent-med-laget","status":"publish","type":"page","link":"https:\/\/hoyre.no\/gran\/bli-bedre-kjent-med-laget\/","title":{"rendered":"Bli bedre kjent med laget"},"content":{"rendered":"\n<div class=\"wp-block-hoyre-hero with-image-gradient text-color-light  has-media alignfull has-background\"><div class=\"hoyre-hero has-image\"><h1 class=\"title\">Bli bedre kjent med laget<\/h1><figure class=\"hoyre-image-wrapper\"><div class=\"hoyre-image\"><img loading=\"lazy\" decoding=\"async\" width=\"2048\" height=\"1536\" src=\"https:\/\/hoyre.no\/content\/uploads\/sites\/77\/2023\/05\/Stand-Potetfestivalen-\u2013-Kopi.jpg\" class=\"attachment-scaled size-scaled\" alt=\"Stand potetfestivalen\" style=\"object-position: 50% 50%\" srcset=\"https:\/\/hoyre.no\/content\/uploads\/sites\/77\/2023\/05\/Stand-Potetfestivalen-\u2013-Kopi.jpg 2048w, https:\/\/hoyre.no\/content\/uploads\/sites\/77\/2023\/05\/Stand-Potetfestivalen-\u2013-Kopi-300x225.jpg 300w, https:\/\/hoyre.no\/content\/uploads\/sites\/77\/2023\/05\/Stand-Potetfestivalen-\u2013-Kopi-1024x768.jpg 1024w, https:\/\/hoyre.no\/content\/uploads\/sites\/77\/2023\/05\/Stand-Potetfestivalen-\u2013-Kopi-768x576.jpg 768w, https:\/\/hoyre.no\/content\/uploads\/sites\/77\/2023\/05\/Stand-Potetfestivalen-\u2013-Kopi-1536x1152.jpg 1536w\" sizes=\"auto, (max-width: 2048px) 100vw, 2048px\" \/><\/div><\/figure><\/div><\/div>\n\n\n\n<div class=\"wp-block-teft-accordion\"><div class=\"teft-accordion__inner\">\n<div class=\"wp-block-teft-item\"><div class=\"teft-item__inner\"><h4 class=\"toggle\">1. Gunn Seigerud (67), Jaren<\/h4><div class=\"teft-item__inner-content entry-content\">\n<figure class=\"wp-block-image size-full is-resized\"><img loading=\"lazy\" decoding=\"async\" src=\"https:\/\/hoyre.no\/content\/uploads\/sites\/77\/2023\/07\/IMG_2797-1.jpg\" alt=\"\" class=\"wp-image-256\" width=\"210\" height=\"210\" srcset=\"https:\/\/hoyre.no\/content\/uploads\/sites\/77\/2023\/07\/IMG_2797-1.jpg 604w, https:\/\/hoyre.no\/content\/uploads\/sites\/77\/2023\/07\/IMG_2797-1-300x300.jpg 300w, https:\/\/hoyre.no\/content\/uploads\/sites\/77\/2023\/07\/IMG_2797-1-150x150.jpg 150w\" sizes=\"auto, (max-width: 210px) 100vw, 210px\" \/><\/figure>\n\n\n\n<p><strong>Yrke: <\/strong>Institusjonsleder\/sykepleier&nbsp;&nbsp;&nbsp;&nbsp;&nbsp; <strong>Bosted: <\/strong>Jaren<\/p>\n\n\n\n<p><strong>Hovedsaker:<\/strong><\/p>\n\n\n\n<p><strong>N\u00e6ringsliv <\/strong>&#8211; Jeg \u00f8nsker at det tilrettelegges for attraktive tomter til konkurransedyktige priser, samt ansette en person som jobber tett med n\u00e6ringslivet i kommunen og st\u00f8tte et b\u00e6rekraftig og l\u00f8nnsomt landbruk.<\/p>\n\n\n\n<p><strong>Helse- og omsorg <\/strong>-Jeg vil arbeide for snarlig ferdigstillelse av Sagatangen og styrke forebyggende helsetjenester. &nbsp;&nbsp;<\/p>\n\n\n\n<p><strong>Kultur og frivillighet<\/strong> &#8211; St\u00f8tte frivilliges egne engasjement og innsatsvilje og jobbe for flere m\u00f8teplasser mellom kommunen, frivillige og private.<\/p>\n<\/div><\/div><\/div>\n\n\n\n<div class=\"wp-block-teft-item\"><div class=\"teft-item__inner\"><h4 class=\"toggle\">2. Kristen Kjoberg (71), Jaren<\/h4><div class=\"teft-item__inner-content entry-content\">\n<figure class=\"wp-block-image size-full is-resized\"><img loading=\"lazy\" decoding=\"async\" src=\"https:\/\/hoyre.no\/content\/uploads\/sites\/77\/2023\/07\/Kristen.jpg\" alt=\"\" class=\"wp-image-260\" width=\"199\" height=\"235\" \/><\/figure>\n\n\n\n<p><strong>Yrke: <\/strong>Daglig leder\/IT-konsulent&nbsp;&nbsp; <strong>Bosted: <\/strong>Jaren<\/p>\n\n\n\n<p><strong>Hovedsaker:<\/strong><strong><\/strong><\/p>\n\n\n\n<p><strong>N\u00e6ringsliv<\/strong>&nbsp;&#8211; Jeg vil arbeide for tilrettelegging av n\u00e6rings-arealer til konkurransedyktige priser og tiltrekke oss godt kvalifisert arbeidskraft.<\/p>\n\n\n\n<p><strong>Regiontilknytting<\/strong>&nbsp;&#8211; Jeg vil arbeide for at Lunner, Jevnaker og Gran organiseres i en og samme region og fylke.<\/p>\n\n\n\n<p><strong>Attraktiv kommune<\/strong>&nbsp;&#8211; Jeg vil arbeide for at det f\u00f8res en bevisst n\u00e6ringspolitikk ved \u00e5 gj\u00f8re det enkelt \u00e5 starte bedrifter.<\/p>\n\n\n\n<p><strong>Samferdsel<\/strong>&nbsp;&#8211; Jeg vil arbeide for at milj\u00f8gata gjennom Gran sentrum ferdigstilles.<\/p>\n<\/div><\/div><\/div>\n\n\n\n<div class=\"wp-block-teft-item\"><div class=\"teft-item__inner\"><h4 class=\"toggle\">3. Lasse Henri Juliussen (48), Brandbu<\/h4><div class=\"teft-item__inner-content entry-content\">\n<figure class=\"wp-block-image size-full is-resized\"><img loading=\"lazy\" decoding=\"async\" src=\"https:\/\/hoyre.no\/content\/uploads\/sites\/77\/2023\/07\/Kandidat_Lasse.jpg\" alt=\"\" class=\"wp-image-261\" width=\"199\" height=\"199\" srcset=\"https:\/\/hoyre.no\/content\/uploads\/sites\/77\/2023\/07\/Kandidat_Lasse.jpg 428w, https:\/\/hoyre.no\/content\/uploads\/sites\/77\/2023\/07\/Kandidat_Lasse-300x300.jpg 300w, https:\/\/hoyre.no\/content\/uploads\/sites\/77\/2023\/07\/Kandidat_Lasse-150x150.jpg 150w\" sizes=\"auto, (max-width: 199px) 100vw, 199px\" \/><\/figure>\n\n\n\n<p><strong>Yrke: <\/strong>Rektor &nbsp;&nbsp;&nbsp;&nbsp;&nbsp;&nbsp;&nbsp;&nbsp;&nbsp; <strong>Bosted: <\/strong>Brandbu<\/p>\n\n\n\n<p><strong>Hovedsaker:<\/strong><\/p>\n\n\n\n<p><strong>Skole <\/strong>\u2013 Jeg vil at vi skal snakke om innholdet i skolen,&nbsp;mer enn om lokalisering.<\/p>\n\n\n\n<p><strong>Attraktiv kommune<\/strong> \u2013 Jeg vil at vi skal v\u00e6re gode p\u00e5 det som gj\u00f8r at folk vil flytte hit.<\/p>\n\n\n\n<p><strong>Samferdsel<\/strong> \u2013 Jeg vil at vi skal v\u00e6re en del av rutetilbudet i Stor-Oslo.<\/p>\n\n\n\n<p><strong>Regionstilknytning<\/strong> \u2013 Jeg vil at vi skal fremme Hadeland kommune som en merkevare, med tilh\u00f8righet i Akershus.<\/p>\n<\/div><\/div><\/div>\n\n\n\n<div class=\"wp-block-teft-item\"><div class=\"teft-item__inner\"><h4 class=\"toggle\">4. Carl Jonas Overn (57), Jaren<\/h4><div class=\"teft-item__inner-content entry-content\">\n<figure class=\"wp-block-image size-full\"><img loading=\"lazy\" decoding=\"async\" width=\"192\" height=\"194\" src=\"https:\/\/hoyre.no\/content\/uploads\/sites\/77\/2023\/07\/Carl_Jonas_Overn-1.png\" alt=\"\" class=\"wp-image-264\" \/><\/figure>\n\n\n\n<p><strong>Yrke: <\/strong>Maskinf\u00f8rer   <strong>Bosted: <\/strong>Jaren<\/p>\n\n\n\n<p><strong>Hovedsaker:<\/strong><\/p>\n\n\n\n<p><strong><strong>Oppvekst<\/strong> <\/strong>\u2013 Jeg vil at laget rundt enkelt-l\u00e6reren, andre ansatte og skolelederen styrkes ved alle skoler.<\/p>\n\n\n\n<p><strong><strong>Samferdsel<\/strong><\/strong> \u2013 Jeg vil jobbe for \u00e5 redusere bomavgiften for bommen mellom Gran og Lunner, alternativt fjerne den.<\/p>\n\n\n\n<p><strong>Landbruk<\/strong> \u2013 Jeg vil st\u00f8tte et b\u00e6rekraftig og l\u00f8nnsomt landbruk.<\/p>\n\n\n\n<p><strong><strong>Helse og omsorg<\/strong><\/strong> \u2013 Jeg vil jobbe for at hjelpetrengende i alle aldre f\u00e5r hjelp n\u00e5r de har behov for det.<\/p>\n<\/div><\/div><\/div>\n\n\n\n<div class=\"wp-block-teft-item\"><div class=\"teft-item__inner\"><h4 class=\"toggle\">5. Hilde Bulling (52), Gran<\/h4><div class=\"teft-item__inner-content entry-content\">\n<figure class=\"wp-block-image size-full is-resized\"><img loading=\"lazy\" decoding=\"async\" src=\"https:\/\/hoyre.no\/content\/uploads\/sites\/77\/2023\/07\/Kandidat_Hilde.jpg\" alt=\"\" class=\"wp-image-265\" width=\"183\" height=\"189\" \/><\/figure>\n\n\n\n<p><strong>Yrke:<\/strong> Jurist&nbsp;&nbsp;&nbsp;&nbsp; <strong>Bosted: <\/strong>Gran<strong>&nbsp;&nbsp; <\/strong>&nbsp;&nbsp;&nbsp;&nbsp;&nbsp;&nbsp;&nbsp;&nbsp;&nbsp;<\/p>\n\n\n\n<p><strong>Hovedsaker:<\/strong><\/p>\n\n\n\n<p><strong>Oppvekst<\/strong> <strong>&#8211; <\/strong>Jeg vil at vi skal ha l\u00f8pende barnehageopptak og ha et mangfold av barnehagetilbud.<\/p>\n\n\n\n<p><strong>Kultur og frivillighet<\/strong>: <strong>&#8211; <\/strong>Jeg vil gj\u00f8re Gran til et levende lokalsamfunn med gode m\u00f8teplasser.<\/p>\n\n\n\n<p><strong>N\u00e6ringsliv \u2013 <\/strong>Jeg vil jobbe for at vi skal f\u00e5 flere arbeidsplasser i Gran og st\u00f8tte gr\u00fcndere og n\u00e6ringsetablerere.<\/p>\n\n\n\n<p><strong>Attraktiv kommune &#8211; <\/strong>Jeg vil at det skal legges ut tomter der folk vil bo og skape et trygt n\u00e6rmilj\u00f8<\/p>\n<\/div><\/div><\/div>\n\n\n\n<div class=\"wp-block-teft-item\"><div class=\"teft-item__inner\"><h4 class=\"toggle\">6. Vidar Woldengen (56), Brandbu<\/h4><div class=\"teft-item__inner-content entry-content\">\n<figure class=\"wp-block-image size-full is-resized\"><img loading=\"lazy\" decoding=\"async\" src=\"https:\/\/hoyre.no\/content\/uploads\/sites\/77\/2023\/07\/Vidar_Woldengen-1.png\" alt=\"\" class=\"wp-image-269\" width=\"198\" height=\"252\" srcset=\"https:\/\/hoyre.no\/content\/uploads\/sites\/77\/2023\/07\/Vidar_Woldengen-1.png 315w, https:\/\/hoyre.no\/content\/uploads\/sites\/77\/2023\/07\/Vidar_Woldengen-1-236x300.png 236w\" sizes=\"auto, (max-width: 198px) 100vw, 198px\" \/><\/figure>\n\n\n\n<p><strong>Yrke:<\/strong> Daglig leder     <strong>Bosted: <\/strong>Brandbu<\/p>\n\n\n\n<p><strong>Hovedsaker:<\/strong><\/p>\n\n\n\n<p><strong>N\u00e6ringsliv og landbruk<\/strong> &#8211; ut\u00f8ve en landbrukspolitikk som muliggj\u00f8r \u00e5 opprettholde drift p\u00e5 sm\u00e5 og store g\u00e5rder. <\/p>\n\n\n\n<p><strong>Oppvekst<\/strong> &#8211; tilpasse skolestruktur for framtida, bygd p\u00e5 det beste innholdet i skolen. <\/p>\n\n\n\n<p><strong>Kultur og frivillighet<\/strong> &#8211; bidra til et godt samarbeid- i kommunestyret, p\u00e5 tvers av partier.<\/p>\n\n\n\n<p><strong>Attraktiv kommune<\/strong> &#8211; bevare det historiske og fremsynte.<\/p>\n\n\n\n<p><strong>Helse og omsorg<\/strong> &#8211; styrke og videreutvikle lavterskeltilbud for psykisk helse.<\/p>\n<\/div><\/div><\/div>\n<\/div><\/div>\n\n\n\n\n\n<p>7. Emilie Martinsen (26), Gran<br>8. Hans Wassvik Heier (18), Gran<br>9. Marianne Fuglesang (54), Gran<br>10. Nils J\u00f8rund Lieberg Stieng (18), Jaren<br>11. Elisabeth Ruud (38), Brandbu<br>12. Gard Olsen (62), Gran<br>13. Mari Overn Hvaleby (19), Jaren<br>14. Lars Ragnar Aalerud Hansen (42), Brandbu<br>15. Tiril Gallefoss Denstad (24), Jaren<br>16. Trond Avtjern (42), Jaren<br>17. Ina Christine Wille (53), Gran<br>18. Magne Torbj\u00f8rn Lynn (70), Jaren<br>19. Trine Ruud (60), Brandbu<br>20. Odd Jarle R\u00e6kken (55), Jaren<br>21. Eivind Seigerud (67), Jaren<\/p>\n","protected":false},"excerpt":{"rendered":"<p>7. Emilie Martinsen (26), Gran8. Hans Wassvik Heier (18), Gran9. Marianne Fuglesang (54), Gran10. Nils J\u00f8rund Lieberg Stieng (18), Jaren11. Elisabeth Ruud (38), Brandbu12. Gard Olsen (62), Gran13. Mari Overn Hvaleby (19), Jaren14. Lars Ragnar Aalerud Hansen (42), Brandbu15. Tiril Gallefoss Denstad (24), Jaren16. Trond Avtjern (42), Jaren17. Ina Christine Wille (53), Gran18. Magne Torbj\u00f8rn [&hellip;]<\/p>\n","protected":false},"author":17902,"featured_media":0,"parent":0,"menu_order":0,"comment_status":"closed","ping_status":"closed","template":"","meta":{"teft_cards_image_url":"","teft_cards_custom_pretitle":"","teft_cards_image_id":0,"teft_cards_image_focal_point_x":0,"teft_cards_image_focal_point_y":0,"teft_cards_title":"","teft_cards_excerpt":"","teft_show_chapters":false,"footnotes":""},"class_list":["post-236","page","type-page","status-publish","hentry"],"yoast_head":"<!-- This site is optimized with the Yoast SEO plugin v26.6 - https:\/\/yoast.com\/wordpress\/plugins\/seo\/ -->\n<title>Bli bedre kjent med laget - Gran H\u00f8yre<\/title>\n<meta name=\"robots\" content=\"index, follow, max-snippet:-1, max-image-preview:large, max-video-preview:-1\" \/>\n<link rel=\"canonical\" href=\"https:\/\/hoyre.no\/gran\/bli-bedre-kjent-med-laget\/\" \/>\n<meta property=\"og:locale\" content=\"nb_NO\" \/>\n<meta property=\"og:type\" content=\"article\" \/>\n<meta property=\"og:title\" content=\"Bli bedre kjent med laget - Gran H\u00f8yre\" \/>\n<meta property=\"og:description\" content=\"7. Emilie Martinsen (26), Gran8. Hans Wassvik Heier (18), Gran9. Marianne Fuglesang (54), Gran10. Nils J\u00f8rund Lieberg Stieng (18), Jaren11. Elisabeth Ruud (38), Brandbu12. Gard Olsen (62), Gran13. Mari Overn Hvaleby (19), Jaren14. Lars Ragnar Aalerud Hansen (42), Brandbu15. Tiril Gallefoss Denstad (24), Jaren16. Trond Avtjern (42), Jaren17. Ina Christine Wille (53), Gran18. Magne Torbj\u00f8rn [&hellip;]\" \/>\n<meta property=\"og:url\" content=\"https:\/\/hoyre.no\/gran\/bli-bedre-kjent-med-laget\/\" \/>\n<meta property=\"og:site_name\" content=\"Gran H\u00f8yre\" \/>\n<meta property=\"article:modified_time\" content=\"2023-07-12T11:54:28+00:00\" \/>\n<meta property=\"og:image\" content=\"https:\/\/hoyre.no\/content\/uploads\/sites\/77\/2023\/07\/IMG_2797-1.jpg\" \/>\n<meta name=\"twitter:card\" content=\"summary_large_image\" \/>\n<meta name=\"twitter:label1\" content=\"Ansl. lesetid\" \/>\n\t<meta name=\"twitter:data1\" content=\"5 minutter\" \/>\n<script type=\"application\/ld+json\" class=\"yoast-schema-graph\">{\"@context\":\"https:\/\/schema.org\",\"@graph\":[{\"@type\":\"WebPage\",\"@id\":\"https:\/\/hoyre.no\/gran\/bli-bedre-kjent-med-laget\/\",\"url\":\"https:\/\/hoyre.no\/gran\/bli-bedre-kjent-med-laget\/\",\"name\":\"Bli bedre kjent med laget - Gran H\u00f8yre\",\"isPartOf\":{\"@id\":\"https:\/\/hoyre.no\/gran\/#website\"},\"image\":{\"@id\":\"https:\/\/hoyre.no\/gran\/bli-bedre-kjent-med-laget\/#primaryimage\"},\"thumbnailUrl\":\"https:\/\/hoyre.no\/content\/uploads\/sites\/77\/2023\/07\/IMG_2797-1.jpg\",\"datePublished\":\"2023-06-09T13:49:13+00:00\",\"dateModified\":\"2023-07-12T11:54:28+00:00\",\"breadcrumb\":{\"@id\":\"https:\/\/hoyre.no\/gran\/bli-bedre-kjent-med-laget\/#breadcrumb\"},\"inLanguage\":\"nb-NO\",\"potentialAction\":[{\"@type\":\"ReadAction\",\"target\":[\"https:\/\/hoyre.no\/gran\/bli-bedre-kjent-med-laget\/\"]}]},{\"@type\":\"ImageObject\",\"inLanguage\":\"nb-NO\",\"@id\":\"https:\/\/hoyre.no\/gran\/bli-bedre-kjent-med-laget\/#primaryimage\",\"url\":\"https:\/\/hoyre.no\/content\/uploads\/sites\/77\/2023\/07\/IMG_2797-1.jpg\",\"contentUrl\":\"https:\/\/hoyre.no\/content\/uploads\/sites\/77\/2023\/07\/IMG_2797-1.jpg\"},{\"@type\":\"BreadcrumbList\",\"@id\":\"https:\/\/hoyre.no\/gran\/bli-bedre-kjent-med-laget\/#breadcrumb\",\"itemListElement\":[{\"@type\":\"ListItem\",\"position\":1,\"name\":\"Til hoyre.no\",\"item\":\"https:\/\/hoyre.no\"},{\"@type\":\"ListItem\",\"position\":2,\"name\":\"Hjem\",\"item\":\"https:\/\/hoyre.no\/gran\/\"},{\"@type\":\"ListItem\",\"position\":3,\"name\":\"Bli bedre kjent med laget\"}]},{\"@type\":\"WebSite\",\"@id\":\"https:\/\/hoyre.no\/gran\/#website\",\"url\":\"https:\/\/hoyre.no\/gran\/\",\"name\":\"Gran H\u00f8yre\",\"description\":\"Bare enda et H\u00f8yres nettsteder-nettsted\",\"inLanguage\":\"nb-NO\"}]}<\/script>\n<!-- \/ Yoast SEO plugin. -->","yoast_head_json":{"title":"Bli bedre kjent med laget - Gran H\u00f8yre","robots":{"index":"index","follow":"follow","max-snippet":"max-snippet:-1","max-image-preview":"max-image-preview:large","max-video-preview":"max-video-preview:-1"},"canonical":"https:\/\/hoyre.no\/gran\/bli-bedre-kjent-med-laget\/","og_locale":"nb_NO","og_type":"article","og_title":"Bli bedre kjent med laget - Gran H\u00f8yre","og_description":"7. Emilie Martinsen (26), Gran8. Hans Wassvik Heier (18), Gran9. Marianne Fuglesang (54), Gran10. Nils J\u00f8rund Lieberg Stieng (18), Jaren11. Elisabeth Ruud (38), Brandbu12. Gard Olsen (62), Gran13. Mari Overn Hvaleby (19), Jaren14. Lars Ragnar Aalerud Hansen (42), Brandbu15. Tiril Gallefoss Denstad (24), Jaren16. Trond Avtjern (42), Jaren17. Ina Christine Wille (53), Gran18. Magne Torbj\u00f8rn [&hellip;]","og_url":"https:\/\/hoyre.no\/gran\/bli-bedre-kjent-med-laget\/","og_site_name":"Gran H\u00f8yre","article_modified_time":"2023-07-12T11:54:28+00:00","og_image":[{"url":"https:\/\/hoyre.no\/content\/uploads\/sites\/77\/2023\/07\/IMG_2797-1.jpg","type":"","width":"","height":""}],"twitter_card":"summary_large_image","twitter_misc":{"Ansl. lesetid":"5 minutter"},"schema":{"@context":"https:\/\/schema.org","@graph":[{"@type":"WebPage","@id":"https:\/\/hoyre.no\/gran\/bli-bedre-kjent-med-laget\/","url":"https:\/\/hoyre.no\/gran\/bli-bedre-kjent-med-laget\/","name":"Bli bedre kjent med laget - Gran H\u00f8yre","isPartOf":{"@id":"https:\/\/hoyre.no\/gran\/#website"},"image":{"@id":"https:\/\/hoyre.no\/gran\/bli-bedre-kjent-med-laget\/#primaryimage"},"thumbnailUrl":"https:\/\/hoyre.no\/content\/uploads\/sites\/77\/2023\/07\/IMG_2797-1.jpg","datePublished":"2023-06-09T13:49:13+00:00","dateModified":"2023-07-12T11:54:28+00:00","breadcrumb":{"@id":"https:\/\/hoyre.no\/gran\/bli-bedre-kjent-med-laget\/#breadcrumb"},"inLanguage":"nb-NO","potentialAction":[{"@type":"ReadAction","target":["https:\/\/hoyre.no\/gran\/bli-bedre-kjent-med-laget\/"]}]},{"@type":"ImageObject","inLanguage":"nb-NO","@id":"https:\/\/hoyre.no\/gran\/bli-bedre-kjent-med-laget\/#primaryimage","url":"https:\/\/hoyre.no\/content\/uploads\/sites\/77\/2023\/07\/IMG_2797-1.jpg","contentUrl":"https:\/\/hoyre.no\/content\/uploads\/sites\/77\/2023\/07\/IMG_2797-1.jpg"},{"@type":"BreadcrumbList","@id":"https:\/\/hoyre.no\/gran\/bli-bedre-kjent-med-laget\/#breadcrumb","itemListElement":[{"@type":"ListItem","position":1,"name":"Til hoyre.no","item":"https:\/\/hoyre.no"},{"@type":"ListItem","position":2,"name":"Hjem","item":"https:\/\/hoyre.no\/gran\/"},{"@type":"ListItem","position":3,"name":"Bli bedre kjent med laget"}]},{"@type":"WebSite","@id":"https:\/\/hoyre.no\/gran\/#website","url":"https:\/\/hoyre.no\/gran\/","name":"Gran H\u00f8yre","description":"Bare enda et H\u00f8yres nettsteder-nettsted","inLanguage":"nb-NO"}]}},"distributor_meta":false,"distributor_terms":false,"distributor_media":false,"distributor_original_site_name":"Gran H\u00f8yre","distributor_original_site_url":"https:\/\/hoyre.no\/gran","push-errors":false,"_links":{"self":[{"href":"https:\/\/hoyre.no\/gran\/wp-json\/wp\/v2\/pages\/236","targetHints":{"allow":["GET"]}}],"collection":[{"href":"https:\/\/hoyre.no\/gran\/wp-json\/wp\/v2\/pages"}],"about":[{"href":"https:\/\/hoyre.no\/gran\/wp-json\/wp\/v2\/types\/page"}],"author":[{"embeddable":true,"href":"https:\/\/hoyre.no\/gran\/wp-json\/wp\/v2\/users\/17902"}],"replies":[{"embeddable":true,"href":"https:\/\/hoyre.no\/gran\/wp-json\/wp\/v2\/comments?post=236"}],"version-history":[{"count":8,"href":"https:\/\/hoyre.no\/gran\/wp-json\/wp\/v2\/pages\/236\/revisions"}],"predecessor-version":[{"id":273,"href":"https:\/\/hoyre.no\/gran\/wp-json\/wp\/v2\/pages\/236\/revisions\/273"}],"wp:attachment":[{"href":"https:\/\/hoyre.no\/gran\/wp-json\/wp\/v2\/media?parent=236"}],"curies":[{"name":"wp","href":"https:\/\/api.w.org\/{rel}","templated":true}]}}