{"id":239,"date":"2023-01-13T13:07:01","date_gmt":"2023-01-13T12:07:01","guid":{"rendered":"https:\/\/hoyre.no\/halden\/?page_id=239"},"modified":"2023-08-03T15:24:55","modified_gmt":"2023-08-03T13:24:55","slug":"5-grunner-til-a-stemme-halden-hoyre","status":"publish","type":"page","link":"https:\/\/hoyre.no\/halden\/forsiden\/5-grunner-til-a-stemme-halden-hoyre\/","title":{"rendered":"Fem grunner til \u00e5 stemme Halden H\u00f8yre"},"content":{"rendered":"\n<div class=\"wp-block-hoyre-hero with-image-gradient text-color-light  has-media alignfull has-background\"><div class=\"hoyre-hero has-image\"><h1 class=\"title\">Fem grunner til \u00e5 stemme Halden H\u00f8yre<\/h1><figure class=\"hoyre-image-wrapper\"><div class=\"hoyre-image\"><img loading=\"lazy\" decoding=\"async\" width=\"2500\" height=\"1667\" src=\"https:\/\/hoyre.no\/content\/uploads\/sites\/191\/2023\/01\/52195401546_09978f9445_o-scaled.jpg\" class=\"attachment-scaled size-scaled\" alt=\"\" style=\"object-position: 52% 13%\" srcset=\"https:\/\/hoyre.no\/content\/uploads\/sites\/191\/2023\/01\/52195401546_09978f9445_o-scaled.jpg 2500w, https:\/\/hoyre.no\/content\/uploads\/sites\/191\/2023\/01\/52195401546_09978f9445_o-300x200.jpg 300w, https:\/\/hoyre.no\/content\/uploads\/sites\/191\/2023\/01\/52195401546_09978f9445_o-1024x683.jpg 1024w, https:\/\/hoyre.no\/content\/uploads\/sites\/191\/2023\/01\/52195401546_09978f9445_o-768x512.jpg 768w, https:\/\/hoyre.no\/content\/uploads\/sites\/191\/2023\/01\/52195401546_09978f9445_o-1536x1024.jpg 1536w, https:\/\/hoyre.no\/content\/uploads\/sites\/191\/2023\/01\/52195401546_09978f9445_o-2048x1365.jpg 2048w\" sizes=\"auto, (max-width: 2500px) 100vw, 2500px\" \/><\/div><\/figure><\/div><\/div>\n\n\n\n\n<div class=\"wp-block-hoyre-banner alignwide undefined has-icon-title icon-speech-bubbles is-style-dark\"><div class=\"banner-inner\"><figure class=\"hoyre-image-wrapper\"><div class=\"hoyre-image\"><img loading=\"lazy\" decoding=\"async\" width=\"1342\" height=\"1342\" src=\"https:\/\/hoyre.no\/content\/uploads\/sites\/191\/2022\/05\/277111581_1664851703854996_726761934618306800_n1.jpg\" class=\"attachment-scaled size-scaled\" alt=\"Foto: Halden Arbeiderblad\" style=\"object-position: 42% 33%\" srcset=\"https:\/\/hoyre.no\/content\/uploads\/sites\/191\/2022\/05\/277111581_1664851703854996_726761934618306800_n1.jpg 1342w, https:\/\/hoyre.no\/content\/uploads\/sites\/191\/2022\/05\/277111581_1664851703854996_726761934618306800_n1-300x300.jpg 300w, https:\/\/hoyre.no\/content\/uploads\/sites\/191\/2022\/05\/277111581_1664851703854996_726761934618306800_n1-1024x1024.jpg 1024w, https:\/\/hoyre.no\/content\/uploads\/sites\/191\/2022\/05\/277111581_1664851703854996_726761934618306800_n1-150x150.jpg 150w, https:\/\/hoyre.no\/content\/uploads\/sites\/191\/2022\/05\/277111581_1664851703854996_726761934618306800_n1-768x768.jpg 768w\" sizes=\"auto, (max-width: 1342px) 100vw, 1342px\" \/><\/div><\/figure><div class=\"banner-content\"><div class=\"entry-content\">\n<p>Vi skal finne tilbake til gl\u00f8den og optimismen fra 2018. Det skal vi f\u00e5 til ved \u00e5 bygge flere hus, lage \u00d8stfolds beste skole og s\u00f8rge for at vi ikke g\u00e5r konkurs igjen. Det skal vi gj\u00f8re p\u00e5 lag med alle som bor, jobber og skaper engasjement i Halden.<\/p>\n<\/div><\/div><\/div><\/div>\n\n\n\n<div class=\"wp-block-media-text alignwide is-stacked-on-mobile is-vertically-aligned-center\"><figure class=\"wp-block-media-text__media\"><img loading=\"lazy\" decoding=\"async\" width=\"1024\" height=\"683\" src=\"https:\/\/hoyre.no\/content\/uploads\/sites\/191\/2023\/01\/2aSaH0w-1024x683.jpeg\" alt=\"\" class=\"wp-image-247 size-full\" srcset=\"https:\/\/hoyre.no\/content\/uploads\/sites\/191\/2023\/01\/2aSaH0w-1024x683.jpeg 1024w, https:\/\/hoyre.no\/content\/uploads\/sites\/191\/2023\/01\/2aSaH0w-300x200.jpeg 300w, https:\/\/hoyre.no\/content\/uploads\/sites\/191\/2023\/01\/2aSaH0w-768x512.jpeg 768w, https:\/\/hoyre.no\/content\/uploads\/sites\/191\/2023\/01\/2aSaH0w-1536x1024.jpeg 1536w, https:\/\/hoyre.no\/content\/uploads\/sites\/191\/2023\/01\/2aSaH0w-2048x1365.jpeg 2048w\" sizes=\"auto, (max-width: 1024px) 100vw, 1024px\" \/><\/figure><div class=\"wp-block-media-text__content\">\n\n<h2 class=\"wp-block-heading\" id=\"h-2-hoyre-vil-fa-laerelyst-tilbake-i-bergensskolen\">1. <strong><strong>\u00d8stfolds beste skole<\/strong><\/strong><\/h2>\n\n\n<p>1 av 5<strong> <\/strong>elever i Halden kan ikke regne med \u00e5 lese, skrive og regne skikkelig. Det kan vi ikke akseptere. Det \u00e5 kunne lese ordentlig er den viktigste faktoren for \u00e5 fullf\u00f8re videreg\u00e5ende skole og leve et godt liv. Det viktigste vi vil gj\u00f8re er \u00e5 satse p\u00e5 de ansatte i skolen. Det er de som vet best. Derfor vil vi at l\u00e6rerne skal bruke tiden sin p\u00e5 elevene. H\u00f8yre har tillit til l\u00e6rerne og sammen med dem skal vi se p\u00e5 hvordan vi kan redusere administrasjonsarbeidet. Hovedfokuset m\u00e5 skal ligge p\u00e5 \u00e5 bygge et sterkt lag rundt eleven.<\/p>\n\n<\/div><\/div>\n\n\n\n<div class=\"wp-block-media-text alignwide has-media-on-the-right is-stacked-on-mobile is-vertically-aligned-center\"><figure class=\"wp-block-media-text__media\"><img loading=\"lazy\" decoding=\"async\" width=\"1024\" height=\"683\" src=\"https:\/\/hoyre.no\/content\/uploads\/sites\/191\/2022\/07\/Fredrik-Holm-foto-Hans-Kristian-Thorbjornsen-2566-1024x683.jpg\" alt=\"\" class=\"wp-image-160 size-full\" srcset=\"https:\/\/hoyre.no\/content\/uploads\/sites\/191\/2022\/07\/Fredrik-Holm-foto-Hans-Kristian-Thorbjornsen-2566-1024x683.jpg 1024w, https:\/\/hoyre.no\/content\/uploads\/sites\/191\/2022\/07\/Fredrik-Holm-foto-Hans-Kristian-Thorbjornsen-2566-300x200.jpg 300w, https:\/\/hoyre.no\/content\/uploads\/sites\/191\/2022\/07\/Fredrik-Holm-foto-Hans-Kristian-Thorbjornsen-2566-768x512.jpg 768w, https:\/\/hoyre.no\/content\/uploads\/sites\/191\/2022\/07\/Fredrik-Holm-foto-Hans-Kristian-Thorbjornsen-2566-1536x1024.jpg 1536w, https:\/\/hoyre.no\/content\/uploads\/sites\/191\/2022\/07\/Fredrik-Holm-foto-Hans-Kristian-Thorbjornsen-2566-2048x1365.jpg 2048w\" sizes=\"auto, (max-width: 1024px) 100vw, 1024px\" \/><\/figure><div class=\"wp-block-media-text__content\">\n\n<h2 class=\"wp-block-heading\" id=\"h-1-vi-skal-bli-flere-bergensere\">2. <strong><strong>Aldri mer ROBEK<\/strong><\/strong><\/h2>\n\n\n<p>Halden har \u00abNorgesrekord\u00bb i d\u00e5rlig kommune\u00f8konomi og H\u00f8yre s\u00f8rget for \u00e5 ta kommunen ut av ROBEK sist vi styrte. Det \u00e5 ha\u00a0kontroll\u00a0p\u00e5 kommunens \u00f8konomi er en av v\u00e5re aller viktigste oppgaver selv om det kanskje h\u00f8res litt kjedelig ut. Etter 4 \u00e5r med SP og AP, \u00a0bruker vi fortsatt mer penger enn vi egentlig har. Det g\u00e5r ikke i det lange l\u00f8p. Vi skal ha stor respekt for skattebetalernes penger.\u00a0<\/p>\n\n<\/div><\/div>\n\n\n\n<div class=\"wp-block-media-text alignwide is-stacked-on-mobile is-vertically-aligned-center\"><figure class=\"wp-block-media-text__media\"><img loading=\"lazy\" decoding=\"async\" width=\"1024\" height=\"681\" src=\"https:\/\/hoyre.no\/content\/uploads\/sites\/191\/2023\/01\/GettyImages-516536297-1024x681.jpg\" alt=\"\" class=\"wp-image-248 size-full\" srcset=\"https:\/\/hoyre.no\/content\/uploads\/sites\/191\/2023\/01\/GettyImages-516536297-1024x681.jpg 1024w, https:\/\/hoyre.no\/content\/uploads\/sites\/191\/2023\/01\/GettyImages-516536297-300x200.jpg 300w, https:\/\/hoyre.no\/content\/uploads\/sites\/191\/2023\/01\/GettyImages-516536297-768x511.jpg 768w, https:\/\/hoyre.no\/content\/uploads\/sites\/191\/2023\/01\/GettyImages-516536297-1536x1022.jpg 1536w, https:\/\/hoyre.no\/content\/uploads\/sites\/191\/2023\/01\/GettyImages-516536297-2048x1363.jpg 2048w\" sizes=\"auto, (max-width: 1024px) 100vw, 1024px\" \/><\/figure><div class=\"wp-block-media-text__content\">\n\n<h2 class=\"wp-block-heading\" id=\"h-3-bergen-hele-livet\">3. <strong><strong>Sjef i eget liv, hele livet<\/strong><\/strong><\/h2>\n\n\n<p>I Halden skal de eldre bestemme selv hvordan de \u00f8nsker \u00e5 leve livene sine. Noen trenger bare litt hjelp for \u00e5 kunne bo hjemme lengre, mens andre kanskje trenger en omsorgsplass. Kommunen skal strekke seg langt for \u00e5 tilpasse seg folks behov. For at man skal kunne v\u00e6re sjef i eget liv trenger man gode lag rundt seg. De p\u00e5r\u00f8rende er viktige spillere p\u00e5 dette laget. Ogs\u00e5 de p\u00e5r\u00f8rende skal vite at kommunen er der for dem og gir dem st\u00f8tte i den jobben de gj\u00f8r. Det betyr ikke at man alltid f\u00e5r det akkurat som man \u00f8nsker, men alle skal oppleve \u00e5 bli lyttet til og tatt p\u00e5 alvor.<\/p>\n\n<\/div><\/div>\n\n\n\n<div class=\"wp-block-media-text alignwide has-media-on-the-right is-stacked-on-mobile is-vertically-aligned-center\"><figure class=\"wp-block-media-text__media\"><img loading=\"lazy\" decoding=\"async\" width=\"1024\" height=\"683\" src=\"https:\/\/hoyre.no\/content\/uploads\/sites\/191\/2023\/01\/ECMyiXs0-1024x683.jpeg\" alt=\"\" class=\"wp-image-240 size-full\" srcset=\"https:\/\/hoyre.no\/content\/uploads\/sites\/191\/2023\/01\/ECMyiXs0-1024x683.jpeg 1024w, https:\/\/hoyre.no\/content\/uploads\/sites\/191\/2023\/01\/ECMyiXs0-300x200.jpeg 300w, https:\/\/hoyre.no\/content\/uploads\/sites\/191\/2023\/01\/ECMyiXs0-768x512.jpeg 768w, https:\/\/hoyre.no\/content\/uploads\/sites\/191\/2023\/01\/ECMyiXs0-1536x1024.jpeg 1536w, https:\/\/hoyre.no\/content\/uploads\/sites\/191\/2023\/01\/ECMyiXs0-2048x1365.jpeg 2048w\" sizes=\"auto, (max-width: 1024px) 100vw, 1024px\" \/><\/figure><div class=\"wp-block-media-text__content\">\n\n<h2 class=\"wp-block-heading\">4. <strong><strong>Vi m\u00e5 bygge flere boliger<\/strong><\/strong><\/h2>\n\n\n<p>Det er mange som \u00f8nsker \u00e5 flytte til Halden, men de finner ikke tomter eller boliger som passer. Under AP har utviklingen stoppet opp. Vi vil bygge flere eneboliger og rekkehus i Halden, og s\u00f8rge for at vi tar vare p\u00e5 de gode n\u00e6rmilj\u00f8ene.<\/p>\n\n<\/div><\/div>\n\n\n\n<div class=\"wp-block-media-text alignwide is-stacked-on-mobile\"><figure class=\"wp-block-media-text__media\"><img loading=\"lazy\" decoding=\"async\" width=\"1024\" height=\"683\" src=\"https:\/\/hoyre.no\/content\/uploads\/sites\/191\/2023\/01\/CbPdonjc-1024x683.jpeg\" alt=\"\" class=\"wp-image-241 size-full\" srcset=\"https:\/\/hoyre.no\/content\/uploads\/sites\/191\/2023\/01\/CbPdonjc-1024x683.jpeg 1024w, https:\/\/hoyre.no\/content\/uploads\/sites\/191\/2023\/01\/CbPdonjc-300x200.jpeg 300w, https:\/\/hoyre.no\/content\/uploads\/sites\/191\/2023\/01\/CbPdonjc-768x512.jpeg 768w, https:\/\/hoyre.no\/content\/uploads\/sites\/191\/2023\/01\/CbPdonjc-1536x1024.jpeg 1536w, https:\/\/hoyre.no\/content\/uploads\/sites\/191\/2023\/01\/CbPdonjc-2048x1365.jpeg 2048w\" sizes=\"auto, (max-width: 1024px) 100vw, 1024px\" \/><\/figure><div class=\"wp-block-media-text__content\">\n\n<h2 class=\"wp-block-heading\"><strong>5. H\u00f8yre skal ta kampen mot utenforskape<\/strong>t<\/h2>\n\n\n<p>Alt for mange i Halden st\u00e5r utenfor arbeidslivet. En av v\u00e5re viktigste oppgaver blir \u00e5 bli kjent med de menneskene som ikke finner sin plass i arbeidslivet. Vi vil tenke nytt for \u00e5 utnytte den arbeidsevnen enhver Haldenser har. Noen kan kanskje ikke jobbe 100%, men vi skal ta i bruk de prosentene som ligger hos hver enkelt.<\/p>\n\n<\/div><\/div>\n\n\n\n<div class=\"wp-block-hoyre-banner undefined\"><div class=\"banner-inner\"><figure class=\"hoyre-image-wrapper\"><div class=\"hoyre-image\"><img loading=\"lazy\" decoding=\"async\" width=\"960\" height=\"720\" src=\"https:\/\/hoyre.no\/content\/uploads\/sites\/191\/2022\/05\/240827710_1753408174832125_831930532007585264_n.jpg\" class=\"attachment-scaled size-scaled\" alt=\"\" style=\"object-position: 55.00000000000001% 23%\" srcset=\"https:\/\/hoyre.no\/content\/uploads\/sites\/191\/2022\/05\/240827710_1753408174832125_831930532007585264_n.jpg 960w, https:\/\/hoyre.no\/content\/uploads\/sites\/191\/2022\/05\/240827710_1753408174832125_831930532007585264_n-300x225.jpg 300w, https:\/\/hoyre.no\/content\/uploads\/sites\/191\/2022\/05\/240827710_1753408174832125_831930532007585264_n-768x576.jpg 768w\" sizes=\"auto, (max-width: 960px) 100vw, 960px\" \/><\/div><\/figure><div class=\"banner-content\"><div class=\"entry-content\">\n<h2 class=\"wp-block-heading\">Bli kjent med Halden H\u00f8yres ordf\u00f8rerkandidat Fredrik!<\/h2>\n\n\n\n<div class=\"wp-block-buttons is-style-default is-horizontal is-content-justification-center is-layout-flex wp-container-core-buttons-is-layout-499968f5 wp-block-buttons-is-layout-flex\">\n<div class=\"wp-block-button aligncenter is-style-outline is-style-outline--1\"><a class=\"wp-block-button__link\" href=\"https:\/\/hoyre.no\/halden\/fredrik-holm-var-ordforerkandidat\/\">TRYKK HER<\/a><\/div>\n<\/div>\n<\/div><\/div><\/div><\/div>\n\n\n\n<div class=\"wp-block hoyre-section alignfull has-background is-style-light-blue wp-block-hoyre-section\"><div class=\"inner-blocks alignwide\">\n\n<h1 class=\"has-text-align-center wp-block-heading\" id=\"h-finn-ditt-valglokale\">Finn ditt n\u00e6rmeste valglokale<\/h1>\n\n\n\n<p class=\"has-text-align-center\">Du kan forh\u00e5ndsstemme fra 10. august til og med 8. september. I denne perioden kan du stemme i valglokaler over hele landet. Se oversikt over lokale valglokaler og \u00e5pningstider her:<\/p>\n\n\n\n<div class=\"wp-block-buttons is-layout-flex wp-block-buttons-is-layout-flex\">\n<div class=\"wp-block-button aligncenter is-style-fill\"><a class=\"wp-block-button__link\" href=\"https:\/\/www.valg.no\/valglokaler\/valglokaler2\/stem-pa-forhand\/?mpid=3101\" target=\"_blank\" rel=\"noreferrer noopener\">lokaler for forh\u00e5ndsstemming<\/a><\/div>\n<\/div>\n\n\n\n<p class=\"has-text-align-center\">Valgdagene i \u00e5r er s\u00f8ndag 10. september og mandag 11. september. P\u00e5 valgdagen(e) m\u00e5 du stemme i Halden kommune. Se oversikt over lokale valglokaler og \u00e5pningstider her:<\/p>\n\n\n\n<div class=\"wp-block-buttons is-layout-flex wp-block-buttons-is-layout-flex\">\n<div class=\"wp-block-button aligncenter\"><a class=\"wp-block-button__link\" href=\"https:\/\/www.valg.no\/valglokaler\/valglokaler2\/stemme-pa-valgdagen\/?mpid=3101\" target=\"_blank\" rel=\"noreferrer noopener\">valglokaler p\u00e5 valgdagen<\/a><\/div>\n<\/div>\n\n\n\n<p class=\"has-text-align-center\"><strong>Husk \u00e5 ta med legitimasjon n\u00e5r du skal stemme. Godt valg!<\/strong><\/p>\n\n<\/div><\/div>","protected":false},"excerpt":{"rendered":"","protected":false},"author":15381,"featured_media":0,"parent":3,"menu_order":0,"comment_status":"closed","ping_status":"closed","template":"","meta":{"teft_cards_image_url":"","teft_cards_custom_pretitle":"","teft_cards_image_id":0,"teft_cards_image_focal_point_x":0,"teft_cards_image_focal_point_y":0,"teft_cards_title":"","teft_cards_excerpt":"","teft_show_chapters":false,"footnotes":""},"class_list":["post-239","page","type-page","status-publish","hentry"],"yoast_head":"<!-- This site is optimized with the Yoast SEO plugin v26.6 - https:\/\/yoast.com\/wordpress\/plugins\/seo\/ -->\n<title>Fem grunner til \u00e5 stemme Halden H\u00f8yre - Halden H\u00f8yre<\/title>\n<meta name=\"robots\" content=\"index, follow, max-snippet:-1, max-image-preview:large, max-video-preview:-1\" \/>\n<link rel=\"canonical\" href=\"https:\/\/hoyre.no\/halden\/forsiden\/5-grunner-til-a-stemme-halden-hoyre\/\" \/>\n<meta property=\"og:locale\" content=\"nb_NO\" \/>\n<meta property=\"og:type\" content=\"article\" \/>\n<meta property=\"og:title\" content=\"Fem grunner til \u00e5 stemme Halden H\u00f8yre - Halden H\u00f8yre\" \/>\n<meta property=\"og:url\" content=\"https:\/\/hoyre.no\/halden\/forsiden\/5-grunner-til-a-stemme-halden-hoyre\/\" \/>\n<meta property=\"og:site_name\" content=\"Halden H\u00f8yre\" \/>\n<meta property=\"article:modified_time\" content=\"2023-08-03T13:24:55+00:00\" \/>\n<meta property=\"og:image\" content=\"https:\/\/hoyre.no\/content\/uploads\/sites\/191\/2023\/01\/2aSaH0w-1024x683.jpeg\" \/>\n<meta name=\"twitter:card\" content=\"summary_large_image\" \/>\n<meta name=\"twitter:label1\" content=\"Ansl. lesetid\" \/>\n\t<meta name=\"twitter:data1\" content=\"5 minutter\" \/>\n<script type=\"application\/ld+json\" class=\"yoast-schema-graph\">{\"@context\":\"https:\/\/schema.org\",\"@graph\":[{\"@type\":\"WebPage\",\"@id\":\"https:\/\/hoyre.no\/halden\/forsiden\/5-grunner-til-a-stemme-halden-hoyre\/\",\"url\":\"https:\/\/hoyre.no\/halden\/forsiden\/5-grunner-til-a-stemme-halden-hoyre\/\",\"name\":\"Fem grunner til \u00e5 stemme Halden H\u00f8yre - Halden H\u00f8yre\",\"isPartOf\":{\"@id\":\"https:\/\/hoyre.no\/halden\/#website\"},\"image\":{\"@id\":\"https:\/\/hoyre.no\/halden\/forsiden\/5-grunner-til-a-stemme-halden-hoyre\/#primaryimage\"},\"thumbnailUrl\":\"https:\/\/hoyre.no\/content\/uploads\/sites\/191\/2023\/01\/2aSaH0w-1024x683.jpeg\",\"datePublished\":\"2023-01-13T12:07:01+00:00\",\"dateModified\":\"2023-08-03T13:24:55+00:00\",\"breadcrumb\":{\"@id\":\"https:\/\/hoyre.no\/halden\/forsiden\/5-grunner-til-a-stemme-halden-hoyre\/#breadcrumb\"},\"inLanguage\":\"nb-NO\",\"potentialAction\":[{\"@type\":\"ReadAction\",\"target\":[\"https:\/\/hoyre.no\/halden\/forsiden\/5-grunner-til-a-stemme-halden-hoyre\/\"]}]},{\"@type\":\"ImageObject\",\"inLanguage\":\"nb-NO\",\"@id\":\"https:\/\/hoyre.no\/halden\/forsiden\/5-grunner-til-a-stemme-halden-hoyre\/#primaryimage\",\"url\":\"https:\/\/hoyre.no\/content\/uploads\/sites\/191\/2023\/01\/2aSaH0w-1024x683.jpeg\",\"contentUrl\":\"https:\/\/hoyre.no\/content\/uploads\/sites\/191\/2023\/01\/2aSaH0w-1024x683.jpeg\"},{\"@type\":\"BreadcrumbList\",\"@id\":\"https:\/\/hoyre.no\/halden\/forsiden\/5-grunner-til-a-stemme-halden-hoyre\/#breadcrumb\",\"itemListElement\":[{\"@type\":\"ListItem\",\"position\":1,\"name\":\"Til hoyre.no\",\"item\":\"https:\/\/hoyre.no\"},{\"@type\":\"ListItem\",\"position\":2,\"name\":\"Hjem\",\"item\":\"https:\/\/hoyre.no\/halden\/\"},{\"@type\":\"ListItem\",\"position\":3,\"name\":\"Forsiden\",\"item\":\"https:\/\/hoyre.no\/halden\/\"},{\"@type\":\"ListItem\",\"position\":4,\"name\":\"Fem grunner til \u00e5 stemme Halden H\u00f8yre\"}]},{\"@type\":\"WebSite\",\"@id\":\"https:\/\/hoyre.no\/halden\/#website\",\"url\":\"https:\/\/hoyre.no\/halden\/\",\"name\":\"Halden H\u00f8yre\",\"description\":\"Bare enda et H\u00f8yres nettsteder-nettsted\",\"inLanguage\":\"nb-NO\"}]}<\/script>\n<!-- \/ Yoast SEO plugin. -->","yoast_head_json":{"title":"Fem grunner til \u00e5 stemme Halden H\u00f8yre - Halden H\u00f8yre","robots":{"index":"index","follow":"follow","max-snippet":"max-snippet:-1","max-image-preview":"max-image-preview:large","max-video-preview":"max-video-preview:-1"},"canonical":"https:\/\/hoyre.no\/halden\/forsiden\/5-grunner-til-a-stemme-halden-hoyre\/","og_locale":"nb_NO","og_type":"article","og_title":"Fem grunner til \u00e5 stemme Halden H\u00f8yre - Halden H\u00f8yre","og_url":"https:\/\/hoyre.no\/halden\/forsiden\/5-grunner-til-a-stemme-halden-hoyre\/","og_site_name":"Halden H\u00f8yre","article_modified_time":"2023-08-03T13:24:55+00:00","og_image":[{"url":"https:\/\/hoyre.no\/content\/uploads\/sites\/191\/2023\/01\/2aSaH0w-1024x683.jpeg","type":"","width":"","height":""}],"twitter_card":"summary_large_image","twitter_misc":{"Ansl. lesetid":"5 minutter"},"schema":{"@context":"https:\/\/schema.org","@graph":[{"@type":"WebPage","@id":"https:\/\/hoyre.no\/halden\/forsiden\/5-grunner-til-a-stemme-halden-hoyre\/","url":"https:\/\/hoyre.no\/halden\/forsiden\/5-grunner-til-a-stemme-halden-hoyre\/","name":"Fem grunner til \u00e5 stemme Halden H\u00f8yre - Halden H\u00f8yre","isPartOf":{"@id":"https:\/\/hoyre.no\/halden\/#website"},"image":{"@id":"https:\/\/hoyre.no\/halden\/forsiden\/5-grunner-til-a-stemme-halden-hoyre\/#primaryimage"},"thumbnailUrl":"https:\/\/hoyre.no\/content\/uploads\/sites\/191\/2023\/01\/2aSaH0w-1024x683.jpeg","datePublished":"2023-01-13T12:07:01+00:00","dateModified":"2023-08-03T13:24:55+00:00","breadcrumb":{"@id":"https:\/\/hoyre.no\/halden\/forsiden\/5-grunner-til-a-stemme-halden-hoyre\/#breadcrumb"},"inLanguage":"nb-NO","potentialAction":[{"@type":"ReadAction","target":["https:\/\/hoyre.no\/halden\/forsiden\/5-grunner-til-a-stemme-halden-hoyre\/"]}]},{"@type":"ImageObject","inLanguage":"nb-NO","@id":"https:\/\/hoyre.no\/halden\/forsiden\/5-grunner-til-a-stemme-halden-hoyre\/#primaryimage","url":"https:\/\/hoyre.no\/content\/uploads\/sites\/191\/2023\/01\/2aSaH0w-1024x683.jpeg","contentUrl":"https:\/\/hoyre.no\/content\/uploads\/sites\/191\/2023\/01\/2aSaH0w-1024x683.jpeg"},{"@type":"BreadcrumbList","@id":"https:\/\/hoyre.no\/halden\/forsiden\/5-grunner-til-a-stemme-halden-hoyre\/#breadcrumb","itemListElement":[{"@type":"ListItem","position":1,"name":"Til hoyre.no","item":"https:\/\/hoyre.no"},{"@type":"ListItem","position":2,"name":"Hjem","item":"https:\/\/hoyre.no\/halden\/"},{"@type":"ListItem","position":3,"name":"Forsiden","item":"https:\/\/hoyre.no\/halden\/"},{"@type":"ListItem","position":4,"name":"Fem grunner til \u00e5 stemme Halden H\u00f8yre"}]},{"@type":"WebSite","@id":"https:\/\/hoyre.no\/halden\/#website","url":"https:\/\/hoyre.no\/halden\/","name":"Halden H\u00f8yre","description":"Bare enda et H\u00f8yres nettsteder-nettsted","inLanguage":"nb-NO"}]}},"distributor_meta":false,"distributor_terms":false,"distributor_media":false,"distributor_original_site_name":"Halden H\u00f8yre","distributor_original_site_url":"https:\/\/hoyre.no\/halden","push-errors":false,"_links":{"self":[{"href":"https:\/\/hoyre.no\/halden\/wp-json\/wp\/v2\/pages\/239","targetHints":{"allow":["GET"]}}],"collection":[{"href":"https:\/\/hoyre.no\/halden\/wp-json\/wp\/v2\/pages"}],"about":[{"href":"https:\/\/hoyre.no\/halden\/wp-json\/wp\/v2\/types\/page"}],"author":[{"embeddable":true,"href":"https:\/\/hoyre.no\/halden\/wp-json\/wp\/v2\/users\/15381"}],"replies":[{"embeddable":true,"href":"https:\/\/hoyre.no\/halden\/wp-json\/wp\/v2\/comments?post=239"}],"version-history":[{"count":9,"href":"https:\/\/hoyre.no\/halden\/wp-json\/wp\/v2\/pages\/239\/revisions"}],"predecessor-version":[{"id":291,"href":"https:\/\/hoyre.no\/halden\/wp-json\/wp\/v2\/pages\/239\/revisions\/291"}],"up":[{"embeddable":true,"href":"https:\/\/hoyre.no\/halden\/wp-json\/wp\/v2\/pages\/3"}],"wp:attachment":[{"href":"https:\/\/hoyre.no\/halden\/wp-json\/wp\/v2\/media?parent=239"}],"curies":[{"name":"wp","href":"https:\/\/api.w.org\/{rel}","templated":true}]}}