{"id":273,"date":"2023-06-23T14:48:30","date_gmt":"2023-06-23T12:48:30","guid":{"rendered":"https:\/\/hoyre.no\/hamar\/?page_id=273"},"modified":"2023-08-28T21:00:56","modified_gmt":"2023-08-28T19:00:56","slug":"8-grunner-til-a-stemme-hoyre","status":"publish","type":"page","link":"https:\/\/hoyre.no\/hamar\/8-grunner-til-a-stemme-hoyre\/","title":{"rendered":"8 grunner til \u00e5 stemme H\u00f8yre"},"content":{"rendered":"\n<div class=\"wp-block-hoyre-hero with-image-gradient text-color-light  alignfull has-background\"><div class=\"hoyre-hero \"><h1 class=\"title\">Hamar er en kommune med muligheter for alle<\/h1><p class=\"preamble\">Hamar skal v\u00e6re kommunen med muligheter for alle. Politikken v\u00e5r skal gi deg mer frihet i hverdagen, og v\u00e6re der for deg n\u00e5r du trenger den.<\/p><\/div><\/div>\n\n\n\n\n<p><\/p>\n\n\n\n\n<div class=\"wp-block-hoyre-banner alignwide undefined  is-style-blue\"><div class=\"banner-inner\"><figure class=\"hoyre-image-wrapper\"><div class=\"hoyre-image\"><img loading=\"lazy\" decoding=\"async\" width=\"2500\" height=\"1667\" src=\"https:\/\/hoyre.no\/content\/uploads\/sites\/76\/2023\/08\/X-Kunnskap-scaled.jpg\" class=\"attachment-scaled size-scaled\" alt=\"\" style=\"object-position: 50% 50%\" srcset=\"https:\/\/hoyre.no\/content\/uploads\/sites\/76\/2023\/08\/X-Kunnskap-scaled.jpg 2500w, https:\/\/hoyre.no\/content\/uploads\/sites\/76\/2023\/08\/X-Kunnskap-300x200.jpg 300w, https:\/\/hoyre.no\/content\/uploads\/sites\/76\/2023\/08\/X-Kunnskap-1024x683.jpg 1024w, https:\/\/hoyre.no\/content\/uploads\/sites\/76\/2023\/08\/X-Kunnskap-768x512.jpg 768w, https:\/\/hoyre.no\/content\/uploads\/sites\/76\/2023\/08\/X-Kunnskap-1536x1024.jpg 1536w, https:\/\/hoyre.no\/content\/uploads\/sites\/76\/2023\/08\/X-Kunnskap-2048x1365.jpg 2048w\" sizes=\"auto, (max-width: 2500px) 100vw, 2500px\" \/><\/div><\/figure><div class=\"banner-content\"><div class=\"entry-content\">\n<p><strong>1. Kunnskap og kvalitet i skolen<\/strong><\/p>\n\n\n\n<p>H\u00f8yres m\u00e5l med Hamarskolen er \u00e5 skape en skole med muligheter for alle, uavhengig av hvilken bakgrunn eleven har. Elevene skal kjenne p\u00e5 mestring og ha det bra p\u00e5 skolen. Vi vil styrke laget b\u00e5de rundt elevene og l\u00e6reren, slik at alle f\u00e5r den hjelpen og st\u00f8tte de trenger. Hamarskolen skal ha en struktur som sikrer fortsatt god kvalitet og kapasitet der behovet er. H\u00f8yre vil se p\u00e5 muligheten for en yrkesrettet ungdomsskole.<\/p>\n\n\n\n<div class=\"wp-block-buttons is-layout-flex wp-block-buttons-is-layout-flex\"><\/div>\n<\/div><\/div><\/div><\/div>\n\n\n\n<div class=\"wp-block-hoyre-banner alignwide undefined  is-style-light\"><div class=\"banner-inner\"><figure class=\"hoyre-image-wrapper\"><div class=\"hoyre-image\"><img loading=\"lazy\" decoding=\"async\" width=\"2500\" height=\"1667\" src=\"https:\/\/hoyre.no\/content\/uploads\/sites\/76\/2023\/08\/X-Gammel-scaled.jpg\" class=\"attachment-scaled size-scaled\" alt=\"\" style=\"object-position: 50% 50%\" srcset=\"https:\/\/hoyre.no\/content\/uploads\/sites\/76\/2023\/08\/X-Gammel-scaled.jpg 2500w, https:\/\/hoyre.no\/content\/uploads\/sites\/76\/2023\/08\/X-Gammel-300x200.jpg 300w, https:\/\/hoyre.no\/content\/uploads\/sites\/76\/2023\/08\/X-Gammel-1024x683.jpg 1024w, https:\/\/hoyre.no\/content\/uploads\/sites\/76\/2023\/08\/X-Gammel-768x512.jpg 768w, https:\/\/hoyre.no\/content\/uploads\/sites\/76\/2023\/08\/X-Gammel-1536x1024.jpg 1536w, https:\/\/hoyre.no\/content\/uploads\/sites\/76\/2023\/08\/X-Gammel-2048x1365.jpg 2048w\" sizes=\"auto, (max-width: 2500px) 100vw, 2500px\" \/><\/div><\/figure><div class=\"banner-content\"><div class=\"entry-content\">\n<p><strong>2. Det skal v\u00e6re trygt \u00e5 bli gammel<\/strong><\/p>\n\n\n\n<p>Hamar skal v\u00e6re en aldersvennlig kommune hvor det skal v\u00e6re trygt \u00e5 leve hele livet. Andelen eldre i kommunen vil \u00f8ke, og det vil bli flere demente. Hamar H\u00f8yre vil at eldre skal<br>f\u00e5 muligheten til et aktivt og sosialt liv, smakfulle m\u00e5ltider, god pleie og sammen-hengende tjenester. For \u00e5 l\u00f8se fremtidens utfordringer innen helse og omsorg m\u00e5 alle  gode krefter tas i bruk. Vi vil at eldre skal f\u00e5 v\u00e6re sjef i eget liv og selv f\u00e5 velge mellom kommunale, ideelle og private tjenester.<\/p>\n\n\n\n<div class=\"wp-block-buttons is-layout-flex wp-block-buttons-is-layout-flex\"><\/div>\n<\/div><\/div><\/div><\/div>\n\n\n\n<div class=\"wp-block-hoyre-banner alignwide undefined  is-style-dark\"><div class=\"banner-inner\"><figure class=\"hoyre-image-wrapper\"><div class=\"hoyre-image\"><img loading=\"lazy\" decoding=\"async\" width=\"2218\" height=\"2065\" src=\"https:\/\/hoyre.no\/content\/uploads\/sites\/76\/2023\/08\/x-Leie.jpg\" class=\"attachment-scaled size-scaled\" alt=\"\" style=\"object-position: 50% 50%\" srcset=\"https:\/\/hoyre.no\/content\/uploads\/sites\/76\/2023\/08\/x-Leie.jpg 2218w, https:\/\/hoyre.no\/content\/uploads\/sites\/76\/2023\/08\/x-Leie-300x279.jpg 300w, https:\/\/hoyre.no\/content\/uploads\/sites\/76\/2023\/08\/x-Leie-1024x953.jpg 1024w, https:\/\/hoyre.no\/content\/uploads\/sites\/76\/2023\/08\/x-Leie-768x715.jpg 768w, https:\/\/hoyre.no\/content\/uploads\/sites\/76\/2023\/08\/x-Leie-1536x1430.jpg 1536w, https:\/\/hoyre.no\/content\/uploads\/sites\/76\/2023\/08\/x-Leie-2048x1907.jpg 2048w\" sizes=\"auto, (max-width: 2218px) 100vw, 2218px\" \/><\/div><\/figure><div class=\"banner-content\"><div class=\"entry-content\">\n<p><strong>3. Lei av \u00e5 leie? &#8211; Vi vil gj\u00f8re det lettere \u00e5 eie<\/strong><\/p>\n\n\n\n<p>Hamar H\u00f8yre vil jobbe for at flere skal oppn\u00e5 boligdr\u00f8mmen. Vi vil skape nye veier inn p\u00e5 boligmarkedet gjennom \u00e5 bygge flere og mer varierte boliger i Hamar. H\u00f8yre vil jobbe for at<br>flest mulig f\u00e5r muligheten til \u00e5 eie sitt eget  hjem, for eksempel ved \u00e5 stille krav til i st\u00f8rre grad \u00e5 ta i bruk ulike boligsosiale modeller som leie-til-eie i flere utbyggingsprosjekter. Vi vil ogs\u00e5 styrke den kommunale garantien i Husbanken slik at flere familier med d\u00e5rlig r\u00e5d i Hamar kan f\u00e5 startl\u00e5n.<\/p>\n<\/div><\/div><\/div><\/div>\n\n\n\n<div class=\"wp-block-hoyre-banner alignwide undefined  is-style-blue\"><div class=\"banner-inner\"><figure class=\"hoyre-image-wrapper\"><div class=\"hoyre-image\"><img loading=\"lazy\" decoding=\"async\" width=\"497\" height=\"353\" src=\"https:\/\/hoyre.no\/content\/uploads\/sites\/76\/2023\/08\/X-Oppvekst.jpg\" class=\"attachment-scaled size-scaled\" alt=\"\" style=\"object-position: 50% 50%\" srcset=\"https:\/\/hoyre.no\/content\/uploads\/sites\/76\/2023\/08\/X-Oppvekst.jpg 497w, https:\/\/hoyre.no\/content\/uploads\/sites\/76\/2023\/08\/X-Oppvekst-300x213.jpg 300w\" sizes=\"auto, (max-width: 497px) 100vw, 497px\" \/><\/div><\/figure><div class=\"banner-content\"><div class=\"entry-content\">\n<p><strong>4. En trygg og god oppvekst<\/strong><\/p>\n\n\n\n<p>H\u00f8yre vil jobbe for \u00e5 skape gode m\u00f8teplasser og fritidstilbud for de unge. P\u00e5 fritidsaktiviteter m\u00f8ter man venner og f\u00e5r viktige erfaringer. Flere familier sliter med \u00e5 f\u00e5 endene til \u00e5 m\u00f8tes. Vi vil at alle barn og unge skal f\u00e5 delta p\u00e5 minst \u00e9n fritidsaktivitet i uka. Vi vil styrke laget rundt barn og unge, for \u00e5 gi dem en trygg oppvekst og for \u00e5 forebygge psykisk uhelse.<\/p>\n<\/div><\/div><\/div><\/div>\n\n\n\n<div class=\"wp-block-hoyre-banner alignwide undefined  is-style-light\"><div class=\"banner-inner\"><figure class=\"hoyre-image-wrapper\"><div class=\"hoyre-image\"><img loading=\"lazy\" decoding=\"async\" width=\"2500\" height=\"1667\" src=\"https:\/\/hoyre.no\/content\/uploads\/sites\/76\/2023\/08\/X-Jobbskapere-scaled.jpg\" class=\"attachment-scaled size-scaled\" alt=\"\" style=\"object-position: 50% 50%\" srcset=\"https:\/\/hoyre.no\/content\/uploads\/sites\/76\/2023\/08\/X-Jobbskapere-scaled.jpg 2500w, https:\/\/hoyre.no\/content\/uploads\/sites\/76\/2023\/08\/X-Jobbskapere-300x200.jpg 300w, https:\/\/hoyre.no\/content\/uploads\/sites\/76\/2023\/08\/X-Jobbskapere-1024x683.jpg 1024w, https:\/\/hoyre.no\/content\/uploads\/sites\/76\/2023\/08\/X-Jobbskapere-768x512.jpg 768w, https:\/\/hoyre.no\/content\/uploads\/sites\/76\/2023\/08\/X-Jobbskapere-1536x1024.jpg 1536w, https:\/\/hoyre.no\/content\/uploads\/sites\/76\/2023\/08\/X-Jobbskapere-2048x1365.jpg 2048w\" sizes=\"auto, (max-width: 2500px) 100vw, 2500px\" \/><\/div><\/figure><div class=\"banner-content\"><div class=\"entry-content\">\n<p><strong>5. P\u00e5 lag med jobbskaperne<\/strong><\/p>\n\n\n\n<p>Vi vil at Hamar kommune skal ta en aktiv rolle i \u00e5 st\u00f8tte de som \u00f8nsker \u00e5 skape arbeidsplasser. H\u00f8yre vil gj\u00f8re det lettere \u00e5 etablere ny n\u00e6ringsvirksomhet i Hamar, og s\u00f8rge for at n\u00e6ringslivet har muligheten til \u00e5 vokse. Derfor m\u00e5 Hamar v\u00e6re en attraktiv kommune \u00e5 bo og jobbe i. H\u00f8yre vil s\u00f8rge for at Hamar er en ja-kommune!<\/p>\n<\/div><\/div><\/div><\/div>\n\n\n\n<div class=\"wp-block-hoyre-banner alignwide undefined  is-style-blue\"><div class=\"banner-inner\"><figure class=\"hoyre-image-wrapper\"><div class=\"hoyre-image\"><img loading=\"lazy\" decoding=\"async\" width=\"499\" height=\"438\" src=\"https:\/\/hoyre.no\/content\/uploads\/sites\/76\/2023\/08\/X-Stupetarn.jpg\" class=\"attachment-scaled size-scaled\" alt=\"\" style=\"object-position: 50% 50%\" srcset=\"https:\/\/hoyre.no\/content\/uploads\/sites\/76\/2023\/08\/X-Stupetarn.jpg 499w, https:\/\/hoyre.no\/content\/uploads\/sites\/76\/2023\/08\/X-Stupetarn-300x263.jpg 300w\" sizes=\"auto, (max-width: 499px) 100vw, 499px\" \/><\/div><\/figure><div class=\"banner-content\"><div class=\"entry-content\">\n<p><strong>6. En forutsigbar by- og stedsutvikling<\/strong><\/p>\n\n\n\n<p>God utvikling skaper en attraktiv kommune og en levende by. Innbyggerne m\u00e5 i st\u00f8rre grad kunne v\u00e6re med \u00e5 p\u00e5virke. Vi vil stille krav<br>til stedstilpasset utbygging hvor arkitekturen tilpasses omgivelsene. Hamar er Innlandets hovedstad og knutepunkt, og byens videre utvikling vil styrke Innlandets posisjon.<\/p>\n<\/div><\/div><\/div><\/div>\n\n\n\n<div class=\"wp-block-hoyre-banner alignwide undefined  is-style-dark\"><div class=\"banner-inner\"><figure class=\"hoyre-image-wrapper\"><div class=\"hoyre-image\"><img loading=\"lazy\" decoding=\"async\" width=\"2500\" height=\"2145\" src=\"https:\/\/hoyre.no\/content\/uploads\/sites\/76\/2023\/08\/X-Inntekt-scaled.jpg\" class=\"attachment-scaled size-scaled\" alt=\"\" style=\"object-position: 50% 50%\" srcset=\"https:\/\/hoyre.no\/content\/uploads\/sites\/76\/2023\/08\/X-Inntekt-scaled.jpg 2500w, https:\/\/hoyre.no\/content\/uploads\/sites\/76\/2023\/08\/X-Inntekt-300x257.jpg 300w, https:\/\/hoyre.no\/content\/uploads\/sites\/76\/2023\/08\/X-Inntekt-1024x879.jpg 1024w, https:\/\/hoyre.no\/content\/uploads\/sites\/76\/2023\/08\/X-Inntekt-768x659.jpg 768w, https:\/\/hoyre.no\/content\/uploads\/sites\/76\/2023\/08\/X-Inntekt-1536x1318.jpg 1536w, https:\/\/hoyre.no\/content\/uploads\/sites\/76\/2023\/08\/X-Inntekt-2048x1757.jpg 2048w\" sizes=\"auto, (max-width: 2500px) 100vw, 2500px\" \/><\/div><\/figure><div class=\"banner-content\"><div class=\"entry-content\">\n<p><strong>7. Du skal beholde mer av egen inntekt<\/strong><\/p>\n\n\n\n<p>N\u00e5r det meste blir dyrere og renten \u00f8ker, m\u00e5 politikere se p\u00e5 andre l\u00f8sninger enn \u00e5 \u00f8ke skatter og avgifter. Dine skattepenger skal brukes p\u00e5 en klok m\u00e5te. Vi m\u00e5 ha mer boligbygging for \u00e5 unng\u00e5 h\u00f8y boligprisvekst. H\u00f8yre vil redusere eiendomsskatten for \u00e5 sikre at folk har r\u00e5d til \u00e5 bo i kommunen, og for<br>at vi skal v\u00e6re et f\u00f8rstevalg for nyetablerere.<\/p>\n<\/div><\/div><\/div><\/div>\n\n\n\n<div class=\"wp-block-hoyre-banner alignwide undefined  is-style-blue\"><div class=\"banner-inner\"><figure class=\"hoyre-image-wrapper\"><div class=\"hoyre-image\"><img loading=\"lazy\" decoding=\"async\" width=\"2500\" height=\"1875\" src=\"https:\/\/hoyre.no\/content\/uploads\/sites\/76\/2023\/08\/X-Mjosa-scaled.jpg\" class=\"attachment-scaled size-scaled\" alt=\"\" style=\"object-position: 50% 50%\" srcset=\"https:\/\/hoyre.no\/content\/uploads\/sites\/76\/2023\/08\/X-Mjosa-scaled.jpg 2500w, https:\/\/hoyre.no\/content\/uploads\/sites\/76\/2023\/08\/X-Mjosa-300x225.jpg 300w, https:\/\/hoyre.no\/content\/uploads\/sites\/76\/2023\/08\/X-Mjosa-1024x768.jpg 1024w, https:\/\/hoyre.no\/content\/uploads\/sites\/76\/2023\/08\/X-Mjosa-768x576.jpg 768w, https:\/\/hoyre.no\/content\/uploads\/sites\/76\/2023\/08\/X-Mjosa-1536x1152.jpg 1536w, https:\/\/hoyre.no\/content\/uploads\/sites\/76\/2023\/08\/X-Mjosa-2048x1536.jpg 2048w\" sizes=\"auto, (max-width: 2500px) 100vw, 2500px\" \/><\/div><\/figure><div class=\"banner-content\"><div class=\"entry-content\">\n<p><strong>8. Gr\u00f8nn fremtid i byen ved Mj\u00f8sa<\/strong><\/p>\n\n\n\n<p>Vi skal arbeide for \u00e5 gj\u00f8re Mj\u00f8sa ren, og bruke v\u00e5rt naturgitte fortrinn inn i det gr\u00f8nne skiftet. Med Norges st\u00f8rste innsj\u00f8 og enorme skogressurser, har Hamar alle muligheter. Vi skal legge til rette for \u00e5 skape nye, gr\u00f8nne arbeidsplasser i samarbeid med industri og kunnskapsmilj\u00f8er. Vi skal bidra til ny kunnskap og vi skal styrke arbeidet med \u00e5 kutte egne utslipp i kommunen..<\/p>\n<\/div><\/div><\/div><\/div>\n\n\n\n<div class=\"wp-block-teft-file icon-link-block\"><a href=\"https:\/\/hoyre.no\/content\/uploads\/sites\/76\/2023\/06\/Hamar-Hoyre-2023-2027.pdf\" download><span class=\"file-title\">Hamar H\u00f8yre program 2023-2027<\/span><span class=\"file-name\">Hamar-Hoyre-2023-2027.pdf [26.7kb]<\/span><\/a><\/div>\n","protected":false},"excerpt":{"rendered":"","protected":false},"author":15076,"featured_media":0,"parent":0,"menu_order":0,"comment_status":"closed","ping_status":"closed","template":"","meta":{"teft_cards_image_url":"","teft_cards_custom_pretitle":"","teft_cards_image_id":0,"teft_cards_image_focal_point_x":0,"teft_cards_image_focal_point_y":0,"teft_cards_title":"","teft_cards_excerpt":"","teft_show_chapters":false,"footnotes":""},"class_list":["post-273","page","type-page","status-publish","hentry"],"yoast_head":"<!-- This site is optimized with the Yoast SEO plugin v26.6 - https:\/\/yoast.com\/wordpress\/plugins\/seo\/ -->\n<title>8 grunner til \u00e5 stemme H\u00f8yre - Hamar H\u00f8yre<\/title>\n<meta name=\"robots\" content=\"index, follow, max-snippet:-1, max-image-preview:large, max-video-preview:-1\" \/>\n<link rel=\"canonical\" href=\"https:\/\/hoyre.no\/hamar\/8-grunner-til-a-stemme-hoyre\/\" \/>\n<meta property=\"og:locale\" content=\"nb_NO\" \/>\n<meta property=\"og:type\" content=\"article\" \/>\n<meta property=\"og:title\" content=\"8 grunner til \u00e5 stemme H\u00f8yre - Hamar H\u00f8yre\" \/>\n<meta property=\"og:url\" content=\"https:\/\/hoyre.no\/hamar\/8-grunner-til-a-stemme-hoyre\/\" \/>\n<meta property=\"og:site_name\" content=\"Hamar H\u00f8yre\" \/>\n<meta property=\"article:modified_time\" content=\"2023-08-28T19:00:56+00:00\" \/>\n<meta property=\"og:image\" content=\"https:\/\/hoyre.no\/content\/uploads\/sites\/76\/2022\/11\/Hoyres-logo.png\" \/>\n\t<meta property=\"og:image:width\" content=\"1000\" \/>\n\t<meta property=\"og:image:height\" content=\"1000\" \/>\n\t<meta property=\"og:image:type\" content=\"image\/png\" \/>\n<meta name=\"twitter:card\" content=\"summary_large_image\" \/>\n<meta name=\"twitter:label1\" content=\"Ansl. lesetid\" \/>\n\t<meta name=\"twitter:data1\" content=\"4 minutter\" \/>\n<script type=\"application\/ld+json\" class=\"yoast-schema-graph\">{\"@context\":\"https:\/\/schema.org\",\"@graph\":[{\"@type\":\"WebPage\",\"@id\":\"https:\/\/hoyre.no\/hamar\/8-grunner-til-a-stemme-hoyre\/\",\"url\":\"https:\/\/hoyre.no\/hamar\/8-grunner-til-a-stemme-hoyre\/\",\"name\":\"8 grunner til \u00e5 stemme H\u00f8yre - Hamar H\u00f8yre\",\"isPartOf\":{\"@id\":\"https:\/\/hoyre.no\/hamar\/#website\"},\"datePublished\":\"2023-06-23T12:48:30+00:00\",\"dateModified\":\"2023-08-28T19:00:56+00:00\",\"breadcrumb\":{\"@id\":\"https:\/\/hoyre.no\/hamar\/8-grunner-til-a-stemme-hoyre\/#breadcrumb\"},\"inLanguage\":\"nb-NO\",\"potentialAction\":[{\"@type\":\"ReadAction\",\"target\":[\"https:\/\/hoyre.no\/hamar\/8-grunner-til-a-stemme-hoyre\/\"]}]},{\"@type\":\"BreadcrumbList\",\"@id\":\"https:\/\/hoyre.no\/hamar\/8-grunner-til-a-stemme-hoyre\/#breadcrumb\",\"itemListElement\":[{\"@type\":\"ListItem\",\"position\":1,\"name\":\"Til hoyre.no\",\"item\":\"https:\/\/hoyre.no\"},{\"@type\":\"ListItem\",\"position\":2,\"name\":\"Hjem\",\"item\":\"https:\/\/hoyre.no\/hamar\/\"},{\"@type\":\"ListItem\",\"position\":3,\"name\":\"8 grunner til \u00e5 stemme H\u00f8yre\"}]},{\"@type\":\"WebSite\",\"@id\":\"https:\/\/hoyre.no\/hamar\/#website\",\"url\":\"https:\/\/hoyre.no\/hamar\/\",\"name\":\"Hamar H\u00f8yre\",\"description\":\"Bare enda et H\u00f8yres nettsteder-nettsted\",\"inLanguage\":\"nb-NO\"}]}<\/script>\n<!-- \/ Yoast SEO plugin. -->","yoast_head_json":{"title":"8 grunner til \u00e5 stemme H\u00f8yre - Hamar H\u00f8yre","robots":{"index":"index","follow":"follow","max-snippet":"max-snippet:-1","max-image-preview":"max-image-preview:large","max-video-preview":"max-video-preview:-1"},"canonical":"https:\/\/hoyre.no\/hamar\/8-grunner-til-a-stemme-hoyre\/","og_locale":"nb_NO","og_type":"article","og_title":"8 grunner til \u00e5 stemme H\u00f8yre - Hamar H\u00f8yre","og_url":"https:\/\/hoyre.no\/hamar\/8-grunner-til-a-stemme-hoyre\/","og_site_name":"Hamar H\u00f8yre","article_modified_time":"2023-08-28T19:00:56+00:00","og_image":[{"width":1000,"height":1000,"url":"https:\/\/hoyre.no\/content\/uploads\/sites\/76\/2022\/11\/Hoyres-logo.png","type":"image\/png"}],"twitter_card":"summary_large_image","twitter_misc":{"Ansl. lesetid":"4 minutter"},"schema":{"@context":"https:\/\/schema.org","@graph":[{"@type":"WebPage","@id":"https:\/\/hoyre.no\/hamar\/8-grunner-til-a-stemme-hoyre\/","url":"https:\/\/hoyre.no\/hamar\/8-grunner-til-a-stemme-hoyre\/","name":"8 grunner til \u00e5 stemme H\u00f8yre - Hamar H\u00f8yre","isPartOf":{"@id":"https:\/\/hoyre.no\/hamar\/#website"},"datePublished":"2023-06-23T12:48:30+00:00","dateModified":"2023-08-28T19:00:56+00:00","breadcrumb":{"@id":"https:\/\/hoyre.no\/hamar\/8-grunner-til-a-stemme-hoyre\/#breadcrumb"},"inLanguage":"nb-NO","potentialAction":[{"@type":"ReadAction","target":["https:\/\/hoyre.no\/hamar\/8-grunner-til-a-stemme-hoyre\/"]}]},{"@type":"BreadcrumbList","@id":"https:\/\/hoyre.no\/hamar\/8-grunner-til-a-stemme-hoyre\/#breadcrumb","itemListElement":[{"@type":"ListItem","position":1,"name":"Til hoyre.no","item":"https:\/\/hoyre.no"},{"@type":"ListItem","position":2,"name":"Hjem","item":"https:\/\/hoyre.no\/hamar\/"},{"@type":"ListItem","position":3,"name":"8 grunner til \u00e5 stemme H\u00f8yre"}]},{"@type":"WebSite","@id":"https:\/\/hoyre.no\/hamar\/#website","url":"https:\/\/hoyre.no\/hamar\/","name":"Hamar H\u00f8yre","description":"Bare enda et H\u00f8yres nettsteder-nettsted","inLanguage":"nb-NO"}]}},"distributor_meta":false,"distributor_terms":false,"distributor_media":false,"distributor_original_site_name":"Hamar H\u00f8yre","distributor_original_site_url":"https:\/\/hoyre.no\/hamar","push-errors":false,"_links":{"self":[{"href":"https:\/\/hoyre.no\/hamar\/wp-json\/wp\/v2\/pages\/273","targetHints":{"allow":["GET"]}}],"collection":[{"href":"https:\/\/hoyre.no\/hamar\/wp-json\/wp\/v2\/pages"}],"about":[{"href":"https:\/\/hoyre.no\/hamar\/wp-json\/wp\/v2\/types\/page"}],"author":[{"embeddable":true,"href":"https:\/\/hoyre.no\/hamar\/wp-json\/wp\/v2\/users\/15076"}],"replies":[{"embeddable":true,"href":"https:\/\/hoyre.no\/hamar\/wp-json\/wp\/v2\/comments?post=273"}],"version-history":[{"count":6,"href":"https:\/\/hoyre.no\/hamar\/wp-json\/wp\/v2\/pages\/273\/revisions"}],"predecessor-version":[{"id":334,"href":"https:\/\/hoyre.no\/hamar\/wp-json\/wp\/v2\/pages\/273\/revisions\/334"}],"wp:attachment":[{"href":"https:\/\/hoyre.no\/hamar\/wp-json\/wp\/v2\/media?parent=273"}],"curies":[{"name":"wp","href":"https:\/\/api.w.org\/{rel}","templated":true}]}}