{"id":139,"date":"2023-07-31T18:07:30","date_gmt":"2023-07-31T16:07:30","guid":{"rendered":"https:\/\/hoyre.no\/hamaroy\/?page_id=139"},"modified":"2025-01-24T14:27:21","modified_gmt":"2025-01-24T13:27:21","slug":"7-grunner-til-a-stemme-hamaroy-hoyre","status":"publish","type":"page","link":"https:\/\/hoyre.no\/hamaroy\/7-grunner-til-a-stemme-hamaroy-hoyre\/","title":{"rendered":"7 grunner til \u00e5 stemme Hamar\u00f8y H\u00f8yre"},"content":{"rendered":"\n<div class=\"wp-block-hoyre-hero with-image-gradient text-color-light  has-media alignfull has-background\"><div class=\"hoyre-hero has-image\"><h1 class=\"title\">7 gode grunner til \u00e5 stemme H\u00f8yre i Hamar\u00f8y<\/h1><figure class=\"hoyre-image-wrapper\"><div class=\"hoyre-image\"><img loading=\"lazy\" decoding=\"async\" width=\"2048\" height=\"1536\" src=\"https:\/\/hoyre.no\/content\/uploads\/sites\/139\/2023\/07\/hoyre-3.jpeg\" class=\"attachment-scaled size-scaled\" alt=\"\" style=\"object-position: 51% 39%\" srcset=\"https:\/\/hoyre.no\/content\/uploads\/sites\/139\/2023\/07\/hoyre-3.jpeg 2048w, https:\/\/hoyre.no\/content\/uploads\/sites\/139\/2023\/07\/hoyre-3-300x225.jpeg 300w, https:\/\/hoyre.no\/content\/uploads\/sites\/139\/2023\/07\/hoyre-3-1024x768.jpeg 1024w, https:\/\/hoyre.no\/content\/uploads\/sites\/139\/2023\/07\/hoyre-3-768x576.jpeg 768w, https:\/\/hoyre.no\/content\/uploads\/sites\/139\/2023\/07\/hoyre-3-1536x1152.jpeg 1536w\" sizes=\"auto, (max-width: 2048px) 100vw, 2048px\" \/><\/div><\/figure><\/div><\/div>\n\n\n\n\n<p><\/p>\n\n\n\n\n<div class=\"wp-block-hoyre-banner alignwide undefined  is-style-dark\"><div class=\"banner-inner\"><figure class=\"hoyre-image-wrapper\"><div class=\"hoyre-image\"><img loading=\"lazy\" decoding=\"async\" width=\"1481\" height=\"2500\" src=\"https:\/\/hoyre.no\/content\/uploads\/sites\/139\/2023\/07\/20230506_131559115_iOS-3-scaled.jpg\" class=\"attachment-scaled size-scaled\" alt=\"\" style=\"object-position: 33% 37%\" srcset=\"https:\/\/hoyre.no\/content\/uploads\/sites\/139\/2023\/07\/20230506_131559115_iOS-3-scaled.jpg 1481w, https:\/\/hoyre.no\/content\/uploads\/sites\/139\/2023\/07\/20230506_131559115_iOS-3-178x300.jpg 178w, https:\/\/hoyre.no\/content\/uploads\/sites\/139\/2023\/07\/20230506_131559115_iOS-3-606x1024.jpg 606w, https:\/\/hoyre.no\/content\/uploads\/sites\/139\/2023\/07\/20230506_131559115_iOS-3-768x1297.jpg 768w, https:\/\/hoyre.no\/content\/uploads\/sites\/139\/2023\/07\/20230506_131559115_iOS-3-910x1536.jpg 910w, https:\/\/hoyre.no\/content\/uploads\/sites\/139\/2023\/07\/20230506_131559115_iOS-3-1213x2048.jpg 1213w\" sizes=\"auto, (max-width: 1481px) 100vw, 1481px\" \/><\/div><\/figure><div class=\"banner-content\"><div class=\"entry-content\">\n<h2 class=\"wp-block-heading has-text-align-center\">Vi skal f\u00e5 Hamar\u00f8y p\u00e5 den regionale og nasjonale scenen<\/h2>\n\n\n\n<p class=\"has-text-align-left\">Husker du sist Hamar\u00f8y fikk gjennomslag for viktige saker? Med H\u00f8yre i ordf\u00f8rerstolen vil vi sette Hamar\u00f8y p\u00e5 kartet, og f\u00e5 igjennom v\u00e5r og regionens viktigste saker. Med valgseier i Hamar\u00f8y i 2023 og H\u00f8yre tilbake i regjering i 2025, ligger alt til rette for at vi kan vinne frem med v\u00e5re prioriterte saker.<\/p>\n<\/div><\/div><\/div><\/div>\n\n\n\n<div class=\"wp-block-media-text is-stacked-on-mobile is-image-fill alignwide is-style-pale-grey\"><figure class=\"wp-block-media-text__media\" style=\"background-image:url('https:\/\/hoyre.no\/content\/uploads\/sites\/139\/2023\/08\/skole-1024x567.jpg');background-position:50% 50%\"><img loading=\"lazy\" decoding=\"async\" width=\"1024\" height=\"567\" src=\"https:\/\/hoyre.no\/content\/uploads\/sites\/139\/2023\/08\/skole-1024x567.jpg\" alt=\"\" class=\"wp-image-185 size-full\" srcset=\"https:\/\/hoyre.no\/content\/uploads\/sites\/139\/2023\/08\/skole-1024x567.jpg 1024w, https:\/\/hoyre.no\/content\/uploads\/sites\/139\/2023\/08\/skole-300x166.jpg 300w, https:\/\/hoyre.no\/content\/uploads\/sites\/139\/2023\/08\/skole-768x425.jpg 768w, https:\/\/hoyre.no\/content\/uploads\/sites\/139\/2023\/08\/skole.jpg 1451w\" sizes=\"auto, (max-width: 1024px) 100vw, 1024px\" \/><\/figure><div class=\"wp-block-media-text__content\">\n<h2 class=\"wp-block-heading\">1. <strong>Trygge oppvekstsvilk\u00e5r og en kunnskapsskole for alle<\/strong><\/h2>\n\n\n\n<p><strong>H\u00f8yre vil fokusere p\u00e5 kvaliteten i barnehagetilbudet og skolene, med engasjement for kvalifiserte l\u00e6rere og tilpasset undervisning for alle elever.<\/strong><br><br>Vi vil tilby varierte og mangfoldige barnehager som fremmer lek, l\u00e6ring og sosial mestring. <br>I skolen vil vi fokusere p\u00e5 tidlig innsats og tilpasset undervisning for \u00e5 redusere sosiale forskjeller, samt skape sterke fagmilj\u00f8er.<\/p>\n<\/div><\/div>\n\n\n\n<div class=\"wp-block-media-text alignwide has-media-on-the-right is-stacked-on-mobile is-image-fill is-style-pale-blue\"><figure class=\"wp-block-media-text__media\" style=\"background-image:url('https:\/\/hoyre.no\/content\/uploads\/sites\/139\/2023\/07\/eldreomsorg-2-1024x688.jpg');background-position:50% 50%\"><img loading=\"lazy\" decoding=\"async\" width=\"1024\" height=\"688\" src=\"https:\/\/hoyre.no\/content\/uploads\/sites\/139\/2023\/07\/eldreomsorg-2-1024x688.jpg\" alt=\"\" class=\"wp-image-141 size-full\" srcset=\"https:\/\/hoyre.no\/content\/uploads\/sites\/139\/2023\/07\/eldreomsorg-2-1024x688.jpg 1024w, https:\/\/hoyre.no\/content\/uploads\/sites\/139\/2023\/07\/eldreomsorg-2-300x201.jpg 300w, https:\/\/hoyre.no\/content\/uploads\/sites\/139\/2023\/07\/eldreomsorg-2-768x516.jpg 768w, https:\/\/hoyre.no\/content\/uploads\/sites\/139\/2023\/07\/eldreomsorg-2-1536x1032.jpg 1536w, https:\/\/hoyre.no\/content\/uploads\/sites\/139\/2023\/07\/eldreomsorg-2-2048x1375.jpg 2048w\" sizes=\"auto, (max-width: 1024px) 100vw, 1024px\" \/><\/figure><div class=\"wp-block-media-text__content\">\n\n<h2 class=\"wp-block-heading\">2. <strong>En trygg eldreomsorg<\/strong><\/h2>\n\n\n<p><\/p>\n\n\n<p><strong>H\u00f8yre vil sikre en verdig eldreomsorg med flere kvalifiserte ansatte, varierte boformer, og et fokus p\u00e5 aktivisering og livskvalitet for eldre.<\/strong><br><br>Vi vil sikre alle en god og verdig eldreomsorg, enten du bor hjemme eller p\u00e5 sykehjem. Alle skal f\u00e5 v\u00e6re sjef i eget liv, og bestemme mer selv. Vi vil ha flere fagl\u00e6rte i hjemmesykepleien og mer varierte boformer. Kommunale held\u00f8gns omsorgsplasser og sykehjem skal ikke bare v\u00e6re et oppholdssted for behandling og pleie, men ogs\u00e5 et sted for \u00e5 leve et godt liv med aktivitet, fellesskap og omsorg.<\/p>\n\n<\/div><\/div>\n\n\n\n<div class=\"wp-block-media-text is-stacked-on-mobile is-image-fill alignwide is-style-lightest-blue\"><figure class=\"wp-block-media-text__media\" style=\"background-image:url('https:\/\/hoyre.no\/content\/uploads\/sites\/139\/2023\/08\/jobbskaperne-1024x683.jpg');background-position:50% 50%\"><img loading=\"lazy\" decoding=\"async\" width=\"1024\" height=\"683\" src=\"https:\/\/hoyre.no\/content\/uploads\/sites\/139\/2023\/08\/jobbskaperne-1024x683.jpg\" alt=\"\" class=\"wp-image-186 size-full\" srcset=\"https:\/\/hoyre.no\/content\/uploads\/sites\/139\/2023\/08\/jobbskaperne-1024x683.jpg 1024w, https:\/\/hoyre.no\/content\/uploads\/sites\/139\/2023\/08\/jobbskaperne-300x200.jpg 300w, https:\/\/hoyre.no\/content\/uploads\/sites\/139\/2023\/08\/jobbskaperne-768x512.jpg 768w, https:\/\/hoyre.no\/content\/uploads\/sites\/139\/2023\/08\/jobbskaperne.jpg 1451w\" sizes=\"auto, (max-width: 1024px) 100vw, 1024px\" \/><\/figure><div class=\"wp-block-media-text__content\">\n<h2 class=\"wp-block-heading\">3. <strong>P\u00e5 lag med jobbskaperne, frivilligheten og kulturen<\/strong><\/h2>\n\n\n\n<p><strong>H\u00f8yre vil legge til rette for n\u00e6ringslivet, arbeide for gode arbeidsforhold og samarbeide med frivillige organisasjoner for \u00e5 fremme felles m\u00e5l.<\/strong><br><br>Vi heier p\u00e5 mennesker som skaper aktivitet og arbeidsplasser. H\u00f8yre vil at kommunen skal oppleves som en fremoverlent medspiller for jobbskaperne, og lete etter muligheter for \u00e5 si JA fremfor nei. Enten det handler om \u00e5 f\u00e5 tilgang p\u00e5 boliger, kvalifisert arbeidskraft, stedsuavhengige arbeidsplasser eller en mer effektiv saksbehandling. De etablerte bedriftene skal ha mulighet til \u00e5 vokse og sammen med frivilligheten og kulturen skal H\u00f8yre jobbe for at kommunen utvikles. Viktigste vi skal begynne med er god utbyggingstakt av boliger.<\/p>\n<\/div><\/div>\n\n\n\n<div class=\"wp-block-media-text alignwide has-media-on-the-right is-stacked-on-mobile is-image-fill is-style-pale-purple\"><figure class=\"wp-block-media-text__media\" style=\"background-image:url('https:\/\/hoyre.no\/content\/uploads\/sites\/139\/2023\/07\/Inntekt-1024x692.jpeg');background-position:50% 50%\"><img loading=\"lazy\" decoding=\"async\" width=\"1024\" height=\"692\" src=\"https:\/\/hoyre.no\/content\/uploads\/sites\/139\/2023\/07\/Inntekt-1024x692.jpeg\" alt=\"\" class=\"wp-image-144 size-full\" srcset=\"https:\/\/hoyre.no\/content\/uploads\/sites\/139\/2023\/07\/Inntekt-1024x692.jpeg 1024w, https:\/\/hoyre.no\/content\/uploads\/sites\/139\/2023\/07\/Inntekt-300x203.jpeg 300w, https:\/\/hoyre.no\/content\/uploads\/sites\/139\/2023\/07\/Inntekt-768x519.jpeg 768w, https:\/\/hoyre.no\/content\/uploads\/sites\/139\/2023\/07\/Inntekt-1536x1038.jpeg 1536w, https:\/\/hoyre.no\/content\/uploads\/sites\/139\/2023\/07\/Inntekt-2048x1384.jpeg 2048w\" sizes=\"auto, (max-width: 1024px) 100vw, 1024px\" \/><\/figure><div class=\"wp-block-media-text__content\">\n\n<h2 class=\"wp-block-heading\">4. <strong>Du skal beholde mer av egen inntekt<\/strong><\/h2>\n\n\n<p><strong>H\u00f8yre vil holde skatter og avgifter nede, samt jobbe for gradvise kutt og bunnfradrag p\u00e5 eiendomsskatt for boliger.<\/strong><br><br>N\u00e5r det meste blir dyrere og renten \u00f8ker, m\u00e5 politikere prioritere bedre fremfor \u00e5 \u00f8ke skatter og avgifter. H\u00f8yre vil holde skatter og avgifter nede, jobbe for \u00e5 fjerne eiendomsskatten p\u00e5 boliger gradvis, og avsette deler av eiendomsskatten til et infrastrukturfond. <br>Vi vil ogs\u00e5 se p\u00e5 ressursutnyttelse og innf\u00f8re kostnadseffektive metoder for \u00e5 redusere selvkost, samtidig som vi sikrer at innbyggerne betaler riktig bel\u00f8p for tjenestene de mottar.<\/p>\n\n<\/div><\/div>\n\n\n\n<div class=\"wp-block-media-text is-stacked-on-mobile is-image-fill alignwide is-style-pale-green\"><figure class=\"wp-block-media-text__media\" style=\"background-image:url('https:\/\/hoyre.no\/content\/uploads\/sites\/139\/2023\/08\/bla\u030agronn-1024x575.jpg');background-position:50% 50%\"><img loading=\"lazy\" decoding=\"async\" width=\"1024\" height=\"575\" src=\"https:\/\/hoyre.no\/content\/uploads\/sites\/139\/2023\/08\/bla\u030agronn-1024x575.jpg\" alt=\"\" class=\"wp-image-188 size-full\" srcset=\"https:\/\/hoyre.no\/content\/uploads\/sites\/139\/2023\/08\/bla\u030agronn-1024x575.jpg 1024w, https:\/\/hoyre.no\/content\/uploads\/sites\/139\/2023\/08\/bla\u030agronn-300x169.jpg 300w, https:\/\/hoyre.no\/content\/uploads\/sites\/139\/2023\/08\/bla\u030agronn-768x431.jpg 768w, https:\/\/hoyre.no\/content\/uploads\/sites\/139\/2023\/08\/bla\u030agronn.jpg 1451w\" sizes=\"auto, (max-width: 1024px) 100vw, 1024px\" \/><\/figure><div class=\"wp-block-media-text__content\">\n<h2 class=\"wp-block-heading\">5. <strong>Hamar\u00f8y til lands og til vanns &#8211; i en bl\u00e5gr\u00f8nn framtid<\/strong><\/h2>\n\n\n\n<p><strong>H\u00f8yre vil ha fokus p\u00e5 gode veier, kollektivl\u00f8sninger, og infrastruktur for \u00e5 opprettholde og utvikle kommunen som en geografisk, kulturell og n\u00e6ringsmessig enhet. Videre \u00f8nsker vi \u00e5 fremme gr\u00f8nne l\u00f8sninger og klimavennlige valg.<\/strong><br><br>Vi har en visjon om en b\u00e6rekraftig fremtid for kommunen, b\u00e5de til lands og til vanns.  Vi ser potensialet for \u00e5 lede an i det gr\u00f8nne skiftet med tilgang p\u00e5 ren kraft og fornybar energiproduksjon. Vi skal motivere til klimavennlige valg gjennom positive virkemidler, i samarbeid med n\u00e6ringslivet. Vi vil ogs\u00e5 prioritere oppgradering av veier, utvidelse av busslinjer, tilgang til elektrisk kraft og etablering av ladestasjoner for elbiler. Samtidig vil vi sikre milj\u00f8vennlige innkj\u00f8p og st\u00f8tte overgang fra vei til sj\u00f8transport. V\u00e5rt m\u00e5l er ogs\u00e5 \u00e5 s\u00f8rge for tilstrekkelig og rent drikkevann for alle lokalsamfunn.<\/p>\n<\/div><\/div>\n\n\n\n<div class=\"wp-block-media-text alignwide has-media-on-the-right is-stacked-on-mobile is-image-fill is-style-lightest-blue\"><figure class=\"wp-block-media-text__media\" style=\"background-image:url('https:\/\/hoyre.no\/content\/uploads\/sites\/139\/2023\/08\/psykisk-helse-1024x655.jpg');background-position:50% 50%\"><img loading=\"lazy\" decoding=\"async\" width=\"1024\" height=\"655\" src=\"https:\/\/hoyre.no\/content\/uploads\/sites\/139\/2023\/08\/psykisk-helse-1024x655.jpg\" alt=\"\" class=\"wp-image-189 size-full\" srcset=\"https:\/\/hoyre.no\/content\/uploads\/sites\/139\/2023\/08\/psykisk-helse-1024x655.jpg 1024w, https:\/\/hoyre.no\/content\/uploads\/sites\/139\/2023\/08\/psykisk-helse-300x192.jpg 300w, https:\/\/hoyre.no\/content\/uploads\/sites\/139\/2023\/08\/psykisk-helse-768x491.jpg 768w, https:\/\/hoyre.no\/content\/uploads\/sites\/139\/2023\/08\/psykisk-helse.jpg 1451w\" sizes=\"auto, (max-width: 1024px) 100vw, 1024px\" \/><\/figure><div class=\"wp-block-media-text__content\">\n\n<h2 class=\"wp-block-heading\">6. <strong>Psykisk helse og inkluderende milj\u00f8<\/strong><\/h2>\n\n\n<p><strong>H\u00f8yre vil etablere rask psykisk helsehjelp, arbeide for \u00e5 forebygge psykiske problemer blant barn, unge og voksne, og inkludere flere i arbeidslivet gjennom fleksible og individorienterte ordninger.<\/strong><br><br>Vi erkjenner viktigheten av psykisk helse og vil skape et inkluderende milj\u00f8 der alle kan trives. Vi vil etablere &laquo;Rask psykisk helsehjelp&raquo; for personer over 16 \u00e5r med angst, depresjon og s\u00f8vnproblemer. Videre vil vi fremme forebyggingsprogrammer i skoler og arbeide proaktivt for \u00e5 bekjempe mobbing og sosial isolasjon. Vi vil ogs\u00e5 fortsette \u00e5 inkludere flere i arbeidslivet og kreve \u00e5rlig rapportering om barn og unges oppvekstsvilk\u00e5r for kontinuerlig forbedring av tiltak og tilbud.<\/p>\n\n<\/div><\/div>\n\n\n\n<div class=\"wp-block-media-text is-stacked-on-mobile is-image-fill alignwide is-style-pink\"><figure class=\"wp-block-media-text__media\" style=\"background-image:url('https:\/\/hoyre.no\/content\/uploads\/sites\/139\/2023\/08\/GettyImages-585084336-1024x683.jpg');background-position:50% 50%\"><img loading=\"lazy\" decoding=\"async\" width=\"1024\" height=\"683\" src=\"https:\/\/hoyre.no\/content\/uploads\/sites\/139\/2023\/08\/GettyImages-585084336-1024x683.jpg\" alt=\"\" class=\"wp-image-227 size-full\" srcset=\"https:\/\/hoyre.no\/content\/uploads\/sites\/139\/2023\/08\/GettyImages-585084336-1024x683.jpg 1024w, https:\/\/hoyre.no\/content\/uploads\/sites\/139\/2023\/08\/GettyImages-585084336-300x200.jpg 300w, https:\/\/hoyre.no\/content\/uploads\/sites\/139\/2023\/08\/GettyImages-585084336-768x512.jpg 768w, https:\/\/hoyre.no\/content\/uploads\/sites\/139\/2023\/08\/GettyImages-585084336-1536x1024.jpg 1536w, https:\/\/hoyre.no\/content\/uploads\/sites\/139\/2023\/08\/GettyImages-585084336-2048x1365.jpg 2048w\" sizes=\"auto, (max-width: 1024px) 100vw, 1024px\" \/><\/figure><div class=\"wp-block-media-text__content\">\n<h2 class=\"wp-block-heading\">7. Mangfold og inkludering<\/h2>\n\n\n\n<p><strong>H\u00f8yre vektlegger betydningen av \u00e5 inkludere samisk spr\u00e5k, kultur, og samfunnsliv, samt arbeide for likebehandling av private og offentlige barnehager og st\u00f8tte opp om kulturaktiviteter og kulturutvikling i kommunen.<\/strong><br><br>Vi vil videreutvikle kommunen og forbedre viktige omr\u00e5der som oppl\u00e6ring, eldreomsorg, n\u00e6ringsliv, infrastruktur og psykisk helsehjelp. Vi \u00f8nsker \u00e5 sette enkeltmennesket i sentrum gjennom inkludering, involvering, forebygging og b\u00e6rekraft.<\/p>\n\n\n\n<p>Vi vil ta ansvar for \u00e5 lede og utvikle kommunen for \u00e5 gj\u00f8re den enda bedre. Vi vil fornye og forbedre de kommunale tjenestene og st\u00f8tter prinsipper som nyskaping, godt lederskap og innbyggermedvirkning. Mangfoldet, inkludert samisk spr\u00e5k og kultur, er en styrke for kommunen, og vi vil integrere samisk spr\u00e5k i alle relevante tjenester og sektorer.<\/p>\n<\/div><\/div>\n\n\n\n<div class=\"wp-block-hoyre-banner alignwide undefined has-icon-title icon-heart is-style-blue\"><div class=\"banner-inner\"><figure class=\"hoyre-image-wrapper\"><div class=\"hoyre-image\"><img loading=\"lazy\" decoding=\"async\" width=\"2048\" height=\"1536\" src=\"https:\/\/hoyre.no\/content\/uploads\/sites\/139\/2023\/07\/hoyre-3.jpeg\" class=\"attachment-scaled size-scaled\" alt=\"\" style=\"object-position: 50% 50%\" srcset=\"https:\/\/hoyre.no\/content\/uploads\/sites\/139\/2023\/07\/hoyre-3.jpeg 2048w, https:\/\/hoyre.no\/content\/uploads\/sites\/139\/2023\/07\/hoyre-3-300x225.jpeg 300w, https:\/\/hoyre.no\/content\/uploads\/sites\/139\/2023\/07\/hoyre-3-1024x768.jpeg 1024w, https:\/\/hoyre.no\/content\/uploads\/sites\/139\/2023\/07\/hoyre-3-768x576.jpeg 768w, https:\/\/hoyre.no\/content\/uploads\/sites\/139\/2023\/07\/hoyre-3-1536x1152.jpeg 1536w\" sizes=\"auto, (max-width: 2048px) 100vw, 2048px\" \/><\/div><\/figure><div class=\"banner-content\"><div class=\"entry-content\">\n<h2 class=\"wp-block-heading\">Fant du ikke din hjertesak?<\/h2>\n\n\n\n<p>Det er heldigvis mange gode grunner til \u00e5 stemme H\u00f8yre i Hamar\u00f8y. Finn ut hva vi mener om din hjertesak ved \u00e5 lese programmet v\u00e5rt!<\/p>\n\n\n\n<div class=\"wp-block-buttons is-layout-flex wp-block-buttons-is-layout-flex\">\n<div class=\"wp-block-button has-custom-width wp-block-button__width-100\"><a class=\"wp-block-button__link wp-element-button\" href=\"https:\/\/hoyre.no\/hamaroy\/valgprogram-2023-2027\/\" target=\"_blank\" rel=\"noreferrer noopener\">Les hamar\u00f8y h\u00f8yres partiprogram<\/a><\/div>\n<\/div>\n<\/div><\/div><\/div><\/div>\n\n\n\n<p><\/p>\n","protected":false},"excerpt":{"rendered":"<p>1. Trygge oppvekstsvilk\u00e5r og en kunnskapsskole for alle H\u00f8yre vil fokusere p\u00e5 kvaliteten i barnehagetilbudet og skolene, med engasjement for kvalifiserte l\u00e6rere og tilpasset undervisning for alle elever. Vi vil tilby varierte og mangfoldige barnehager som fremmer lek, l\u00e6ring og sosial mestring. I skolen vil vi fokusere p\u00e5 tidlig innsats og tilpasset undervisning for \u00e5 [&hellip;]<\/p>\n","protected":false},"author":10211,"featured_media":0,"parent":0,"menu_order":0,"comment_status":"closed","ping_status":"closed","template":"","meta":{"teft_cards_image_url":"","teft_cards_custom_pretitle":"","teft_cards_image_id":0,"teft_cards_image_focal_point_x":0,"teft_cards_image_focal_point_y":0,"teft_cards_title":"","teft_cards_excerpt":"","teft_show_chapters":false,"footnotes":""},"class_list":["post-139","page","type-page","status-publish","hentry"],"yoast_head":"<!-- This site is optimized with the Yoast SEO plugin v26.6 - https:\/\/yoast.com\/wordpress\/plugins\/seo\/ -->\n<title>7 grunner til \u00e5 stemme Hamar\u00f8y H\u00f8yre - Hamar\u00f8y H\u00f8yre<\/title>\n<meta name=\"robots\" content=\"index, follow, max-snippet:-1, max-image-preview:large, max-video-preview:-1\" \/>\n<link rel=\"canonical\" href=\"https:\/\/hoyre.no\/hamaroy\/7-grunner-til-a-stemme-hamaroy-hoyre\/\" \/>\n<meta property=\"og:locale\" content=\"nb_NO\" \/>\n<meta property=\"og:type\" content=\"article\" \/>\n<meta property=\"og:title\" content=\"7 grunner til \u00e5 stemme Hamar\u00f8y H\u00f8yre - Hamar\u00f8y H\u00f8yre\" \/>\n<meta property=\"og:description\" content=\"1. Trygge oppvekstsvilk\u00e5r og en kunnskapsskole for alle H\u00f8yre vil fokusere p\u00e5 kvaliteten i barnehagetilbudet og skolene, med engasjement for kvalifiserte l\u00e6rere og tilpasset undervisning for alle elever. Vi vil tilby varierte og mangfoldige barnehager som fremmer lek, l\u00e6ring og sosial mestring. I skolen vil vi fokusere p\u00e5 tidlig innsats og tilpasset undervisning for \u00e5 [&hellip;]\" \/>\n<meta property=\"og:url\" content=\"https:\/\/hoyre.no\/hamaroy\/7-grunner-til-a-stemme-hamaroy-hoyre\/\" \/>\n<meta property=\"og:site_name\" content=\"Hamar\u00f8y H\u00f8yre\" \/>\n<meta property=\"article:modified_time\" content=\"2025-01-24T13:27:21+00:00\" \/>\n<meta property=\"og:image\" content=\"https:\/\/hoyre.no\/content\/uploads\/sites\/139\/2023\/08\/skole-1024x567.jpg\" \/>\n<meta name=\"twitter:card\" content=\"summary_large_image\" \/>\n<meta name=\"twitter:label1\" content=\"Ansl. lesetid\" \/>\n\t<meta name=\"twitter:data1\" content=\"7 minutter\" \/>\n<script type=\"application\/ld+json\" class=\"yoast-schema-graph\">{\"@context\":\"https:\/\/schema.org\",\"@graph\":[{\"@type\":\"WebPage\",\"@id\":\"https:\/\/hoyre.no\/hamaroy\/7-grunner-til-a-stemme-hamaroy-hoyre\/\",\"url\":\"https:\/\/hoyre.no\/hamaroy\/7-grunner-til-a-stemme-hamaroy-hoyre\/\",\"name\":\"7 grunner til \u00e5 stemme Hamar\u00f8y H\u00f8yre - Hamar\u00f8y H\u00f8yre\",\"isPartOf\":{\"@id\":\"https:\/\/hoyre.no\/hamaroy\/#website\"},\"image\":{\"@id\":\"https:\/\/hoyre.no\/hamaroy\/7-grunner-til-a-stemme-hamaroy-hoyre\/#primaryimage\"},\"thumbnailUrl\":\"https:\/\/hoyre.no\/content\/uploads\/sites\/139\/2023\/08\/skole-1024x567.jpg\",\"datePublished\":\"2023-07-31T16:07:30+00:00\",\"dateModified\":\"2025-01-24T13:27:21+00:00\",\"breadcrumb\":{\"@id\":\"https:\/\/hoyre.no\/hamaroy\/7-grunner-til-a-stemme-hamaroy-hoyre\/#breadcrumb\"},\"inLanguage\":\"nb-NO\",\"potentialAction\":[{\"@type\":\"ReadAction\",\"target\":[\"https:\/\/hoyre.no\/hamaroy\/7-grunner-til-a-stemme-hamaroy-hoyre\/\"]}]},{\"@type\":\"ImageObject\",\"inLanguage\":\"nb-NO\",\"@id\":\"https:\/\/hoyre.no\/hamaroy\/7-grunner-til-a-stemme-hamaroy-hoyre\/#primaryimage\",\"url\":\"https:\/\/hoyre.no\/content\/uploads\/sites\/139\/2023\/08\/skole-1024x567.jpg\",\"contentUrl\":\"https:\/\/hoyre.no\/content\/uploads\/sites\/139\/2023\/08\/skole-1024x567.jpg\"},{\"@type\":\"BreadcrumbList\",\"@id\":\"https:\/\/hoyre.no\/hamaroy\/7-grunner-til-a-stemme-hamaroy-hoyre\/#breadcrumb\",\"itemListElement\":[{\"@type\":\"ListItem\",\"position\":1,\"name\":\"Til hoyre.no\",\"item\":\"https:\/\/hoyre.no\"},{\"@type\":\"ListItem\",\"position\":2,\"name\":\"Hjem\",\"item\":\"https:\/\/hoyre.no\/hamaroy\/\"},{\"@type\":\"ListItem\",\"position\":3,\"name\":\"7 grunner til \u00e5 stemme Hamar\u00f8y H\u00f8yre\"}]},{\"@type\":\"WebSite\",\"@id\":\"https:\/\/hoyre.no\/hamaroy\/#website\",\"url\":\"https:\/\/hoyre.no\/hamaroy\/\",\"name\":\"Hamar\u00f8y H\u00f8yre\",\"description\":\"Bare enda et H\u00f8yres nettsteder-nettsted\",\"inLanguage\":\"nb-NO\"}]}<\/script>\n<!-- \/ Yoast SEO plugin. -->","yoast_head_json":{"title":"7 grunner til \u00e5 stemme Hamar\u00f8y H\u00f8yre - Hamar\u00f8y H\u00f8yre","robots":{"index":"index","follow":"follow","max-snippet":"max-snippet:-1","max-image-preview":"max-image-preview:large","max-video-preview":"max-video-preview:-1"},"canonical":"https:\/\/hoyre.no\/hamaroy\/7-grunner-til-a-stemme-hamaroy-hoyre\/","og_locale":"nb_NO","og_type":"article","og_title":"7 grunner til \u00e5 stemme Hamar\u00f8y H\u00f8yre - Hamar\u00f8y H\u00f8yre","og_description":"1. Trygge oppvekstsvilk\u00e5r og en kunnskapsskole for alle H\u00f8yre vil fokusere p\u00e5 kvaliteten i barnehagetilbudet og skolene, med engasjement for kvalifiserte l\u00e6rere og tilpasset undervisning for alle elever. Vi vil tilby varierte og mangfoldige barnehager som fremmer lek, l\u00e6ring og sosial mestring. I skolen vil vi fokusere p\u00e5 tidlig innsats og tilpasset undervisning for \u00e5 [&hellip;]","og_url":"https:\/\/hoyre.no\/hamaroy\/7-grunner-til-a-stemme-hamaroy-hoyre\/","og_site_name":"Hamar\u00f8y H\u00f8yre","article_modified_time":"2025-01-24T13:27:21+00:00","og_image":[{"url":"https:\/\/hoyre.no\/content\/uploads\/sites\/139\/2023\/08\/skole-1024x567.jpg","type":"","width":"","height":""}],"twitter_card":"summary_large_image","twitter_misc":{"Ansl. lesetid":"7 minutter"},"schema":{"@context":"https:\/\/schema.org","@graph":[{"@type":"WebPage","@id":"https:\/\/hoyre.no\/hamaroy\/7-grunner-til-a-stemme-hamaroy-hoyre\/","url":"https:\/\/hoyre.no\/hamaroy\/7-grunner-til-a-stemme-hamaroy-hoyre\/","name":"7 grunner til \u00e5 stemme Hamar\u00f8y H\u00f8yre - Hamar\u00f8y H\u00f8yre","isPartOf":{"@id":"https:\/\/hoyre.no\/hamaroy\/#website"},"image":{"@id":"https:\/\/hoyre.no\/hamaroy\/7-grunner-til-a-stemme-hamaroy-hoyre\/#primaryimage"},"thumbnailUrl":"https:\/\/hoyre.no\/content\/uploads\/sites\/139\/2023\/08\/skole-1024x567.jpg","datePublished":"2023-07-31T16:07:30+00:00","dateModified":"2025-01-24T13:27:21+00:00","breadcrumb":{"@id":"https:\/\/hoyre.no\/hamaroy\/7-grunner-til-a-stemme-hamaroy-hoyre\/#breadcrumb"},"inLanguage":"nb-NO","potentialAction":[{"@type":"ReadAction","target":["https:\/\/hoyre.no\/hamaroy\/7-grunner-til-a-stemme-hamaroy-hoyre\/"]}]},{"@type":"ImageObject","inLanguage":"nb-NO","@id":"https:\/\/hoyre.no\/hamaroy\/7-grunner-til-a-stemme-hamaroy-hoyre\/#primaryimage","url":"https:\/\/hoyre.no\/content\/uploads\/sites\/139\/2023\/08\/skole-1024x567.jpg","contentUrl":"https:\/\/hoyre.no\/content\/uploads\/sites\/139\/2023\/08\/skole-1024x567.jpg"},{"@type":"BreadcrumbList","@id":"https:\/\/hoyre.no\/hamaroy\/7-grunner-til-a-stemme-hamaroy-hoyre\/#breadcrumb","itemListElement":[{"@type":"ListItem","position":1,"name":"Til hoyre.no","item":"https:\/\/hoyre.no"},{"@type":"ListItem","position":2,"name":"Hjem","item":"https:\/\/hoyre.no\/hamaroy\/"},{"@type":"ListItem","position":3,"name":"7 grunner til \u00e5 stemme Hamar\u00f8y H\u00f8yre"}]},{"@type":"WebSite","@id":"https:\/\/hoyre.no\/hamaroy\/#website","url":"https:\/\/hoyre.no\/hamaroy\/","name":"Hamar\u00f8y H\u00f8yre","description":"Bare enda et H\u00f8yres nettsteder-nettsted","inLanguage":"nb-NO"}]}},"distributor_meta":false,"distributor_terms":false,"distributor_media":false,"distributor_original_site_name":"Hamar\u00f8y H\u00f8yre","distributor_original_site_url":"https:\/\/hoyre.no\/hamaroy","push-errors":false,"_links":{"self":[{"href":"https:\/\/hoyre.no\/hamaroy\/wp-json\/wp\/v2\/pages\/139","targetHints":{"allow":["GET"]}}],"collection":[{"href":"https:\/\/hoyre.no\/hamaroy\/wp-json\/wp\/v2\/pages"}],"about":[{"href":"https:\/\/hoyre.no\/hamaroy\/wp-json\/wp\/v2\/types\/page"}],"author":[{"embeddable":true,"href":"https:\/\/hoyre.no\/hamaroy\/wp-json\/wp\/v2\/users\/10211"}],"replies":[{"embeddable":true,"href":"https:\/\/hoyre.no\/hamaroy\/wp-json\/wp\/v2\/comments?post=139"}],"version-history":[{"count":20,"href":"https:\/\/hoyre.no\/hamaroy\/wp-json\/wp\/v2\/pages\/139\/revisions"}],"predecessor-version":[{"id":238,"href":"https:\/\/hoyre.no\/hamaroy\/wp-json\/wp\/v2\/pages\/139\/revisions\/238"}],"wp:attachment":[{"href":"https:\/\/hoyre.no\/hamaroy\/wp-json\/wp\/v2\/media?parent=139"}],"curies":[{"name":"wp","href":"https:\/\/api.w.org\/{rel}","templated":true}]}}