{"id":355,"date":"2023-06-28T13:40:56","date_gmt":"2023-06-28T11:40:56","guid":{"rendered":"https:\/\/hoyre.no\/hareid\/?page_id=355"},"modified":"2023-08-10T17:21:14","modified_gmt":"2023-08-10T15:21:14","slug":"355-2","status":"publish","type":"page","link":"https:\/\/hoyre.no\/hareid\/355-2\/","title":{"rendered":"H\u00e5vard Alvestad"},"content":{"rendered":"\n\n<figure class=\"wp-block-image size-large\"><img loading=\"lazy\" decoding=\"async\" width=\"768\" height=\"1024\" src=\"https:\/\/hoyre.no\/content\/uploads\/sites\/106\/2023\/08\/344169994_808915197482129_5265442341266357179_n-768x1024.jpg\" alt=\"\" class=\"wp-image-515\" srcset=\"https:\/\/hoyre.no\/content\/uploads\/sites\/106\/2023\/08\/344169994_808915197482129_5265442341266357179_n-768x1024.jpg 768w, https:\/\/hoyre.no\/content\/uploads\/sites\/106\/2023\/08\/344169994_808915197482129_5265442341266357179_n-225x300.jpg 225w, https:\/\/hoyre.no\/content\/uploads\/sites\/106\/2023\/08\/344169994_808915197482129_5265442341266357179_n-1152x1536.jpg 1152w, https:\/\/hoyre.no\/content\/uploads\/sites\/106\/2023\/08\/344169994_808915197482129_5265442341266357179_n.jpg 1536w\" sizes=\"auto, (max-width: 768px) 100vw, 768px\" \/><\/figure>\n\n\n\n<p><strong>Namn: H\u00e5vard Alvestad<\/strong><br><br>Kandidat nr 5<br><br>F\u00f8dt 1951<br><br>Pensjonist, tidlegare prosjektinnkj\u00f8par for Kleven Verft<br><br>Familie:<br>Gift, 2 born,4 borneborn.<br><br><strong>Hjartesaker:<\/strong><br><br>Eg vil at alle i kommuna skal ha det bra, med gode oppvekstvilk\u00e5r med godt innhald i  barnehagar og skule. Eg vil arbeide for gode trygge arbeidsplassar og variert kulturliv -og fritidstilbod. Og -n\u00e5r den tid kjem- ein trygg og god alderdom med omsorg og institusjonsplassar til dei som treng det.<\/p>\n\n\n\n<p>Vi m\u00e5 underst\u00f8tte eksisterande n\u00e6ringsliv i kommunen, samtidig sette fokus p\u00e5 nyetablering og utvikle samfunnet.<\/p>\n\n\n\n<p>Det er ogs\u00e5 viktig for meg at nye innbyggarar vert godt tekne i mot, og inkludert i kommunen v\u00e5r.<\/p>\n\n\n\n<p><\/p>\n\n\n\n<p><strong>Kvifor H\u00f8gre? <\/strong><\/p>\n\n\n\n<p>Sakene Hareid H\u00f8gre jobbar for, til beste for kommuna, er saker som gjer at eg vil vere med p\u00e5 laget. Mange solide personar p\u00e5 lista , med allsidig erfaring fr\u00e5 yrkeslivet, og som eg ser fram til \u00e5 arbeide saman med. <br><\/p>\n\n","protected":false},"excerpt":{"rendered":"","protected":false},"author":32047,"featured_media":0,"parent":0,"menu_order":0,"comment_status":"closed","ping_status":"closed","template":"","meta":{"teft_cards_image_url":"","teft_cards_custom_pretitle":"","teft_cards_image_id":0,"teft_cards_image_focal_point_x":0,"teft_cards_image_focal_point_y":0,"teft_cards_title":"","teft_cards_excerpt":"","teft_show_chapters":false,"footnotes":""},"class_list":["post-355","page","type-page","status-publish","hentry"],"yoast_head":"<!-- This site is optimized with the Yoast SEO plugin v26.6 - https:\/\/yoast.com\/wordpress\/plugins\/seo\/ -->\n<title>H\u00e5vard Alvestad - Hareid H\u00f8gre<\/title>\n<meta name=\"robots\" content=\"index, follow, max-snippet:-1, max-image-preview:large, max-video-preview:-1\" \/>\n<link rel=\"canonical\" href=\"https:\/\/hoyre.no\/hareid\/355-2\/\" \/>\n<meta property=\"og:locale\" content=\"nn_NO\" \/>\n<meta property=\"og:type\" content=\"article\" \/>\n<meta property=\"og:title\" content=\"H\u00e5vard Alvestad - Hareid H\u00f8gre\" \/>\n<meta property=\"og:url\" content=\"https:\/\/hoyre.no\/hareid\/355-2\/\" \/>\n<meta property=\"og:site_name\" content=\"Hareid H\u00f8gre\" \/>\n<meta property=\"article:modified_time\" content=\"2023-08-10T15:21:14+00:00\" \/>\n<meta property=\"og:image\" content=\"https:\/\/hoyre.no\/content\/uploads\/sites\/106\/2023\/08\/344169994_808915197482129_5265442341266357179_n-768x1024.jpg\" \/>\n<meta name=\"twitter:card\" content=\"summary_large_image\" \/>\n<meta name=\"twitter:label1\" content=\"Est. reading time\" \/>\n\t<meta name=\"twitter:data1\" content=\"2 minutt\" \/>\n<script type=\"application\/ld+json\" class=\"yoast-schema-graph\">{\"@context\":\"https:\/\/schema.org\",\"@graph\":[{\"@type\":\"WebPage\",\"@id\":\"https:\/\/hoyre.no\/hareid\/355-2\/\",\"url\":\"https:\/\/hoyre.no\/hareid\/355-2\/\",\"name\":\"H\u00e5vard Alvestad - Hareid H\u00f8gre\",\"isPartOf\":{\"@id\":\"https:\/\/hoyre.no\/hareid\/#website\"},\"image\":{\"@id\":\"https:\/\/hoyre.no\/hareid\/355-2\/#primaryimage\"},\"thumbnailUrl\":\"https:\/\/hoyre.no\/content\/uploads\/sites\/106\/2023\/08\/344169994_808915197482129_5265442341266357179_n-768x1024.jpg\",\"datePublished\":\"2023-06-28T11:40:56+00:00\",\"dateModified\":\"2023-08-10T15:21:14+00:00\",\"breadcrumb\":{\"@id\":\"https:\/\/hoyre.no\/hareid\/355-2\/#breadcrumb\"},\"inLanguage\":\"nn-NO\",\"potentialAction\":[{\"@type\":\"ReadAction\",\"target\":[\"https:\/\/hoyre.no\/hareid\/355-2\/\"]}]},{\"@type\":\"ImageObject\",\"inLanguage\":\"nn-NO\",\"@id\":\"https:\/\/hoyre.no\/hareid\/355-2\/#primaryimage\",\"url\":\"https:\/\/hoyre.no\/content\/uploads\/sites\/106\/2023\/08\/344169994_808915197482129_5265442341266357179_n-768x1024.jpg\",\"contentUrl\":\"https:\/\/hoyre.no\/content\/uploads\/sites\/106\/2023\/08\/344169994_808915197482129_5265442341266357179_n-768x1024.jpg\"},{\"@type\":\"BreadcrumbList\",\"@id\":\"https:\/\/hoyre.no\/hareid\/355-2\/#breadcrumb\",\"itemListElement\":[{\"@type\":\"ListItem\",\"position\":1,\"name\":\"Til hoyre.no\",\"item\":\"https:\/\/hoyre.no\"},{\"@type\":\"ListItem\",\"position\":2,\"name\":\"Hjem\",\"item\":\"https:\/\/hoyre.no\/hareid\/\"},{\"@type\":\"ListItem\",\"position\":3,\"name\":\"H\u00e5vard Alvestad\"}]},{\"@type\":\"WebSite\",\"@id\":\"https:\/\/hoyre.no\/hareid\/#website\",\"url\":\"https:\/\/hoyre.no\/hareid\/\",\"name\":\"Hareid H\u00f8gre\",\"description\":\"Bare enda et H\u00f8yres nettsteder-nettsted\",\"inLanguage\":\"nn-NO\"}]}<\/script>\n<!-- \/ Yoast SEO plugin. -->","yoast_head_json":{"title":"H\u00e5vard Alvestad - Hareid H\u00f8gre","robots":{"index":"index","follow":"follow","max-snippet":"max-snippet:-1","max-image-preview":"max-image-preview:large","max-video-preview":"max-video-preview:-1"},"canonical":"https:\/\/hoyre.no\/hareid\/355-2\/","og_locale":"nn_NO","og_type":"article","og_title":"H\u00e5vard Alvestad - Hareid H\u00f8gre","og_url":"https:\/\/hoyre.no\/hareid\/355-2\/","og_site_name":"Hareid H\u00f8gre","article_modified_time":"2023-08-10T15:21:14+00:00","og_image":[{"url":"https:\/\/hoyre.no\/content\/uploads\/sites\/106\/2023\/08\/344169994_808915197482129_5265442341266357179_n-768x1024.jpg","type":"","width":"","height":""}],"twitter_card":"summary_large_image","twitter_misc":{"Est. reading time":"2 minutt"},"schema":{"@context":"https:\/\/schema.org","@graph":[{"@type":"WebPage","@id":"https:\/\/hoyre.no\/hareid\/355-2\/","url":"https:\/\/hoyre.no\/hareid\/355-2\/","name":"H\u00e5vard Alvestad - Hareid H\u00f8gre","isPartOf":{"@id":"https:\/\/hoyre.no\/hareid\/#website"},"image":{"@id":"https:\/\/hoyre.no\/hareid\/355-2\/#primaryimage"},"thumbnailUrl":"https:\/\/hoyre.no\/content\/uploads\/sites\/106\/2023\/08\/344169994_808915197482129_5265442341266357179_n-768x1024.jpg","datePublished":"2023-06-28T11:40:56+00:00","dateModified":"2023-08-10T15:21:14+00:00","breadcrumb":{"@id":"https:\/\/hoyre.no\/hareid\/355-2\/#breadcrumb"},"inLanguage":"nn-NO","potentialAction":[{"@type":"ReadAction","target":["https:\/\/hoyre.no\/hareid\/355-2\/"]}]},{"@type":"ImageObject","inLanguage":"nn-NO","@id":"https:\/\/hoyre.no\/hareid\/355-2\/#primaryimage","url":"https:\/\/hoyre.no\/content\/uploads\/sites\/106\/2023\/08\/344169994_808915197482129_5265442341266357179_n-768x1024.jpg","contentUrl":"https:\/\/hoyre.no\/content\/uploads\/sites\/106\/2023\/08\/344169994_808915197482129_5265442341266357179_n-768x1024.jpg"},{"@type":"BreadcrumbList","@id":"https:\/\/hoyre.no\/hareid\/355-2\/#breadcrumb","itemListElement":[{"@type":"ListItem","position":1,"name":"Til hoyre.no","item":"https:\/\/hoyre.no"},{"@type":"ListItem","position":2,"name":"Hjem","item":"https:\/\/hoyre.no\/hareid\/"},{"@type":"ListItem","position":3,"name":"H\u00e5vard Alvestad"}]},{"@type":"WebSite","@id":"https:\/\/hoyre.no\/hareid\/#website","url":"https:\/\/hoyre.no\/hareid\/","name":"Hareid H\u00f8gre","description":"Bare enda et H\u00f8yres nettsteder-nettsted","inLanguage":"nn-NO"}]}},"distributor_meta":false,"distributor_terms":false,"distributor_media":false,"distributor_original_site_name":"Hareid H\u00f8gre","distributor_original_site_url":"https:\/\/hoyre.no\/hareid","push-errors":false,"_links":{"self":[{"href":"https:\/\/hoyre.no\/hareid\/wp-json\/wp\/v2\/pages\/355","targetHints":{"allow":["GET"]}}],"collection":[{"href":"https:\/\/hoyre.no\/hareid\/wp-json\/wp\/v2\/pages"}],"about":[{"href":"https:\/\/hoyre.no\/hareid\/wp-json\/wp\/v2\/types\/page"}],"author":[{"embeddable":true,"href":"https:\/\/hoyre.no\/hareid\/wp-json\/wp\/v2\/users\/32047"}],"replies":[{"embeddable":true,"href":"https:\/\/hoyre.no\/hareid\/wp-json\/wp\/v2\/comments?post=355"}],"version-history":[{"count":6,"href":"https:\/\/hoyre.no\/hareid\/wp-json\/wp\/v2\/pages\/355\/revisions"}],"predecessor-version":[{"id":518,"href":"https:\/\/hoyre.no\/hareid\/wp-json\/wp\/v2\/pages\/355\/revisions\/518"}],"wp:attachment":[{"href":"https:\/\/hoyre.no\/hareid\/wp-json\/wp\/v2\/media?parent=355"}],"curies":[{"name":"wp","href":"https:\/\/api.w.org\/{rel}","templated":true}]}}

Håvard Alvestad

<figure class="wp-block-image size-large"><img loading="lazy" decoding="async" width="768" height="1024" src="https://hoyre.no/content/uploads/sites/106/2023/08/344169994_808915197482129_5265442341266357179_n-768x1024.jpg" alt="" class="wp-image-515" srcset="https://hoyre.no/content/uploads/sites/106/2023/08/344169994_808915197482129_5265442341266357179_n-768x1024.jpg 768w, https://hoyre.no/content/uploads/sites/106/2023/08/344169994_808915197482129_5265442341266357179_n-225x300.jpg 225w, https://hoyre.no/content/uploads/sites/106/2023/08/344169994_808915197482129_5265442341266357179_n-1152x1536.jpg 1152w, https://hoyre.no/content/uploads/sites/106/2023/08/344169994_808915197482129_5265442341266357179_n.jpg 1536w" sizes="auto, (max-width: 768px) 100vw, 768px" /></figure>



<p><strong>Namn: Håvard Alvestad</strong><br><br>Kandidat nr 5<br><br>Født 1951<br><br>Pensjonist, tidlegare prosjektinnkjøpar for Kleven Verft<br><br>Familie:<br>Gift, 2 born,4 borneborn.<br><br><strong>Hjartesaker:</strong><br><br>Eg vil at alle i kommuna skal ha det bra, med gode oppvekstvilkår med godt innhald i  barnehagar og skule. Eg vil arbeide for gode trygge arbeidsplassar og variert kulturliv -og fritidstilbod. Og -når den tid kjem- ein trygg og god alderdom med omsorg og institusjonsplassar til dei som treng det.</p>



<p>Vi må understøtte eksisterande næringsliv i kommunen, samtidig sette fokus på nyetablering og utvikle samfunnet.</p>



<p>Det er også viktig for meg at nye innbyggarar vert godt tekne i mot, og inkludert i kommunen vår.</p>



<p></p>



<p><strong>Kvifor Høgre? </strong></p>



<p>Sakene Hareid Høgre jobbar for, til beste for kommuna, er saker som gjer at eg vil vere med på laget. Mange solide personar på lista , med allsidig erfaring frå yrkeslivet, og som eg ser fram til å arbeide saman med. <br></p>

<!-- This site is optimized with the Yoast SEO plugin v26.6 - https://yoast.com/wordpress/plugins/seo/ -->
<title>Håvard Alvestad - Hareid Høgre</title>
<meta name="robots" content="index, follow, max-snippet:-1, max-image-preview:large, max-video-preview:-1" />
<link rel="canonical" href="https://hoyre.no/hareid/355-2/" />
<meta property="og:locale" content="nn_NO" />
<meta property="og:type" content="article" />
<meta property="og:title" content="Håvard Alvestad - Hareid Høgre" />
<meta property="og:url" content="https://hoyre.no/hareid/355-2/" />
<meta property="og:site_name" content="Hareid Høgre" />
<meta property="article:modified_time" content="2023-08-10T15:21:14+00:00" />
<meta property="og:image" content="https://hoyre.no/content/uploads/sites/106/2023/08/344169994_808915197482129_5265442341266357179_n-768x1024.jpg" />
<meta name="twitter:card" content="summary_large_image" />
<meta name="twitter:label1" content="Est. reading time" />
	<meta name="twitter:data1" content="2 minutt" />
<script type="application/ld+json" class="yoast-schema-graph">{"@context":"https://schema.org","@graph":[{"@type":"WebPage","@id":"https://hoyre.no/hareid/355-2/","url":"https://hoyre.no/hareid/355-2/","name":"Håvard Alvestad - Hareid Høgre","isPartOf":{"@id":"https://hoyre.no/hareid/#website"},"image":{"@id":"https://hoyre.no/hareid/355-2/#primaryimage"},"thumbnailUrl":"https://hoyre.no/content/uploads/sites/106/2023/08/344169994_808915197482129_5265442341266357179_n-768x1024.jpg","datePublished":"2023-06-28T11:40:56+00:00","dateModified":"2023-08-10T15:21:14+00:00","breadcrumb":{"@id":"https://hoyre.no/hareid/355-2/#breadcrumb"},"inLanguage":"nn-NO","potentialAction":[{"@type":"ReadAction","target":["https://hoyre.no/hareid/355-2/"]}]},{"@type":"ImageObject","inLanguage":"nn-NO","@id":"https://hoyre.no/hareid/355-2/#primaryimage","url":"https://hoyre.no/content/uploads/sites/106/2023/08/344169994_808915197482129_5265442341266357179_n-768x1024.jpg","contentUrl":"https://hoyre.no/content/uploads/sites/106/2023/08/344169994_808915197482129_5265442341266357179_n-768x1024.jpg"},{"@type":"BreadcrumbList","@id":"https://hoyre.no/hareid/355-2/#breadcrumb","itemListElement":[{"@type":"ListItem","position":1,"name":"Til hoyre.no","item":"https://hoyre.no"},{"@type":"ListItem","position":2,"name":"Hjem","item":"https://hoyre.no/hareid/"},{"@type":"ListItem","position":3,"name":"Håvard Alvestad"}]},{"@type":"WebSite","@id":"https://hoyre.no/hareid/#website","url":"https://hoyre.no/hareid/","name":"Hareid Høgre","description":"Bare enda et Høyres nettsteder-nettsted","inLanguage":"nn-NO"}]}</script>
<!-- / Yoast SEO plugin. -->

Håvard Alvestad - Hareid Høgre

Hareid Høgre

Bare enda et Høyres nettsteder-nettsted
