{"id":298,"date":"2023-05-02T12:47:40","date_gmt":"2023-05-02T10:47:40","guid":{"rendered":"https:\/\/hoyre.no\/haugesund\/?page_id=298"},"modified":"2025-01-28T12:45:59","modified_gmt":"2025-01-28T11:45:59","slug":"politikk","status":"publish","type":"page","link":"https:\/\/hoyre.no\/haugesund\/politikk\/","title":{"rendered":"Politikk"},"content":{"rendered":"\n\n\n<div class=\"wp-block-hoyre-hero with-image-gradient text-color-light  alignfull has-background\"><div class=\"hoyre-hero \"><h1 class=\"title\">Politikk<\/h1><p class=\"preamble\"><strong>Haugesund &#8211; byen med muligheter for alle<\/strong>!<br><br>De neste \u00e5rene vil vi bli f\u00e6rre yrkesaktive bak hver pensjonist, klimaendringene vil tilta, digitaliseringen vil p\u00e5virke mange arbeidsplasser og inntektene fra olje og gass vil g\u00e5 ned.<br><br>Haugesund vil fortsatt ha en stram \u00f8konomi, samtidig som store investeringer skal tas med ny skole og sv\u00f8mmehall. Det vil bli krevende, noe som gj\u00f8r det ekstra viktig \u00e5 f\u00e5 p\u00e5 plass b\u00e6rekraftige l\u00f8sninger som rigger byen for fremtiden.<br><br>Valgene vi tar de neste fire \u00e5rene vil spille en vesentlig rolle for utviklingen av byen. \u00d8nsker du en by som ser hver enkelt, og setter mennesker f\u00f8rst, en kommune som sier ja, og ser muligheter fremfor begrensninger? Da er H\u00f8yre partiet for deg.<\/p><\/div><\/div>\n\n\n\n<div class=\"wp-block-teft-file icon-link-block\"><a href=\"https:\/\/hoyre.no\/content\/uploads\/sites\/223\/2023\/10\/Vibrandsoy-plattformen.pdf\" download><span class=\"file-title\">Vibrands\u00f8y-plattformen<\/span><span class=\"file-name\">Vibrandsoy-plattformen.pdf [40.9kb]<\/span><\/a><\/div>\n\n\n\n<figure class=\"wp-block-image size-large is-resized\"><img loading=\"lazy\" decoding=\"async\" width=\"768\" height=\"1024\" src=\"https:\/\/hoyre.no\/content\/uploads\/sites\/223\/2023\/06\/tempImageokYqsp-768x1024.jpg\" alt=\"\" class=\"wp-image-342\" style=\"width:768px;height:1024px\" srcset=\"https:\/\/hoyre.no\/content\/uploads\/sites\/223\/2023\/06\/tempImageokYqsp-768x1024.jpg 768w, https:\/\/hoyre.no\/content\/uploads\/sites\/223\/2023\/06\/tempImageokYqsp-225x300.jpg 225w, https:\/\/hoyre.no\/content\/uploads\/sites\/223\/2023\/06\/tempImageokYqsp-1152x1536.jpg 1152w, https:\/\/hoyre.no\/content\/uploads\/sites\/223\/2023\/06\/tempImageokYqsp-1536x2048.jpg 1536w, https:\/\/hoyre.no\/content\/uploads\/sites\/223\/2023\/06\/tempImageokYqsp-scaled.jpg 1875w\" sizes=\"auto, (max-width: 768px) 100vw, 768px\" \/><figcaption class=\"wp-element-caption\">Ordf\u00f8rer Nils Konrad Bua og Karoline Sj\u00f8en Andersen<\/figcaption><\/figure>\n\n\n","protected":false},"excerpt":{"rendered":"","protected":false},"author":31684,"featured_media":0,"parent":0,"menu_order":0,"comment_status":"closed","ping_status":"closed","template":"","meta":{"teft_cards_image_url":"","teft_cards_custom_pretitle":"","teft_cards_image_id":0,"teft_cards_image_focal_point_x":0,"teft_cards_image_focal_point_y":0,"teft_cards_title":"","teft_cards_excerpt":"","teft_show_chapters":false,"footnotes":""},"class_list":["post-298","page","type-page","status-publish","hentry"],"yoast_head":"<!-- This site is optimized with the Yoast SEO plugin v26.6 - https:\/\/yoast.com\/wordpress\/plugins\/seo\/ -->\n<title>Politikk - Haugesund H\u00f8yre<\/title>\n<meta name=\"robots\" content=\"index, follow, max-snippet:-1, max-image-preview:large, max-video-preview:-1\" \/>\n<link rel=\"canonical\" href=\"https:\/\/hoyre.no\/haugesund\/politikk\/\" \/>\n<meta property=\"og:locale\" content=\"nb_NO\" \/>\n<meta property=\"og:type\" content=\"article\" \/>\n<meta property=\"og:title\" content=\"Politikk - Haugesund H\u00f8yre\" \/>\n<meta property=\"og:url\" content=\"https:\/\/hoyre.no\/haugesund\/politikk\/\" \/>\n<meta property=\"og:site_name\" content=\"Haugesund H\u00f8yre\" \/>\n<meta property=\"article:modified_time\" content=\"2025-01-28T11:45:59+00:00\" \/>\n<meta property=\"og:image\" content=\"https:\/\/hoyre.no\/content\/uploads\/sites\/223\/2023\/06\/tempImageokYqsp-scaled.jpg\" \/>\n\t<meta property=\"og:image:width\" content=\"1875\" \/>\n\t<meta property=\"og:image:height\" content=\"2500\" \/>\n\t<meta property=\"og:image:type\" content=\"image\/jpeg\" \/>\n<meta name=\"twitter:card\" content=\"summary_large_image\" \/>\n<meta name=\"twitter:label1\" content=\"Ansl. lesetid\" \/>\n\t<meta name=\"twitter:data1\" content=\"2 minutter\" \/>\n<script type=\"application\/ld+json\" class=\"yoast-schema-graph\">{\"@context\":\"https:\/\/schema.org\",\"@graph\":[{\"@type\":\"WebPage\",\"@id\":\"https:\/\/hoyre.no\/haugesund\/politikk\/\",\"url\":\"https:\/\/hoyre.no\/haugesund\/politikk\/\",\"name\":\"Politikk - Haugesund H\u00f8yre\",\"isPartOf\":{\"@id\":\"https:\/\/hoyre.no\/haugesund\/#website\"},\"image\":{\"@id\":\"https:\/\/hoyre.no\/haugesund\/politikk\/#primaryimage\"},\"thumbnailUrl\":\"https:\/\/hoyre.no\/content\/uploads\/sites\/223\/2023\/06\/tempImageokYqsp-768x1024.jpg\",\"datePublished\":\"2023-05-02T10:47:40+00:00\",\"dateModified\":\"2025-01-28T11:45:59+00:00\",\"breadcrumb\":{\"@id\":\"https:\/\/hoyre.no\/haugesund\/politikk\/#breadcrumb\"},\"inLanguage\":\"nb-NO\",\"potentialAction\":[{\"@type\":\"ReadAction\",\"target\":[\"https:\/\/hoyre.no\/haugesund\/politikk\/\"]}]},{\"@type\":\"ImageObject\",\"inLanguage\":\"nb-NO\",\"@id\":\"https:\/\/hoyre.no\/haugesund\/politikk\/#primaryimage\",\"url\":\"https:\/\/hoyre.no\/content\/uploads\/sites\/223\/2023\/06\/tempImageokYqsp-768x1024.jpg\",\"contentUrl\":\"https:\/\/hoyre.no\/content\/uploads\/sites\/223\/2023\/06\/tempImageokYqsp-768x1024.jpg\"},{\"@type\":\"BreadcrumbList\",\"@id\":\"https:\/\/hoyre.no\/haugesund\/politikk\/#breadcrumb\",\"itemListElement\":[{\"@type\":\"ListItem\",\"position\":1,\"name\":\"Til hoyre.no\",\"item\":\"https:\/\/hoyre.no\"},{\"@type\":\"ListItem\",\"position\":2,\"name\":\"Hjem\",\"item\":\"https:\/\/hoyre.no\/haugesund\/\"},{\"@type\":\"ListItem\",\"position\":3,\"name\":\"Politikk\"}]},{\"@type\":\"WebSite\",\"@id\":\"https:\/\/hoyre.no\/haugesund\/#website\",\"url\":\"https:\/\/hoyre.no\/haugesund\/\",\"name\":\"Haugesund H\u00f8yre\",\"description\":\"Bare enda et H\u00f8yres nettsteder-nettsted\",\"inLanguage\":\"nb-NO\"}]}<\/script>\n<!-- \/ Yoast SEO plugin. -->","yoast_head_json":{"title":"Politikk - Haugesund H\u00f8yre","robots":{"index":"index","follow":"follow","max-snippet":"max-snippet:-1","max-image-preview":"max-image-preview:large","max-video-preview":"max-video-preview:-1"},"canonical":"https:\/\/hoyre.no\/haugesund\/politikk\/","og_locale":"nb_NO","og_type":"article","og_title":"Politikk - Haugesund H\u00f8yre","og_url":"https:\/\/hoyre.no\/haugesund\/politikk\/","og_site_name":"Haugesund H\u00f8yre","article_modified_time":"2025-01-28T11:45:59+00:00","og_image":[{"width":1875,"height":2500,"url":"https:\/\/hoyre.no\/content\/uploads\/sites\/223\/2023\/06\/tempImageokYqsp-scaled.jpg","type":"image\/jpeg"}],"twitter_card":"summary_large_image","twitter_misc":{"Ansl. lesetid":"2 minutter"},"schema":{"@context":"https:\/\/schema.org","@graph":[{"@type":"WebPage","@id":"https:\/\/hoyre.no\/haugesund\/politikk\/","url":"https:\/\/hoyre.no\/haugesund\/politikk\/","name":"Politikk - Haugesund H\u00f8yre","isPartOf":{"@id":"https:\/\/hoyre.no\/haugesund\/#website"},"image":{"@id":"https:\/\/hoyre.no\/haugesund\/politikk\/#primaryimage"},"thumbnailUrl":"https:\/\/hoyre.no\/content\/uploads\/sites\/223\/2023\/06\/tempImageokYqsp-768x1024.jpg","datePublished":"2023-05-02T10:47:40+00:00","dateModified":"2025-01-28T11:45:59+00:00","breadcrumb":{"@id":"https:\/\/hoyre.no\/haugesund\/politikk\/#breadcrumb"},"inLanguage":"nb-NO","potentialAction":[{"@type":"ReadAction","target":["https:\/\/hoyre.no\/haugesund\/politikk\/"]}]},{"@type":"ImageObject","inLanguage":"nb-NO","@id":"https:\/\/hoyre.no\/haugesund\/politikk\/#primaryimage","url":"https:\/\/hoyre.no\/content\/uploads\/sites\/223\/2023\/06\/tempImageokYqsp-768x1024.jpg","contentUrl":"https:\/\/hoyre.no\/content\/uploads\/sites\/223\/2023\/06\/tempImageokYqsp-768x1024.jpg"},{"@type":"BreadcrumbList","@id":"https:\/\/hoyre.no\/haugesund\/politikk\/#breadcrumb","itemListElement":[{"@type":"ListItem","position":1,"name":"Til hoyre.no","item":"https:\/\/hoyre.no"},{"@type":"ListItem","position":2,"name":"Hjem","item":"https:\/\/hoyre.no\/haugesund\/"},{"@type":"ListItem","position":3,"name":"Politikk"}]},{"@type":"WebSite","@id":"https:\/\/hoyre.no\/haugesund\/#website","url":"https:\/\/hoyre.no\/haugesund\/","name":"Haugesund H\u00f8yre","description":"Bare enda et H\u00f8yres nettsteder-nettsted","inLanguage":"nb-NO"}]}},"distributor_meta":false,"distributor_terms":false,"distributor_media":false,"distributor_original_site_name":"Haugesund H\u00f8yre","distributor_original_site_url":"https:\/\/hoyre.no\/haugesund","push-errors":false,"_links":{"self":[{"href":"https:\/\/hoyre.no\/haugesund\/wp-json\/wp\/v2\/pages\/298","targetHints":{"allow":["GET"]}}],"collection":[{"href":"https:\/\/hoyre.no\/haugesund\/wp-json\/wp\/v2\/pages"}],"about":[{"href":"https:\/\/hoyre.no\/haugesund\/wp-json\/wp\/v2\/types\/page"}],"author":[{"embeddable":true,"href":"https:\/\/hoyre.no\/haugesund\/wp-json\/wp\/v2\/users\/31684"}],"replies":[{"embeddable":true,"href":"https:\/\/hoyre.no\/haugesund\/wp-json\/wp\/v2\/comments?post=298"}],"version-history":[{"count":11,"href":"https:\/\/hoyre.no\/haugesund\/wp-json\/wp\/v2\/pages\/298\/revisions"}],"predecessor-version":[{"id":395,"href":"https:\/\/hoyre.no\/haugesund\/wp-json\/wp\/v2\/pages\/298\/revisions\/395"}],"wp:attachment":[{"href":"https:\/\/hoyre.no\/haugesund\/wp-json\/wp\/v2\/media?parent=298"}],"curies":[{"name":"wp","href":"https:\/\/api.w.org\/{rel}","templated":true}]}}