{"id":197,"date":"2022-09-23T19:21:16","date_gmt":"2022-09-23T17:21:16","guid":{"rendered":"https:\/\/hoyre.no\/horten\/?page_id=197"},"modified":"2025-02-14T12:13:11","modified_gmt":"2025-02-14T11:13:11","slug":"natalie-hermanstad-var-ordforerkandidat","status":"publish","type":"page","link":"https:\/\/hoyre.no\/horten\/natalie-hermanstad-var-ordforerkandidat\/","title":{"rendered":"Natalie Hermanstad"},"content":{"rendered":"\n<div class=\"wp-block-hoyre-hero with-image-gradient text-color-light  has-media alignfull has-background\"><div class=\"hoyre-hero has-image\"><h1 class=\"title\">Bli kjent med Natalie<\/h1><p class=\"preamble\">Gruppeleder Natalie Hermanstad<\/p>\t\t\t<div class=\"post-meta wp-block teft-byline-wrapper\">\n\t\t\t\t<div class=\"top\">\n\t\t\t\t\t<div class=\"signature\">\n\t\t\t\t\t\t<div class=\"teft-byline\">\n\t\t\t\t\t\t\t\t\t\t\t\t\t\t<div>\n\t\t\t\t\t\t\t\t<h3>H\u00f8yres redaksjon<\/h3>\t\t\t\t\t\t\t\t\n\t\t\t\t\t\t\t\t\t\t\t\t\t\t\t\t\t<span class=\"date\">Sist oppdatert: 14. februar 2025<\/span>\n\t\t\t\t\t\t\t\t\t\t\t\t\t\t\t\t\t\t\t\t\t\t\t\t\t<span class=\"reading-time\" itemprop=\"timeRequired\" content=\"PT3M\"><em>Ca. 3 minutter lesetid<\/em><\/span>\n\t\t\t\t\t\t\t\t\t\t\t\t\t\t\t<\/div>\n\t\t\t\t\t\t<\/div>\n\t\t\t\t\t<\/div>\n\t\t\t\t\t\t<div class=\"sharing\">\n\t\t<a class=\"share-button share-link copy-link\" data-copy=\"https:\/\/hoyre.no\/horten\/natalie-hermanstad-var-ordforerkandidat\/\" target=\"_blank\"><span class=\"screen-reader-text\">Del link<\/span><\/a>\n\t\t<a class=\"share-button share-twitter\" href=\"http:\/\/twitter.com\/share?text=Natalie Hermanstad&#038;url=https:\/\/hoyre.no\/horten\/natalie-hermanstad-var-ordforerkandidat\/&#038;hashtags=Hoyre\" target=\"_blank\"><span class=\"screen-reader-text\">Del p\u00e5 twitter<\/span><\/a>\n\t\t<a class=\"share-button share-facebook\" href=\"https:\/\/www.facebook.com\/sharer\/sharer.php?u=https:\/\/hoyre.no\/horten\/natalie-hermanstad-var-ordforerkandidat\/\" target=\"_blank\"><span class=\"screen-reader-text\">Del p\u00e5 facebook<\/span><\/a>\n\t<\/div>\n\t\t\t\t\t<\/div>\n\t\t\t<\/div>\n\n\t\t\t<figure class=\"hoyre-image-wrapper\"><div class=\"hoyre-image\"><img loading=\"lazy\" decoding=\"async\" width=\"1536\" height=\"2048\" src=\"https:\/\/hoyre.no\/content\/uploads\/sites\/368\/2023\/08\/370560702_284399627626900_3188684243594319589_n.jpg\" class=\"attachment-scaled size-scaled\" alt=\"\" style=\"object-position: 33% 33%\" srcset=\"https:\/\/hoyre.no\/content\/uploads\/sites\/368\/2023\/08\/370560702_284399627626900_3188684243594319589_n.jpg 1536w, https:\/\/hoyre.no\/content\/uploads\/sites\/368\/2023\/08\/370560702_284399627626900_3188684243594319589_n-225x300.jpg 225w, https:\/\/hoyre.no\/content\/uploads\/sites\/368\/2023\/08\/370560702_284399627626900_3188684243594319589_n-768x1024.jpg 768w, https:\/\/hoyre.no\/content\/uploads\/sites\/368\/2023\/08\/370560702_284399627626900_3188684243594319589_n-1152x1536.jpg 1152w\" sizes=\"auto, (max-width: 1536px) 100vw, 1536px\" \/><\/div><\/figure><\/div><\/div>\n\n\n\n\n<div class=\"wp-block-buttons alignfull is-content-justification-center is-layout-flex wp-container-core-buttons-is-layout-16018d1d wp-block-buttons-is-layout-flex\">\n<div class=\"wp-block-button\"><a class=\"wp-block-button__link wp-element-button\" href=\"https:\/\/hoyre.no\/nyhetsbrev\" target=\"_blank\" rel=\"noreferrer noopener\">abonner p\u00e5 H\u00f8yres nyhetsbrev<\/a><\/div>\n\n\n\n<div class=\"wp-block-button\"><a class=\"wp-block-button__link wp-element-button\" href=\"https:\/\/www.facebook.com\/ordforerkandidatnatalie\" target=\"_blank\" rel=\"noreferrer noopener\">f\u00f8lg meg p\u00e5 facebook<\/a><\/div>\n\n\n\n<div class=\"wp-block-button\"><a class=\"wp-block-button__link wp-element-button\" href=\"https:\/\/hoyre.no\/horten\/politikk\/\">Dette skal h\u00f8yre gj\u00f8re for HORTEN<\/a><\/div>\n<\/div>\n\n\n\n<div class=\"wp-block-hoyre-banner undefined has-icon-title icon-heart\"><div class=\"banner-inner\"><figure class=\"hoyre-image-wrapper\"><div class=\"hoyre-image\"><img loading=\"lazy\" decoding=\"async\" width=\"1876\" height=\"2500\" src=\"https:\/\/hoyre.no\/content\/uploads\/sites\/368\/2023\/05\/DSC00350-12-scaled.jpg\" class=\"attachment-scaled size-scaled\" alt=\"\" style=\"object-position: 51% 26%\" srcset=\"https:\/\/hoyre.no\/content\/uploads\/sites\/368\/2023\/05\/DSC00350-12-scaled.jpg 1876w, https:\/\/hoyre.no\/content\/uploads\/sites\/368\/2023\/05\/DSC00350-12-225x300.jpg 225w, https:\/\/hoyre.no\/content\/uploads\/sites\/368\/2023\/05\/DSC00350-12-768x1023.jpg 768w, https:\/\/hoyre.no\/content\/uploads\/sites\/368\/2023\/05\/DSC00350-12-1153x1536.jpg 1153w, https:\/\/hoyre.no\/content\/uploads\/sites\/368\/2023\/05\/DSC00350-12-1537x2048.jpg 1537w\" sizes=\"auto, (max-width: 1876px) 100vw, 1876px\" \/><\/div><\/figure><div class=\"banner-content\"><div class=\"entry-content\">\n<h2 class=\"wp-block-heading has-text-align-center\">Bli bedre kjent med Natalie!<\/h2>\n\n\n\n<p><strong>Natalie Hermanstad<\/strong><\/p>\n\n\n\n<p class=\"has-text-align-left\"><strong>Bosted:<\/strong> Horten sentrum<\/p>\n\n\n\n<p class=\"has-text-align-left\"><strong>Jobb:<\/strong> Administrasjonsmedarbeider i PV arkitekter<\/p>\n\n\n\n<p class=\"has-text-align-left\"><strong>Sivil status:<\/strong> Ektefelle og mamma<\/p>\n\n\n\n<p class=\"has-text-align-left\"><\/p>\n\n\n\n<div class=\"wp-block-buttons is-layout-flex wp-block-buttons-is-layout-flex\"><\/div>\n<\/div><\/div><\/div><\/div>\n\n\n\n<h2 class=\"wp-block-heading\">Jeg elsker Horten!<\/h2>\n\n\n\n<p>Som gruppeleder er min visjon \u00e5 skape en kommune med trygge og forutsigbare rammer for alle innbyggerne. Det viktigste vi m\u00e5 ta tak i er kommunens \u00f8konomi. I l\u00f8pet av de siste \u00e5tte \u00e5rene har gjelden til kommunen \u00f8kt fra \u00e9n til over tre milliarder kroner. En m\u00e5te \u00e5 l\u00f8se de \u00f8konomiske utfordringene p\u00e5 er \u00e5 \u00f8ke antall innbyggere i Horten.<\/p>\n\n\n\n<p>Det som gj\u00f8r en kommune attraktiv er f\u00f8rst og fremst trygge og forutsigbare rammer. Jeg vil sikre at vi har gode og b\u00e6rekraftige tjenester som drives s\u00e5 effektivt som mulig. Det er et ansvar \u00e5 forvalte fellesskapets midler, et ansvar H\u00f8yre alltid har satt h\u00f8yt. For H\u00f8yre er det helt sentralt \u00e5 tenke p\u00e5 borgernes private \u00f8konomi, men ogs\u00e5 s\u00f8rge for at kommunen f\u00e5r en sunn \u00f8konomi&nbsp;slik at vi kan gj\u00f8re kommunen v\u00e5r enda bedre \u00e5 bo i.&nbsp;<\/p>\n\n\n\n<p>Vi m\u00e5 kanskje ta noen valg som ikke er lette. Da m\u00e5 jeg s\u00f8rge for at jeg, og resten av laget mitt i Horten H\u00f8yre, er gode lagspillere som h\u00f8rer p\u00e5 andres meninger og innspill slik at vi f\u00f8rer en politikk basert p\u00e5 kunnskap og innsikt. Jeg m\u00e5 s\u00f8rge for at vi er tydelige, at vi kommuniserer godt og skaper trygghet for Hortens innbyggere. Vi m\u00e5 kommunisere hva vi gj\u00f8r og hvorfor vi gj\u00f8r det.&nbsp;<\/p>\n\n\n\n<p>De \u00f8konomiske utfordringene vil gj\u00f8re det utfordrende \u00e5 ta over stafettpinnen. Handlingsrommet for investeringer er begrenset, og vi m\u00e5 jobbe for \u00e5 f\u00e5 mer igjen for pengene innbyggerne betaler i skatt slik at vi forh\u00e5pentligvis slipper \u00e5 gj\u00f8re det dyrere \u00e5 bo her.&nbsp;<\/p>\n\n\n\n<p>Sammen med n\u00e6ringslivet, frivilligheten, kommunen og alle de andre folkevalgte vil jeg jobbe for at flere ser at mulighetene finnes akkurat her; i fantastiske Horten.<\/p>\n\n\n\n<div class=\"wp-block-buttons alignfull is-content-justification-center is-layout-flex wp-container-core-buttons-is-layout-16018d1d wp-block-buttons-is-layout-flex\">\n<div class=\"wp-block-button\"><a class=\"wp-block-button__link wp-element-button\" href=\"https:\/\/www.facebook.com\/ordforerkandidatnatalie\" target=\"_blank\" rel=\"noreferrer noopener\">f\u00f8lg meg p\u00e5 facebook<\/a><\/div>\n<\/div>\n\n\n\n<h2 class=\"wp-block-heading\"><\/h2>\n\n\n\n\n\t\t<div class=\"has-pale-green-background-color is-layout-left alignwide alignwide wp-block-hoyre-media-text\">\n\t\t\t<div class=\"hoyre-media-text__media\">\n\t\t\t\t<img loading=\"lazy\" decoding=\"async\" width=\"793\" height=\"1024\" src=\"https:\/\/hoyre.no\/content\/uploads\/sites\/368\/2023\/05\/DSC00316-8-793x1024.jpg\" class=\"hoyre-media-text__media-image\" alt=\"\" style=\"--focal: 50% 50%;\" srcset=\"https:\/\/hoyre.no\/content\/uploads\/sites\/368\/2023\/05\/DSC00316-8-793x1024.jpg 793w, https:\/\/hoyre.no\/content\/uploads\/sites\/368\/2023\/05\/DSC00316-8-232x300.jpg 232w, https:\/\/hoyre.no\/content\/uploads\/sites\/368\/2023\/05\/DSC00316-8-768x992.jpg 768w, https:\/\/hoyre.no\/content\/uploads\/sites\/368\/2023\/05\/DSC00316-8-1190x1536.jpg 1190w, https:\/\/hoyre.no\/content\/uploads\/sites\/368\/2023\/05\/DSC00316-8-1586x2048.jpg 1586w, https:\/\/hoyre.no\/content\/uploads\/sites\/368\/2023\/05\/DSC00316-8-scaled.jpg 1936w\" sizes=\"auto, (max-width: 793px) 100vw, 793px\" \/>\n\t\t\t<\/div>\n\t\t\t<div class=\"hoyre-media-text__content\">\n\t\t\t\t<div class=\"hoyre-media-text__content-inner\">\n\t\t\t\t\t\n\t\t\t<div class=\"hoyre-media-text__title-container\">\n\t\t\t\t\n\t\t\t\t<h2 class=\"hoyre-media-text__title\">5 gode grunner til \u00e5 stemme H\u00f8yre i Horten<\/h2>\n\t\t\t<\/div>\n\t\t\t\n\t\t\t\t\t<div class=\"hoyre-media-text__blocks\">\n<p>I l\u00f8pet av de siste \u00e5tte \u00e5rene har Horten Kommunes gjeld \u00f8kt fra \u00e9n milliard til over tre. H\u00f8yre vil l\u00f8se disse utfordringene, og det m\u00e5 vi gj\u00f8re n\u00e5.<\/p>\n<\/div>\n\t\t\t\t\t\n\t\t\t<div class=\"hoyre-media-text__buttons\">\n\t\t\t\t<a class=\"button\" href=\"https:\/\/hoyre.no\/horten\/5-gode-grunner-til-a-stemme-hoyre-i-horten\/\">V\u00e5re hjertesaker<\/a>\n\t\t\t<\/div>\n\t\t\t\n\t\t\t\t<\/div>\n\t\t\t<\/div>\n\t\t<\/div>\n\t\t","protected":false},"excerpt":{"rendered":"","protected":false},"author":31684,"featured_media":0,"parent":0,"menu_order":0,"comment_status":"closed","ping_status":"closed","template":"","meta":{"teft_cards_image_url":"","teft_cards_custom_pretitle":"","teft_cards_image_id":192,"teft_cards_image_focal_point_x":0.5,"teft_cards_image_focal_point_y":0.5,"teft_cards_title":"Natalie Hermanstad - V\u00e5r ordf\u00f8rerkandidat","teft_cards_excerpt":"Som f\u00f8dt og oppvokst i \u00c5sg\u00e5rdstrand, kan ikke Natalie tenke seg \u00e5 bo noe annet sted enn Horten kommune.","teft_show_chapters":false,"footnotes":""},"class_list":["post-197","page","type-page","status-publish","hentry"],"yoast_head":"<!-- This site is optimized with the Yoast SEO plugin v26.6 - https:\/\/yoast.com\/wordpress\/plugins\/seo\/ -->\n<title>Natalie Hermanstad - Horten H\u00f8yre<\/title>\n<meta name=\"robots\" content=\"index, follow, max-snippet:-1, max-image-preview:large, max-video-preview:-1\" \/>\n<link rel=\"canonical\" href=\"https:\/\/hoyre.no\/horten\/natalie-hermanstad-var-ordforerkandidat\/\" \/>\n<meta property=\"og:locale\" content=\"nb_NO\" \/>\n<meta property=\"og:type\" content=\"article\" \/>\n<meta property=\"og:title\" content=\"Natalie Hermanstad - Horten H\u00f8yre\" \/>\n<meta property=\"og:url\" content=\"https:\/\/hoyre.no\/horten\/natalie-hermanstad-var-ordforerkandidat\/\" \/>\n<meta property=\"og:site_name\" content=\"Horten H\u00f8yre\" \/>\n<meta property=\"article:modified_time\" content=\"2025-02-14T11:13:11+00:00\" \/>\n<meta property=\"og:image\" content=\"https:\/\/hoyre.no\/content\/uploads\/sites\/368\/2022\/11\/Hoyres-logo.png\" \/>\n\t<meta property=\"og:image:width\" content=\"1000\" \/>\n\t<meta property=\"og:image:height\" content=\"1000\" \/>\n\t<meta property=\"og:image:type\" content=\"image\/png\" \/>\n<meta name=\"twitter:card\" content=\"summary_large_image\" \/>\n<meta name=\"twitter:label1\" content=\"Ansl. lesetid\" \/>\n\t<meta name=\"twitter:data1\" content=\"3 minutter\" \/>\n<script type=\"application\/ld+json\" class=\"yoast-schema-graph\">{\"@context\":\"https:\/\/schema.org\",\"@graph\":[{\"@type\":\"WebPage\",\"@id\":\"https:\/\/hoyre.no\/horten\/natalie-hermanstad-var-ordforerkandidat\/\",\"url\":\"https:\/\/hoyre.no\/horten\/natalie-hermanstad-var-ordforerkandidat\/\",\"name\":\"Natalie Hermanstad - Horten H\u00f8yre\",\"isPartOf\":{\"@id\":\"https:\/\/hoyre.no\/horten\/#website\"},\"datePublished\":\"2022-09-23T17:21:16+00:00\",\"dateModified\":\"2025-02-14T11:13:11+00:00\",\"breadcrumb\":{\"@id\":\"https:\/\/hoyre.no\/horten\/natalie-hermanstad-var-ordforerkandidat\/#breadcrumb\"},\"inLanguage\":\"nb-NO\",\"potentialAction\":[{\"@type\":\"ReadAction\",\"target\":[\"https:\/\/hoyre.no\/horten\/natalie-hermanstad-var-ordforerkandidat\/\"]}]},{\"@type\":\"BreadcrumbList\",\"@id\":\"https:\/\/hoyre.no\/horten\/natalie-hermanstad-var-ordforerkandidat\/#breadcrumb\",\"itemListElement\":[{\"@type\":\"ListItem\",\"position\":1,\"name\":\"Til hoyre.no\",\"item\":\"https:\/\/hoyre.no\"},{\"@type\":\"ListItem\",\"position\":2,\"name\":\"Hjem\",\"item\":\"https:\/\/hoyre.no\/horten\/\"},{\"@type\":\"ListItem\",\"position\":3,\"name\":\"Natalie Hermanstad\"}]},{\"@type\":\"WebSite\",\"@id\":\"https:\/\/hoyre.no\/horten\/#website\",\"url\":\"https:\/\/hoyre.no\/horten\/\",\"name\":\"Horten H\u00f8yre\",\"description\":\"Bare enda et H\u00f8yres nettsteder-nettsted\",\"inLanguage\":\"nb-NO\"}]}<\/script>\n<!-- \/ Yoast SEO plugin. -->","yoast_head_json":{"title":"Natalie Hermanstad - Horten H\u00f8yre","robots":{"index":"index","follow":"follow","max-snippet":"max-snippet:-1","max-image-preview":"max-image-preview:large","max-video-preview":"max-video-preview:-1"},"canonical":"https:\/\/hoyre.no\/horten\/natalie-hermanstad-var-ordforerkandidat\/","og_locale":"nb_NO","og_type":"article","og_title":"Natalie Hermanstad - Horten H\u00f8yre","og_url":"https:\/\/hoyre.no\/horten\/natalie-hermanstad-var-ordforerkandidat\/","og_site_name":"Horten H\u00f8yre","article_modified_time":"2025-02-14T11:13:11+00:00","og_image":[{"width":1000,"height":1000,"url":"https:\/\/hoyre.no\/content\/uploads\/sites\/368\/2022\/11\/Hoyres-logo.png","type":"image\/png"}],"twitter_card":"summary_large_image","twitter_misc":{"Ansl. lesetid":"3 minutter"},"schema":{"@context":"https:\/\/schema.org","@graph":[{"@type":"WebPage","@id":"https:\/\/hoyre.no\/horten\/natalie-hermanstad-var-ordforerkandidat\/","url":"https:\/\/hoyre.no\/horten\/natalie-hermanstad-var-ordforerkandidat\/","name":"Natalie Hermanstad - Horten H\u00f8yre","isPartOf":{"@id":"https:\/\/hoyre.no\/horten\/#website"},"datePublished":"2022-09-23T17:21:16+00:00","dateModified":"2025-02-14T11:13:11+00:00","breadcrumb":{"@id":"https:\/\/hoyre.no\/horten\/natalie-hermanstad-var-ordforerkandidat\/#breadcrumb"},"inLanguage":"nb-NO","potentialAction":[{"@type":"ReadAction","target":["https:\/\/hoyre.no\/horten\/natalie-hermanstad-var-ordforerkandidat\/"]}]},{"@type":"BreadcrumbList","@id":"https:\/\/hoyre.no\/horten\/natalie-hermanstad-var-ordforerkandidat\/#breadcrumb","itemListElement":[{"@type":"ListItem","position":1,"name":"Til hoyre.no","item":"https:\/\/hoyre.no"},{"@type":"ListItem","position":2,"name":"Hjem","item":"https:\/\/hoyre.no\/horten\/"},{"@type":"ListItem","position":3,"name":"Natalie Hermanstad"}]},{"@type":"WebSite","@id":"https:\/\/hoyre.no\/horten\/#website","url":"https:\/\/hoyre.no\/horten\/","name":"Horten H\u00f8yre","description":"Bare enda et H\u00f8yres nettsteder-nettsted","inLanguage":"nb-NO"}]}},"distributor_meta":false,"distributor_terms":false,"distributor_media":false,"distributor_original_site_name":"Horten H\u00f8yre","distributor_original_site_url":"https:\/\/hoyre.no\/horten","push-errors":false,"_links":{"self":[{"href":"https:\/\/hoyre.no\/horten\/wp-json\/wp\/v2\/pages\/197","targetHints":{"allow":["GET"]}}],"collection":[{"href":"https:\/\/hoyre.no\/horten\/wp-json\/wp\/v2\/pages"}],"about":[{"href":"https:\/\/hoyre.no\/horten\/wp-json\/wp\/v2\/types\/page"}],"author":[{"embeddable":true,"href":"https:\/\/hoyre.no\/horten\/wp-json\/wp\/v2\/users\/31684"}],"replies":[{"embeddable":true,"href":"https:\/\/hoyre.no\/horten\/wp-json\/wp\/v2\/comments?post=197"}],"version-history":[{"count":12,"href":"https:\/\/hoyre.no\/horten\/wp-json\/wp\/v2\/pages\/197\/revisions"}],"predecessor-version":[{"id":944,"href":"https:\/\/hoyre.no\/horten\/wp-json\/wp\/v2\/pages\/197\/revisions\/944"}],"wp:attachment":[{"href":"https:\/\/hoyre.no\/horten\/wp-json\/wp\/v2\/media?parent=197"}],"curies":[{"name":"wp","href":"https:\/\/api.w.org\/{rel}","templated":true}]}}