{"id":65,"date":"2023-08-16T13:11:48","date_gmt":"2023-08-16T11:11:48","guid":{"rendered":"https:\/\/hoyre.no\/hyllestad\/?page_id=65"},"modified":"2025-02-18T16:02:31","modified_gmt":"2025-02-18T15:02:31","slug":"var-ordforarkandidat","status":"publish","type":"page","link":"https:\/\/hoyre.no\/hyllestad\/var-ordforarkandidat\/","title":{"rendered":"v\u00e5r ordf\u00f8rarkandidat"},"content":{"rendered":"\n<div class=\"wp-block-hoyre-hero with-image-gradient text-color-light  has-media alignfull has-background\"><div class=\"hoyre-hero has-image\"><h1 class=\"title\">Bli betre kjend med v\u00e5r gruppeleiar<\/h1><figure class=\"hoyre-image-wrapper\"><div class=\"hoyre-image\"><img loading=\"lazy\" decoding=\"async\" width=\"2048\" height=\"1539\" src=\"https:\/\/hoyre.no\/content\/uploads\/sites\/333\/2023\/08\/20230617-IMG_7976.jpg\" class=\"attachment-scaled size-scaled\" alt=\"\" style=\"object-position: 50% 50%\" srcset=\"https:\/\/hoyre.no\/content\/uploads\/sites\/333\/2023\/08\/20230617-IMG_7976.jpg 2048w, https:\/\/hoyre.no\/content\/uploads\/sites\/333\/2023\/08\/20230617-IMG_7976-300x225.jpg 300w, https:\/\/hoyre.no\/content\/uploads\/sites\/333\/2023\/08\/20230617-IMG_7976-1024x770.jpg 1024w, https:\/\/hoyre.no\/content\/uploads\/sites\/333\/2023\/08\/20230617-IMG_7976-768x577.jpg 768w, https:\/\/hoyre.no\/content\/uploads\/sites\/333\/2023\/08\/20230617-IMG_7976-1536x1154.jpg 1536w\" sizes=\"auto, (max-width: 2048px) 100vw, 2048px\" \/><\/div><\/figure><\/div><\/div>\n\n\n\n\n<div class=\"wp-block-hoyre-banner alignwide undefined  is-style-blue\"><div class=\"banner-inner\"><figure class=\"hoyre-image-wrapper\"><div class=\"hoyre-image\"><img loading=\"lazy\" decoding=\"async\" width=\"299\" height=\"448\" src=\"https:\/\/hoyre.no\/content\/uploads\/sites\/333\/2023\/08\/geir-helge.jpg\" class=\"attachment-scaled size-scaled\" alt=\"\" style=\"object-position: 50% 42%\" srcset=\"https:\/\/hoyre.no\/content\/uploads\/sites\/333\/2023\/08\/geir-helge.jpg 299w, https:\/\/hoyre.no\/content\/uploads\/sites\/333\/2023\/08\/geir-helge-200x300.jpg 200w\" sizes=\"auto, (max-width: 299px) 100vw, 299px\" \/><\/div><\/figure><div class=\"banner-content\"><div class=\"entry-content\">\n<h2 class=\"wp-block-heading\" id=\"h-geir-helge-nordstrand\">Geir Helge Nordstrand<\/h2>\n\n\n\n<p>\ud83d\udc99 <strong>Bustad: <\/strong>Lifjorden<\/p>\n\n\n\n<p>\ud83d\udc99 <strong>Familie: <\/strong>Gift, far til 3 guter<\/p>\n\n\n\n<p>\ud83d\udc99 <strong>Jobb:<\/strong> Prosjektleiar p\u00e5 Havyard Leirvik<\/p>\n\n\n\n<p>\ud83d\udc99 <strong>Politisk erfaring: <\/strong>12 \u00e5r i formannskapet og kommunestyret. 8 \u00e5r som varaordf\u00f8rar. Er i dag gruppeleiar og lokallagsleiar i Hyllestad H\u00f8gre.<\/p>\n\n\n\n<div class=\"wp-block-buttons is-layout-flex wp-block-buttons-is-layout-flex\"><\/div>\n<\/div><\/div><\/div><\/div>\n\n\n\n<div class=\"wp-block-hoyre-banner alignwide undefined\"><div class=\"banner-inner\"><figure class=\"hoyre-image-wrapper\"><div class=\"hoyre-image\"><img loading=\"lazy\" decoding=\"async\" width=\"2500\" height=\"1667\" src=\"https:\/\/hoyre.no\/content\/uploads\/sites\/333\/2023\/08\/Brekke-i-Gulen-foto-Agathe-Steen-31-scaled.jpg\" class=\"attachment-scaled size-scaled\" alt=\"\" style=\"object-position: 79% 31%\" srcset=\"https:\/\/hoyre.no\/content\/uploads\/sites\/333\/2023\/08\/Brekke-i-Gulen-foto-Agathe-Steen-31-scaled.jpg 2500w, https:\/\/hoyre.no\/content\/uploads\/sites\/333\/2023\/08\/Brekke-i-Gulen-foto-Agathe-Steen-31-300x200.jpg 300w, https:\/\/hoyre.no\/content\/uploads\/sites\/333\/2023\/08\/Brekke-i-Gulen-foto-Agathe-Steen-31-1024x683.jpg 1024w, https:\/\/hoyre.no\/content\/uploads\/sites\/333\/2023\/08\/Brekke-i-Gulen-foto-Agathe-Steen-31-768x512.jpg 768w, https:\/\/hoyre.no\/content\/uploads\/sites\/333\/2023\/08\/Brekke-i-Gulen-foto-Agathe-Steen-31-1536x1024.jpg 1536w, https:\/\/hoyre.no\/content\/uploads\/sites\/333\/2023\/08\/Brekke-i-Gulen-foto-Agathe-Steen-31-2048x1365.jpg 2048w\" sizes=\"auto, (max-width: 2500px) 100vw, 2500px\" \/><\/div><\/figure><div class=\"banner-content\"><div class=\"entry-content\">\n<h2 class=\"wp-block-heading\" id=\"h-vil-du-vite-kva-vi-gar-til-val-pa-i-hyllestad\">Vil du vite kva vi g\u00e5r til val p\u00e5 i Hyllestad?<\/h2>\n\n\n\n<p>Her kan du lese 7 gode grunnar til \u00e5 r\u00f8yste H\u00f8gre i Hyllestad \ud83d\udc47<\/p>\n\n\n\n<div class=\"wp-block-buttons is-layout-flex wp-block-buttons-is-layout-flex\">\n<div class=\"wp-block-button\"><a class=\"wp-block-button__link wp-element-button\" href=\"https:\/\/hoyre.no\/hyllestad\/7-grunnar-til-a-royste-hogre-i-hyllestad\/\">trykk her for \u00e5 lese meir<\/a><\/div>\n<\/div>\n<\/div><\/div><\/div><\/div>\n\n","protected":false},"excerpt":{"rendered":"","protected":false},"author":29319,"featured_media":0,"parent":0,"menu_order":0,"comment_status":"closed","ping_status":"closed","template":"","meta":{"teft_cards_image_url":"","teft_cards_custom_pretitle":"","teft_cards_image_id":0,"teft_cards_image_focal_point_x":0,"teft_cards_image_focal_point_y":0,"teft_cards_title":"","teft_cards_excerpt":"","teft_show_chapters":false,"footnotes":""},"class_list":["post-65","page","type-page","status-publish","hentry"],"yoast_head":"<!-- This site is optimized with the Yoast SEO plugin v26.6 - https:\/\/yoast.com\/wordpress\/plugins\/seo\/ -->\n<title>v\u00e5r ordf\u00f8rarkandidat - Hyllestad H\u00f8gre<\/title>\n<meta name=\"description\" content=\"Bli bedre kjend med H\u00f8gre sin gruppeleiar i Hyllestad, Geir Helge Nordstrand.\" \/>\n<meta name=\"robots\" content=\"index, follow, max-snippet:-1, max-image-preview:large, max-video-preview:-1\" \/>\n<link rel=\"canonical\" href=\"https:\/\/hoyre.no\/hyllestad\/var-ordforarkandidat\/\" \/>\n<meta property=\"og:locale\" content=\"nn_NO\" \/>\n<meta property=\"og:type\" content=\"article\" \/>\n<meta property=\"og:title\" content=\"v\u00e5r ordf\u00f8rarkandidat - Hyllestad H\u00f8gre\" \/>\n<meta property=\"og:description\" content=\"Bli bedre kjend med H\u00f8gre sin gruppeleiar i Hyllestad, Geir Helge Nordstrand.\" \/>\n<meta property=\"og:url\" content=\"https:\/\/hoyre.no\/hyllestad\/var-ordforarkandidat\/\" \/>\n<meta property=\"og:site_name\" content=\"Hyllestad H\u00f8gre\" \/>\n<meta property=\"article:modified_time\" content=\"2025-02-18T15:02:31+00:00\" \/>\n<meta property=\"og:image\" content=\"https:\/\/hoyre.no\/content\/uploads\/sites\/333\/2022\/11\/Hoyres-logo.png\" \/>\n\t<meta property=\"og:image:width\" content=\"1000\" \/>\n\t<meta property=\"og:image:height\" content=\"1000\" \/>\n\t<meta property=\"og:image:type\" content=\"image\/png\" \/>\n<meta name=\"twitter:card\" content=\"summary_large_image\" \/>\n<meta name=\"twitter:label1\" content=\"Est. reading time\" \/>\n\t<meta name=\"twitter:data1\" content=\"1 minutt\" \/>\n<script type=\"application\/ld+json\" class=\"yoast-schema-graph\">{\"@context\":\"https:\/\/schema.org\",\"@graph\":[{\"@type\":\"WebPage\",\"@id\":\"https:\/\/hoyre.no\/hyllestad\/var-ordforarkandidat\/\",\"url\":\"https:\/\/hoyre.no\/hyllestad\/var-ordforarkandidat\/\",\"name\":\"v\u00e5r ordf\u00f8rarkandidat - Hyllestad H\u00f8gre\",\"isPartOf\":{\"@id\":\"https:\/\/hoyre.no\/hyllestad\/#website\"},\"datePublished\":\"2023-08-16T11:11:48+00:00\",\"dateModified\":\"2025-02-18T15:02:31+00:00\",\"description\":\"Bli bedre kjend med H\u00f8gre sin gruppeleiar i Hyllestad, Geir Helge Nordstrand.\",\"breadcrumb\":{\"@id\":\"https:\/\/hoyre.no\/hyllestad\/var-ordforarkandidat\/#breadcrumb\"},\"inLanguage\":\"nn-NO\",\"potentialAction\":[{\"@type\":\"ReadAction\",\"target\":[\"https:\/\/hoyre.no\/hyllestad\/var-ordforarkandidat\/\"]}]},{\"@type\":\"BreadcrumbList\",\"@id\":\"https:\/\/hoyre.no\/hyllestad\/var-ordforarkandidat\/#breadcrumb\",\"itemListElement\":[{\"@type\":\"ListItem\",\"position\":1,\"name\":\"Til hoyre.no\",\"item\":\"https:\/\/hoyre.no\"},{\"@type\":\"ListItem\",\"position\":2,\"name\":\"Hjem\",\"item\":\"https:\/\/hoyre.no\/hyllestad\/\"},{\"@type\":\"ListItem\",\"position\":3,\"name\":\"v\u00e5r ordf\u00f8rarkandidat\"}]},{\"@type\":\"WebSite\",\"@id\":\"https:\/\/hoyre.no\/hyllestad\/#website\",\"url\":\"https:\/\/hoyre.no\/hyllestad\/\",\"name\":\"Hyllestad H\u00f8gre\",\"description\":\"Bare enda et H\u00f8yres nettsteder-nettsted\",\"inLanguage\":\"nn-NO\"}]}<\/script>\n<!-- \/ Yoast SEO plugin. -->","yoast_head_json":{"title":"v\u00e5r ordf\u00f8rarkandidat - Hyllestad H\u00f8gre","description":"Bli bedre kjend med H\u00f8gre sin gruppeleiar i Hyllestad, Geir Helge Nordstrand.","robots":{"index":"index","follow":"follow","max-snippet":"max-snippet:-1","max-image-preview":"max-image-preview:large","max-video-preview":"max-video-preview:-1"},"canonical":"https:\/\/hoyre.no\/hyllestad\/var-ordforarkandidat\/","og_locale":"nn_NO","og_type":"article","og_title":"v\u00e5r ordf\u00f8rarkandidat - Hyllestad H\u00f8gre","og_description":"Bli bedre kjend med H\u00f8gre sin gruppeleiar i Hyllestad, Geir Helge Nordstrand.","og_url":"https:\/\/hoyre.no\/hyllestad\/var-ordforarkandidat\/","og_site_name":"Hyllestad H\u00f8gre","article_modified_time":"2025-02-18T15:02:31+00:00","og_image":[{"width":1000,"height":1000,"url":"https:\/\/hoyre.no\/content\/uploads\/sites\/333\/2022\/11\/Hoyres-logo.png","type":"image\/png"}],"twitter_card":"summary_large_image","twitter_misc":{"Est. reading time":"1 minutt"},"schema":{"@context":"https:\/\/schema.org","@graph":[{"@type":"WebPage","@id":"https:\/\/hoyre.no\/hyllestad\/var-ordforarkandidat\/","url":"https:\/\/hoyre.no\/hyllestad\/var-ordforarkandidat\/","name":"v\u00e5r ordf\u00f8rarkandidat - Hyllestad H\u00f8gre","isPartOf":{"@id":"https:\/\/hoyre.no\/hyllestad\/#website"},"datePublished":"2023-08-16T11:11:48+00:00","dateModified":"2025-02-18T15:02:31+00:00","description":"Bli bedre kjend med H\u00f8gre sin gruppeleiar i Hyllestad, Geir Helge Nordstrand.","breadcrumb":{"@id":"https:\/\/hoyre.no\/hyllestad\/var-ordforarkandidat\/#breadcrumb"},"inLanguage":"nn-NO","potentialAction":[{"@type":"ReadAction","target":["https:\/\/hoyre.no\/hyllestad\/var-ordforarkandidat\/"]}]},{"@type":"BreadcrumbList","@id":"https:\/\/hoyre.no\/hyllestad\/var-ordforarkandidat\/#breadcrumb","itemListElement":[{"@type":"ListItem","position":1,"name":"Til hoyre.no","item":"https:\/\/hoyre.no"},{"@type":"ListItem","position":2,"name":"Hjem","item":"https:\/\/hoyre.no\/hyllestad\/"},{"@type":"ListItem","position":3,"name":"v\u00e5r ordf\u00f8rarkandidat"}]},{"@type":"WebSite","@id":"https:\/\/hoyre.no\/hyllestad\/#website","url":"https:\/\/hoyre.no\/hyllestad\/","name":"Hyllestad H\u00f8gre","description":"Bare enda et H\u00f8yres nettsteder-nettsted","inLanguage":"nn-NO"}]}},"distributor_meta":false,"distributor_terms":false,"distributor_media":false,"distributor_original_site_name":"Hyllestad H\u00f8gre","distributor_original_site_url":"https:\/\/hoyre.no\/hyllestad","push-errors":false,"_links":{"self":[{"href":"https:\/\/hoyre.no\/hyllestad\/wp-json\/wp\/v2\/pages\/65","targetHints":{"allow":["GET"]}}],"collection":[{"href":"https:\/\/hoyre.no\/hyllestad\/wp-json\/wp\/v2\/pages"}],"about":[{"href":"https:\/\/hoyre.no\/hyllestad\/wp-json\/wp\/v2\/types\/page"}],"author":[{"embeddable":true,"href":"https:\/\/hoyre.no\/hyllestad\/wp-json\/wp\/v2\/users\/29319"}],"replies":[{"embeddable":true,"href":"https:\/\/hoyre.no\/hyllestad\/wp-json\/wp\/v2\/comments?post=65"}],"version-history":[{"count":2,"href":"https:\/\/hoyre.no\/hyllestad\/wp-json\/wp\/v2\/pages\/65\/revisions"}],"predecessor-version":[{"id":77,"href":"https:\/\/hoyre.no\/hyllestad\/wp-json\/wp\/v2\/pages\/65\/revisions\/77"}],"wp:attachment":[{"href":"https:\/\/hoyre.no\/hyllestad\/wp-json\/wp\/v2\/media?parent=65"}],"curies":[{"name":"wp","href":"https:\/\/api.w.org\/{rel}","templated":true}]}}

vår ordførarkandidat

<div class="wp-block-hoyre-hero with-image-gradient text-color-light  has-media alignfull has-background"><div class="hoyre-hero has-image"><h1 class="title">Bli betre kjend med vår gruppeleiar</h1><figure class="hoyre-image-wrapper"><div class="hoyre-image"><img loading="lazy" decoding="async" width="2048" height="1539" src="https://hoyre.no/content/uploads/sites/333/2023/08/20230617-IMG_7976.jpg" class="attachment-scaled size-scaled" alt="" style="object-position: 50% 50%" srcset="https://hoyre.no/content/uploads/sites/333/2023/08/20230617-IMG_7976.jpg 2048w, https://hoyre.no/content/uploads/sites/333/2023/08/20230617-IMG_7976-300x225.jpg 300w, https://hoyre.no/content/uploads/sites/333/2023/08/20230617-IMG_7976-1024x770.jpg 1024w, https://hoyre.no/content/uploads/sites/333/2023/08/20230617-IMG_7976-768x577.jpg 768w, https://hoyre.no/content/uploads/sites/333/2023/08/20230617-IMG_7976-1536x1154.jpg 1536w" sizes="auto, (max-width: 2048px) 100vw, 2048px" /></div></figure></div></div>




<div class="wp-block-hoyre-banner alignwide undefined  is-style-blue"><div class="banner-inner"><figure class="hoyre-image-wrapper"><div class="hoyre-image"><img loading="lazy" decoding="async" width="299" height="448" src="https://hoyre.no/content/uploads/sites/333/2023/08/geir-helge.jpg" class="attachment-scaled size-scaled" alt="" style="object-position: 50% 42%" srcset="https://hoyre.no/content/uploads/sites/333/2023/08/geir-helge.jpg 299w, https://hoyre.no/content/uploads/sites/333/2023/08/geir-helge-200x300.jpg 200w" sizes="auto, (max-width: 299px) 100vw, 299px" /></div></figure><div class="banner-content"><div class="entry-content">
<h2 class="wp-block-heading" id="h-geir-helge-nordstrand">Geir Helge Nordstrand</h2>



<p>💙 <strong>Bustad: </strong>Lifjorden</p>



<p>💙 <strong>Familie: </strong>Gift, far til 3 guter</p>



<p>💙 <strong>Jobb:</strong> Prosjektleiar på Havyard Leirvik</p>



<p>💙 <strong>Politisk erfaring: </strong>12 år i formannskapet og kommunestyret. 8 år som varaordførar. Er i dag gruppeleiar og lokallagsleiar i Hyllestad Høgre.</p>



<div class="wp-block-buttons is-layout-flex wp-block-buttons-is-layout-flex"></div>
</div></div></div></div>



<div class="wp-block-hoyre-banner alignwide undefined"><div class="banner-inner"><figure class="hoyre-image-wrapper"><div class="hoyre-image"><img loading="lazy" decoding="async" width="2500" height="1667" src="https://hoyre.no/content/uploads/sites/333/2023/08/Brekke-i-Gulen-foto-Agathe-Steen-31-scaled.jpg" class="attachment-scaled size-scaled" alt="" style="object-position: 79% 31%" srcset="https://hoyre.no/content/uploads/sites/333/2023/08/Brekke-i-Gulen-foto-Agathe-Steen-31-scaled.jpg 2500w, https://hoyre.no/content/uploads/sites/333/2023/08/Brekke-i-Gulen-foto-Agathe-Steen-31-300x200.jpg 300w, https://hoyre.no/content/uploads/sites/333/2023/08/Brekke-i-Gulen-foto-Agathe-Steen-31-1024x683.jpg 1024w, https://hoyre.no/content/uploads/sites/333/2023/08/Brekke-i-Gulen-foto-Agathe-Steen-31-768x512.jpg 768w, https://hoyre.no/content/uploads/sites/333/2023/08/Brekke-i-Gulen-foto-Agathe-Steen-31-1536x1024.jpg 1536w, https://hoyre.no/content/uploads/sites/333/2023/08/Brekke-i-Gulen-foto-Agathe-Steen-31-2048x1365.jpg 2048w" sizes="auto, (max-width: 2500px) 100vw, 2500px" /></div></figure><div class="banner-content"><div class="entry-content">
<h2 class="wp-block-heading" id="h-vil-du-vite-kva-vi-gar-til-val-pa-i-hyllestad">Vil du vite kva vi går til val på i Hyllestad?</h2>



<p>Her kan du lese 7 gode grunnar til å røyste Høgre i Hyllestad 👇</p>



<div class="wp-block-buttons is-layout-flex wp-block-buttons-is-layout-flex">
<div class="wp-block-button"><a class="wp-block-button__link wp-element-button" href="https://hoyre.no/hyllestad/7-grunnar-til-a-royste-hogre-i-hyllestad/">trykk her for å lese meir</a></div>
</div>
</div></div></div></div>

<!-- This site is optimized with the Yoast SEO plugin v26.6 - https://yoast.com/wordpress/plugins/seo/ -->
<title>vår ordførarkandidat - Hyllestad Høgre</title>
<meta name="description" content="Bli bedre kjend med Høgre sin gruppeleiar i Hyllestad, Geir Helge Nordstrand." />
<meta name="robots" content="index, follow, max-snippet:-1, max-image-preview:large, max-video-preview:-1" />
<link rel="canonical" href="https://hoyre.no/hyllestad/var-ordforarkandidat/" />
<meta property="og:locale" content="nn_NO" />
<meta property="og:type" content="article" />
<meta property="og:title" content="vår ordførarkandidat - Hyllestad Høgre" />
<meta property="og:description" content="Bli bedre kjend med Høgre sin gruppeleiar i Hyllestad, Geir Helge Nordstrand." />
<meta property="og:url" content="https://hoyre.no/hyllestad/var-ordforarkandidat/" />
<meta property="og:site_name" content="Hyllestad Høgre" />
<meta property="article:modified_time" content="2025-02-18T15:02:31+00:00" />
<meta property="og:image" content="https://hoyre.no/content/uploads/sites/333/2022/11/Hoyres-logo.png" />
	<meta property="og:image:width" content="1000" />
	<meta property="og:image:height" content="1000" />
	<meta property="og:image:type" content="image/png" />
<meta name="twitter:card" content="summary_large_image" />
<meta name="twitter:label1" content="Est. reading time" />
	<meta name="twitter:data1" content="1 minutt" />
<script type="application/ld+json" class="yoast-schema-graph">{"@context":"https://schema.org","@graph":[{"@type":"WebPage","@id":"https://hoyre.no/hyllestad/var-ordforarkandidat/","url":"https://hoyre.no/hyllestad/var-ordforarkandidat/","name":"vår ordførarkandidat - Hyllestad Høgre","isPartOf":{"@id":"https://hoyre.no/hyllestad/#website"},"datePublished":"2023-08-16T11:11:48+00:00","dateModified":"2025-02-18T15:02:31+00:00","description":"Bli bedre kjend med Høgre sin gruppeleiar i Hyllestad, Geir Helge Nordstrand.","breadcrumb":{"@id":"https://hoyre.no/hyllestad/var-ordforarkandidat/#breadcrumb"},"inLanguage":"nn-NO","potentialAction":[{"@type":"ReadAction","target":["https://hoyre.no/hyllestad/var-ordforarkandidat/"]}]},{"@type":"BreadcrumbList","@id":"https://hoyre.no/hyllestad/var-ordforarkandidat/#breadcrumb","itemListElement":[{"@type":"ListItem","position":1,"name":"Til hoyre.no","item":"https://hoyre.no"},{"@type":"ListItem","position":2,"name":"Hjem","item":"https://hoyre.no/hyllestad/"},{"@type":"ListItem","position":3,"name":"vår ordførarkandidat"}]},{"@type":"WebSite","@id":"https://hoyre.no/hyllestad/#website","url":"https://hoyre.no/hyllestad/","name":"Hyllestad Høgre","description":"Bare enda et Høyres nettsteder-nettsted","inLanguage":"nn-NO"}]}</script>
<!-- / Yoast SEO plugin. -->

vår ordførarkandidat - Hyllestad Høgre

Bli bedre kjend med Høgre sin gruppeleiar i Hyllestad, Geir Helge Nordstrand.

Hyllestad Høgre

Bare enda et Høyres nettsteder-nettsted
