{"id":32,"date":"2022-10-31T14:35:31","date_gmt":"2022-10-31T13:35:31","guid":{"rendered":"https:\/\/hoyre.no\/indre-fosen\/?page_id=32"},"modified":"2025-02-10T15:22:11","modified_gmt":"2025-02-10T14:22:11","slug":"oskar-smavik-var-ordforerkandidat","status":"publish","type":"page","link":"https:\/\/hoyre.no\/indre-fosen\/forsiden\/oskar-smavik-var-ordforerkandidat\/","title":{"rendered":"Oskar Sm\u00e5vik &#8211; v\u00e5r ordf\u00f8rerkandidat"},"content":{"rendered":"\n<div class=\"wp-block-hoyre-hero with-image-gradient text-color-light  has-media alignfull has-background\"><div class=\"hoyre-hero has-image\"><h1 class=\"title\">Oskar Sm\u00e5vik &#8211; ordf\u00f8rer<\/h1><p class=\"preamble\">Hvorfor du skal gi H\u00f8yre og meg din stemme i Indre Fosen kommune?<\/p>\t\t\t<div class=\"post-meta wp-block teft-byline-wrapper\">\n\t\t\t\t<div class=\"top\">\n\t\t\t\t\t<div class=\"signature\">\n\t\t\t\t\t\t<div class=\"teft-byline\">\n\t\t\t\t\t\t\t\t\t\t\t\t\t\t<div>\n\t\t\t\t\t\t\t\t<h3>H\u00f8yres redaksjon<\/h3>\t\t\t\t\t\t\t\t\n\t\t\t\t\t\t\t\t\t\t\t\t\t\t\t\t\t<span class=\"date\">Sist oppdatert: 10. februar 2025<\/span>\n\t\t\t\t\t\t\t\t\t\t\t\t\t\t\t\t\t\t\t\t\t\t\t\t\t<span class=\"reading-time\" itemprop=\"timeRequired\" content=\"PT2M\"><em>Ca. 2 minutter lesetid<\/em><\/span>\n\t\t\t\t\t\t\t\t\t\t\t\t\t\t\t<\/div>\n\t\t\t\t\t\t<\/div>\n\t\t\t\t\t<\/div>\n\t\t\t\t\t\t<div class=\"sharing\">\n\t\t<a class=\"share-button share-link copy-link\" data-copy=\"https:\/\/hoyre.no\/indre-fosen\/forsiden\/oskar-smavik-var-ordforerkandidat\/\" target=\"_blank\"><span class=\"screen-reader-text\">Del link<\/span><\/a>\n\t\t<a class=\"share-button share-twitter\" href=\"http:\/\/twitter.com\/share?text=Oskar Sm\u00e5vik &#8211; v\u00e5r ordf\u00f8rerkandidat&#038;url=https:\/\/hoyre.no\/indre-fosen\/forsiden\/oskar-smavik-var-ordforerkandidat\/&#038;hashtags=Hoyre\" target=\"_blank\"><span class=\"screen-reader-text\">Del p\u00e5 twitter<\/span><\/a>\n\t\t<a class=\"share-button share-facebook\" href=\"https:\/\/www.facebook.com\/sharer\/sharer.php?u=https:\/\/hoyre.no\/indre-fosen\/forsiden\/oskar-smavik-var-ordforerkandidat\/\" target=\"_blank\"><span class=\"screen-reader-text\">Del p\u00e5 facebook<\/span><\/a>\n\t<\/div>\n\t\t\t\t\t<\/div>\n\t\t\t<\/div>\n\n\t\t\t<figure class=\"hoyre-image-wrapper\"><div class=\"hoyre-image\"><img loading=\"lazy\" decoding=\"async\" width=\"1536\" height=\"2048\" src=\"https:\/\/hoyre.no\/content\/uploads\/sites\/299\/2022\/08\/oskar-og-erna.jpeg\" class=\"attachment-scaled size-scaled\" alt=\"\" style=\"object-position: 48% 41%\" srcset=\"https:\/\/hoyre.no\/content\/uploads\/sites\/299\/2022\/08\/oskar-og-erna.jpeg 1536w, https:\/\/hoyre.no\/content\/uploads\/sites\/299\/2022\/08\/oskar-og-erna-225x300.jpeg 225w, https:\/\/hoyre.no\/content\/uploads\/sites\/299\/2022\/08\/oskar-og-erna-768x1024.jpeg 768w, https:\/\/hoyre.no\/content\/uploads\/sites\/299\/2022\/08\/oskar-og-erna-1152x1536.jpeg 1152w\" sizes=\"auto, (max-width: 1536px) 100vw, 1536px\" \/><\/div><\/figure><\/div><\/div>\n\n\n\n\n<div class=\"wp-block-buttons is-layout-flex wp-block-buttons-is-layout-flex\">\n<div class=\"wp-block-button\"><a class=\"wp-block-button__link wp-element-button\" href=\"https:\/\/hoyre.no\/nyhetsbrev\/\">abonner p\u00e5 h\u00f8yres nyhetsbrev<\/a><\/div>\n\n\n\n<div class=\"wp-block-button\"><a class=\"wp-block-button__link wp-element-button\" href=\"https:\/\/hoyre.no\/personprofiler\/oskar-andre-smavik\/\">kom i kontakt med oskar<\/a><\/div>\n\n\n\n<div class=\"wp-block-button\"><a class=\"wp-block-button__link wp-element-button\" href=\"https:\/\/www.facebook.com\/indrefosenhoyre\">f\u00f8lg indre fosen h\u00f8yre p\u00e5 facebook<\/a><\/div>\n<\/div>\n\n\n\n<div class=\"wp-block-hoyre-banner undefined has-icon-title icon-heart\"><div class=\"banner-inner\"><div class=\"banner-content\"><div class=\"entry-content\">\n<h2 class=\"wp-block-heading has-text-align-center\">Bli bedre kjent med Oskar!<\/h2>\n\n\n\n<p class=\"has-text-align-left\"><strong>Bosted:<\/strong> Stadsbygd.<\/p>\n\n\n\n<p class=\"has-text-align-left\"><strong>Sivilstatus<\/strong>: Samboer, tre egne barn og ett bonusbarn.<\/p>\n\n\n\n<p class=\"has-text-align-left\"><strong>Jobb:<\/strong> Markedssjef i Itab Industrier.<\/p>\n\n\n\n<p class=\"has-text-align-left\"><strong>Bakgrunn:<\/strong> V\u00e6rt engasjert i politikk hele livet, hvorav de to siste \u00e5rene i H\u00f8yre.<\/p>\n\n\n\n<p class=\"has-text-align-left\"><strong>Hvorfor er H\u00f8yre det rette partiet for deg?<\/strong> Fordi H\u00f8yre er n\u00e6ringsvillig og setter enkeltpersonen f\u00f8rst.<\/p>\n\n\n\n<p class=\"has-text-align-left\"><strong>Det er l\u00f8rdag, klokka n\u00e6rmer seg 1900. Hva spiser du helst til middag?<\/strong> En god biff med tilbeh\u00f8r.<\/p>\n\n\n\n<p class=\"has-text-align-left\"><strong>En kort funfact: <\/strong>Jeg er amat\u00f8rskuespiller og med i et sommerstykke i kommunen hvert \u00e5r.<\/p>\n\n\n\n<p class=\"has-text-align-left\"><\/p>\n<\/div><\/div><\/div><\/div>\n\n\n\n<div class=\"wp-block-teft-accentuated-link undefined has-image\"><div class=\"kf-link__wrapper\"><div class=\"kf-link__tagline\"><\/div><a class=\"kf-link__link\" href=\"https:\/\/hoyre.no\/personprofiler\/oskar-andre-smavik\/\" rel=\"noreferrer noopener\" target=\"_blank\">Kom i kontakt med Oskar Sm\u00e5vik<span class=\"kf-link__link-source\">hoyre.no<svg xmlns=\"http:\/\/www.w3.org\/2000\/svg\" viewBox=\"0 0 24 24\" width=\"10\" height=\"10\" aria-hidden=\"true\"><path d=\"M8.251 16.498a.752.752 0 0 1-.53-1.281l13.72-13.72h-4.939a.75.75 0 0 1 0-1.5h6.75a.735.735 0 0 1 .293.06.75.75 0 0 1 .4.404l.01.026a.73.73 0 0 1 .047.26v6.75a.75.75 0 0 1-1.5 0V2.559l-13.72 13.72a.75.75 0 0 1-.531.219z\"><\/path><path d=\"M2.251 23.998a2.252 2.252 0 0 1-2.25-2.25v-15a2.252 2.252 0 0 1 2.25-2.25h9a.75.75 0 0 1 0 1.5h-9a.75.75 0 0 0-.75.75v15c0 .414.336.75.75.75h15a.75.75 0 0 0 .75-.75v-9a.75.75 0 0 1 1.5 0v9a2.252 2.252 0 0 1-2.25 2.25h-15z\"><\/path><\/svg><\/span><\/a><\/div><figure class=\"hoyre-image-wrapper\"><div class=\"hoyre-image\"><img loading=\"lazy\" decoding=\"async\" width=\"960\" height=\"957\" src=\"https:\/\/hoyre.no\/content\/uploads\/sites\/299\/2022\/08\/oskar-sma\u030avik.jpeg\" class=\"attachment-scaled size-scaled\" alt=\"\" style=\"object-position: 46% 54%\" srcset=\"https:\/\/hoyre.no\/content\/uploads\/sites\/299\/2022\/08\/oskar-sma\u030avik.jpeg 960w, https:\/\/hoyre.no\/content\/uploads\/sites\/299\/2022\/08\/oskar-sma\u030avik-300x300.jpeg 300w, https:\/\/hoyre.no\/content\/uploads\/sites\/299\/2022\/08\/oskar-sma\u030avik-150x150.jpeg 150w, https:\/\/hoyre.no\/content\/uploads\/sites\/299\/2022\/08\/oskar-sma\u030avik-768x766.jpeg 768w\" sizes=\"auto, (max-width: 960px) 100vw, 960px\" \/><\/div><\/figure><\/div>\n\n\n\n<figure class=\"wp-block-teft-gallery columns-2 count-2 rows-2 is-cropped\"><ul class=\"teft-gallery-grid\"><li class=\"teft-gallery-item \"><figure><a href=\"https:\/\/hoyre.no\/content\/uploads\/sites\/299\/2022\/08\/oskar-og-mari.jpeg\" data-size=\"1536x2048\"><img loading=\"lazy\" decoding=\"async\" width=\"768\" height=\"1024\" src=\"https:\/\/hoyre.no\/content\/uploads\/sites\/299\/2022\/08\/oskar-og-mari-768x1024.jpeg\" class=\"attachment-large size-large\" alt=\"\" srcset=\"https:\/\/hoyre.no\/content\/uploads\/sites\/299\/2022\/08\/oskar-og-mari-768x1024.jpeg 768w, https:\/\/hoyre.no\/content\/uploads\/sites\/299\/2022\/08\/oskar-og-mari-225x300.jpeg 225w, https:\/\/hoyre.no\/content\/uploads\/sites\/299\/2022\/08\/oskar-og-mari-1152x1536.jpeg 1152w, https:\/\/hoyre.no\/content\/uploads\/sites\/299\/2022\/08\/oskar-og-mari.jpeg 1536w\" sizes=\"auto, (max-width: 768px) 100vw, 768px\" \/ data-full-url=\"https:\/\/hoyre.no\/content\/uploads\/sites\/299\/2022\/08\/oskar-og-mari.jpeg\" data-id=\"35\" data-caption=\"35\"\/><\/a><\/figure><\/li><li class=\"teft-gallery-item \"><figure><a href=\"https:\/\/hoyre.no\/content\/uploads\/sites\/299\/2022\/08\/oskar-sma\u030avik-1.jpeg\" data-size=\"960x957\"><img loading=\"lazy\" decoding=\"async\" width=\"960\" height=\"957\" src=\"https:\/\/hoyre.no\/content\/uploads\/sites\/299\/2022\/08\/oskar-sma\u030avik-1.jpeg\" class=\"attachment-large size-large\" alt=\"\" srcset=\"https:\/\/hoyre.no\/content\/uploads\/sites\/299\/2022\/08\/oskar-sma\u030avik-1.jpeg 960w, https:\/\/hoyre.no\/content\/uploads\/sites\/299\/2022\/08\/oskar-sma\u030avik-1-300x300.jpeg 300w, https:\/\/hoyre.no\/content\/uploads\/sites\/299\/2022\/08\/oskar-sma\u030avik-1-150x150.jpeg 150w, https:\/\/hoyre.no\/content\/uploads\/sites\/299\/2022\/08\/oskar-sma\u030avik-1-768x766.jpeg 768w\" sizes=\"auto, (max-width: 960px) 100vw, 960px\" \/ data-full-url=\"https:\/\/hoyre.no\/content\/uploads\/sites\/299\/2022\/08\/oskar-sma\u030avik-1.jpeg\" data-id=\"36\" data-caption=\"36\"\/><\/a><\/figure><\/li><\/ul><\/figure>\n\n\n\n<h2 class=\"wp-block-heading has-text-align-center\">Oskar sin hjertesak<\/h2>\n\n\n\n<p class=\"is-style-default\">\ud83d\udc99 <strong>Indre Fosen skal bli en JA-kommune<\/strong><\/p>\n\n\n\n<p class=\"is-style-default\">Vi skal fronte v\u00e5r H\u00f8yre-politikk og f\u00e5 kommunen tilbake til en ja-kommune! En kommune folk vil flytte til og etablere seg i. Det er kjent at kommunen ikke er s\u00e5 godt \u00f8konomisk stilt for tiden, og det m\u00e5 vi gj\u00f8re noe med. Jeg mener det begynner med n\u00e6ringsliv, arbeidsplasser og bolyst.<\/p>\n\n\n\n<p><\/p>\n\n","protected":false},"excerpt":{"rendered":"","protected":false},"author":31684,"featured_media":0,"parent":3,"menu_order":0,"comment_status":"closed","ping_status":"closed","template":"","meta":{"teft_cards_image_url":"","teft_cards_custom_pretitle":"","teft_cards_image_id":36,"teft_cards_image_focal_point_x":0.5,"teft_cards_image_focal_point_y":0.5,"teft_cards_title":"Oskar Sm\u00e5vik - ordf\u00f8rerkandidat","teft_cards_excerpt":"","teft_show_chapters":false,"footnotes":""},"class_list":["post-32","page","type-page","status-publish","hentry"],"yoast_head":"<!-- This site is optimized with the Yoast SEO plugin v26.6 - https:\/\/yoast.com\/wordpress\/plugins\/seo\/ -->\n<title>Oskar Sm\u00e5vik - v\u00e5r ordf\u00f8rerkandidat - Indre Fosen H\u00f8yre<\/title>\n<meta name=\"robots\" content=\"index, follow, max-snippet:-1, max-image-preview:large, max-video-preview:-1\" \/>\n<link rel=\"canonical\" href=\"https:\/\/hoyre.no\/indre-fosen\/forsiden\/oskar-smavik-var-ordforerkandidat\/\" \/>\n<meta property=\"og:locale\" content=\"nb_NO\" \/>\n<meta property=\"og:type\" content=\"article\" \/>\n<meta property=\"og:title\" content=\"Oskar Sm\u00e5vik - v\u00e5r ordf\u00f8rerkandidat - Indre Fosen H\u00f8yre\" \/>\n<meta property=\"og:url\" content=\"https:\/\/hoyre.no\/indre-fosen\/forsiden\/oskar-smavik-var-ordforerkandidat\/\" \/>\n<meta property=\"og:site_name\" content=\"Indre Fosen H\u00f8yre\" \/>\n<meta property=\"article:modified_time\" content=\"2025-02-10T14:22:11+00:00\" \/>\n<meta property=\"og:image\" content=\"https:\/\/hoyre.no\/content\/uploads\/sites\/299\/2022\/08\/oskar-sma\u030avik-1.jpeg\" \/>\n<meta name=\"twitter:card\" content=\"summary_large_image\" \/>\n<meta name=\"twitter:label1\" content=\"Ansl. lesetid\" \/>\n\t<meta name=\"twitter:data1\" content=\"2 minutter\" \/>\n<script type=\"application\/ld+json\" class=\"yoast-schema-graph\">{\"@context\":\"https:\/\/schema.org\",\"@graph\":[{\"@type\":\"WebPage\",\"@id\":\"https:\/\/hoyre.no\/indre-fosen\/forsiden\/oskar-smavik-var-ordforerkandidat\/\",\"url\":\"https:\/\/hoyre.no\/indre-fosen\/forsiden\/oskar-smavik-var-ordforerkandidat\/\",\"name\":\"Oskar Sm\u00e5vik - v\u00e5r ordf\u00f8rerkandidat - Indre Fosen H\u00f8yre\",\"isPartOf\":{\"@id\":\"https:\/\/hoyre.no\/indre-fosen\/#website\"},\"datePublished\":\"2022-10-31T13:35:31+00:00\",\"dateModified\":\"2025-02-10T14:22:11+00:00\",\"breadcrumb\":{\"@id\":\"https:\/\/hoyre.no\/indre-fosen\/forsiden\/oskar-smavik-var-ordforerkandidat\/#breadcrumb\"},\"inLanguage\":\"nb-NO\",\"potentialAction\":[{\"@type\":\"ReadAction\",\"target\":[\"https:\/\/hoyre.no\/indre-fosen\/forsiden\/oskar-smavik-var-ordforerkandidat\/\"]}]},{\"@type\":\"BreadcrumbList\",\"@id\":\"https:\/\/hoyre.no\/indre-fosen\/forsiden\/oskar-smavik-var-ordforerkandidat\/#breadcrumb\",\"itemListElement\":[{\"@type\":\"ListItem\",\"position\":1,\"name\":\"Til hoyre.no\",\"item\":\"https:\/\/hoyre.no\"},{\"@type\":\"ListItem\",\"position\":2,\"name\":\"Hjem\",\"item\":\"https:\/\/hoyre.no\/indre-fosen\/\"},{\"@type\":\"ListItem\",\"position\":3,\"name\":\"Forsiden\",\"item\":\"https:\/\/hoyre.no\/indre-fosen\/\"},{\"@type\":\"ListItem\",\"position\":4,\"name\":\"Oskar Sm\u00e5vik &#8211; v\u00e5r ordf\u00f8rerkandidat\"}]},{\"@type\":\"WebSite\",\"@id\":\"https:\/\/hoyre.no\/indre-fosen\/#website\",\"url\":\"https:\/\/hoyre.no\/indre-fosen\/\",\"name\":\"Indre Fosen H\u00f8yre\",\"description\":\"Bare enda et H\u00f8yres nettsteder-nettsted\",\"inLanguage\":\"nb-NO\"}]}<\/script>\n<!-- \/ Yoast SEO plugin. -->","yoast_head_json":{"title":"Oskar Sm\u00e5vik - v\u00e5r ordf\u00f8rerkandidat - Indre Fosen H\u00f8yre","robots":{"index":"index","follow":"follow","max-snippet":"max-snippet:-1","max-image-preview":"max-image-preview:large","max-video-preview":"max-video-preview:-1"},"canonical":"https:\/\/hoyre.no\/indre-fosen\/forsiden\/oskar-smavik-var-ordforerkandidat\/","og_locale":"nb_NO","og_type":"article","og_title":"Oskar Sm\u00e5vik - v\u00e5r ordf\u00f8rerkandidat - Indre Fosen H\u00f8yre","og_url":"https:\/\/hoyre.no\/indre-fosen\/forsiden\/oskar-smavik-var-ordforerkandidat\/","og_site_name":"Indre Fosen H\u00f8yre","article_modified_time":"2025-02-10T14:22:11+00:00","og_image":[{"url":"https:\/\/hoyre.no\/content\/uploads\/sites\/299\/2022\/08\/oskar-sma\u030avik-1.jpeg","width":"","height":"","type":""}],"twitter_card":"summary_large_image","twitter_misc":{"Ansl. lesetid":"2 minutter"},"schema":{"@context":"https:\/\/schema.org","@graph":[{"@type":"WebPage","@id":"https:\/\/hoyre.no\/indre-fosen\/forsiden\/oskar-smavik-var-ordforerkandidat\/","url":"https:\/\/hoyre.no\/indre-fosen\/forsiden\/oskar-smavik-var-ordforerkandidat\/","name":"Oskar Sm\u00e5vik - v\u00e5r ordf\u00f8rerkandidat - Indre Fosen H\u00f8yre","isPartOf":{"@id":"https:\/\/hoyre.no\/indre-fosen\/#website"},"datePublished":"2022-10-31T13:35:31+00:00","dateModified":"2025-02-10T14:22:11+00:00","breadcrumb":{"@id":"https:\/\/hoyre.no\/indre-fosen\/forsiden\/oskar-smavik-var-ordforerkandidat\/#breadcrumb"},"inLanguage":"nb-NO","potentialAction":[{"@type":"ReadAction","target":["https:\/\/hoyre.no\/indre-fosen\/forsiden\/oskar-smavik-var-ordforerkandidat\/"]}]},{"@type":"BreadcrumbList","@id":"https:\/\/hoyre.no\/indre-fosen\/forsiden\/oskar-smavik-var-ordforerkandidat\/#breadcrumb","itemListElement":[{"@type":"ListItem","position":1,"name":"Til hoyre.no","item":"https:\/\/hoyre.no"},{"@type":"ListItem","position":2,"name":"Hjem","item":"https:\/\/hoyre.no\/indre-fosen\/"},{"@type":"ListItem","position":3,"name":"Forsiden","item":"https:\/\/hoyre.no\/indre-fosen\/"},{"@type":"ListItem","position":4,"name":"Oskar Sm\u00e5vik &#8211; v\u00e5r ordf\u00f8rerkandidat"}]},{"@type":"WebSite","@id":"https:\/\/hoyre.no\/indre-fosen\/#website","url":"https:\/\/hoyre.no\/indre-fosen\/","name":"Indre Fosen H\u00f8yre","description":"Bare enda et H\u00f8yres nettsteder-nettsted","inLanguage":"nb-NO"}]}},"distributor_meta":false,"distributor_terms":false,"distributor_media":false,"distributor_original_site_name":"Indre Fosen H\u00f8yre","distributor_original_site_url":"https:\/\/hoyre.no\/indre-fosen","push-errors":false,"_links":{"self":[{"href":"https:\/\/hoyre.no\/indre-fosen\/wp-json\/wp\/v2\/pages\/32","targetHints":{"allow":["GET"]}}],"collection":[{"href":"https:\/\/hoyre.no\/indre-fosen\/wp-json\/wp\/v2\/pages"}],"about":[{"href":"https:\/\/hoyre.no\/indre-fosen\/wp-json\/wp\/v2\/types\/page"}],"author":[{"embeddable":true,"href":"https:\/\/hoyre.no\/indre-fosen\/wp-json\/wp\/v2\/users\/31684"}],"replies":[{"embeddable":true,"href":"https:\/\/hoyre.no\/indre-fosen\/wp-json\/wp\/v2\/comments?post=32"}],"version-history":[{"count":12,"href":"https:\/\/hoyre.no\/indre-fosen\/wp-json\/wp\/v2\/pages\/32\/revisions"}],"predecessor-version":[{"id":127,"href":"https:\/\/hoyre.no\/indre-fosen\/wp-json\/wp\/v2\/pages\/32\/revisions\/127"}],"up":[{"embeddable":true,"href":"https:\/\/hoyre.no\/indre-fosen\/wp-json\/wp\/v2\/pages\/3"}],"wp:attachment":[{"href":"https:\/\/hoyre.no\/indre-fosen\/wp-json\/wp\/v2\/media?parent=32"}],"curies":[{"name":"wp","href":"https:\/\/api.w.org\/{rel}","templated":true}]}}