{"id":65,"date":"2023-01-11T09:23:25","date_gmt":"2023-01-11T08:23:25","guid":{"rendered":"https:\/\/hoyre.no\/indre-fosen\/?page_id=65"},"modified":"2023-08-03T15:29:03","modified_gmt":"2023-08-03T13:29:03","slug":"5-grunner-til-a-stemme-pa-indre-fosen-hoyre","status":"publish","type":"page","link":"https:\/\/hoyre.no\/indre-fosen\/forsiden\/5-grunner-til-a-stemme-pa-indre-fosen-hoyre\/","title":{"rendered":"Fem grunner til \u00e5 stemme p\u00e5 Indre Fosen H\u00f8yre"},"content":{"rendered":"\n<div class=\"wp-block-hoyre-hero with-image-gradient text-color-light  has-media alignfull has-background\"><div class=\"hoyre-hero has-image\"><h1 class=\"title\">Fem grunner til \u00e5 stemme p\u00e5 Indre Fosen H\u00f8yre<\/h1><figure class=\"hoyre-image-wrapper\"><div class=\"hoyre-image\"><img loading=\"lazy\" decoding=\"async\" width=\"1536\" height=\"2048\" src=\"https:\/\/hoyre.no\/content\/uploads\/sites\/299\/2022\/08\/oskar-og-mari.jpeg\" class=\"attachment-scaled size-scaled\" alt=\"\" style=\"object-position: 50% 50%\" srcset=\"https:\/\/hoyre.no\/content\/uploads\/sites\/299\/2022\/08\/oskar-og-mari.jpeg 1536w, https:\/\/hoyre.no\/content\/uploads\/sites\/299\/2022\/08\/oskar-og-mari-225x300.jpeg 225w, https:\/\/hoyre.no\/content\/uploads\/sites\/299\/2022\/08\/oskar-og-mari-768x1024.jpeg 768w, https:\/\/hoyre.no\/content\/uploads\/sites\/299\/2022\/08\/oskar-og-mari-1152x1536.jpeg 1152w\" sizes=\"auto, (max-width: 1536px) 100vw, 1536px\" \/><\/div><\/figure><\/div><\/div>\n\n\n\n\n<div class=\"wp-block-hoyre-banner alignwide undefined  is-style-dark\"><div class=\"banner-inner\"><figure class=\"hoyre-image-wrapper\"><div class=\"hoyre-image\"><img loading=\"lazy\" decoding=\"async\" width=\"960\" height=\"957\" src=\"https:\/\/hoyre.no\/content\/uploads\/sites\/299\/2022\/08\/oskar-sma\u030avik.jpeg\" class=\"attachment-scaled size-scaled\" alt=\"\" style=\"object-position: 52% 57.99999999999999%\" srcset=\"https:\/\/hoyre.no\/content\/uploads\/sites\/299\/2022\/08\/oskar-sma\u030avik.jpeg 960w, https:\/\/hoyre.no\/content\/uploads\/sites\/299\/2022\/08\/oskar-sma\u030avik-300x300.jpeg 300w, https:\/\/hoyre.no\/content\/uploads\/sites\/299\/2022\/08\/oskar-sma\u030avik-150x150.jpeg 150w, https:\/\/hoyre.no\/content\/uploads\/sites\/299\/2022\/08\/oskar-sma\u030avik-768x766.jpeg 768w\" sizes=\"auto, (max-width: 960px) 100vw, 960px\" \/><\/div><\/figure><div class=\"banner-content\"><div class=\"entry-content\">\n<h2 class=\"wp-block-heading\">Mulighetenes kommune<\/h2>\n\n\n\n<p>Indre Fosen er Trondheimfjordens kinderegg. Det handler om utvikling og muligheter i stedet for begrensninger. Skole og kompetanse er grunnlaget for liv i bygdene og bedriftene. Vi skal tilrettelegge for n\u00e6ringslivet med forutsigbare rammevilk\u00e5r. H\u00f8yre vil jobbe for bru over Stj\u00f8rnfjorden og Trondheimsfjorden.<\/p>\n\n\n\n<div class=\"wp-block-buttons is-layout-flex wp-block-buttons-is-layout-flex\"><\/div>\n<\/div><\/div><\/div><\/div>\n\n\n\n<div class=\"wp-block-media-text alignwide is-stacked-on-mobile is-vertically-aligned-center\"><figure class=\"wp-block-media-text__media\"><img loading=\"lazy\" decoding=\"async\" width=\"1024\" height=\"683\" src=\"https:\/\/hoyre.no\/content\/uploads\/sites\/299\/2023\/01\/GettyImages-1269296368-1024x683.jpg\" alt=\"\" class=\"wp-image-67 size-full\" srcset=\"https:\/\/hoyre.no\/content\/uploads\/sites\/299\/2023\/01\/GettyImages-1269296368-1024x683.jpg 1024w, https:\/\/hoyre.no\/content\/uploads\/sites\/299\/2023\/01\/GettyImages-1269296368-300x200.jpg 300w, https:\/\/hoyre.no\/content\/uploads\/sites\/299\/2023\/01\/GettyImages-1269296368-768x512.jpg 768w, https:\/\/hoyre.no\/content\/uploads\/sites\/299\/2023\/01\/GettyImages-1269296368-1536x1024.jpg 1536w, https:\/\/hoyre.no\/content\/uploads\/sites\/299\/2023\/01\/GettyImages-1269296368-2048x1365.jpg 2048w\" sizes=\"auto, (max-width: 1024px) 100vw, 1024px\" \/><\/figure><div class=\"wp-block-media-text__content\">\n\n<h2 class=\"wp-block-heading\" id=\"h-1-vi-skal-bli-flere-bergensere\">1. <strong>Skolestruk<\/strong>tur<\/h2>\n\n\n<p><strong>Skolene<\/strong>: Vi \u00f8nsker en skole hvor elevene settes i sentrum. Vi skal satse p\u00e5 dyktige l\u00e6rere og \u00e5 bygge lag rundt eleven, fordi vi \u00f8nsker \u00e5 gi barna i Indre Fosen det beste utgangspunktet i livet. H\u00f8yre g\u00e5r til valg p\u00e5 \u00e5 bevare dagens skoler der det er elevgrunnlag for det!<\/p>\n\n<\/div><\/div>\n\n\n\n<div class=\"wp-block-media-text alignwide has-media-on-the-right is-stacked-on-mobile is-vertically-aligned-center\"><figure class=\"wp-block-media-text__media\"><img loading=\"lazy\" decoding=\"async\" width=\"1024\" height=\"683\" src=\"https:\/\/hoyre.no\/content\/uploads\/sites\/299\/2023\/01\/oomZ6nJE-1024x683.jpeg\" alt=\"\" class=\"wp-image-68 size-full\" srcset=\"https:\/\/hoyre.no\/content\/uploads\/sites\/299\/2023\/01\/oomZ6nJE-1024x683.jpeg 1024w, https:\/\/hoyre.no\/content\/uploads\/sites\/299\/2023\/01\/oomZ6nJE-300x200.jpeg 300w, https:\/\/hoyre.no\/content\/uploads\/sites\/299\/2023\/01\/oomZ6nJE-768x512.jpeg 768w, https:\/\/hoyre.no\/content\/uploads\/sites\/299\/2023\/01\/oomZ6nJE-1536x1024.jpeg 1536w, https:\/\/hoyre.no\/content\/uploads\/sites\/299\/2023\/01\/oomZ6nJE-2048x1365.jpeg 2048w\" sizes=\"auto, (max-width: 1024px) 100vw, 1024px\" \/><\/figure><div class=\"wp-block-media-text__content\">\n\n<h2 class=\"wp-block-heading\" id=\"h-2-hoyre-vil-fa-laerelyst-tilbake-i-bergensskolen\">2. <strong>Ja-kommune&nbsp;&nbsp;<\/strong><\/h2>\n\n\n<p>Indre Fosen H\u00f8yre \u00f8nsker kortest mulig saksbehandlingstid og en politikk og planverk som er oppdatert. Vi \u00f8nsker \u00e5 m\u00f8te folk og n\u00e6ringsliv med en Ja-holdning. Det betyr raskere saksbehandlingstid og at vi vil legge til rette for flere boliger og arbeidsplasser der folk \u00f8nsker \u00e5 etablere seg.&nbsp; Befolkningsvekst er pri 1 for alt vi gj\u00f8r i kommunen.<\/p>\n\n<\/div><\/div>\n\n\n\n<div class=\"wp-block-media-text alignwide is-stacked-on-mobile is-vertically-aligned-center\"><figure class=\"wp-block-media-text__media\"><img loading=\"lazy\" decoding=\"async\" width=\"1024\" height=\"683\" src=\"https:\/\/hoyre.no\/content\/uploads\/sites\/299\/2023\/01\/C4d2eWC4-1024x683.jpeg\" alt=\"\" class=\"wp-image-69 size-full\" srcset=\"https:\/\/hoyre.no\/content\/uploads\/sites\/299\/2023\/01\/C4d2eWC4-1024x683.jpeg 1024w, https:\/\/hoyre.no\/content\/uploads\/sites\/299\/2023\/01\/C4d2eWC4-300x200.jpeg 300w, https:\/\/hoyre.no\/content\/uploads\/sites\/299\/2023\/01\/C4d2eWC4-768x512.jpeg 768w, https:\/\/hoyre.no\/content\/uploads\/sites\/299\/2023\/01\/C4d2eWC4-1536x1024.jpeg 1536w, https:\/\/hoyre.no\/content\/uploads\/sites\/299\/2023\/01\/C4d2eWC4-2048x1365.jpeg 2048w\" sizes=\"auto, (max-width: 1024px) 100vw, 1024px\" \/><\/figure><div class=\"wp-block-media-text__content\">\n\n<h2 class=\"wp-block-heading\" id=\"h-3-bergen-hele-livet\">3. <strong><strong><strong>Kommune\u00f8konomi<\/strong><\/strong><\/strong><\/h2>\n\n\n<p> Ved \u00e5 bruke skattebetalernes penger p\u00e5 en klok m\u00e5te, \u00f8nsker vi \u00e5 unng\u00e5 diskusjoner om nedleggelser og heller f\u00e5 diskusjoner om hvordan f\u00e5 befolkningsvekst og styrket kvalitet p\u00e5 tjenestene. P\u00e5 sikt er v\u00e5rt m\u00e5l \u00e5 fjerne eiendomsskatten, slik at folk f\u00e5r beholde mer av sine egne penger.<\/p>\n\n<\/div><\/div>\n\n\n\n<div class=\"wp-block-media-text alignwide has-media-on-the-right is-stacked-on-mobile is-vertically-aligned-center\"><figure class=\"wp-block-media-text__media\"><img loading=\"lazy\" decoding=\"async\" width=\"1024\" height=\"654\" src=\"https:\/\/hoyre.no\/content\/uploads\/sites\/299\/2023\/01\/T_1SW92A-1024x654.jpeg\" alt=\"\" class=\"wp-image-70 size-full\" srcset=\"https:\/\/hoyre.no\/content\/uploads\/sites\/299\/2023\/01\/T_1SW92A-1024x654.jpeg 1024w, https:\/\/hoyre.no\/content\/uploads\/sites\/299\/2023\/01\/T_1SW92A-300x192.jpeg 300w, https:\/\/hoyre.no\/content\/uploads\/sites\/299\/2023\/01\/T_1SW92A-768x490.jpeg 768w, https:\/\/hoyre.no\/content\/uploads\/sites\/299\/2023\/01\/T_1SW92A-1536x981.jpeg 1536w, https:\/\/hoyre.no\/content\/uploads\/sites\/299\/2023\/01\/T_1SW92A-2048x1308.jpeg 2048w\" sizes=\"auto, (max-width: 1024px) 100vw, 1024px\" \/><\/figure><div class=\"wp-block-media-text__content\">\n\n<h2 class=\"wp-block-heading\">4. <strong>Kvalitet i omsorg<\/strong>en<\/h2>\n\n\n<p> H\u00f8yre har mennesket i sentrum, ikke systemet. I 2030 er vi nesten 2500 eldre i Indre Fosen. Derfor trenger vi flere gode botilbud og aktiviteter tilpasset de eldres behov. Vi m\u00e5 legge til rette for at folk kan bli boende hjemme lengre. V\u00e5re eldre fortjener \u00e5 bli m\u00f8tt med tilpasset omsorg, aktivitet og riktig ern\u00e6ring.<\/p>\n\n<\/div><\/div>\n\n\n\n<div class=\"wp-block-media-text alignwide is-stacked-on-mobile\"><figure class=\"wp-block-media-text__media\"><img loading=\"lazy\" decoding=\"async\" width=\"1024\" height=\"683\" src=\"https:\/\/hoyre.no\/content\/uploads\/sites\/299\/2023\/01\/SJcyowwM-1024x683.jpeg\" alt=\"\" class=\"wp-image-71 size-full\" srcset=\"https:\/\/hoyre.no\/content\/uploads\/sites\/299\/2023\/01\/SJcyowwM-1024x683.jpeg 1024w, https:\/\/hoyre.no\/content\/uploads\/sites\/299\/2023\/01\/SJcyowwM-300x200.jpeg 300w, https:\/\/hoyre.no\/content\/uploads\/sites\/299\/2023\/01\/SJcyowwM-768x512.jpeg 768w, https:\/\/hoyre.no\/content\/uploads\/sites\/299\/2023\/01\/SJcyowwM-1536x1024.jpeg 1536w, https:\/\/hoyre.no\/content\/uploads\/sites\/299\/2023\/01\/SJcyowwM-2048x1366.jpeg 2048w\" sizes=\"auto, (max-width: 1024px) 100vw, 1024px\" \/><\/figure><div class=\"wp-block-media-text__content\">\n\n<h2 class=\"wp-block-heading\"><strong>5. <strong><strong>Jobbe for \u00e5 bygge bro til \u00d8rland og Trondheim<\/strong><\/strong><\/strong><\/h2>\n\n\n<p>Indre Fosen er Trondheimfjordens perle, hvor det er potensial for \u00e5 bosette langt flere. Ved \u00e5 bygge bro, vil vi f\u00e5 et felles bo- og arbeidsmarked, og utviklingen p\u00e5 Indre Fosen kan skyte fart.&nbsp;<\/p>\n\n<\/div><\/div>\n\n\n\n<div class=\"wp-block-hoyre-banner undefined\"><div class=\"banner-inner\"><figure class=\"hoyre-image-wrapper\"><div class=\"hoyre-image\"><img loading=\"lazy\" decoding=\"async\" width=\"1536\" height=\"2048\" src=\"https:\/\/hoyre.no\/content\/uploads\/sites\/299\/2022\/08\/oskar-og-erna.jpeg\" class=\"attachment-scaled size-scaled\" alt=\"\" style=\"object-position: 52% 41%\" srcset=\"https:\/\/hoyre.no\/content\/uploads\/sites\/299\/2022\/08\/oskar-og-erna.jpeg 1536w, https:\/\/hoyre.no\/content\/uploads\/sites\/299\/2022\/08\/oskar-og-erna-225x300.jpeg 225w, https:\/\/hoyre.no\/content\/uploads\/sites\/299\/2022\/08\/oskar-og-erna-768x1024.jpeg 768w, https:\/\/hoyre.no\/content\/uploads\/sites\/299\/2022\/08\/oskar-og-erna-1152x1536.jpeg 1152w\" sizes=\"auto, (max-width: 1536px) 100vw, 1536px\" \/><\/div><\/figure><div class=\"banner-content\"><div class=\"entry-content\">\n<h2 class=\"wp-block-heading\">Bli kjent med Indre Fosen H\u00f8yres ordf\u00f8rerkandidat Oskar!<\/h2>\n\n\n\n<div class=\"wp-block-buttons is-style-default is-horizontal is-content-justification-center is-layout-flex wp-container-core-buttons-is-layout-499968f5 wp-block-buttons-is-layout-flex\">\n<div class=\"wp-block-button aligncenter is-style-outline is-style-outline--1\"><a class=\"wp-block-button__link\" href=\"https:\/\/hoyre.no\/indre-fosen\/forsiden\/oskar-smavik-var-ordforerkandidat\/\">TRYKK HER<\/a><\/div>\n<\/div>\n<\/div><\/div><\/div><\/div>\n\n\n\n<div class=\"wp-block hoyre-section alignfull has-background is-style-light-blue wp-block-hoyre-section\"><div class=\"inner-blocks alignwide\">\n\n<h1 class=\"has-text-align-center wp-block-heading\" id=\"h-finn-ditt-valglokale\">Finn ditt n\u00e6rmeste valglokale<\/h1>\n\n\n\n<p class=\"has-text-align-center\">Du kan forh\u00e5ndsstemme fra 10. august til og med 8. september. I denne perioden kan du stemme i valglokaler over hele landet. Se oversikt over lokale valglokaler og \u00e5pningstider her:<\/p>\n\n\n\n<div class=\"wp-block-buttons is-layout-flex wp-block-buttons-is-layout-flex\">\n<div class=\"wp-block-button aligncenter is-style-fill\"><a class=\"wp-block-button__link\" href=\"https:\/\/www.valg.no\/valglokaler\/valglokaler2\/stem-pa-forhand\/?mpid=5054\" target=\"_blank\" rel=\"noreferrer noopener\">lokaler for forh\u00e5ndsstemming<\/a><\/div>\n<\/div>\n\n\n\n<p class=\"has-text-align-center\">Valgdagen i \u00e5r er mandag 11. september. P\u00e5 valgdagen m\u00e5 du stemme i Indre Fosen kommune. Se oversikt over lokale valglokaler og \u00e5pningstider her:<\/p>\n\n\n\n<div class=\"wp-block-buttons is-layout-flex wp-block-buttons-is-layout-flex\">\n<div class=\"wp-block-button aligncenter\"><a class=\"wp-block-button__link\" href=\"https:\/\/www.valg.no\/valglokaler\/valglokaler2\/stemme-pa-valgdagen\/?mpid=5054\" target=\"_blank\" rel=\"noreferrer noopener\">valglokaler p\u00e5 valgdagen<\/a><\/div>\n<\/div>\n\n\n\n<p class=\"has-text-align-center\"><strong>Husk \u00e5 ta med legitimasjon n\u00e5r du skal stemme. Godt valg!<\/strong><\/p>\n\n<\/div><\/div>","protected":false},"excerpt":{"rendered":"","protected":false},"author":15381,"featured_media":0,"parent":3,"menu_order":0,"comment_status":"closed","ping_status":"closed","template":"","meta":{"teft_cards_image_url":"","teft_cards_custom_pretitle":"","teft_cards_image_id":0,"teft_cards_image_focal_point_x":0,"teft_cards_image_focal_point_y":0,"teft_cards_title":"","teft_cards_excerpt":"","teft_show_chapters":false,"footnotes":""},"class_list":["post-65","page","type-page","status-publish","hentry"],"yoast_head":"<!-- This site is optimized with the Yoast SEO plugin v26.6 - https:\/\/yoast.com\/wordpress\/plugins\/seo\/ -->\n<title>Fem grunner til \u00e5 stemme p\u00e5 Indre Fosen H\u00f8yre - Indre Fosen H\u00f8yre<\/title>\n<meta name=\"robots\" content=\"index, follow, max-snippet:-1, max-image-preview:large, max-video-preview:-1\" \/>\n<link rel=\"canonical\" href=\"https:\/\/hoyre.no\/indre-fosen\/forsiden\/5-grunner-til-a-stemme-pa-indre-fosen-hoyre\/\" \/>\n<meta property=\"og:locale\" content=\"nb_NO\" \/>\n<meta property=\"og:type\" content=\"article\" \/>\n<meta property=\"og:title\" content=\"Fem grunner til \u00e5 stemme p\u00e5 Indre Fosen H\u00f8yre - Indre Fosen H\u00f8yre\" \/>\n<meta property=\"og:url\" content=\"https:\/\/hoyre.no\/indre-fosen\/forsiden\/5-grunner-til-a-stemme-pa-indre-fosen-hoyre\/\" \/>\n<meta property=\"og:site_name\" content=\"Indre Fosen H\u00f8yre\" \/>\n<meta property=\"article:modified_time\" content=\"2023-08-03T13:29:03+00:00\" \/>\n<meta property=\"og:image\" content=\"https:\/\/hoyre.no\/content\/uploads\/sites\/299\/2023\/01\/GettyImages-1269296368-1024x683.jpg\" \/>\n<meta name=\"twitter:card\" content=\"summary_large_image\" \/>\n<meta name=\"twitter:label1\" content=\"Ansl. lesetid\" \/>\n\t<meta name=\"twitter:data1\" content=\"4 minutter\" \/>\n<script type=\"application\/ld+json\" class=\"yoast-schema-graph\">{\"@context\":\"https:\/\/schema.org\",\"@graph\":[{\"@type\":\"WebPage\",\"@id\":\"https:\/\/hoyre.no\/indre-fosen\/forsiden\/5-grunner-til-a-stemme-pa-indre-fosen-hoyre\/\",\"url\":\"https:\/\/hoyre.no\/indre-fosen\/forsiden\/5-grunner-til-a-stemme-pa-indre-fosen-hoyre\/\",\"name\":\"Fem grunner til \u00e5 stemme p\u00e5 Indre Fosen H\u00f8yre - Indre Fosen H\u00f8yre\",\"isPartOf\":{\"@id\":\"https:\/\/hoyre.no\/indre-fosen\/#website\"},\"image\":{\"@id\":\"https:\/\/hoyre.no\/indre-fosen\/forsiden\/5-grunner-til-a-stemme-pa-indre-fosen-hoyre\/#primaryimage\"},\"thumbnailUrl\":\"https:\/\/hoyre.no\/content\/uploads\/sites\/299\/2023\/01\/GettyImages-1269296368-1024x683.jpg\",\"datePublished\":\"2023-01-11T08:23:25+00:00\",\"dateModified\":\"2023-08-03T13:29:03+00:00\",\"breadcrumb\":{\"@id\":\"https:\/\/hoyre.no\/indre-fosen\/forsiden\/5-grunner-til-a-stemme-pa-indre-fosen-hoyre\/#breadcrumb\"},\"inLanguage\":\"nb-NO\",\"potentialAction\":[{\"@type\":\"ReadAction\",\"target\":[\"https:\/\/hoyre.no\/indre-fosen\/forsiden\/5-grunner-til-a-stemme-pa-indre-fosen-hoyre\/\"]}]},{\"@type\":\"ImageObject\",\"inLanguage\":\"nb-NO\",\"@id\":\"https:\/\/hoyre.no\/indre-fosen\/forsiden\/5-grunner-til-a-stemme-pa-indre-fosen-hoyre\/#primaryimage\",\"url\":\"https:\/\/hoyre.no\/content\/uploads\/sites\/299\/2023\/01\/GettyImages-1269296368-1024x683.jpg\",\"contentUrl\":\"https:\/\/hoyre.no\/content\/uploads\/sites\/299\/2023\/01\/GettyImages-1269296368-1024x683.jpg\"},{\"@type\":\"BreadcrumbList\",\"@id\":\"https:\/\/hoyre.no\/indre-fosen\/forsiden\/5-grunner-til-a-stemme-pa-indre-fosen-hoyre\/#breadcrumb\",\"itemListElement\":[{\"@type\":\"ListItem\",\"position\":1,\"name\":\"Til hoyre.no\",\"item\":\"https:\/\/hoyre.no\"},{\"@type\":\"ListItem\",\"position\":2,\"name\":\"Hjem\",\"item\":\"https:\/\/hoyre.no\/indre-fosen\/\"},{\"@type\":\"ListItem\",\"position\":3,\"name\":\"Forsiden\",\"item\":\"https:\/\/hoyre.no\/indre-fosen\/\"},{\"@type\":\"ListItem\",\"position\":4,\"name\":\"Fem grunner til \u00e5 stemme p\u00e5 Indre Fosen H\u00f8yre\"}]},{\"@type\":\"WebSite\",\"@id\":\"https:\/\/hoyre.no\/indre-fosen\/#website\",\"url\":\"https:\/\/hoyre.no\/indre-fosen\/\",\"name\":\"Indre Fosen H\u00f8yre\",\"description\":\"Bare enda et H\u00f8yres nettsteder-nettsted\",\"inLanguage\":\"nb-NO\"}]}<\/script>\n<!-- \/ Yoast SEO plugin. -->","yoast_head_json":{"title":"Fem grunner til \u00e5 stemme p\u00e5 Indre Fosen H\u00f8yre - Indre Fosen H\u00f8yre","robots":{"index":"index","follow":"follow","max-snippet":"max-snippet:-1","max-image-preview":"max-image-preview:large","max-video-preview":"max-video-preview:-1"},"canonical":"https:\/\/hoyre.no\/indre-fosen\/forsiden\/5-grunner-til-a-stemme-pa-indre-fosen-hoyre\/","og_locale":"nb_NO","og_type":"article","og_title":"Fem grunner til \u00e5 stemme p\u00e5 Indre Fosen H\u00f8yre - Indre Fosen H\u00f8yre","og_url":"https:\/\/hoyre.no\/indre-fosen\/forsiden\/5-grunner-til-a-stemme-pa-indre-fosen-hoyre\/","og_site_name":"Indre Fosen H\u00f8yre","article_modified_time":"2023-08-03T13:29:03+00:00","og_image":[{"url":"https:\/\/hoyre.no\/content\/uploads\/sites\/299\/2023\/01\/GettyImages-1269296368-1024x683.jpg","type":"","width":"","height":""}],"twitter_card":"summary_large_image","twitter_misc":{"Ansl. lesetid":"4 minutter"},"schema":{"@context":"https:\/\/schema.org","@graph":[{"@type":"WebPage","@id":"https:\/\/hoyre.no\/indre-fosen\/forsiden\/5-grunner-til-a-stemme-pa-indre-fosen-hoyre\/","url":"https:\/\/hoyre.no\/indre-fosen\/forsiden\/5-grunner-til-a-stemme-pa-indre-fosen-hoyre\/","name":"Fem grunner til \u00e5 stemme p\u00e5 Indre Fosen H\u00f8yre - Indre Fosen H\u00f8yre","isPartOf":{"@id":"https:\/\/hoyre.no\/indre-fosen\/#website"},"image":{"@id":"https:\/\/hoyre.no\/indre-fosen\/forsiden\/5-grunner-til-a-stemme-pa-indre-fosen-hoyre\/#primaryimage"},"thumbnailUrl":"https:\/\/hoyre.no\/content\/uploads\/sites\/299\/2023\/01\/GettyImages-1269296368-1024x683.jpg","datePublished":"2023-01-11T08:23:25+00:00","dateModified":"2023-08-03T13:29:03+00:00","breadcrumb":{"@id":"https:\/\/hoyre.no\/indre-fosen\/forsiden\/5-grunner-til-a-stemme-pa-indre-fosen-hoyre\/#breadcrumb"},"inLanguage":"nb-NO","potentialAction":[{"@type":"ReadAction","target":["https:\/\/hoyre.no\/indre-fosen\/forsiden\/5-grunner-til-a-stemme-pa-indre-fosen-hoyre\/"]}]},{"@type":"ImageObject","inLanguage":"nb-NO","@id":"https:\/\/hoyre.no\/indre-fosen\/forsiden\/5-grunner-til-a-stemme-pa-indre-fosen-hoyre\/#primaryimage","url":"https:\/\/hoyre.no\/content\/uploads\/sites\/299\/2023\/01\/GettyImages-1269296368-1024x683.jpg","contentUrl":"https:\/\/hoyre.no\/content\/uploads\/sites\/299\/2023\/01\/GettyImages-1269296368-1024x683.jpg"},{"@type":"BreadcrumbList","@id":"https:\/\/hoyre.no\/indre-fosen\/forsiden\/5-grunner-til-a-stemme-pa-indre-fosen-hoyre\/#breadcrumb","itemListElement":[{"@type":"ListItem","position":1,"name":"Til hoyre.no","item":"https:\/\/hoyre.no"},{"@type":"ListItem","position":2,"name":"Hjem","item":"https:\/\/hoyre.no\/indre-fosen\/"},{"@type":"ListItem","position":3,"name":"Forsiden","item":"https:\/\/hoyre.no\/indre-fosen\/"},{"@type":"ListItem","position":4,"name":"Fem grunner til \u00e5 stemme p\u00e5 Indre Fosen H\u00f8yre"}]},{"@type":"WebSite","@id":"https:\/\/hoyre.no\/indre-fosen\/#website","url":"https:\/\/hoyre.no\/indre-fosen\/","name":"Indre Fosen H\u00f8yre","description":"Bare enda et H\u00f8yres nettsteder-nettsted","inLanguage":"nb-NO"}]}},"distributor_meta":false,"distributor_terms":false,"distributor_media":false,"distributor_original_site_name":"Indre Fosen H\u00f8yre","distributor_original_site_url":"https:\/\/hoyre.no\/indre-fosen","push-errors":false,"_links":{"self":[{"href":"https:\/\/hoyre.no\/indre-fosen\/wp-json\/wp\/v2\/pages\/65","targetHints":{"allow":["GET"]}}],"collection":[{"href":"https:\/\/hoyre.no\/indre-fosen\/wp-json\/wp\/v2\/pages"}],"about":[{"href":"https:\/\/hoyre.no\/indre-fosen\/wp-json\/wp\/v2\/types\/page"}],"author":[{"embeddable":true,"href":"https:\/\/hoyre.no\/indre-fosen\/wp-json\/wp\/v2\/users\/15381"}],"replies":[{"embeddable":true,"href":"https:\/\/hoyre.no\/indre-fosen\/wp-json\/wp\/v2\/comments?post=65"}],"version-history":[{"count":7,"href":"https:\/\/hoyre.no\/indre-fosen\/wp-json\/wp\/v2\/pages\/65\/revisions"}],"predecessor-version":[{"id":121,"href":"https:\/\/hoyre.no\/indre-fosen\/wp-json\/wp\/v2\/pages\/65\/revisions\/121"}],"up":[{"embeddable":true,"href":"https:\/\/hoyre.no\/indre-fosen\/wp-json\/wp\/v2\/pages\/3"}],"wp:attachment":[{"href":"https:\/\/hoyre.no\/indre-fosen\/wp-json\/wp\/v2\/media?parent=65"}],"curies":[{"name":"wp","href":"https:\/\/api.w.org\/{rel}","templated":true}]}}