{"id":126,"date":"2023-06-16T12:46:50","date_gmt":"2023-06-16T10:46:50","guid":{"rendered":"https:\/\/hoyre.no\/karmoy\/?page_id=126"},"modified":"2025-01-28T12:53:12","modified_gmt":"2025-01-28T11:53:12","slug":"8-grunner-til-a-stemme-hoyre-pa-karmoy","status":"publish","type":"page","link":"https:\/\/hoyre.no\/karmoy\/8-grunner-til-a-stemme-hoyre-pa-karmoy\/","title":{"rendered":"8 gode grunner til \u00e5 stemme H\u00f8yre i Karm\u00f8y"},"content":{"rendered":"\n<div class=\"wp-block-hoyre-hero with-image-gradient text-color-light  has-media alignfull has-background\"><div class=\"hoyre-hero has-image\"><h1 class=\"title\">8 grunner til \u00e5 stemme H\u00f8yre p\u00e5 Karm\u00f8y<\/h1><figure class=\"hoyre-image-wrapper\"><div class=\"hoyre-image\"><img loading=\"lazy\" decoding=\"async\" width=\"1440\" height=\"1078\" src=\"https:\/\/hoyre.no\/content\/uploads\/sites\/219\/2023\/06\/106274352_3323010617749806_2004933768247232328_n.jpg\" class=\"attachment-scaled size-scaled\" alt=\"\" style=\"object-position: 50% 50%\" srcset=\"https:\/\/hoyre.no\/content\/uploads\/sites\/219\/2023\/06\/106274352_3323010617749806_2004933768247232328_n.jpg 1440w, https:\/\/hoyre.no\/content\/uploads\/sites\/219\/2023\/06\/106274352_3323010617749806_2004933768247232328_n-300x225.jpg 300w, https:\/\/hoyre.no\/content\/uploads\/sites\/219\/2023\/06\/106274352_3323010617749806_2004933768247232328_n-1024x767.jpg 1024w, https:\/\/hoyre.no\/content\/uploads\/sites\/219\/2023\/06\/106274352_3323010617749806_2004933768247232328_n-768x575.jpg 768w\" sizes=\"auto, (max-width: 1440px) 100vw, 1440px\" \/><\/div><\/figure><\/div><\/div>\n\n\n\n\n<div class=\"wp-block-hoyre-banner alignwide undefined\"><div class=\"banner-inner\"><figure class=\"hoyre-image-wrapper\"><div class=\"hoyre-image\"><img loading=\"lazy\" decoding=\"async\" width=\"1638\" height=\"2048\" src=\"https:\/\/hoyre.no\/content\/uploads\/sites\/219\/2023\/06\/leif-arne.jpg\" class=\"attachment-scaled size-scaled\" alt=\"\" style=\"object-position: 50% 50%\" srcset=\"https:\/\/hoyre.no\/content\/uploads\/sites\/219\/2023\/06\/leif-arne.jpg 1638w, https:\/\/hoyre.no\/content\/uploads\/sites\/219\/2023\/06\/leif-arne-240x300.jpg 240w, https:\/\/hoyre.no\/content\/uploads\/sites\/219\/2023\/06\/leif-arne-819x1024.jpg 819w, https:\/\/hoyre.no\/content\/uploads\/sites\/219\/2023\/06\/leif-arne-768x960.jpg 768w, https:\/\/hoyre.no\/content\/uploads\/sites\/219\/2023\/06\/leif-arne-1229x1536.jpg 1229w\" sizes=\"auto, (max-width: 1638px) 100vw, 1638px\" \/><\/div><\/figure><div class=\"banner-content\"><div class=\"entry-content\">\n<h2 class=\"wp-block-heading\">Muligheter for alle!<\/h2>\n\n\n\n<ul class=\"wp-block-list\">\n<li>Karm\u00f8y skal v\u00e6re en god kommune \u00e5 bo i for alle. Derfor trenger vi mer av den positive utviklingen og en sterk folkevalgt styring med H\u00f8yre ved roret. Karm\u00f8y H\u00f8yre \u00f8nsker samarbeid med b\u00e5de private og ideelle akt\u00f8rer der det er hensiktsmessig, for \u00e5 kunne tilby innbyggerne v\u00e5re de beste tjenestene.<\/li>\n\n\n\n<li>Karm\u00f8y H\u00f8yre vil arbeide for at Karm\u00f8y kommune blir mer attraktiv gjennom en aktiv og helhetlig by- og stedspolitikk som videref\u00f8rer stedenes utviklingspotensial til beste for befolkningens trivsel, handel og attraktiv n\u00e6ringsutvikling.<\/li>\n<\/ul>\n\n\n\n<div class=\"wp-block-buttons is-layout-flex wp-block-buttons-is-layout-flex\"><\/div>\n<\/div><\/div><\/div><\/div>\n\n\n\n\n\t\t<div class=\"has-lightest-blue-background-color is-layout-left alignwide alignwide wp-block-hoyre-media-text\">\n\t\t\t<div class=\"hoyre-media-text__media\">\n\t\t\t\t<img loading=\"lazy\" decoding=\"async\" width=\"1024\" height=\"683\" src=\"https:\/\/hoyre.no\/content\/uploads\/sites\/219\/2023\/06\/GettyImages-1329997503-1-1024x683.jpg\" class=\"hoyre-media-text__media-image\" alt=\"\" style=\"--focal: 50% 50%;\" srcset=\"https:\/\/hoyre.no\/content\/uploads\/sites\/219\/2023\/06\/GettyImages-1329997503-1-1024x683.jpg 1024w, https:\/\/hoyre.no\/content\/uploads\/sites\/219\/2023\/06\/GettyImages-1329997503-1-300x200.jpg 300w, https:\/\/hoyre.no\/content\/uploads\/sites\/219\/2023\/06\/GettyImages-1329997503-1-768x512.jpg 768w, https:\/\/hoyre.no\/content\/uploads\/sites\/219\/2023\/06\/GettyImages-1329997503-1-1536x1025.jpg 1536w, https:\/\/hoyre.no\/content\/uploads\/sites\/219\/2023\/06\/GettyImages-1329997503-1-2048x1366.jpg 2048w\" sizes=\"auto, (max-width: 1024px) 100vw, 1024px\" \/>\n\t\t\t<\/div>\n\t\t\t<div class=\"hoyre-media-text__content\">\n\t\t\t\t<div class=\"hoyre-media-text__content-inner\">\n\t\t\t\t\t\n\t\t\t<div class=\"hoyre-media-text__title-container\">\n\t\t\t\t\n\t\t\t\t<h2 class=\"hoyre-media-text__title\">1.\u00a0La folk og bedrifter f\u00e5 beholde en st\u00f8rre del av inntektene sine selv ved \u00e5 redusere eiendomsskatten<\/h2>\n\t\t\t<\/div>\n\t\t\t\n\t\t\t\t\t<div class=\"hoyre-media-text__blocks\"><\/div>\n\t\t\t\t\t\n\t\t\t\t<\/div>\n\t\t\t<\/div>\n\t\t<\/div>\n\t\t\n\n\n\t\t<div class=\"has-pale-purple-background-color is-layout-right alignwide alignwide wp-block-hoyre-media-text\">\n\t\t\t<div class=\"hoyre-media-text__media\">\n\t\t\t\t<img loading=\"lazy\" decoding=\"async\" width=\"1024\" height=\"683\" src=\"https:\/\/hoyre.no\/content\/uploads\/sites\/219\/2023\/06\/GettyImages-512098822-1024x683.jpg\" class=\"hoyre-media-text__media-image\" alt=\"\" style=\"--focal: 50% 50%;\" srcset=\"https:\/\/hoyre.no\/content\/uploads\/sites\/219\/2023\/06\/GettyImages-512098822-1024x683.jpg 1024w, https:\/\/hoyre.no\/content\/uploads\/sites\/219\/2023\/06\/GettyImages-512098822-300x200.jpg 300w, https:\/\/hoyre.no\/content\/uploads\/sites\/219\/2023\/06\/GettyImages-512098822-768x512.jpg 768w, https:\/\/hoyre.no\/content\/uploads\/sites\/219\/2023\/06\/GettyImages-512098822-1536x1024.jpg 1536w, https:\/\/hoyre.no\/content\/uploads\/sites\/219\/2023\/06\/GettyImages-512098822-2048x1365.jpg 2048w\" sizes=\"auto, (max-width: 1024px) 100vw, 1024px\" \/>\n\t\t\t<\/div>\n\t\t\t<div class=\"hoyre-media-text__content\">\n\t\t\t\t<div class=\"hoyre-media-text__content-inner\">\n\t\t\t\t\t\n\t\t\t<div class=\"hoyre-media-text__title-container\">\n\t\t\t\t\n\t\t\t\t<h2 class=\"hoyre-media-text__title\">2. At pleietrengende og eldre med omsorgsbehov ikke skal bli umyndiggjort<\/h2>\n\t\t\t<\/div>\n\t\t\t\n\t\t\t\t\t<div class=\"hoyre-media-text__blocks\"><\/div>\n\t\t\t\t\t\n\t\t\t\t<\/div>\n\t\t\t<\/div>\n\t\t<\/div>\n\t\t\n\n\n\t\t<div class=\"has-pale-green-background-color is-layout-left alignwide alignwide wp-block-hoyre-media-text\">\n\t\t\t<div class=\"hoyre-media-text__media\">\n\t\t\t\t<img loading=\"lazy\" decoding=\"async\" width=\"1024\" height=\"683\" src=\"https:\/\/hoyre.no\/content\/uploads\/sites\/219\/2023\/06\/GettyImages-846017896-1024x683.jpg\" class=\"hoyre-media-text__media-image\" alt=\"\" style=\"--focal: 50% 50%;\" srcset=\"https:\/\/hoyre.no\/content\/uploads\/sites\/219\/2023\/06\/GettyImages-846017896-1024x683.jpg 1024w, https:\/\/hoyre.no\/content\/uploads\/sites\/219\/2023\/06\/GettyImages-846017896-300x200.jpg 300w, https:\/\/hoyre.no\/content\/uploads\/sites\/219\/2023\/06\/GettyImages-846017896-768x512.jpg 768w, https:\/\/hoyre.no\/content\/uploads\/sites\/219\/2023\/06\/GettyImages-846017896-1536x1024.jpg 1536w, https:\/\/hoyre.no\/content\/uploads\/sites\/219\/2023\/06\/GettyImages-846017896-2048x1365.jpg 2048w\" sizes=\"auto, (max-width: 1024px) 100vw, 1024px\" \/>\n\t\t\t<\/div>\n\t\t\t<div class=\"hoyre-media-text__content\">\n\t\t\t\t<div class=\"hoyre-media-text__content-inner\">\n\t\t\t\t\t\n\t\t\t<div class=\"hoyre-media-text__title-container\">\n\t\t\t\t\n\t\t\t\t<h2 class=\"hoyre-media-text__title\">3. At n\u00e6rings- og arealpolitikk skal gi grunnlag for verdiskaping og vekst<\/h2>\n\t\t\t<\/div>\n\t\t\t\n\t\t\t\t\t<div class=\"hoyre-media-text__blocks\"><\/div>\n\t\t\t\t\t\n\t\t\t\t<\/div>\n\t\t\t<\/div>\n\t\t<\/div>\n\t\t\n\n\n\t\t<div class=\"has-pink-background-color is-layout-right alignwide alignwide wp-block-hoyre-media-text\">\n\t\t\t<div class=\"hoyre-media-text__media\">\n\t\t\t\t<img loading=\"lazy\" decoding=\"async\" width=\"1024\" height=\"566\" src=\"https:\/\/hoyre.no\/content\/uploads\/sites\/219\/2023\/06\/GettyImages-473032112-1024x566.jpg\" class=\"hoyre-media-text__media-image\" alt=\"\" style=\"--focal: 50% 50%;\" srcset=\"https:\/\/hoyre.no\/content\/uploads\/sites\/219\/2023\/06\/GettyImages-473032112-1024x566.jpg 1024w, https:\/\/hoyre.no\/content\/uploads\/sites\/219\/2023\/06\/GettyImages-473032112-300x166.jpg 300w, https:\/\/hoyre.no\/content\/uploads\/sites\/219\/2023\/06\/GettyImages-473032112-768x425.jpg 768w, https:\/\/hoyre.no\/content\/uploads\/sites\/219\/2023\/06\/GettyImages-473032112-1536x850.jpg 1536w, https:\/\/hoyre.no\/content\/uploads\/sites\/219\/2023\/06\/GettyImages-473032112-2048x1133.jpg 2048w\" sizes=\"auto, (max-width: 1024px) 100vw, 1024px\" \/>\n\t\t\t<\/div>\n\t\t\t<div class=\"hoyre-media-text__content\">\n\t\t\t\t<div class=\"hoyre-media-text__content-inner\">\n\t\t\t\t\t\n\t\t\t<div class=\"hoyre-media-text__title-container\">\n\t\t\t\t\n\t\t\t\t<h2 class=\"hoyre-media-text__title\">4. At barnehager og skoler skal gi like muligheter for alle<\/h2>\n\t\t\t<\/div>\n\t\t\t\n\t\t\t\t\t<div class=\"hoyre-media-text__blocks\"><\/div>\n\t\t\t\t\t\n\t\t\t\t<\/div>\n\t\t\t<\/div>\n\t\t<\/div>\n\t\t\n\n\n\t\t<div class=\"has-pale-grey-background-color is-layout-left alignwide alignwide wp-block-hoyre-media-text\">\n\t\t\t<div class=\"hoyre-media-text__media\">\n\t\t\t\t<img loading=\"lazy\" decoding=\"async\" width=\"1024\" height=\"680\" src=\"https:\/\/hoyre.no\/content\/uploads\/sites\/219\/2023\/06\/GettyImages-492779192-1024x680.jpg\" class=\"hoyre-media-text__media-image\" alt=\"\" style=\"--focal: 50% 50%;\" srcset=\"https:\/\/hoyre.no\/content\/uploads\/sites\/219\/2023\/06\/GettyImages-492779192-1024x680.jpg 1024w, https:\/\/hoyre.no\/content\/uploads\/sites\/219\/2023\/06\/GettyImages-492779192-300x199.jpg 300w, https:\/\/hoyre.no\/content\/uploads\/sites\/219\/2023\/06\/GettyImages-492779192-768x510.jpg 768w, https:\/\/hoyre.no\/content\/uploads\/sites\/219\/2023\/06\/GettyImages-492779192-1536x1020.jpg 1536w, https:\/\/hoyre.no\/content\/uploads\/sites\/219\/2023\/06\/GettyImages-492779192-2048x1360.jpg 2048w\" sizes=\"auto, (max-width: 1024px) 100vw, 1024px\" \/>\n\t\t\t<\/div>\n\t\t\t<div class=\"hoyre-media-text__content\">\n\t\t\t\t<div class=\"hoyre-media-text__content-inner\">\n\t\t\t\t\t\n\t\t\t<div class=\"hoyre-media-text__title-container\">\n\t\t\t\t\n\t\t\t\t<h2 class=\"hoyre-media-text__title\">5. \u00c5 bygge effektive og trygge samferdsels\u00e5rer<\/h2>\n\t\t\t<\/div>\n\t\t\t\n\t\t\t\t\t<div class=\"hoyre-media-text__blocks\"><\/div>\n\t\t\t\t\t\n\t\t\t\t<\/div>\n\t\t\t<\/div>\n\t\t<\/div>\n\t\t\n\n\n\t\t<div class=\"has-pale-blue-background-color is-layout-right alignwide alignwide wp-block-hoyre-media-text\">\n\t\t\t<div class=\"hoyre-media-text__media\">\n\t\t\t\t<img loading=\"lazy\" decoding=\"async\" width=\"683\" height=\"1024\" src=\"https:\/\/hoyre.no\/content\/uploads\/sites\/219\/2023\/06\/GettyImages-1396518237-683x1024.jpg\" class=\"hoyre-media-text__media-image\" alt=\"\" style=\"--focal: 56% 14%;\" srcset=\"https:\/\/hoyre.no\/content\/uploads\/sites\/219\/2023\/06\/GettyImages-1396518237-683x1024.jpg 683w, https:\/\/hoyre.no\/content\/uploads\/sites\/219\/2023\/06\/GettyImages-1396518237-200x300.jpg 200w, https:\/\/hoyre.no\/content\/uploads\/sites\/219\/2023\/06\/GettyImages-1396518237-768x1151.jpg 768w, https:\/\/hoyre.no\/content\/uploads\/sites\/219\/2023\/06\/GettyImages-1396518237-1025x1536.jpg 1025w, https:\/\/hoyre.no\/content\/uploads\/sites\/219\/2023\/06\/GettyImages-1396518237-1367x2048.jpg 1367w, https:\/\/hoyre.no\/content\/uploads\/sites\/219\/2023\/06\/GettyImages-1396518237-scaled.jpg 1668w\" sizes=\"auto, (max-width: 683px) 100vw, 683px\" \/>\n\t\t\t<\/div>\n\t\t\t<div class=\"hoyre-media-text__content\">\n\t\t\t\t<div class=\"hoyre-media-text__content-inner\">\n\t\t\t\t\t\n\t\t\t<div class=\"hoyre-media-text__title-container\">\n\t\t\t\t\n\t\t\t\t<h2 class=\"hoyre-media-text__title\">6. \u00c5 bygge et kulturhus som er en storstue for hele kommunen<\/h2>\n\t\t\t<\/div>\n\t\t\t\n\t\t\t\t\t<div class=\"hoyre-media-text__blocks\"><\/div>\n\t\t\t\t\t\n\t\t\t\t<\/div>\n\t\t\t<\/div>\n\t\t<\/div>\n\t\t\n\n\n\t\t<div class=\"has-dark-blue-background-color is-layout-left alignwide alignwide wp-block-hoyre-media-text\">\n\t\t\t<div class=\"hoyre-media-text__media\">\n\t\t\t\t<img loading=\"lazy\" decoding=\"async\" width=\"767\" height=\"1024\" src=\"https:\/\/hoyre.no\/content\/uploads\/sites\/219\/2023\/06\/308456698_466658675504561_5436726887186651205_n-767x1024.jpg\" class=\"hoyre-media-text__media-image\" alt=\"\" style=\"--focal: 50% 50%;\" srcset=\"https:\/\/hoyre.no\/content\/uploads\/sites\/219\/2023\/06\/308456698_466658675504561_5436726887186651205_n-767x1024.jpg 767w, https:\/\/hoyre.no\/content\/uploads\/sites\/219\/2023\/06\/308456698_466658675504561_5436726887186651205_n-225x300.jpg 225w, https:\/\/hoyre.no\/content\/uploads\/sites\/219\/2023\/06\/308456698_466658675504561_5436726887186651205_n-768x1026.jpg 768w, https:\/\/hoyre.no\/content\/uploads\/sites\/219\/2023\/06\/308456698_466658675504561_5436726887186651205_n.jpg 1078w\" sizes=\"auto, (max-width: 767px) 100vw, 767px\" \/>\n\t\t\t<\/div>\n\t\t\t<div class=\"hoyre-media-text__content\">\n\t\t\t\t<div class=\"hoyre-media-text__content-inner\">\n\t\t\t\t\t\n\t\t\t<div class=\"hoyre-media-text__title-container\">\n\t\t\t\t\n\t\t\t\t<h2 class=\"hoyre-media-text__title\">7. \u00c5 sikre statlig finansiering for drift av flyplassen og opprustning av E134<\/h2>\n\t\t\t<\/div>\n\t\t\t\n\t\t\t\t\t<div class=\"hoyre-media-text__blocks\"><\/div>\n\t\t\t\t\t\n\t\t\t\t<\/div>\n\t\t\t<\/div>\n\t\t<\/div>\n\t\t\n\n\n\t\t<div class=\"has-pale-green-background-color is-layout-right alignwide alignwide wp-block-hoyre-media-text\">\n\t\t\t<div class=\"hoyre-media-text__media\">\n\t\t\t\t<img loading=\"lazy\" decoding=\"async\" width=\"1024\" height=\"683\" src=\"https:\/\/hoyre.no\/content\/uploads\/sites\/219\/2023\/06\/GettyImages-1188432151-1024x683.jpg\" class=\"hoyre-media-text__media-image\" alt=\"\" style=\"--focal: 50% 50%;\" srcset=\"https:\/\/hoyre.no\/content\/uploads\/sites\/219\/2023\/06\/GettyImages-1188432151-1024x683.jpg 1024w, https:\/\/hoyre.no\/content\/uploads\/sites\/219\/2023\/06\/GettyImages-1188432151-300x200.jpg 300w, https:\/\/hoyre.no\/content\/uploads\/sites\/219\/2023\/06\/GettyImages-1188432151-768x512.jpg 768w, https:\/\/hoyre.no\/content\/uploads\/sites\/219\/2023\/06\/GettyImages-1188432151-1536x1024.jpg 1536w, https:\/\/hoyre.no\/content\/uploads\/sites\/219\/2023\/06\/GettyImages-1188432151-2048x1365.jpg 2048w\" sizes=\"auto, (max-width: 1024px) 100vw, 1024px\" \/>\n\t\t\t<\/div>\n\t\t\t<div class=\"hoyre-media-text__content\">\n\t\t\t\t<div class=\"hoyre-media-text__content-inner\">\n\t\t\t\t\t\n\t\t\t<div class=\"hoyre-media-text__title-container\">\n\t\t\t\t\n\t\t\t\t<h2 class=\"hoyre-media-text__title\">8. Arbeide for god \u00f8konomistyring og smarte l\u00f8sninger p\u00e5 den kommunale driften for \u00e5 tilby gode tjenester til en lavere kost<\/h2>\n\t\t\t<\/div>\n\t\t\t\n\t\t\t\t\t<div class=\"hoyre-media-text__blocks\"><\/div>\n\t\t\t\t\t\n\t\t\t\t<\/div>\n\t\t\t<\/div>\n\t\t<\/div>\n\t\t","protected":false},"excerpt":{"rendered":"","protected":false},"author":10416,"featured_media":0,"parent":0,"menu_order":0,"comment_status":"closed","ping_status":"closed","template":"","meta":{"teft_cards_image_url":"","teft_cards_custom_pretitle":"","teft_cards_image_id":0,"teft_cards_image_focal_point_x":0,"teft_cards_image_focal_point_y":0,"teft_cards_title":"","teft_cards_excerpt":"","teft_show_chapters":false,"footnotes":""},"class_list":["post-126","page","type-page","status-publish","hentry"],"yoast_head":"<!-- This site is optimized with the Yoast SEO plugin v26.6 - https:\/\/yoast.com\/wordpress\/plugins\/seo\/ -->\n<title>8 gode grunner til \u00e5 stemme H\u00f8yre i Karm\u00f8y - Karm\u00f8y H\u00f8yre<\/title>\n<meta name=\"description\" content=\"Vi gir det \u00e5tte gode grunner til hvorfor du b\u00f8r stemme H\u00f8yre i Karm\u00f8y kommune.\" \/>\n<meta name=\"robots\" content=\"index, follow, max-snippet:-1, max-image-preview:large, max-video-preview:-1\" \/>\n<link rel=\"canonical\" href=\"https:\/\/hoyre.no\/karmoy\/8-grunner-til-a-stemme-hoyre-pa-karmoy\/\" \/>\n<meta property=\"og:locale\" content=\"nb_NO\" \/>\n<meta property=\"og:type\" content=\"article\" \/>\n<meta property=\"og:title\" content=\"8 gode grunner til \u00e5 stemme H\u00f8yre i Karm\u00f8y - Karm\u00f8y H\u00f8yre\" \/>\n<meta property=\"og:description\" content=\"Vi gir det \u00e5tte gode grunner til hvorfor du b\u00f8r stemme H\u00f8yre i Karm\u00f8y kommune.\" \/>\n<meta property=\"og:url\" content=\"https:\/\/hoyre.no\/karmoy\/8-grunner-til-a-stemme-hoyre-pa-karmoy\/\" \/>\n<meta property=\"og:site_name\" content=\"Karm\u00f8y H\u00f8yre\" \/>\n<meta property=\"article:modified_time\" content=\"2025-01-28T11:53:12+00:00\" \/>\n<meta property=\"og:image\" content=\"https:\/\/hoyre.no\/content\/uploads\/sites\/219\/2022\/11\/Hoyres-logo.png\" \/>\n\t<meta property=\"og:image:width\" content=\"1000\" \/>\n\t<meta property=\"og:image:height\" content=\"1000\" \/>\n\t<meta property=\"og:image:type\" content=\"image\/png\" \/>\n<meta name=\"twitter:card\" content=\"summary_large_image\" \/>\n<meta name=\"twitter:label1\" content=\"Ansl. lesetid\" \/>\n\t<meta name=\"twitter:data1\" content=\"1 minutt\" \/>\n<script type=\"application\/ld+json\" class=\"yoast-schema-graph\">{\"@context\":\"https:\/\/schema.org\",\"@graph\":[{\"@type\":\"WebPage\",\"@id\":\"https:\/\/hoyre.no\/karmoy\/8-grunner-til-a-stemme-hoyre-pa-karmoy\/\",\"url\":\"https:\/\/hoyre.no\/karmoy\/8-grunner-til-a-stemme-hoyre-pa-karmoy\/\",\"name\":\"8 gode grunner til \u00e5 stemme H\u00f8yre i Karm\u00f8y - Karm\u00f8y H\u00f8yre\",\"isPartOf\":{\"@id\":\"https:\/\/hoyre.no\/karmoy\/#website\"},\"datePublished\":\"2023-06-16T10:46:50+00:00\",\"dateModified\":\"2025-01-28T11:53:12+00:00\",\"description\":\"Vi gir det \u00e5tte gode grunner til hvorfor du b\u00f8r stemme H\u00f8yre i Karm\u00f8y kommune.\",\"breadcrumb\":{\"@id\":\"https:\/\/hoyre.no\/karmoy\/8-grunner-til-a-stemme-hoyre-pa-karmoy\/#breadcrumb\"},\"inLanguage\":\"nb-NO\",\"potentialAction\":[{\"@type\":\"ReadAction\",\"target\":[\"https:\/\/hoyre.no\/karmoy\/8-grunner-til-a-stemme-hoyre-pa-karmoy\/\"]}]},{\"@type\":\"BreadcrumbList\",\"@id\":\"https:\/\/hoyre.no\/karmoy\/8-grunner-til-a-stemme-hoyre-pa-karmoy\/#breadcrumb\",\"itemListElement\":[{\"@type\":\"ListItem\",\"position\":1,\"name\":\"Til hoyre.no\",\"item\":\"https:\/\/hoyre.no\"},{\"@type\":\"ListItem\",\"position\":2,\"name\":\"Hjem\",\"item\":\"https:\/\/hoyre.no\/karmoy\/\"},{\"@type\":\"ListItem\",\"position\":3,\"name\":\"8 gode grunner til \u00e5 stemme H\u00f8yre i Karm\u00f8y\"}]},{\"@type\":\"WebSite\",\"@id\":\"https:\/\/hoyre.no\/karmoy\/#website\",\"url\":\"https:\/\/hoyre.no\/karmoy\/\",\"name\":\"Karm\u00f8y H\u00f8yre\",\"description\":\"Bare enda et H\u00f8yres nettsteder-nettsted\",\"inLanguage\":\"nb-NO\"}]}<\/script>\n<!-- \/ Yoast SEO plugin. -->","yoast_head_json":{"title":"8 gode grunner til \u00e5 stemme H\u00f8yre i Karm\u00f8y - Karm\u00f8y H\u00f8yre","description":"Vi gir det \u00e5tte gode grunner til hvorfor du b\u00f8r stemme H\u00f8yre i Karm\u00f8y kommune.","robots":{"index":"index","follow":"follow","max-snippet":"max-snippet:-1","max-image-preview":"max-image-preview:large","max-video-preview":"max-video-preview:-1"},"canonical":"https:\/\/hoyre.no\/karmoy\/8-grunner-til-a-stemme-hoyre-pa-karmoy\/","og_locale":"nb_NO","og_type":"article","og_title":"8 gode grunner til \u00e5 stemme H\u00f8yre i Karm\u00f8y - Karm\u00f8y H\u00f8yre","og_description":"Vi gir det \u00e5tte gode grunner til hvorfor du b\u00f8r stemme H\u00f8yre i Karm\u00f8y kommune.","og_url":"https:\/\/hoyre.no\/karmoy\/8-grunner-til-a-stemme-hoyre-pa-karmoy\/","og_site_name":"Karm\u00f8y H\u00f8yre","article_modified_time":"2025-01-28T11:53:12+00:00","og_image":[{"width":1000,"height":1000,"url":"https:\/\/hoyre.no\/content\/uploads\/sites\/219\/2022\/11\/Hoyres-logo.png","type":"image\/png"}],"twitter_card":"summary_large_image","twitter_misc":{"Ansl. lesetid":"1 minutt"},"schema":{"@context":"https:\/\/schema.org","@graph":[{"@type":"WebPage","@id":"https:\/\/hoyre.no\/karmoy\/8-grunner-til-a-stemme-hoyre-pa-karmoy\/","url":"https:\/\/hoyre.no\/karmoy\/8-grunner-til-a-stemme-hoyre-pa-karmoy\/","name":"8 gode grunner til \u00e5 stemme H\u00f8yre i Karm\u00f8y - Karm\u00f8y H\u00f8yre","isPartOf":{"@id":"https:\/\/hoyre.no\/karmoy\/#website"},"datePublished":"2023-06-16T10:46:50+00:00","dateModified":"2025-01-28T11:53:12+00:00","description":"Vi gir det \u00e5tte gode grunner til hvorfor du b\u00f8r stemme H\u00f8yre i Karm\u00f8y kommune.","breadcrumb":{"@id":"https:\/\/hoyre.no\/karmoy\/8-grunner-til-a-stemme-hoyre-pa-karmoy\/#breadcrumb"},"inLanguage":"nb-NO","potentialAction":[{"@type":"ReadAction","target":["https:\/\/hoyre.no\/karmoy\/8-grunner-til-a-stemme-hoyre-pa-karmoy\/"]}]},{"@type":"BreadcrumbList","@id":"https:\/\/hoyre.no\/karmoy\/8-grunner-til-a-stemme-hoyre-pa-karmoy\/#breadcrumb","itemListElement":[{"@type":"ListItem","position":1,"name":"Til hoyre.no","item":"https:\/\/hoyre.no"},{"@type":"ListItem","position":2,"name":"Hjem","item":"https:\/\/hoyre.no\/karmoy\/"},{"@type":"ListItem","position":3,"name":"8 gode grunner til \u00e5 stemme H\u00f8yre i Karm\u00f8y"}]},{"@type":"WebSite","@id":"https:\/\/hoyre.no\/karmoy\/#website","url":"https:\/\/hoyre.no\/karmoy\/","name":"Karm\u00f8y H\u00f8yre","description":"Bare enda et H\u00f8yres nettsteder-nettsted","inLanguage":"nb-NO"}]}},"distributor_meta":false,"distributor_terms":false,"distributor_media":false,"distributor_original_site_name":"Karm\u00f8y H\u00f8yre","distributor_original_site_url":"https:\/\/hoyre.no\/karmoy","push-errors":false,"_links":{"self":[{"href":"https:\/\/hoyre.no\/karmoy\/wp-json\/wp\/v2\/pages\/126","targetHints":{"allow":["GET"]}}],"collection":[{"href":"https:\/\/hoyre.no\/karmoy\/wp-json\/wp\/v2\/pages"}],"about":[{"href":"https:\/\/hoyre.no\/karmoy\/wp-json\/wp\/v2\/types\/page"}],"author":[{"embeddable":true,"href":"https:\/\/hoyre.no\/karmoy\/wp-json\/wp\/v2\/users\/10416"}],"replies":[{"embeddable":true,"href":"https:\/\/hoyre.no\/karmoy\/wp-json\/wp\/v2\/comments?post=126"}],"version-history":[{"count":6,"href":"https:\/\/hoyre.no\/karmoy\/wp-json\/wp\/v2\/pages\/126\/revisions"}],"predecessor-version":[{"id":189,"href":"https:\/\/hoyre.no\/karmoy\/wp-json\/wp\/v2\/pages\/126\/revisions\/189"}],"wp:attachment":[{"href":"https:\/\/hoyre.no\/karmoy\/wp-json\/wp\/v2\/media?parent=126"}],"curies":[{"name":"wp","href":"https:\/\/api.w.org\/{rel}","templated":true}]}}