{"id":57,"date":"2023-05-02T12:47:35","date_gmt":"2023-05-02T10:47:35","guid":{"rendered":"https:\/\/hoyre.no\/karmoy\/?page_id=57"},"modified":"2023-06-29T09:34:18","modified_gmt":"2023-06-29T07:34:18","slug":"politikk","status":"publish","type":"page","link":"https:\/\/hoyre.no\/karmoy\/politikk\/","title":{"rendered":"Politikk"},"content":{"rendered":"\n<div class=\"wp-block-hoyre-hero with-image-gradient text-color-light  has-media alignfull has-background\"><div class=\"hoyre-hero has-image\"><h1 class=\"title\">Politikk<\/h1><p class=\"preamble\">Vi \u00f8nsker en positiv utvikling og sterk folkevalgt styring med H\u00f8yre ved roret. Karm\u00f8y H\u00f8yre \u00f8nsker samarbeid med private akt\u00f8rer der det er hensiktsmessig.<br><br> <br>Karm\u00f8y H\u00f8yre vil arbeide for at Karm\u00f8y Kommune blir mer attraktiv gjennom en aktiv og helhetlig by og steds politikk som videref\u00f8rer stedenes utviklingspotensial til beste for befolkningens trivsel, handel og attraktiv n\u00e6ringsutvikling<\/p>\t\t\t<div class=\"post-meta wp-block teft-byline-wrapper\">\n\t\t\t\t<div class=\"top\">\n\t\t\t\t\t<div class=\"signature\">\n\t\t\t\t\t\t<div class=\"teft-byline\">\n\t\t\t\t\t\t\t\t\t\t\t\t\t\t<div>\n\t\t\t\t\t\t\t\t<h3>H\u00f8yres redaksjon<\/h3>\t\t\t\t\t\t\t\t\n\t\t\t\t\t\t\t\t\t\t\t\t\t\t\t\t\t<span class=\"date\">Sist oppdatert: 29. juni 2023<\/span>\n\t\t\t\t\t\t\t\t\t\t\t\t\t\t\t\t\t\t\t\t\t\t\t\t\t<span class=\"reading-time\" itemprop=\"timeRequired\" content=\"PT1M\"><em>Ca. 1 minutter lesetid<\/em><\/span>\n\t\t\t\t\t\t\t\t\t\t\t\t\t\t\t<\/div>\n\t\t\t\t\t\t<\/div>\n\t\t\t\t\t<\/div>\n\t\t\t\t\t\t<div class=\"sharing\">\n\t\t<a class=\"share-button share-link copy-link\" data-copy=\"https:\/\/hoyre.no\/karmoy\/politikk\/\" target=\"_blank\"><span class=\"screen-reader-text\">Del link<\/span><\/a>\n\t\t<a class=\"share-button share-twitter\" href=\"http:\/\/twitter.com\/share?text=Politikk&#038;url=https:\/\/hoyre.no\/karmoy\/politikk\/&#038;hashtags=Hoyre\" target=\"_blank\"><span class=\"screen-reader-text\">Del p\u00e5 twitter<\/span><\/a>\n\t\t<a class=\"share-button share-facebook\" href=\"https:\/\/www.facebook.com\/sharer\/sharer.php?u=https:\/\/hoyre.no\/karmoy\/politikk\/\" target=\"_blank\"><span class=\"screen-reader-text\">Del p\u00e5 facebook<\/span><\/a>\n\t<\/div>\n\t\t\t\t\t<\/div>\n\t\t\t<\/div>\n\n\t\t\t<figure class=\"hoyre-image-wrapper\"><div class=\"hoyre-image\"><img loading=\"lazy\" decoding=\"async\" width=\"1440\" height=\"1078\" src=\"https:\/\/hoyre.no\/content\/uploads\/sites\/219\/2023\/06\/119569616_3569240729793459_268904618633645349_n.jpg\" class=\"attachment-scaled size-scaled\" alt=\"\" style=\"object-position: 50% 50%\" srcset=\"https:\/\/hoyre.no\/content\/uploads\/sites\/219\/2023\/06\/119569616_3569240729793459_268904618633645349_n.jpg 1440w, https:\/\/hoyre.no\/content\/uploads\/sites\/219\/2023\/06\/119569616_3569240729793459_268904618633645349_n-300x225.jpg 300w, https:\/\/hoyre.no\/content\/uploads\/sites\/219\/2023\/06\/119569616_3569240729793459_268904618633645349_n-1024x767.jpg 1024w, https:\/\/hoyre.no\/content\/uploads\/sites\/219\/2023\/06\/119569616_3569240729793459_268904618633645349_n-768x575.jpg 768w\" sizes=\"auto, (max-width: 1440px) 100vw, 1440px\" \/><\/div><\/figure><\/div><\/div>\n\n\n\n\n<div class=\"wp-block-teft-file icon-link-block\"><a href=\"https:\/\/hoyre.no\/content\/uploads\/sites\/219\/2023\/06\/Program-Karmoy-Hoyre-2023-2027.pdf\" download><span class=\"file-title\">Her kan du lese valgprogrammet v\u00e5rt for 2023-2027<\/span><span class=\"file-name\">Program-Karmoy-Hoyre-2023-2027.pdf [183.1kb]<\/span><\/a><\/div>\n\n","protected":false},"excerpt":{"rendered":"","protected":false},"author":51320,"featured_media":0,"parent":0,"menu_order":0,"comment_status":"closed","ping_status":"closed","template":"","meta":{"teft_cards_image_url":"","teft_cards_custom_pretitle":"","teft_cards_image_id":120,"teft_cards_image_focal_point_x":0.5,"teft_cards_image_focal_point_y":0.5,"teft_cards_title":"","teft_cards_excerpt":"","teft_show_chapters":false,"footnotes":""},"class_list":["post-57","page","type-page","status-publish","hentry"],"yoast_head":"<!-- This site is optimized with the Yoast SEO plugin v26.6 - https:\/\/yoast.com\/wordpress\/plugins\/seo\/ -->\n<title>Politikk - Karm\u00f8y H\u00f8yre<\/title>\n<meta name=\"robots\" content=\"index, follow, max-snippet:-1, max-image-preview:large, max-video-preview:-1\" \/>\n<link rel=\"canonical\" href=\"https:\/\/hoyre.no\/karmoy\/politikk\/\" \/>\n<meta property=\"og:locale\" content=\"nb_NO\" \/>\n<meta property=\"og:type\" content=\"article\" \/>\n<meta property=\"og:title\" content=\"Politikk - Karm\u00f8y H\u00f8yre\" \/>\n<meta property=\"og:url\" content=\"https:\/\/hoyre.no\/karmoy\/politikk\/\" \/>\n<meta property=\"og:site_name\" content=\"Karm\u00f8y H\u00f8yre\" \/>\n<meta property=\"article:modified_time\" content=\"2023-06-29T07:34:18+00:00\" \/>\n<meta property=\"og:image\" content=\"https:\/\/hoyre.no\/content\/uploads\/sites\/219\/2023\/06\/119569616_3569240729793459_268904618633645349_n-1024x767.jpg\" \/>\n<meta name=\"twitter:card\" content=\"summary_large_image\" \/>\n<meta name=\"twitter:label1\" content=\"Ansl. lesetid\" \/>\n\t<meta name=\"twitter:data1\" content=\"1 minutt\" \/>\n<script type=\"application\/ld+json\" class=\"yoast-schema-graph\">{\"@context\":\"https:\/\/schema.org\",\"@graph\":[{\"@type\":\"WebPage\",\"@id\":\"https:\/\/hoyre.no\/karmoy\/politikk\/\",\"url\":\"https:\/\/hoyre.no\/karmoy\/politikk\/\",\"name\":\"Politikk - Karm\u00f8y H\u00f8yre\",\"isPartOf\":{\"@id\":\"https:\/\/hoyre.no\/karmoy\/#website\"},\"datePublished\":\"2023-05-02T10:47:35+00:00\",\"dateModified\":\"2023-06-29T07:34:18+00:00\",\"breadcrumb\":{\"@id\":\"https:\/\/hoyre.no\/karmoy\/politikk\/#breadcrumb\"},\"inLanguage\":\"nb-NO\",\"potentialAction\":[{\"@type\":\"ReadAction\",\"target\":[\"https:\/\/hoyre.no\/karmoy\/politikk\/\"]}]},{\"@type\":\"BreadcrumbList\",\"@id\":\"https:\/\/hoyre.no\/karmoy\/politikk\/#breadcrumb\",\"itemListElement\":[{\"@type\":\"ListItem\",\"position\":1,\"name\":\"Til hoyre.no\",\"item\":\"https:\/\/hoyre.no\"},{\"@type\":\"ListItem\",\"position\":2,\"name\":\"Hjem\",\"item\":\"https:\/\/hoyre.no\/karmoy\/\"},{\"@type\":\"ListItem\",\"position\":3,\"name\":\"Politikk\"}]},{\"@type\":\"WebSite\",\"@id\":\"https:\/\/hoyre.no\/karmoy\/#website\",\"url\":\"https:\/\/hoyre.no\/karmoy\/\",\"name\":\"Karm\u00f8y H\u00f8yre\",\"description\":\"Bare enda et H\u00f8yres nettsteder-nettsted\",\"inLanguage\":\"nb-NO\"}]}<\/script>\n<!-- \/ Yoast SEO plugin. -->","yoast_head_json":{"title":"Politikk - Karm\u00f8y H\u00f8yre","robots":{"index":"index","follow":"follow","max-snippet":"max-snippet:-1","max-image-preview":"max-image-preview:large","max-video-preview":"max-video-preview:-1"},"canonical":"https:\/\/hoyre.no\/karmoy\/politikk\/","og_locale":"nb_NO","og_type":"article","og_title":"Politikk - Karm\u00f8y H\u00f8yre","og_url":"https:\/\/hoyre.no\/karmoy\/politikk\/","og_site_name":"Karm\u00f8y H\u00f8yre","article_modified_time":"2023-06-29T07:34:18+00:00","og_image":[{"url":"https:\/\/hoyre.no\/content\/uploads\/sites\/219\/2023\/06\/119569616_3569240729793459_268904618633645349_n-1024x767.jpg","width":"","height":"","type":""}],"twitter_card":"summary_large_image","twitter_misc":{"Ansl. lesetid":"1 minutt"},"schema":{"@context":"https:\/\/schema.org","@graph":[{"@type":"WebPage","@id":"https:\/\/hoyre.no\/karmoy\/politikk\/","url":"https:\/\/hoyre.no\/karmoy\/politikk\/","name":"Politikk - Karm\u00f8y H\u00f8yre","isPartOf":{"@id":"https:\/\/hoyre.no\/karmoy\/#website"},"datePublished":"2023-05-02T10:47:35+00:00","dateModified":"2023-06-29T07:34:18+00:00","breadcrumb":{"@id":"https:\/\/hoyre.no\/karmoy\/politikk\/#breadcrumb"},"inLanguage":"nb-NO","potentialAction":[{"@type":"ReadAction","target":["https:\/\/hoyre.no\/karmoy\/politikk\/"]}]},{"@type":"BreadcrumbList","@id":"https:\/\/hoyre.no\/karmoy\/politikk\/#breadcrumb","itemListElement":[{"@type":"ListItem","position":1,"name":"Til hoyre.no","item":"https:\/\/hoyre.no"},{"@type":"ListItem","position":2,"name":"Hjem","item":"https:\/\/hoyre.no\/karmoy\/"},{"@type":"ListItem","position":3,"name":"Politikk"}]},{"@type":"WebSite","@id":"https:\/\/hoyre.no\/karmoy\/#website","url":"https:\/\/hoyre.no\/karmoy\/","name":"Karm\u00f8y H\u00f8yre","description":"Bare enda et H\u00f8yres nettsteder-nettsted","inLanguage":"nb-NO"}]}},"distributor_meta":false,"distributor_terms":false,"distributor_media":false,"distributor_original_site_name":"Karm\u00f8y H\u00f8yre","distributor_original_site_url":"https:\/\/hoyre.no\/karmoy","push-errors":false,"_links":{"self":[{"href":"https:\/\/hoyre.no\/karmoy\/wp-json\/wp\/v2\/pages\/57","targetHints":{"allow":["GET"]}}],"collection":[{"href":"https:\/\/hoyre.no\/karmoy\/wp-json\/wp\/v2\/pages"}],"about":[{"href":"https:\/\/hoyre.no\/karmoy\/wp-json\/wp\/v2\/types\/page"}],"author":[{"embeddable":true,"href":"https:\/\/hoyre.no\/karmoy\/wp-json\/wp\/v2\/users\/51320"}],"replies":[{"embeddable":true,"href":"https:\/\/hoyre.no\/karmoy\/wp-json\/wp\/v2\/comments?post=57"}],"version-history":[{"count":5,"href":"https:\/\/hoyre.no\/karmoy\/wp-json\/wp\/v2\/pages\/57\/revisions"}],"predecessor-version":[{"id":143,"href":"https:\/\/hoyre.no\/karmoy\/wp-json\/wp\/v2\/pages\/57\/revisions\/143"}],"wp:attachment":[{"href":"https:\/\/hoyre.no\/karmoy\/wp-json\/wp\/v2\/media?parent=57"}],"curies":[{"name":"wp","href":"https:\/\/api.w.org\/{rel}","templated":true}]}}