{"id":65,"date":"2023-08-09T12:25:28","date_gmt":"2023-08-09T10:25:28","guid":{"rendered":"https:\/\/hoyre.no\/kinn\/?page_id=65"},"modified":"2025-02-14T12:59:21","modified_gmt":"2025-02-14T11:59:21","slug":"7-gode-grunner","status":"publish","type":"page","link":"https:\/\/hoyre.no\/kinn\/7-gode-grunner\/","title":{"rendered":"7 gode grunner"},"content":{"rendered":"\n<div class=\"wp-block-hoyre-hero with-image-gradient text-color-light  has-media alignfull has-background\"><div class=\"hoyre-hero has-image\"><h1 class=\"title\">7 gode grunner til \u00e5 stemme H\u00f8yre i Kinn<\/h1><figure class=\"hoyre-image-wrapper\"><div class=\"hoyre-image\"><img loading=\"lazy\" decoding=\"async\" width=\"2500\" height=\"1667\" src=\"https:\/\/hoyre.no\/content\/uploads\/sites\/331\/2025\/02\/GettyImages-1442909310-scaled.jpg\" class=\"attachment-scaled size-scaled\" alt=\"Krakenes fyr\" style=\"object-position: 50% 50%\" srcset=\"https:\/\/hoyre.no\/content\/uploads\/sites\/331\/2025\/02\/GettyImages-1442909310-scaled.jpg 2500w, https:\/\/hoyre.no\/content\/uploads\/sites\/331\/2025\/02\/GettyImages-1442909310-300x200.jpg 300w, https:\/\/hoyre.no\/content\/uploads\/sites\/331\/2025\/02\/GettyImages-1442909310-1024x683.jpg 1024w, https:\/\/hoyre.no\/content\/uploads\/sites\/331\/2025\/02\/GettyImages-1442909310-768x512.jpg 768w, https:\/\/hoyre.no\/content\/uploads\/sites\/331\/2025\/02\/GettyImages-1442909310-1536x1024.jpg 1536w, https:\/\/hoyre.no\/content\/uploads\/sites\/331\/2025\/02\/GettyImages-1442909310-2048x1365.jpg 2048w\" sizes=\"auto, (max-width: 2500px) 100vw, 2500px\" \/><\/div><\/figure><\/div><\/div>\n\n\n\n\n\n<div class=\"wp-block-hoyre-banner alignwide undefined  is-style-blue\"><div class=\"banner-inner\"><figure class=\"hoyre-image-wrapper\"><div class=\"hoyre-image\"><img loading=\"lazy\" decoding=\"async\" width=\"2500\" height=\"1667\" src=\"https:\/\/hoyre.no\/content\/uploads\/sites\/331\/2025\/02\/GettyImages-992851656-scaled.jpg\" class=\"attachment-scaled size-scaled\" alt=\"familie\" style=\"object-position: 50% 50%\" srcset=\"https:\/\/hoyre.no\/content\/uploads\/sites\/331\/2025\/02\/GettyImages-992851656-scaled.jpg 2500w, https:\/\/hoyre.no\/content\/uploads\/sites\/331\/2025\/02\/GettyImages-992851656-300x200.jpg 300w, https:\/\/hoyre.no\/content\/uploads\/sites\/331\/2025\/02\/GettyImages-992851656-1024x683.jpg 1024w, https:\/\/hoyre.no\/content\/uploads\/sites\/331\/2025\/02\/GettyImages-992851656-768x512.jpg 768w, https:\/\/hoyre.no\/content\/uploads\/sites\/331\/2025\/02\/GettyImages-992851656-1536x1024.jpg 1536w, https:\/\/hoyre.no\/content\/uploads\/sites\/331\/2025\/02\/GettyImages-992851656-2048x1365.jpg 2048w\" sizes=\"auto, (max-width: 2500px) 100vw, 2500px\" \/><\/div><\/figure><div class=\"banner-content\"><div class=\"entry-content\">\n<h2 class=\"wp-block-heading\">1. Du skal ha r\u00e5d til \u00e5 bo i Kinn<\/h2>\n\n\n\n<p>Det har blitt dyrare \u00e5 bu i Kinn. Avgifter har auka og eigedomsskatten har nesten dobla seg p\u00e5 f\u00e5 \u00e5r. H\u00f8gre vil halde skatte- og avgiftsniv\u00e5et nede. Kvar familie og innbyggjar skal sitte igjen med meir av sine eigne pengar. Du veit sj\u00f8lv kva som er god velferd for deg og dine!<\/p>\n\n\n\n<div class=\"wp-block-buttons is-layout-flex wp-block-buttons-is-layout-flex\"><\/div>\n<\/div><\/div><\/div><\/div>\n\n\n\n<div class=\"wp-block-hoyre-banner alignwide undefined\"><div class=\"banner-inner\"><figure class=\"hoyre-image-wrapper\"><div class=\"hoyre-image\"><img loading=\"lazy\" decoding=\"async\" width=\"2500\" height=\"1667\" src=\"https:\/\/hoyre.no\/content\/uploads\/sites\/331\/2025\/02\/GettyImages-628092942-scaled.jpg\" class=\"attachment-scaled size-scaled\" alt=\"n\u00e6ring\" style=\"object-position: 46% 26%\" srcset=\"https:\/\/hoyre.no\/content\/uploads\/sites\/331\/2025\/02\/GettyImages-628092942-scaled.jpg 2500w, https:\/\/hoyre.no\/content\/uploads\/sites\/331\/2025\/02\/GettyImages-628092942-300x200.jpg 300w, https:\/\/hoyre.no\/content\/uploads\/sites\/331\/2025\/02\/GettyImages-628092942-1024x683.jpg 1024w, https:\/\/hoyre.no\/content\/uploads\/sites\/331\/2025\/02\/GettyImages-628092942-768x512.jpg 768w, https:\/\/hoyre.no\/content\/uploads\/sites\/331\/2025\/02\/GettyImages-628092942-1536x1024.jpg 1536w, https:\/\/hoyre.no\/content\/uploads\/sites\/331\/2025\/02\/GettyImages-628092942-2048x1365.jpg 2048w\" sizes=\"auto, (max-width: 2500px) 100vw, 2500px\" \/><\/div><\/figure><div class=\"banner-content\"><div class=\"entry-content\">\n<h2 class=\"wp-block-heading\">2. Utvikling gir velferd<\/h2>\n\n\n\n<p>Vekst og utvikling er viktig for \u00e5 skape eit godt samfunn. Dei to byane v\u00e5re, Flor\u00f8 og M\u00e5l\u00f8y skal v\u00e6re i front for n\u00e6ringsutviklinga i v\u00e5r region. H\u00f8gre vil s\u00f8rge for at n\u00e6ringslivet vert m\u00f8tt av ein venleg og forutsigbar kommune, som er enkel \u00e5 opps\u00f8ke, som svarar raskt og har ei positiv innstilling. Vi vil v\u00e6re ein JA-kommune! I Kinn skal det v\u00e6re attraktivt \u00e5 etablere og vidareutvikle seg. Dette vil gje gode moglegheiter for fleire arbeidsplassar og enklare for ungdom \u00e5 bli v\u00e6rande eller komme heim etter endt utdanning.<\/p>\n\n\n\n<div class=\"wp-block-buttons is-layout-flex wp-block-buttons-is-layout-flex\"><\/div>\n<\/div><\/div><\/div><\/div>\n\n\n\n<div class=\"wp-block-hoyre-banner alignwide undefined  is-style-blue\"><div class=\"banner-inner\"><figure class=\"hoyre-image-wrapper\"><div class=\"hoyre-image\"><img loading=\"lazy\" decoding=\"async\" width=\"2500\" height=\"1650\" src=\"https:\/\/hoyre.no\/content\/uploads\/sites\/331\/2023\/08\/GettyImages-1160692980-scaled.jpg\" class=\"attachment-scaled size-scaled\" alt=\"\" style=\"object-position: 50% 50%\" srcset=\"https:\/\/hoyre.no\/content\/uploads\/sites\/331\/2023\/08\/GettyImages-1160692980-scaled.jpg 2500w, https:\/\/hoyre.no\/content\/uploads\/sites\/331\/2023\/08\/GettyImages-1160692980-300x198.jpg 300w, https:\/\/hoyre.no\/content\/uploads\/sites\/331\/2023\/08\/GettyImages-1160692980-1024x676.jpg 1024w, https:\/\/hoyre.no\/content\/uploads\/sites\/331\/2023\/08\/GettyImages-1160692980-768x507.jpg 768w, https:\/\/hoyre.no\/content\/uploads\/sites\/331\/2023\/08\/GettyImages-1160692980-1536x1014.jpg 1536w, https:\/\/hoyre.no\/content\/uploads\/sites\/331\/2023\/08\/GettyImages-1160692980-2048x1352.jpg 2048w\" sizes=\"auto, (max-width: 2500px) 100vw, 2500px\" \/><\/div><\/figure><div class=\"banner-content\"><div class=\"entry-content\">\n<h2 class=\"wp-block-heading\">3. Bedre skole for elevar og l\u00e6rarar<\/h2>\n\n\n\n<p>Skulen skal v\u00e6re ein plass for alle, og H\u00f8gre vil arbeide for at alle elevar skal f\u00e5 den oppl\u00e6ringa og oppf\u00f8lginga dei treng. H\u00f8gre vil ha ein skule med fokus p\u00e5 kunnskap, kvalitet og tryggleik. Vi vil at alle elevar skal oppleve meistring. Vi vil styrke laget rundt elevane med tverrfaglege stillingar slika at l\u00e6rarane skal f\u00e5 meir tid til \u00e5 v\u00e6re l\u00e6rar og arbeide med \u00e5 gje elevane den tilpassa undervisninga kvar enkelt treng. Det er viktig at barna si stemme vert h\u00f8yrt og at dei opplev at dei f\u00e5r v\u00e6re med \u00e5 p\u00e5verke sin eigen skulekvardag. Slik vil H\u00f8gre sikre at fleire elevar har eit godt l\u00e6ringsmilj\u00f8, er meir motivert for l\u00e6ring og klarer \u00e5 fullf\u00f8re skulegangen sin.<\/p>\n\n\n\n<div class=\"wp-block-buttons is-layout-flex wp-block-buttons-is-layout-flex\"><\/div>\n<\/div><\/div><\/div><\/div>\n\n\n\n<div class=\"wp-block-hoyre-banner alignwide undefined  is-style-light\"><div class=\"banner-inner\"><figure class=\"hoyre-image-wrapper\"><div class=\"hoyre-image\"><img loading=\"lazy\" decoding=\"async\" width=\"696\" height=\"464\" src=\"https:\/\/hoyre.no\/content\/uploads\/sites\/331\/2025\/02\/Bilde-1-PNG-edited-1.png\" class=\"attachment-scaled size-scaled\" alt=\"eldreomsorg\" style=\"object-position: 47% 31%\" srcset=\"https:\/\/hoyre.no\/content\/uploads\/sites\/331\/2025\/02\/Bilde-1-PNG-edited-1.png 696w, https:\/\/hoyre.no\/content\/uploads\/sites\/331\/2025\/02\/Bilde-1-PNG-edited-1-300x200.png 300w\" sizes=\"auto, (max-width: 696px) 100vw, 696px\" \/><\/div><\/figure><div class=\"banner-content\"><div class=\"entry-content\">\n<h2 class=\"wp-block-heading\">4. Det skal vere trygt \u00e5 bli eldre i Kinn<\/h2>\n\n\n\n<p>Det vert fleire eldre i kommunen v\u00e5r, fleire treng omsorg p\u00e5 ulike m\u00e5tar og mange er ensomme. H\u00f8gre vil byggje fleire , ulike boligar og god rehabilitering for dei som treng det. Vi m\u00e5 sikre at vi har nok ansatte med rett kompetanse til \u00e5 sikre behova til dei som treng det. H\u00f8gre vil at eldre skal ete godt, ha innhaldsrike kvardagar og at eldre kan v\u00e6re sosiale saman med andre. Vi vil ha gode m\u00f8teplassar og eit variert kulturtilbod for alle, slik at ein kan leve godt gjennom heile livet. H\u00f8gre skal sikre alle i Kinn ein god og verdig eldreomsorg, tilpassa eigne behov.<\/p>\n<\/div><\/div><\/div><\/div>\n\n\n\n<div class=\"wp-block-hoyre-banner alignwide undefined  is-style-blue\"><div class=\"banner-inner\"><figure class=\"hoyre-image-wrapper\"><div class=\"hoyre-image\"><img loading=\"lazy\" decoding=\"async\" width=\"2500\" height=\"1667\" src=\"https:\/\/hoyre.no\/content\/uploads\/sites\/331\/2023\/08\/GettyImages-594375747-scaled.jpg\" class=\"attachment-scaled size-scaled\" alt=\"\" style=\"object-position: 37% 24%\" srcset=\"https:\/\/hoyre.no\/content\/uploads\/sites\/331\/2023\/08\/GettyImages-594375747-scaled.jpg 2500w, https:\/\/hoyre.no\/content\/uploads\/sites\/331\/2023\/08\/GettyImages-594375747-300x200.jpg 300w, https:\/\/hoyre.no\/content\/uploads\/sites\/331\/2023\/08\/GettyImages-594375747-1024x683.jpg 1024w, https:\/\/hoyre.no\/content\/uploads\/sites\/331\/2023\/08\/GettyImages-594375747-768x512.jpg 768w, https:\/\/hoyre.no\/content\/uploads\/sites\/331\/2023\/08\/GettyImages-594375747-1536x1024.jpg 1536w, https:\/\/hoyre.no\/content\/uploads\/sites\/331\/2023\/08\/GettyImages-594375747-2048x1365.jpg 2048w\" sizes=\"auto, (max-width: 2500px) 100vw, 2500px\" \/><\/div><\/figure><div class=\"banner-content\"><div class=\"entry-content\">\n<h2 class=\"wp-block-heading\">5. Fritidstilbud for alle, i heile Kinn<\/h2>\n\n\n\n<p>Vi i H\u00f8gre skal alltid v\u00e6re postive til initiativ fr\u00e5 frivillige. Det er viktig med eit variert tilbud b\u00e5de innan idrett, kultur og andre aktivitetar, for \u00e5 sikre inkludering og god helse. Det beste f\u00f8rebyggande arbeidet mot utanforskap, rus og kriminalitet er mange nok arenaer for aktivitet og meistring. Vi vil legge forholdene til rette for flere fritidstilbud og i samarbeid med frivilligheten bidra til et st\u00f8rre mangfold av arenaer barn og unge kan tilbringe fritiden sin p\u00e5 i trygge, rusfrie milj\u00f8er.&nbsp;<\/p>\n<\/div><\/div><\/div><\/div>\n\n\n\n<div class=\"wp-block-hoyre-banner alignwide undefined  is-style-light\"><div class=\"banner-inner\"><figure class=\"hoyre-image-wrapper\"><div class=\"hoyre-image\"><img loading=\"lazy\" decoding=\"async\" width=\"2500\" height=\"1668\" src=\"https:\/\/hoyre.no\/content\/uploads\/sites\/331\/2025\/02\/GettyImages-535400455-scaled.jpg\" class=\"attachment-scaled size-scaled\" alt=\"barnehage\" style=\"object-position: 22% 28.999999999999996%\" srcset=\"https:\/\/hoyre.no\/content\/uploads\/sites\/331\/2025\/02\/GettyImages-535400455-scaled.jpg 2500w, https:\/\/hoyre.no\/content\/uploads\/sites\/331\/2025\/02\/GettyImages-535400455-300x200.jpg 300w, https:\/\/hoyre.no\/content\/uploads\/sites\/331\/2025\/02\/GettyImages-535400455-1024x683.jpg 1024w, https:\/\/hoyre.no\/content\/uploads\/sites\/331\/2025\/02\/GettyImages-535400455-768x513.jpg 768w, https:\/\/hoyre.no\/content\/uploads\/sites\/331\/2025\/02\/GettyImages-535400455-1536x1025.jpg 1536w, https:\/\/hoyre.no\/content\/uploads\/sites\/331\/2025\/02\/GettyImages-535400455-2048x1367.jpg 2048w\" sizes=\"auto, (max-width: 2500px) 100vw, 2500px\" \/><\/div><\/figure><div class=\"banner-content\"><div class=\"entry-content\">\n<h2 class=\"wp-block-heading\">6. Barnehage n\u00e5r du trenger det<\/h2>\n\n\n\n<p>H\u00f8gre vil at barn i Kinn skal f\u00e5 barnehageplass n\u00e5r dei fyller 1 \u00e5r om foreldrene \u00f8nskjer det. D\u00e5 treng vi eit rullerande barnehageopptak. Vi i H\u00f8gre trur at kvar familie veit best kva som passar best for dei. Vi vil ha eit barnehagetilbod n\u00e6r der du bur, slik at det vert enklare \u00e5 levere og hente barna. Dette vil gje familiane meir tid i ein hektisk kvardag, og barna vert meir kjent med eige n\u00e6rmilj\u00f8. Ansatte med rett kompetanse og bemanning er viktig i barnehagane v\u00e5re.<\/p>\n<\/div><\/div><\/div><\/div>\n\n\n\n<div class=\"wp-block-hoyre-banner alignwide undefined  is-style-light\"><div class=\"banner-inner\"><figure class=\"hoyre-image-wrapper\"><div class=\"hoyre-image\"><img loading=\"lazy\" decoding=\"async\" width=\"2500\" height=\"1667\" src=\"https:\/\/hoyre.no\/content\/uploads\/sites\/331\/2023\/08\/GettyImages-648945872-scaled.jpg\" class=\"attachment-scaled size-scaled\" alt=\"pep talk\" style=\"object-position: 50% 50%\" srcset=\"https:\/\/hoyre.no\/content\/uploads\/sites\/331\/2023\/08\/GettyImages-648945872-scaled.jpg 2500w, https:\/\/hoyre.no\/content\/uploads\/sites\/331\/2023\/08\/GettyImages-648945872-300x200.jpg 300w, https:\/\/hoyre.no\/content\/uploads\/sites\/331\/2023\/08\/GettyImages-648945872-1024x683.jpg 1024w, https:\/\/hoyre.no\/content\/uploads\/sites\/331\/2023\/08\/GettyImages-648945872-768x512.jpg 768w, https:\/\/hoyre.no\/content\/uploads\/sites\/331\/2023\/08\/GettyImages-648945872-1536x1024.jpg 1536w, https:\/\/hoyre.no\/content\/uploads\/sites\/331\/2023\/08\/GettyImages-648945872-2048x1365.jpg 2048w\" sizes=\"auto, (max-width: 2500px) 100vw, 2500px\" \/><\/div><\/figure><div class=\"banner-content\"><div class=\"entry-content\">\n<h2 class=\"wp-block-heading\">7. Skape tillit og bidra til samarbeid<\/h2>\n\n\n\n<p>Tillit er viktig. Vi politikar m\u00e5 heile tida gjere det vi kan for at dei som bur i kommunen v\u00e5r har tillit til oss. I Kinn treng vi \u00e5 betre tilliten mellom oss som skal styre kommunen og innbyggarane. Vi \u00f8nsker \u00e5 bidra til \u00e5&nbsp; bygge eit betre omd\u00f8mme for Kinn. H\u00f8gre skal lytte til folk og n\u00e6ringsliv og vil invitere til samarbeid med alle parti til det beste for folk flest.&nbsp;<\/p>\n<\/div><\/div><\/div><\/div>\n\n\n\n\t\t<div class=\"has-dark-blue-background-color is-layout-left alignwide alignwide wp-block-hoyre-media-text\">\n\t\t\t<div class=\"hoyre-media-text__media\">\n\t\t\t\t\n\t\t\t<\/div>\n\t\t\t<div class=\"hoyre-media-text__content\">\n\t\t\t\t<div class=\"hoyre-media-text__content-inner\">\n\t\t\t\t\t\n\t\t\t<div class=\"hoyre-media-text__title-container\">\n\t\t\t\t\n\t\t\t\t<h2 class=\"hoyre-media-text__title\">Bengt Solheim-Olsen er v\u00e5r ordf\u00f8rarkandidat<\/h2>\n\t\t\t<\/div>\n\t\t\t\n\t\t\t\t\t<div class=\"hoyre-media-text__blocks\">\n<p>Bli betre kjend med han, og sj\u00e5 heile vallista v\u00e5r, her \ud83d\udc47<\/p>\n<\/div>\n\t\t\t\t\t\n\t\t\t<div class=\"hoyre-media-text__buttons\">\n\t\t\t\t<a class=\"button\" href=\"https:\/\/hoyre.no\/kinn\/vare-kandidatar-2023-2027\/\">les meir her<\/a>\n\t\t\t<\/div>\n\t\t\t\n\t\t\t\t<\/div>\n\t\t\t<\/div>\n\t\t<\/div>\n\t\t\n\n\n\t\t<div class=\"has-transparent-background-color is-layout-left alignwide alignwide wp-block-hoyre-media-text\">\n\t\t\t<div class=\"hoyre-media-text__media\">\n\t\t\t\t<img loading=\"lazy\" decoding=\"async\" width=\"1000\" height=\"1000\" src=\"https:\/\/hoyre.no\/content\/uploads\/sites\/331\/2022\/11\/Hoyres-logo.png\" class=\"hoyre-media-text__media-image\" alt=\"\" style=\"--focal: 50% 50%;\" srcset=\"https:\/\/hoyre.no\/content\/uploads\/sites\/331\/2022\/11\/Hoyres-logo.png 1000w, https:\/\/hoyre.no\/content\/uploads\/sites\/331\/2022\/11\/Hoyres-logo-300x300.png 300w, https:\/\/hoyre.no\/content\/uploads\/sites\/331\/2022\/11\/Hoyres-logo-150x150.png 150w, https:\/\/hoyre.no\/content\/uploads\/sites\/331\/2022\/11\/Hoyres-logo-768x768.png 768w\" sizes=\"auto, (max-width: 1000px) 100vw, 1000px\" \/>\n\t\t\t<\/div>\n\t\t\t<div class=\"hoyre-media-text__content\">\n\t\t\t\t<div class=\"hoyre-media-text__content-inner\">\n\t\t\t\t\t\n\t\t\t<div class=\"hoyre-media-text__title-container\">\n\t\t\t\t\n\t\t\t\t<h2 class=\"hoyre-media-text__title\">Vil du vite meir om kva me g\u00e5r til val p\u00e5 i Kinn?<\/h2>\n\t\t\t<\/div>\n\t\t\t\n\t\t\t\t\t<div class=\"hoyre-media-text__blocks\">\n<p>Les heile valprogrammet v\u00e5rt her \ud83d\udc47<\/p>\n<\/div>\n\t\t\t\t\t\n\t\t\t<div class=\"hoyre-media-text__buttons\">\n\t\t\t\t<a class=\"button\" href=\"https:\/\/hoyre.no\/kinn\/valprogram-2023-2027\/\">Les meir her<\/a>\n\t\t\t<\/div>\n\t\t\t\n\t\t\t\t<\/div>\n\t\t\t<\/div>\n\t\t<\/div>\n\t\t","protected":false},"excerpt":{"rendered":"","protected":false},"author":29319,"featured_media":0,"parent":0,"menu_order":0,"comment_status":"closed","ping_status":"closed","template":"","meta":{"teft_cards_image_url":"","teft_cards_custom_pretitle":"","teft_cards_image_id":0,"teft_cards_image_focal_point_x":0,"teft_cards_image_focal_point_y":0,"teft_cards_title":"","teft_cards_excerpt":"","teft_show_chapters":false,"footnotes":""},"class_list":["post-65","page","type-page","status-publish","hentry"],"yoast_head":"<!-- This site is optimized with the Yoast SEO plugin v26.6 - https:\/\/yoast.com\/wordpress\/plugins\/seo\/ -->\n<title>7 gode grunner - Kinn H\u00f8gre<\/title>\n<meta name=\"robots\" content=\"index, follow, max-snippet:-1, max-image-preview:large, max-video-preview:-1\" \/>\n<link rel=\"canonical\" href=\"https:\/\/hoyre.no\/kinn\/7-gode-grunner\/\" \/>\n<meta property=\"og:locale\" content=\"nb_NO\" \/>\n<meta property=\"og:type\" content=\"article\" \/>\n<meta property=\"og:title\" content=\"7 gode grunner - Kinn H\u00f8gre\" \/>\n<meta property=\"og:url\" content=\"https:\/\/hoyre.no\/kinn\/7-gode-grunner\/\" \/>\n<meta property=\"og:site_name\" content=\"Kinn H\u00f8gre\" \/>\n<meta property=\"article:modified_time\" content=\"2025-02-14T11:59:21+00:00\" \/>\n<meta property=\"og:image\" content=\"https:\/\/hoyre.no\/content\/uploads\/sites\/331\/2022\/11\/Hoyres-logo.png\" \/>\n\t<meta property=\"og:image:width\" content=\"1000\" \/>\n\t<meta property=\"og:image:height\" content=\"1000\" \/>\n\t<meta property=\"og:image:type\" content=\"image\/png\" \/>\n<meta name=\"twitter:card\" content=\"summary_large_image\" \/>\n<meta name=\"twitter:label1\" content=\"Ansl. lesetid\" \/>\n\t<meta name=\"twitter:data1\" content=\"5 minutter\" \/>\n<script type=\"application\/ld+json\" class=\"yoast-schema-graph\">{\"@context\":\"https:\/\/schema.org\",\"@graph\":[{\"@type\":\"WebPage\",\"@id\":\"https:\/\/hoyre.no\/kinn\/7-gode-grunner\/\",\"url\":\"https:\/\/hoyre.no\/kinn\/7-gode-grunner\/\",\"name\":\"7 gode grunner - Kinn H\u00f8gre\",\"isPartOf\":{\"@id\":\"https:\/\/hoyre.no\/kinn\/#website\"},\"datePublished\":\"2023-08-09T10:25:28+00:00\",\"dateModified\":\"2025-02-14T11:59:21+00:00\",\"breadcrumb\":{\"@id\":\"https:\/\/hoyre.no\/kinn\/7-gode-grunner\/#breadcrumb\"},\"inLanguage\":\"nb-NO\",\"potentialAction\":[{\"@type\":\"ReadAction\",\"target\":[\"https:\/\/hoyre.no\/kinn\/7-gode-grunner\/\"]}]},{\"@type\":\"BreadcrumbList\",\"@id\":\"https:\/\/hoyre.no\/kinn\/7-gode-grunner\/#breadcrumb\",\"itemListElement\":[{\"@type\":\"ListItem\",\"position\":1,\"name\":\"Til hoyre.no\",\"item\":\"https:\/\/hoyre.no\"},{\"@type\":\"ListItem\",\"position\":2,\"name\":\"Hjem\",\"item\":\"https:\/\/hoyre.no\/kinn\/\"},{\"@type\":\"ListItem\",\"position\":3,\"name\":\"7 gode grunner\"}]},{\"@type\":\"WebSite\",\"@id\":\"https:\/\/hoyre.no\/kinn\/#website\",\"url\":\"https:\/\/hoyre.no\/kinn\/\",\"name\":\"Kinn H\u00f8gre\",\"description\":\"Bare enda et H\u00f8yres nettsteder-nettsted\",\"inLanguage\":\"nb-NO\"}]}<\/script>\n<!-- \/ Yoast SEO plugin. -->","yoast_head_json":{"title":"7 gode grunner - Kinn H\u00f8gre","robots":{"index":"index","follow":"follow","max-snippet":"max-snippet:-1","max-image-preview":"max-image-preview:large","max-video-preview":"max-video-preview:-1"},"canonical":"https:\/\/hoyre.no\/kinn\/7-gode-grunner\/","og_locale":"nb_NO","og_type":"article","og_title":"7 gode grunner - Kinn H\u00f8gre","og_url":"https:\/\/hoyre.no\/kinn\/7-gode-grunner\/","og_site_name":"Kinn H\u00f8gre","article_modified_time":"2025-02-14T11:59:21+00:00","og_image":[{"width":1000,"height":1000,"url":"https:\/\/hoyre.no\/content\/uploads\/sites\/331\/2022\/11\/Hoyres-logo.png","type":"image\/png"}],"twitter_card":"summary_large_image","twitter_misc":{"Ansl. lesetid":"5 minutter"},"schema":{"@context":"https:\/\/schema.org","@graph":[{"@type":"WebPage","@id":"https:\/\/hoyre.no\/kinn\/7-gode-grunner\/","url":"https:\/\/hoyre.no\/kinn\/7-gode-grunner\/","name":"7 gode grunner - Kinn H\u00f8gre","isPartOf":{"@id":"https:\/\/hoyre.no\/kinn\/#website"},"datePublished":"2023-08-09T10:25:28+00:00","dateModified":"2025-02-14T11:59:21+00:00","breadcrumb":{"@id":"https:\/\/hoyre.no\/kinn\/7-gode-grunner\/#breadcrumb"},"inLanguage":"nb-NO","potentialAction":[{"@type":"ReadAction","target":["https:\/\/hoyre.no\/kinn\/7-gode-grunner\/"]}]},{"@type":"BreadcrumbList","@id":"https:\/\/hoyre.no\/kinn\/7-gode-grunner\/#breadcrumb","itemListElement":[{"@type":"ListItem","position":1,"name":"Til hoyre.no","item":"https:\/\/hoyre.no"},{"@type":"ListItem","position":2,"name":"Hjem","item":"https:\/\/hoyre.no\/kinn\/"},{"@type":"ListItem","position":3,"name":"7 gode grunner"}]},{"@type":"WebSite","@id":"https:\/\/hoyre.no\/kinn\/#website","url":"https:\/\/hoyre.no\/kinn\/","name":"Kinn H\u00f8gre","description":"Bare enda et H\u00f8yres nettsteder-nettsted","inLanguage":"nb-NO"}]}},"distributor_meta":false,"distributor_terms":false,"distributor_media":false,"distributor_original_site_name":"Kinn H\u00f8gre","distributor_original_site_url":"https:\/\/hoyre.no\/kinn","push-errors":false,"_links":{"self":[{"href":"https:\/\/hoyre.no\/kinn\/wp-json\/wp\/v2\/pages\/65","targetHints":{"allow":["GET"]}}],"collection":[{"href":"https:\/\/hoyre.no\/kinn\/wp-json\/wp\/v2\/pages"}],"about":[{"href":"https:\/\/hoyre.no\/kinn\/wp-json\/wp\/v2\/types\/page"}],"author":[{"embeddable":true,"href":"https:\/\/hoyre.no\/kinn\/wp-json\/wp\/v2\/users\/29319"}],"replies":[{"embeddable":true,"href":"https:\/\/hoyre.no\/kinn\/wp-json\/wp\/v2\/comments?post=65"}],"version-history":[{"count":6,"href":"https:\/\/hoyre.no\/kinn\/wp-json\/wp\/v2\/pages\/65\/revisions"}],"predecessor-version":[{"id":139,"href":"https:\/\/hoyre.no\/kinn\/wp-json\/wp\/v2\/pages\/65\/revisions\/139"}],"wp:attachment":[{"href":"https:\/\/hoyre.no\/kinn\/wp-json\/wp\/v2\/media?parent=65"}],"curies":[{"name":"wp","href":"https:\/\/api.w.org\/{rel}","templated":true}]}}