{"id":57,"date":"2023-09-08T11:34:22","date_gmt":"2023-09-08T09:34:22","guid":{"rendered":"https:\/\/hoyre.no\/laerdal\/?page_id=57"},"modified":"2025-02-18T16:04:56","modified_gmt":"2025-02-18T15:04:56","slug":"5-gode-grunnar","status":"publish","type":"page","link":"https:\/\/hoyre.no\/laerdal\/5-gode-grunnar\/","title":{"rendered":"5 gode grunnar"},"content":{"rendered":"\n<div class=\"wp-block-hoyre-hero with-image-gradient text-color-light  has-media alignfull has-background\"><div class=\"hoyre-hero has-image\"><h1 class=\"title\">5 gode grunnar til \u00e5 r\u00f8yste H\u00f8gre i L\u00e6rdal<\/h1><figure class=\"hoyre-image-wrapper\"><div class=\"hoyre-image\"><img loading=\"lazy\" decoding=\"async\" width=\"1280\" height=\"848\" src=\"https:\/\/hoyre.no\/content\/uploads\/sites\/328\/2023\/06\/Borgund.jpeg\" class=\"attachment-scaled size-scaled\" alt=\"\" style=\"object-position: 50% 50%\" srcset=\"https:\/\/hoyre.no\/content\/uploads\/sites\/328\/2023\/06\/Borgund.jpeg 1280w, https:\/\/hoyre.no\/content\/uploads\/sites\/328\/2023\/06\/Borgund-300x199.jpeg 300w, https:\/\/hoyre.no\/content\/uploads\/sites\/328\/2023\/06\/Borgund-1024x678.jpeg 1024w, https:\/\/hoyre.no\/content\/uploads\/sites\/328\/2023\/06\/Borgund-768x509.jpeg 768w\" sizes=\"auto, (max-width: 1280px) 100vw, 1280px\" \/><\/div><\/figure><\/div><\/div>\n\n\n\n\n\t\t<div class=\"has-lightest-blue-background-color is-layout-left alignwide alignwide wp-block-hoyre-media-text\">\n\t\t\t<div class=\"hoyre-media-text__media\">\n\t\t\t\t<img loading=\"lazy\" decoding=\"async\" width=\"700\" height=\"1024\" src=\"https:\/\/hoyre.no\/content\/uploads\/sites\/328\/2023\/06\/00-Laerdal-700x1024.jpg\" class=\"hoyre-media-text__media-image\" alt=\"\" style=\"--focal: 50% 50%;\" srcset=\"https:\/\/hoyre.no\/content\/uploads\/sites\/328\/2023\/06\/00-Laerdal-700x1024.jpg 700w, https:\/\/hoyre.no\/content\/uploads\/sites\/328\/2023\/06\/00-Laerdal-205x300.jpg 205w, https:\/\/hoyre.no\/content\/uploads\/sites\/328\/2023\/06\/00-Laerdal-768x1124.jpg 768w, https:\/\/hoyre.no\/content\/uploads\/sites\/328\/2023\/06\/00-Laerdal-1050x1536.jpg 1050w, https:\/\/hoyre.no\/content\/uploads\/sites\/328\/2023\/06\/00-Laerdal.jpg 1080w\" sizes=\"auto, (max-width: 700px) 100vw, 700px\" \/>\n\t\t\t<\/div>\n\t\t\t<div class=\"hoyre-media-text__content\">\n\t\t\t\t<div class=\"hoyre-media-text__content-inner\">\n\t\t\t\t\t\n\t\t\t<div class=\"hoyre-media-text__title-container\">\n\t\t\t\t\n\t\t\t\t<h2 class=\"hoyre-media-text__title\">1. V\u00e5r ambisjon er at alle som vil skal kunne jobbe og bu i L\u00e6rdal<\/h2>\n\t\t\t<\/div>\n\t\t\t\n\t\t\t\t\t<div class=\"hoyre-media-text__blocks\"><\/div>\n\t\t\t\t\t\n\t\t\t\t<\/div>\n\t\t\t<\/div>\n\t\t<\/div>\n\t\t\n\n\n\n\t\t<div class=\"has-pale-blue-background-color is-layout-right alignwide alignwide wp-block-hoyre-media-text\">\n\t\t\t<div class=\"hoyre-media-text__media\">\n\t\t\t\t<img loading=\"lazy\" decoding=\"async\" width=\"1024\" height=\"683\" src=\"https:\/\/hoyre.no\/content\/uploads\/sites\/328\/2023\/09\/GettyImages-166229590-1-1024x683.jpg\" class=\"hoyre-media-text__media-image\" alt=\"\" style=\"--focal: 50% 50%;\" srcset=\"https:\/\/hoyre.no\/content\/uploads\/sites\/328\/2023\/09\/GettyImages-166229590-1-1024x683.jpg 1024w, https:\/\/hoyre.no\/content\/uploads\/sites\/328\/2023\/09\/GettyImages-166229590-1-300x200.jpg 300w, https:\/\/hoyre.no\/content\/uploads\/sites\/328\/2023\/09\/GettyImages-166229590-1-768x512.jpg 768w, https:\/\/hoyre.no\/content\/uploads\/sites\/328\/2023\/09\/GettyImages-166229590-1-1536x1024.jpg 1536w, https:\/\/hoyre.no\/content\/uploads\/sites\/328\/2023\/09\/GettyImages-166229590-1-2048x1365.jpg 2048w\" sizes=\"auto, (max-width: 1024px) 100vw, 1024px\" \/>\n\t\t\t<\/div>\n\t\t\t<div class=\"hoyre-media-text__content\">\n\t\t\t\t<div class=\"hoyre-media-text__content-inner\">\n\t\t\t\t\t\n\t\t\t<div class=\"hoyre-media-text__title-container\">\n\t\t\t\t\n\t\t\t\t<h2 class=\"hoyre-media-text__title\">2. L\u00e6rdal skal vere ein n\u00e6ringsvennleg kommune med eit milj\u00f8vennleg fokus<\/h2>\n\t\t\t<\/div>\n\t\t\t\n\t\t\t\t\t<div class=\"hoyre-media-text__blocks\"><\/div>\n\t\t\t\t\t\n\t\t\t\t<\/div>\n\t\t\t<\/div>\n\t\t<\/div>\n\t\t\n\n\n\t\t<div class=\"has-pale-purple-background-color is-layout-left alignwide alignwide wp-block-hoyre-media-text\">\n\t\t\t<div class=\"hoyre-media-text__media\">\n\t\t\t\t<img loading=\"lazy\" decoding=\"async\" width=\"1024\" height=\"683\" src=\"https:\/\/hoyre.no\/content\/uploads\/sites\/328\/2023\/09\/GettyImages-687776655-1024x683.jpg\" class=\"hoyre-media-text__media-image\" alt=\"\" style=\"--focal: 50% 50%;\" srcset=\"https:\/\/hoyre.no\/content\/uploads\/sites\/328\/2023\/09\/GettyImages-687776655-1024x683.jpg 1024w, https:\/\/hoyre.no\/content\/uploads\/sites\/328\/2023\/09\/GettyImages-687776655-300x200.jpg 300w, https:\/\/hoyre.no\/content\/uploads\/sites\/328\/2023\/09\/GettyImages-687776655-768x512.jpg 768w, https:\/\/hoyre.no\/content\/uploads\/sites\/328\/2023\/09\/GettyImages-687776655-1536x1024.jpg 1536w, https:\/\/hoyre.no\/content\/uploads\/sites\/328\/2023\/09\/GettyImages-687776655-2048x1365.jpg 2048w\" sizes=\"auto, (max-width: 1024px) 100vw, 1024px\" \/>\n\t\t\t<\/div>\n\t\t\t<div class=\"hoyre-media-text__content\">\n\t\t\t\t<div class=\"hoyre-media-text__content-inner\">\n\t\t\t\t\t\n\t\t\t<div class=\"hoyre-media-text__title-container\">\n\t\t\t\t\n\t\t\t\t<h2 class=\"hoyre-media-text__title\">3. Me vil sikra kunnskap, meistring og trivsel for ungane i barnehage og skule &#8211; trygge og glade ungar l\u00e6rer mest<\/h2>\n\t\t\t<\/div>\n\t\t\t\n\t\t\t\t\t<div class=\"hoyre-media-text__blocks\"><\/div>\n\t\t\t\t\t\n\t\t\t\t<\/div>\n\t\t\t<\/div>\n\t\t<\/div>\n\t\t\n\n\n\t\t<div class=\"has-lightest-blue-background-color is-layout-right alignwide alignwide wp-block-hoyre-media-text\">\n\t\t\t<div class=\"hoyre-media-text__media\">\n\t\t\t\t<img loading=\"lazy\" decoding=\"async\" width=\"1024\" height=\"683\" src=\"https:\/\/hoyre.no\/content\/uploads\/sites\/328\/2023\/09\/GettyImages-1152308900-1024x683.jpg\" class=\"hoyre-media-text__media-image\" alt=\"\" style=\"--focal: 50% 50%;\" srcset=\"https:\/\/hoyre.no\/content\/uploads\/sites\/328\/2023\/09\/GettyImages-1152308900-1024x683.jpg 1024w, https:\/\/hoyre.no\/content\/uploads\/sites\/328\/2023\/09\/GettyImages-1152308900-300x200.jpg 300w, https:\/\/hoyre.no\/content\/uploads\/sites\/328\/2023\/09\/GettyImages-1152308900-768x512.jpg 768w, https:\/\/hoyre.no\/content\/uploads\/sites\/328\/2023\/09\/GettyImages-1152308900-1536x1024.jpg 1536w, https:\/\/hoyre.no\/content\/uploads\/sites\/328\/2023\/09\/GettyImages-1152308900-2048x1365.jpg 2048w\" sizes=\"auto, (max-width: 1024px) 100vw, 1024px\" \/>\n\t\t\t<\/div>\n\t\t\t<div class=\"hoyre-media-text__content\">\n\t\t\t\t<div class=\"hoyre-media-text__content-inner\">\n\t\t\t\t\t\n\t\t\t<div class=\"hoyre-media-text__title-container\">\n\t\t\t\t\n\t\t\t\t<h2 class=\"hoyre-media-text__title\">4. Me vil sikra alle ein trygg og god alderdom, med god omsorg og kvalifisert personale<\/h2>\n\t\t\t<\/div>\n\t\t\t\n\t\t\t\t\t<div class=\"hoyre-media-text__blocks\"><\/div>\n\t\t\t\t\t\n\t\t\t\t<\/div>\n\t\t\t<\/div>\n\t\t<\/div>\n\t\t\n\n\n\t\t<div class=\"has-pale-green-background-color is-layout-left alignwide alignwide wp-block-hoyre-media-text\">\n\t\t\t<div class=\"hoyre-media-text__media\">\n\t\t\t\t<img loading=\"lazy\" decoding=\"async\" width=\"1024\" height=\"673\" src=\"https:\/\/hoyre.no\/content\/uploads\/sites\/328\/2023\/06\/Laerdal-getty-2-1024x673.jpeg\" class=\"hoyre-media-text__media-image\" alt=\"\" style=\"--focal: 50% 50%;\" srcset=\"https:\/\/hoyre.no\/content\/uploads\/sites\/328\/2023\/06\/Laerdal-getty-2-1024x673.jpeg 1024w, https:\/\/hoyre.no\/content\/uploads\/sites\/328\/2023\/06\/Laerdal-getty-2-300x197.jpeg 300w, https:\/\/hoyre.no\/content\/uploads\/sites\/328\/2023\/06\/Laerdal-getty-2-768x504.jpeg 768w, https:\/\/hoyre.no\/content\/uploads\/sites\/328\/2023\/06\/Laerdal-getty-2-1536x1009.jpeg 1536w, https:\/\/hoyre.no\/content\/uploads\/sites\/328\/2023\/06\/Laerdal-getty-2.jpeg 1920w\" sizes=\"auto, (max-width: 1024px) 100vw, 1024px\" \/>\n\t\t\t<\/div>\n\t\t\t<div class=\"hoyre-media-text__content\">\n\t\t\t\t<div class=\"hoyre-media-text__content-inner\">\n\t\t\t\t\t\n\t\t\t<div class=\"hoyre-media-text__title-container\">\n\t\t\t\t\n\t\t\t\t<h2 class=\"hoyre-media-text__title\">5. Me vil jobba for meir interkommunalt samarbeid &#8211; st\u00f8rre fagfellesskap til \u00e5 l\u00f8yse stadig st\u00f8rre og krevjande oppg\u00e5ver<\/h2>\n\t\t\t<\/div>\n\t\t\t\n\t\t\t\t\t<div class=\"hoyre-media-text__blocks\"><\/div>\n\t\t\t\t\t\n\t\t\t\t<\/div>\n\t\t\t<\/div>\n\t\t<\/div>\n\t\t\n\n\n<div class=\"wp-block-hoyre-banner alignwide undefined\"><div class=\"banner-inner\"><figure class=\"hoyre-image-wrapper\"><div class=\"hoyre-image\"><img loading=\"lazy\" decoding=\"async\" width=\"1000\" height=\"1000\" src=\"https:\/\/hoyre.no\/content\/uploads\/sites\/328\/2022\/11\/Hoyres-logo.png\" class=\"attachment-scaled size-scaled\" alt=\"\" style=\"object-position: 50% 50%\" srcset=\"https:\/\/hoyre.no\/content\/uploads\/sites\/328\/2022\/11\/Hoyres-logo.png 1000w, https:\/\/hoyre.no\/content\/uploads\/sites\/328\/2022\/11\/Hoyres-logo-300x300.png 300w, https:\/\/hoyre.no\/content\/uploads\/sites\/328\/2022\/11\/Hoyres-logo-150x150.png 150w, https:\/\/hoyre.no\/content\/uploads\/sites\/328\/2022\/11\/Hoyres-logo-768x768.png 768w\" sizes=\"auto, (max-width: 1000px) 100vw, 1000px\" \/><\/div><\/figure><div class=\"banner-content\"><div class=\"entry-content\">\n<h2 class=\"wp-block-heading\" id=\"h-vil-du-vite-meir\">Vil du vite meir?<\/h2>\n\n\n\n<p>Les heile v\u00e5rt valprogram for komande periode, her \ud83d\udc47<\/p>\n\n\n\n<div class=\"wp-block-buttons is-layout-flex wp-block-buttons-is-layout-flex\">\n<div class=\"wp-block-button\"><a class=\"wp-block-button__link wp-element-button\" href=\"https:\/\/hoyre.no\/laerdal\/laerdal-hogre-valprogram-2023-2027\/\">trykk her for \u00e5 lesa meir<\/a><\/div>\n<\/div>\n<\/div><\/div><\/div><\/div>\n","protected":false},"excerpt":{"rendered":"","protected":false},"author":29319,"featured_media":0,"parent":0,"menu_order":0,"comment_status":"closed","ping_status":"closed","template":"","meta":{"teft_cards_image_url":"","teft_cards_custom_pretitle":"","teft_cards_image_id":0,"teft_cards_image_focal_point_x":0,"teft_cards_image_focal_point_y":0,"teft_cards_title":"","teft_cards_excerpt":"","teft_show_chapters":false,"footnotes":""},"class_list":["post-57","page","type-page","status-publish","hentry"],"yoast_head":"<!-- This site is optimized with the Yoast SEO plugin v26.6 - https:\/\/yoast.com\/wordpress\/plugins\/seo\/ -->\n<title>5 gode grunnar - L\u00e6rdal H\u00f8gre<\/title>\n<meta name=\"description\" content=\"5 gode grunnar til \u00e5 r\u00f8yste H\u00f8gre om du bur i L\u00e6rdal.\" \/>\n<meta name=\"robots\" content=\"index, follow, max-snippet:-1, max-image-preview:large, max-video-preview:-1\" \/>\n<link rel=\"canonical\" href=\"https:\/\/hoyre.no\/laerdal\/5-gode-grunnar\/\" \/>\n<meta property=\"og:locale\" content=\"nn_NO\" \/>\n<meta property=\"og:type\" content=\"article\" \/>\n<meta property=\"og:title\" content=\"5 gode grunnar - L\u00e6rdal H\u00f8gre\" \/>\n<meta property=\"og:description\" content=\"5 gode grunnar til \u00e5 r\u00f8yste H\u00f8gre om du bur i L\u00e6rdal.\" \/>\n<meta property=\"og:url\" content=\"https:\/\/hoyre.no\/laerdal\/5-gode-grunnar\/\" \/>\n<meta property=\"og:site_name\" content=\"L\u00e6rdal H\u00f8gre\" \/>\n<meta property=\"article:modified_time\" content=\"2025-02-18T15:04:56+00:00\" \/>\n<meta property=\"og:image\" content=\"https:\/\/hoyre.no\/content\/uploads\/sites\/328\/2022\/11\/Hoyres-logo.png\" \/>\n\t<meta property=\"og:image:width\" content=\"1000\" \/>\n\t<meta property=\"og:image:height\" content=\"1000\" \/>\n\t<meta property=\"og:image:type\" content=\"image\/png\" \/>\n<meta name=\"twitter:card\" content=\"summary_large_image\" \/>\n<meta name=\"twitter:label1\" content=\"Est. reading time\" \/>\n\t<meta name=\"twitter:data1\" content=\"1 minutt\" \/>\n<script type=\"application\/ld+json\" class=\"yoast-schema-graph\">{\"@context\":\"https:\/\/schema.org\",\"@graph\":[{\"@type\":\"WebPage\",\"@id\":\"https:\/\/hoyre.no\/laerdal\/5-gode-grunnar\/\",\"url\":\"https:\/\/hoyre.no\/laerdal\/5-gode-grunnar\/\",\"name\":\"5 gode grunnar - L\u00e6rdal H\u00f8gre\",\"isPartOf\":{\"@id\":\"https:\/\/hoyre.no\/laerdal\/#website\"},\"datePublished\":\"2023-09-08T09:34:22+00:00\",\"dateModified\":\"2025-02-18T15:04:56+00:00\",\"description\":\"5 gode grunnar til \u00e5 r\u00f8yste H\u00f8gre om du bur i L\u00e6rdal.\",\"breadcrumb\":{\"@id\":\"https:\/\/hoyre.no\/laerdal\/5-gode-grunnar\/#breadcrumb\"},\"inLanguage\":\"nn-NO\",\"potentialAction\":[{\"@type\":\"ReadAction\",\"target\":[\"https:\/\/hoyre.no\/laerdal\/5-gode-grunnar\/\"]}]},{\"@type\":\"BreadcrumbList\",\"@id\":\"https:\/\/hoyre.no\/laerdal\/5-gode-grunnar\/#breadcrumb\",\"itemListElement\":[{\"@type\":\"ListItem\",\"position\":1,\"name\":\"Til hoyre.no\",\"item\":\"https:\/\/hoyre.no\"},{\"@type\":\"ListItem\",\"position\":2,\"name\":\"Hjem\",\"item\":\"https:\/\/hoyre.no\/laerdal\/\"},{\"@type\":\"ListItem\",\"position\":3,\"name\":\"5 gode grunnar\"}]},{\"@type\":\"WebSite\",\"@id\":\"https:\/\/hoyre.no\/laerdal\/#website\",\"url\":\"https:\/\/hoyre.no\/laerdal\/\",\"name\":\"L\u00e6rdal H\u00f8gre\",\"description\":\"Bare enda et H\u00f8yres nettsteder-nettsted\",\"inLanguage\":\"nn-NO\"}]}<\/script>\n<!-- \/ Yoast SEO plugin. -->","yoast_head_json":{"title":"5 gode grunnar - L\u00e6rdal H\u00f8gre","description":"5 gode grunnar til \u00e5 r\u00f8yste H\u00f8gre om du bur i L\u00e6rdal.","robots":{"index":"index","follow":"follow","max-snippet":"max-snippet:-1","max-image-preview":"max-image-preview:large","max-video-preview":"max-video-preview:-1"},"canonical":"https:\/\/hoyre.no\/laerdal\/5-gode-grunnar\/","og_locale":"nn_NO","og_type":"article","og_title":"5 gode grunnar - L\u00e6rdal H\u00f8gre","og_description":"5 gode grunnar til \u00e5 r\u00f8yste H\u00f8gre om du bur i L\u00e6rdal.","og_url":"https:\/\/hoyre.no\/laerdal\/5-gode-grunnar\/","og_site_name":"L\u00e6rdal H\u00f8gre","article_modified_time":"2025-02-18T15:04:56+00:00","og_image":[{"width":1000,"height":1000,"url":"https:\/\/hoyre.no\/content\/uploads\/sites\/328\/2022\/11\/Hoyres-logo.png","type":"image\/png"}],"twitter_card":"summary_large_image","twitter_misc":{"Est. reading time":"1 minutt"},"schema":{"@context":"https:\/\/schema.org","@graph":[{"@type":"WebPage","@id":"https:\/\/hoyre.no\/laerdal\/5-gode-grunnar\/","url":"https:\/\/hoyre.no\/laerdal\/5-gode-grunnar\/","name":"5 gode grunnar - L\u00e6rdal H\u00f8gre","isPartOf":{"@id":"https:\/\/hoyre.no\/laerdal\/#website"},"datePublished":"2023-09-08T09:34:22+00:00","dateModified":"2025-02-18T15:04:56+00:00","description":"5 gode grunnar til \u00e5 r\u00f8yste H\u00f8gre om du bur i L\u00e6rdal.","breadcrumb":{"@id":"https:\/\/hoyre.no\/laerdal\/5-gode-grunnar\/#breadcrumb"},"inLanguage":"nn-NO","potentialAction":[{"@type":"ReadAction","target":["https:\/\/hoyre.no\/laerdal\/5-gode-grunnar\/"]}]},{"@type":"BreadcrumbList","@id":"https:\/\/hoyre.no\/laerdal\/5-gode-grunnar\/#breadcrumb","itemListElement":[{"@type":"ListItem","position":1,"name":"Til hoyre.no","item":"https:\/\/hoyre.no"},{"@type":"ListItem","position":2,"name":"Hjem","item":"https:\/\/hoyre.no\/laerdal\/"},{"@type":"ListItem","position":3,"name":"5 gode grunnar"}]},{"@type":"WebSite","@id":"https:\/\/hoyre.no\/laerdal\/#website","url":"https:\/\/hoyre.no\/laerdal\/","name":"L\u00e6rdal H\u00f8gre","description":"Bare enda et H\u00f8yres nettsteder-nettsted","inLanguage":"nn-NO"}]}},"distributor_meta":false,"distributor_terms":false,"distributor_media":false,"distributor_original_site_name":"L\u00e6rdal H\u00f8gre","distributor_original_site_url":"https:\/\/hoyre.no\/laerdal","push-errors":false,"_links":{"self":[{"href":"https:\/\/hoyre.no\/laerdal\/wp-json\/wp\/v2\/pages\/57","targetHints":{"allow":["GET"]}}],"collection":[{"href":"https:\/\/hoyre.no\/laerdal\/wp-json\/wp\/v2\/pages"}],"about":[{"href":"https:\/\/hoyre.no\/laerdal\/wp-json\/wp\/v2\/types\/page"}],"author":[{"embeddable":true,"href":"https:\/\/hoyre.no\/laerdal\/wp-json\/wp\/v2\/users\/29319"}],"replies":[{"embeddable":true,"href":"https:\/\/hoyre.no\/laerdal\/wp-json\/wp\/v2\/comments?post=57"}],"version-history":[{"count":2,"href":"https:\/\/hoyre.no\/laerdal\/wp-json\/wp\/v2\/pages\/57\/revisions"}],"predecessor-version":[{"id":64,"href":"https:\/\/hoyre.no\/laerdal\/wp-json\/wp\/v2\/pages\/57\/revisions\/64"}],"wp:attachment":[{"href":"https:\/\/hoyre.no\/laerdal\/wp-json\/wp\/v2\/media?parent=57"}],"curies":[{"name":"wp","href":"https:\/\/api.w.org\/{rel}","templated":true}]}}