{"id":508,"date":"2023-06-26T22:22:45","date_gmt":"2023-06-26T20:22:45","guid":{"rendered":"https:\/\/hoyre.no\/lier\/?page_id=508"},"modified":"2023-06-26T22:33:01","modified_gmt":"2023-06-26T20:33:01","slug":"thorkild-m-graadahl-kandidatside","status":"publish","type":"page","link":"https:\/\/hoyre.no\/lier\/stiller-til-valg-for-lier-hoyre-2023\/thorkild-m-graadahl-kandidatside\/","title":{"rendered":"Thorkild M. Graadahl &#8211; Kandidatside"},"content":{"rendered":"\n<div class=\"wp-block-hoyre-hero with-image-gradient text-color-light  has-media alignfull has-background\"><div class=\"hoyre-hero has-image\"><h1 class=\"title\">Thorkild M. Graadahl<\/h1><p class=\"preamble\"><em>&laquo;Dr\u00f8mmen om egen bolig &#8211; Retten til et meningsfyllt liv &#8211; B\u00e6rekraft er mer enn \u00e5 plante tr\u00e6r&raquo;<\/em><\/p>\t\t\t<div class=\"post-meta wp-block teft-byline-wrapper\">\n\t\t\t\t<div class=\"top\">\n\t\t\t\t\t<div class=\"signature\">\n\t\t\t\t\t\t<div class=\"teft-byline\">\n\t\t\t\t\t\t\t\t\t\t\t\t\t\t<div>\n\t\t\t\t\t\t\t\t<h3>H\u00f8yres redaksjon<\/h3>\t\t\t\t\t\t\t\t\n\t\t\t\t\t\t\t\t\t\t\t\t\t\t\t\t\t<span class=\"date\">Sist oppdatert: 26. juni 2023<\/span>\n\t\t\t\t\t\t\t\t\t\t\t\t\t\t\t\t\t\t\t\t\t\t\t\t\t<span class=\"reading-time\" itemprop=\"timeRequired\" content=\"PT6M\"><em>Ca. 6 minutter lesetid<\/em><\/span>\n\t\t\t\t\t\t\t\t\t\t\t\t\t\t\t<\/div>\n\t\t\t\t\t\t<\/div>\n\t\t\t\t\t<\/div>\n\t\t\t\t\t\t<div class=\"sharing\">\n\t\t<a class=\"share-button share-link copy-link\" data-copy=\"https:\/\/hoyre.no\/lier\/stiller-til-valg-for-lier-hoyre-2023\/thorkild-m-graadahl-kandidatside\/\" target=\"_blank\"><span class=\"screen-reader-text\">Del link<\/span><\/a>\n\t\t<a class=\"share-button share-twitter\" href=\"http:\/\/twitter.com\/share?text=Thorkild M. Graadahl &#8211; Kandidatside&#038;url=https:\/\/hoyre.no\/lier\/stiller-til-valg-for-lier-hoyre-2023\/thorkild-m-graadahl-kandidatside\/&#038;hashtags=Hoyre\" target=\"_blank\"><span class=\"screen-reader-text\">Del p\u00e5 twitter<\/span><\/a>\n\t\t<a class=\"share-button share-facebook\" href=\"https:\/\/www.facebook.com\/sharer\/sharer.php?u=https:\/\/hoyre.no\/lier\/stiller-til-valg-for-lier-hoyre-2023\/thorkild-m-graadahl-kandidatside\/\" target=\"_blank\"><span class=\"screen-reader-text\">Del p\u00e5 facebook<\/span><\/a>\n\t<\/div>\n\t\t\t\t\t<\/div>\n\t\t\t<\/div>\n\n\t\t\t<figure class=\"hoyre-image-wrapper\"><div class=\"hoyre-image\"><img loading=\"lazy\" decoding=\"async\" width=\"2037\" height=\"1055\" src=\"https:\/\/hoyre.no\/content\/uploads\/sites\/181\/2023\/06\/Thorkild-med-Engersand2.jpg\" class=\"attachment-scaled size-scaled\" alt=\"\" style=\"object-position: 54% 85%\" srcset=\"https:\/\/hoyre.no\/content\/uploads\/sites\/181\/2023\/06\/Thorkild-med-Engersand2.jpg 2037w, https:\/\/hoyre.no\/content\/uploads\/sites\/181\/2023\/06\/Thorkild-med-Engersand2-300x155.jpg 300w, https:\/\/hoyre.no\/content\/uploads\/sites\/181\/2023\/06\/Thorkild-med-Engersand2-1024x530.jpg 1024w, https:\/\/hoyre.no\/content\/uploads\/sites\/181\/2023\/06\/Thorkild-med-Engersand2-768x398.jpg 768w, https:\/\/hoyre.no\/content\/uploads\/sites\/181\/2023\/06\/Thorkild-med-Engersand2-1536x796.jpg 1536w\" sizes=\"auto, (max-width: 2037px) 100vw, 2037px\" \/><\/div><\/figure><\/div><\/div>\n\n\n\n\n<p>\u00abI n\u00e6r fremtid \u00f8nsker jeg \u00e5 g\u00e5 ombord p\u00e5 en <img loading=\"lazy\" decoding=\"async\" alt=\"\ud83d\udee5\ufe0f\" src=\"https:\/\/static.xx.fbcdn.net\/images\/emoji.php\/v9\/t3e\/1\/16\/1f6e5.png\" width=\"16\" height=\"16\">autonom elektrisk ferge p\u00e5 Engersand Havn som bruker<img loading=\"lazy\" decoding=\"async\" alt=\"\u3030\ufe0f\" src=\"https:\/\/static.xx.fbcdn.net\/images\/emoji.php\/v9\/ta3\/1\/16\/3030.png\" width=\"16\" height=\"16\">vannveien til Drammen\u00bb<\/p>\n\n\n\n<p>Jeg, Thorkild Graadahl, f\u00f8dt i april 1975 i Troms\u00f8<img loading=\"lazy\" decoding=\"async\" alt=\"\ud83c\udfd4\ufe0f\" src=\"https:\/\/static.xx.fbcdn.net\/images\/emoji.php\/v9\/t5b\/1\/16\/1f3d4.png\" width=\"16\" height=\"16\"> har hatt en variert geografisk<img loading=\"lazy\" decoding=\"async\" alt=\"\ud83c\uddf3\ud83c\uddf4\" src=\"https:\/\/static.xx.fbcdn.net\/images\/emoji.php\/v9\/te1\/1\/16\/1f1f3_1f1f4.png\" width=\"16\" height=\"16\"><img loading=\"lazy\" decoding=\"async\" alt=\"\ud83c\udf10\" src=\"https:\/\/static.xx.fbcdn.net\/images\/emoji.php\/v9\/taa\/1\/16\/1f310.png\" width=\"16\" height=\"16\">bakgrunn f\u00f8r jeg bosatte meg i Lier. Jeg har bodd i Troms\u00f8, i Kirkenes og p\u00e5 Filtvet hele grunnskolen p\u00e5 Hurumlandet. Busspendling<img loading=\"lazy\" decoding=\"async\" alt=\"\ud83d\ude8c\" src=\"https:\/\/static.xx.fbcdn.net\/images\/emoji.php\/v9\/t79\/1\/16\/1f68c.png\" width=\"16\" height=\"16\">fra Filtvet til Linnesvollen VGS i \u00abf\u00f8rste gym\u00bb var mitt f\u00f8rste m\u00f8te med Lier kommune. Deretter ble det to \u00e5r som hybelboer hos en <a><\/a>eldre dame i Nordkjosbotn, en liten bygd i Troms, og helgene hos n\u00e6r familie i Troms\u00f8 by. Etter endt skolegang og russetid som &laquo;OL-Russ&raquo; i 1994, flyttet jeg til Oslo for videre studier og jobb innen TV og reklamebransjen f\u00f8r jeg endte opp i Lier i 1998. Her bygget man<img loading=\"lazy\" decoding=\"async\" alt=\"\ud83c\udfe0\" src=\"https:\/\/static.xx.fbcdn.net\/images\/emoji.php\/v9\/tf6\/1\/16\/1f3e0.png\" width=\"16\" height=\"16\">hus, stiftet familie og der startet jeg mitt f\u00f8rste firma som gr\u00fcnder, ett av Norges f\u00f8rste nettbaserte<img loading=\"lazy\" decoding=\"async\" alt=\"\ud83d\udeeb\" src=\"https:\/\/static.xx.fbcdn.net\/images\/emoji.php\/v9\/teb\/1\/16\/1f6eb.png\" width=\"16\" height=\"16\"><img loading=\"lazy\" decoding=\"async\" alt=\"\ud83d\ude80\" src=\"https:\/\/static.xx.fbcdn.net\/images\/emoji.php\/v9\/tc6\/1\/16\/1f680.png\" width=\"16\" height=\"16\">reisebyr\u00e5er.<\/p>\n\n\n\n<p>I dag jobber jeg som l\u00f8sningsarkitekt og r\u00e5dgiver innen informasjonsteknologi . Lier kommune har v\u00e6rt mitt hjem i over 20 \u00e5r, f\u00f8rst i Sylling og de siste \u00e5rene p\u00e5 Engersand Havn p\u00e5 Gullaug. Lier kommune, som ligger mellom fjord og fjell, land og by, er en kommune som jeg er stolt av. Den har v\u00e6rt der med sine tjenester og bidratt til at jeg og min familie trives s\u00e5 godt. Kommunen har en historie med god politisk styring gjennom mange \u00e5r, selv om det selvsagt ikke har v\u00e6rt perfekt. Uansett er det menneskene, kompetansen og milj\u00f8et i kommunen som har bidratt til \u00e5 skape et positivt samfunn, og hver innbygger er en del av dette.<\/p>\n\n\n\n<p>Hvorfor \u00f8nsker jeg \u00e5 bli politiker? Eller som jeg liker \u00e5 si det, hvorfor skal jeg bry meg?<\/p>\n\n\n\n<p>Lier H\u00f8yres visjon for Lier er basert p\u00e5 samarbeid og prioritering av fellesskapets velferd. Jeg har en sterk tro p\u00e5 \u00e5 investere i fremtiden til barn og unge. Gjennom \u00e5 tilby <img loading=\"lazy\" decoding=\"async\" alt=\"\ud83c\udf93\" src=\"https:\/\/static.xx.fbcdn.net\/images\/emoji.php\/v9\/t25\/1\/16\/1f393.png\" width=\"16\" height=\"16\">kvalitetsutdanning og like muligheter for alle, kan vi legge en solid grunnmur for enkeltpersoner og det samfunnet de vil forme.<\/p>\n\n\n\n<p>I tr\u00e5d med dette \u00f8nsker jeg \u00e5 fremme frivillighet og inkludering. De mangfoldige kulturelle <img loading=\"lazy\" decoding=\"async\" alt=\"\ud83c\udfb8\" src=\"https:\/\/static.xx.fbcdn.net\/images\/emoji.php\/v9\/t21\/1\/16\/1f3b8.png\" width=\"16\" height=\"16\"> og idrettslige <img loading=\"lazy\" decoding=\"async\" alt=\"\u26bd\ufe0f\" src=\"https:\/\/static.xx.fbcdn.net\/images\/emoji.php\/v9\/taf\/1\/16\/26bd.png\" width=\"16\" height=\"16\"> aktivitetene spiller en viktig rolle i \u00e5 fremme <img loading=\"lazy\" decoding=\"async\" alt=\"\ud83d\udc69\ud83c\udffd\u200d\u2695\ufe0f\" src=\"https:\/\/static.xx.fbcdn.net\/images\/emoji.php\/v9\/t9a\/1\/16\/1f469_1f3fd_200d_2695.png\" width=\"16\" height=\"16\">folkehelsen, deltakelse og sosialt samhold.<\/p>\n\n\n\n<p>Jeg \u00f8nsker \u00e5 st\u00f8tte jobbskapere i Lier for \u00e5 skape en blomstrende \u00f8konomi<img loading=\"lazy\" decoding=\"async\" alt=\"\ud83d\udcb0\" src=\"https:\/\/static.xx.fbcdn.net\/images\/emoji.php\/v9\/t5a\/1\/16\/1f4b0.png\" width=\"16\" height=\"16\"> Ved \u00e5 fremme vekst<img loading=\"lazy\" decoding=\"async\" alt=\"\ud83d\udcc8\" src=\"https:\/\/static.xx.fbcdn.net\/images\/emoji.php\/v9\/t1\/1\/16\/1f4c8.png\" width=\"16\" height=\"16\">og utvikling kan vi skape flere sysselsettingsmuligheter i nye og eksisterende bedrifter. Jeg har tro p\u00e5 at en samarbeidsvillig og forutsigbar kommune er n\u00f8kkelen til suksess, og jeg er dedikert til \u00e5 gj\u00f8re dette til virkelighet.<\/p>\n\n\n\n<p>Dr\u00f8mmen om egen bolig. <img loading=\"lazy\" decoding=\"async\" alt=\"\ud83c\udfd8\ufe0f\" src=\"https:\/\/static.xx.fbcdn.net\/images\/emoji.php\/v9\/t5f\/1\/16\/1f3d8.png\" width=\"16\" height=\"16\"><img loading=\"lazy\" decoding=\"async\" alt=\"\ud83c\udfe1\" src=\"https:\/\/static.xx.fbcdn.net\/images\/emoji.php\/v9\/t77\/1\/16\/1f3e1.png\" width=\"16\" height=\"16\"><\/p>\n\n\n\n<p>\u00c5 sikre tilgjengelighet til boliger for alle innbyggere er en annen viktig del av Lier H\u00f8yres visjon. Med forventet befolkningsvekst \u00f8nsker jeg \u00e5 legge til rette for ulike boligalternativer. Jeg vil ogs\u00e5 jobbe for tiltak som &laquo;leie til eie&raquo; og &laquo;hjem-start&raquo;, som gj\u00f8r det lettere for enkeltpersoner \u00e5 realisere dr\u00f8mmen om \u00e5 eie sitt eget hjem. En effektivt drevet kommune er avgj\u00f8rende for fremgang, og jeg vil s\u00f8rge for at Lier fortsetter \u00e5 v\u00e6re et str\u00e5lende eksempel. Ved \u00e5 bruke ressursene effektivt og ut\u00f8ve ansvarlig styresett kan vi maksimere fordelene for samfunnet. Jeg \u00f8nsker \u00e5 unng\u00e5 innf\u00f8ring av eiendomsskatt for \u00e5 sikre at \u00f8konomiske byrder for innbyggerne forblir overkommelige.<\/p>\n\n\n\n<p>Retten til et meningsfyllt liv.<img loading=\"lazy\" decoding=\"async\" alt=\"\ud83d\ude0d\" src=\"https:\/\/static.xx.fbcdn.net\/images\/emoji.php\/v9\/t2\/1\/16\/1f60d.png\" width=\"16\" height=\"16\"><\/p>\n\n\n\n<p>Velferd og verdighet for den eldre befolkningen ligger n\u00e6r hjertet mitt. Jeg tror p\u00e5 at hver eldre person fortjener muligheten til et aktivt og meningsfylt liv. Ved \u00e5 tilby skreddersydd omsorg, fremme sosialt samv\u00e6r og legge til rette for valget om \u00e5 bo hjemme, kan vi gj\u00f8re Lier til et eksepsjonelt sted for de eldre. Jeg vil jobbe for \u00e5 sikre tilstrekkelig tilgang til helsetjenester, et mangfold av aktiviteter og en solid sosial infrastruktur som gir trygghet og st\u00f8tte til de eldre innbyggerne.<\/p>\n\n\n\n<p>B\u00e6rekraft er mer enn \u00e5 plante tr\u00e6r.<img loading=\"lazy\" decoding=\"async\" alt=\"\ud83c\udf33\" src=\"https:\/\/static.xx.fbcdn.net\/images\/emoji.php\/v9\/t6b\/1\/16\/1f333.png\" width=\"16\" height=\"16\"><\/p>\n\n\n\n<p>Til slutt er milj\u00f8messig b\u00e6rekraft en viktig del av min visjon for Lier. Jeg er engasjert i \u00e5 f\u00f8lge en ambisi\u00f8s klima- og milj\u00f8politikk som setter s\u00f8kelys p\u00e5 \u00e5 redusere utslipp samtidig som man st\u00f8tter ansvarlig utvikling. Gjennom \u00e5 oppmuntre til b\u00e6rekraftige forretningspraksiser og gi beboerne muligheten til \u00e5 ta milj\u00f8vennlige valg, kan vi skape et gr\u00f8nnere og sunnere Lier. Jeg ser for meg en kommune som omfavner innovative digitale l\u00f8sninger, fremmer bruk av fornybar energi og jobber for \u00e5 bevare og beskytte naturomr\u00e5dene for kommende generasjoner.<\/p>\n\n\n\n<p>Helt personlig! <img loading=\"lazy\" decoding=\"async\" alt=\"\ud83c\udfa4\" src=\"https:\/\/static.xx.fbcdn.net\/images\/emoji.php\/v9\/t7e\/1\/16\/1f3a4.png\" width=\"16\" height=\"16\"><\/p>\n\n\n\n<p>I n\u00e6r fremtid \u00f8nsker jeg \u00e5 g\u00e5 ombord p\u00e5 en autonom elektrisk ferge p\u00e5 Engersand Havn som bruker vannveien til fjordbyen, Drammen, det nye sykehuset, Braker\u00f8ya togstasjon og kanskje videre oppover elven eller rett over fjorden. P\u00e5 kort sikt mener jeg at Brakars bysykler burde v\u00e6re gratis for de med ungdomskort slik at de kan benytte disse til korresponderende busser og tog slik det er i Stavanger. Jeg vet at det kan v\u00e6re mer h\u00e6rverk p\u00e5 disse med unge brukere, men de skal jo ikke st\u00e5 til pynt.<\/p>\n\n\n\n<p>Bruk stemmeretten <img loading=\"lazy\" decoding=\"async\" alt=\"\ud83d\udce3\" src=\"https:\/\/static.xx.fbcdn.net\/images\/emoji.php\/v9\/tba\/1\/16\/1f4e3.png\" width=\"16\" height=\"16\"><img loading=\"lazy\" decoding=\"async\" alt=\"\ud83d\udcac\" src=\"https:\/\/static.xx.fbcdn.net\/images\/emoji.php\/v9\/t6e\/1\/16\/1f4ac.png\" width=\"16\" height=\"16\"><\/p>\n\n\n\n<p>Jeg oppfordrer alle til \u00e5 benytte stemmeretten, da hver eneste stemme teller. Sammen kan vi bygge et sterkere, mer inkluderende og b\u00e6rekraftig Lier. Ved \u00e5 samarbeide og utnytte styrkene i fellesskapet v\u00e5rt, kan vi skape en fremtid som gagner alle innbyggerne. Som politiker i Lier H\u00f8yre er jeg stolt av \u00e5 representere denne visjonen og dedikert til \u00e5 gj\u00f8re Lier til et enda bedre sted \u00e5 bo, arbeide og trives i.<\/p>\n\n\n\n<p>Jeg h\u00e5per at du vil stemme p\u00e5 <img loading=\"lazy\" decoding=\"async\" alt=\"\ud83d\udc99\" src=\"https:\/\/static.xx.fbcdn.net\/images\/emoji.php\/v9\/t6c\/1\/16\/1f499.png\" width=\"16\" height=\"16\">Lier H\u00f8yre ved \u00e5rets kommunevalg, og selvsagt \u00f8nsker jeg ett kryss p\u00e5 lista for en ekstra stemme om du tror jeg kan v\u00e6re med \u00e5 gj\u00f8re en forskjell.<\/p>\n\n","protected":false},"excerpt":{"rendered":"","protected":false},"author":25077,"featured_media":0,"parent":354,"menu_order":0,"comment_status":"closed","ping_status":"closed","template":"","meta":{"teft_cards_image_url":"","teft_cards_custom_pretitle":"","teft_cards_image_id":505,"teft_cards_image_focal_point_x":0.5,"teft_cards_image_focal_point_y":0.24,"teft_cards_title":"","teft_cards_excerpt":"","teft_show_chapters":false,"footnotes":""},"class_list":["post-508","page","type-page","status-publish","hentry"],"yoast_head":"<!-- This site is optimized with the Yoast SEO plugin v26.6 - https:\/\/yoast.com\/wordpress\/plugins\/seo\/ -->\n<title>Thorkild M. Graadahl - Kandidatside - Lier H\u00f8yre<\/title>\n<meta name=\"robots\" content=\"index, follow, max-snippet:-1, max-image-preview:large, max-video-preview:-1\" \/>\n<link rel=\"canonical\" href=\"https:\/\/hoyre.no\/lier\/stiller-til-valg-for-lier-hoyre-2023\/thorkild-m-graadahl-kandidatside\/\" \/>\n<meta property=\"og:locale\" content=\"nb_NO\" \/>\n<meta property=\"og:type\" content=\"article\" \/>\n<meta property=\"og:title\" content=\"Thorkild M. Graadahl - Kandidatside - Lier H\u00f8yre\" \/>\n<meta property=\"og:url\" content=\"https:\/\/hoyre.no\/lier\/stiller-til-valg-for-lier-hoyre-2023\/thorkild-m-graadahl-kandidatside\/\" \/>\n<meta property=\"og:site_name\" content=\"Lier H\u00f8yre\" \/>\n<meta property=\"article:modified_time\" content=\"2023-06-26T20:33:01+00:00\" \/>\n<meta property=\"og:image\" content=\"https:\/\/hoyre.no\/content\/uploads\/sites\/181\/2023\/06\/Thorkild-Mehren-Graadahl-683x1024.jpg\" \/>\n<meta name=\"twitter:card\" content=\"summary_large_image\" \/>\n<meta name=\"twitter:label1\" content=\"Ansl. lesetid\" \/>\n\t<meta name=\"twitter:data1\" content=\"10 minutter\" \/>\n<script type=\"application\/ld+json\" class=\"yoast-schema-graph\">{\"@context\":\"https:\/\/schema.org\",\"@graph\":[{\"@type\":\"WebPage\",\"@id\":\"https:\/\/hoyre.no\/lier\/stiller-til-valg-for-lier-hoyre-2023\/thorkild-m-graadahl-kandidatside\/\",\"url\":\"https:\/\/hoyre.no\/lier\/stiller-til-valg-for-lier-hoyre-2023\/thorkild-m-graadahl-kandidatside\/\",\"name\":\"Thorkild M. Graadahl - Kandidatside - Lier H\u00f8yre\",\"isPartOf\":{\"@id\":\"https:\/\/hoyre.no\/lier\/#website\"},\"image\":{\"@id\":\"https:\/\/hoyre.no\/lier\/stiller-til-valg-for-lier-hoyre-2023\/thorkild-m-graadahl-kandidatside\/#primaryimage\"},\"thumbnailUrl\":\"https:\/\/static.xx.fbcdn.net\/images\/emoji.php\/v9\/t3e\/1\/16\/1f6e5.png\",\"datePublished\":\"2023-06-26T20:22:45+00:00\",\"dateModified\":\"2023-06-26T20:33:01+00:00\",\"breadcrumb\":{\"@id\":\"https:\/\/hoyre.no\/lier\/stiller-til-valg-for-lier-hoyre-2023\/thorkild-m-graadahl-kandidatside\/#breadcrumb\"},\"inLanguage\":\"nb-NO\",\"potentialAction\":[{\"@type\":\"ReadAction\",\"target\":[\"https:\/\/hoyre.no\/lier\/stiller-til-valg-for-lier-hoyre-2023\/thorkild-m-graadahl-kandidatside\/\"]}]},{\"@type\":\"ImageObject\",\"inLanguage\":\"nb-NO\",\"@id\":\"https:\/\/hoyre.no\/lier\/stiller-til-valg-for-lier-hoyre-2023\/thorkild-m-graadahl-kandidatside\/#primaryimage\",\"url\":\"https:\/\/static.xx.fbcdn.net\/images\/emoji.php\/v9\/t3e\/1\/16\/1f6e5.png\",\"contentUrl\":\"https:\/\/static.xx.fbcdn.net\/images\/emoji.php\/v9\/t3e\/1\/16\/1f6e5.png\"},{\"@type\":\"BreadcrumbList\",\"@id\":\"https:\/\/hoyre.no\/lier\/stiller-til-valg-for-lier-hoyre-2023\/thorkild-m-graadahl-kandidatside\/#breadcrumb\",\"itemListElement\":[{\"@type\":\"ListItem\",\"position\":1,\"name\":\"Til hoyre.no\",\"item\":\"https:\/\/hoyre.no\"},{\"@type\":\"ListItem\",\"position\":2,\"name\":\"Hjem\",\"item\":\"https:\/\/hoyre.no\/lier\/\"},{\"@type\":\"ListItem\",\"position\":3,\"name\":\"Stiller til valg for Lier H\u00f8yre 2023\",\"item\":\"https:\/\/hoyre.no\/lier\/stiller-til-valg-for-lier-hoyre-2023\/\"},{\"@type\":\"ListItem\",\"position\":4,\"name\":\"Thorkild M. Graadahl &#8211; Kandidatside\"}]},{\"@type\":\"WebSite\",\"@id\":\"https:\/\/hoyre.no\/lier\/#website\",\"url\":\"https:\/\/hoyre.no\/lier\/\",\"name\":\"Lier H\u00f8yre\",\"description\":\"Bare enda et H\u00f8yres nettsteder-nettsted\",\"inLanguage\":\"nb-NO\"}]}<\/script>\n<!-- \/ Yoast SEO plugin. -->","yoast_head_json":{"title":"Thorkild M. Graadahl - Kandidatside - Lier H\u00f8yre","robots":{"index":"index","follow":"follow","max-snippet":"max-snippet:-1","max-image-preview":"max-image-preview:large","max-video-preview":"max-video-preview:-1"},"canonical":"https:\/\/hoyre.no\/lier\/stiller-til-valg-for-lier-hoyre-2023\/thorkild-m-graadahl-kandidatside\/","og_locale":"nb_NO","og_type":"article","og_title":"Thorkild M. Graadahl - Kandidatside - Lier H\u00f8yre","og_url":"https:\/\/hoyre.no\/lier\/stiller-til-valg-for-lier-hoyre-2023\/thorkild-m-graadahl-kandidatside\/","og_site_name":"Lier H\u00f8yre","article_modified_time":"2023-06-26T20:33:01+00:00","og_image":[{"url":"https:\/\/hoyre.no\/content\/uploads\/sites\/181\/2023\/06\/Thorkild-Mehren-Graadahl-683x1024.jpg","width":"","height":"","type":""}],"twitter_card":"summary_large_image","twitter_misc":{"Ansl. lesetid":"10 minutter"},"schema":{"@context":"https:\/\/schema.org","@graph":[{"@type":"WebPage","@id":"https:\/\/hoyre.no\/lier\/stiller-til-valg-for-lier-hoyre-2023\/thorkild-m-graadahl-kandidatside\/","url":"https:\/\/hoyre.no\/lier\/stiller-til-valg-for-lier-hoyre-2023\/thorkild-m-graadahl-kandidatside\/","name":"Thorkild M. Graadahl - Kandidatside - Lier H\u00f8yre","isPartOf":{"@id":"https:\/\/hoyre.no\/lier\/#website"},"image":{"@id":"https:\/\/hoyre.no\/lier\/stiller-til-valg-for-lier-hoyre-2023\/thorkild-m-graadahl-kandidatside\/#primaryimage"},"thumbnailUrl":"https:\/\/static.xx.fbcdn.net\/images\/emoji.php\/v9\/t3e\/1\/16\/1f6e5.png","datePublished":"2023-06-26T20:22:45+00:00","dateModified":"2023-06-26T20:33:01+00:00","breadcrumb":{"@id":"https:\/\/hoyre.no\/lier\/stiller-til-valg-for-lier-hoyre-2023\/thorkild-m-graadahl-kandidatside\/#breadcrumb"},"inLanguage":"nb-NO","potentialAction":[{"@type":"ReadAction","target":["https:\/\/hoyre.no\/lier\/stiller-til-valg-for-lier-hoyre-2023\/thorkild-m-graadahl-kandidatside\/"]}]},{"@type":"ImageObject","inLanguage":"nb-NO","@id":"https:\/\/hoyre.no\/lier\/stiller-til-valg-for-lier-hoyre-2023\/thorkild-m-graadahl-kandidatside\/#primaryimage","url":"https:\/\/static.xx.fbcdn.net\/images\/emoji.php\/v9\/t3e\/1\/16\/1f6e5.png","contentUrl":"https:\/\/static.xx.fbcdn.net\/images\/emoji.php\/v9\/t3e\/1\/16\/1f6e5.png"},{"@type":"BreadcrumbList","@id":"https:\/\/hoyre.no\/lier\/stiller-til-valg-for-lier-hoyre-2023\/thorkild-m-graadahl-kandidatside\/#breadcrumb","itemListElement":[{"@type":"ListItem","position":1,"name":"Til hoyre.no","item":"https:\/\/hoyre.no"},{"@type":"ListItem","position":2,"name":"Hjem","item":"https:\/\/hoyre.no\/lier\/"},{"@type":"ListItem","position":3,"name":"Stiller til valg for Lier H\u00f8yre 2023","item":"https:\/\/hoyre.no\/lier\/stiller-til-valg-for-lier-hoyre-2023\/"},{"@type":"ListItem","position":4,"name":"Thorkild M. Graadahl &#8211; Kandidatside"}]},{"@type":"WebSite","@id":"https:\/\/hoyre.no\/lier\/#website","url":"https:\/\/hoyre.no\/lier\/","name":"Lier H\u00f8yre","description":"Bare enda et H\u00f8yres nettsteder-nettsted","inLanguage":"nb-NO"}]}},"distributor_meta":false,"distributor_terms":false,"distributor_media":false,"distributor_original_site_name":"Lier H\u00f8yre","distributor_original_site_url":"https:\/\/hoyre.no\/lier","push-errors":false,"_links":{"self":[{"href":"https:\/\/hoyre.no\/lier\/wp-json\/wp\/v2\/pages\/508","targetHints":{"allow":["GET"]}}],"collection":[{"href":"https:\/\/hoyre.no\/lier\/wp-json\/wp\/v2\/pages"}],"about":[{"href":"https:\/\/hoyre.no\/lier\/wp-json\/wp\/v2\/types\/page"}],"author":[{"embeddable":true,"href":"https:\/\/hoyre.no\/lier\/wp-json\/wp\/v2\/users\/25077"}],"replies":[{"embeddable":true,"href":"https:\/\/hoyre.no\/lier\/wp-json\/wp\/v2\/comments?post=508"}],"version-history":[{"count":2,"href":"https:\/\/hoyre.no\/lier\/wp-json\/wp\/v2\/pages\/508\/revisions"}],"predecessor-version":[{"id":516,"href":"https:\/\/hoyre.no\/lier\/wp-json\/wp\/v2\/pages\/508\/revisions\/516"}],"up":[{"embeddable":true,"href":"https:\/\/hoyre.no\/lier\/wp-json\/wp\/v2\/pages\/354"}],"wp:attachment":[{"href":"https:\/\/hoyre.no\/lier\/wp-json\/wp\/v2\/media?parent=508"}],"curies":[{"name":"wp","href":"https:\/\/api.w.org\/{rel}","templated":true}]}}