{"id":540,"date":"2023-07-04T08:22:02","date_gmt":"2023-07-04T06:22:02","guid":{"rendered":"https:\/\/hoyre.no\/lier\/?page_id=540"},"modified":"2023-07-04T08:51:16","modified_gmt":"2023-07-04T06:51:16","slug":"gina-ekeberg-kandidatside","status":"publish","type":"page","link":"https:\/\/hoyre.no\/lier\/stiller-til-valg-for-lier-hoyre-2023\/gina-ekeberg-kandidatside\/","title":{"rendered":"Gina Ekeberg &#8211; Kandidatside"},"content":{"rendered":"\n<div class=\"wp-block-hoyre-hero with-image-gradient text-color-light  has-media alignfull has-background\"><div class=\"hoyre-hero has-image\"><h1 class=\"title\">Gina Ekeberg<\/h1><p class=\"preamble\"><em>&laquo;H\u00f8yre viser ansvarlighet i politikken sin. H\u00f8yre har gode l\u00f8sninger og greier \u00e5 balansere utvikling med bevaring av Lier.&raquo;<\/em><\/p>\t\t\t<div class=\"post-meta wp-block teft-byline-wrapper\">\n\t\t\t\t<div class=\"top\">\n\t\t\t\t\t<div class=\"signature\">\n\t\t\t\t\t\t<div class=\"teft-byline\">\n\t\t\t\t\t\t\t\t\t\t\t\t\t\t<div>\n\t\t\t\t\t\t\t\t<h3>H\u00f8yres redaksjon<\/h3>\t\t\t\t\t\t\t\t\n\t\t\t\t\t\t\t\t\t\t\t\t\t\t\t\t\t<span class=\"date\">Sist oppdatert: 4. juli 2023<\/span>\n\t\t\t\t\t\t\t\t\t\t\t\t\t\t\t\t\t\t\t\t\t\t\t\t\t<span class=\"reading-time\" itemprop=\"timeRequired\" content=\"PT2M\"><em>Ca. 2 minutter lesetid<\/em><\/span>\n\t\t\t\t\t\t\t\t\t\t\t\t\t\t\t<\/div>\n\t\t\t\t\t\t<\/div>\n\t\t\t\t\t<\/div>\n\t\t\t\t\t\t<div class=\"sharing\">\n\t\t<a class=\"share-button share-link copy-link\" data-copy=\"https:\/\/hoyre.no\/lier\/stiller-til-valg-for-lier-hoyre-2023\/gina-ekeberg-kandidatside\/\" target=\"_blank\"><span class=\"screen-reader-text\">Del link<\/span><\/a>\n\t\t<a class=\"share-button share-twitter\" href=\"http:\/\/twitter.com\/share?text=Gina Ekeberg &#8211; Kandidatside&#038;url=https:\/\/hoyre.no\/lier\/stiller-til-valg-for-lier-hoyre-2023\/gina-ekeberg-kandidatside\/&#038;hashtags=Hoyre\" target=\"_blank\"><span class=\"screen-reader-text\">Del p\u00e5 twitter<\/span><\/a>\n\t\t<a class=\"share-button share-facebook\" href=\"https:\/\/www.facebook.com\/sharer\/sharer.php?u=https:\/\/hoyre.no\/lier\/stiller-til-valg-for-lier-hoyre-2023\/gina-ekeberg-kandidatside\/\" target=\"_blank\"><span class=\"screen-reader-text\">Del p\u00e5 facebook<\/span><\/a>\n\t<\/div>\n\t\t\t\t\t<\/div>\n\t\t\t<\/div>\n\n\t\t\t<figure class=\"hoyre-image-wrapper\"><div class=\"hoyre-image\"><img loading=\"lazy\" decoding=\"async\" width=\"960\" height=\"720\" src=\"https:\/\/hoyre.no\/content\/uploads\/sites\/181\/2023\/07\/Gina-Ekeberg-i-Tvedestrand.jpg\" class=\"attachment-scaled size-scaled\" alt=\"\" style=\"object-position: 54% 94%\" srcset=\"https:\/\/hoyre.no\/content\/uploads\/sites\/181\/2023\/07\/Gina-Ekeberg-i-Tvedestrand.jpg 960w, https:\/\/hoyre.no\/content\/uploads\/sites\/181\/2023\/07\/Gina-Ekeberg-i-Tvedestrand-300x225.jpg 300w, https:\/\/hoyre.no\/content\/uploads\/sites\/181\/2023\/07\/Gina-Ekeberg-i-Tvedestrand-768x576.jpg 768w\" sizes=\"auto, (max-width: 960px) 100vw, 960px\" \/><\/div><\/figure><\/div><\/div>\n\n\n\n\n<p>Til alle i Lier!<\/p>\n\n\n\n<p>Jeg stiller til valg for Lier H\u00f8yre<img loading=\"lazy\" decoding=\"async\" alt=\"\ud83d\udc99\" src=\"https:\/\/static.xx.fbcdn.net\/images\/emoji.php\/v9\/t6c\/1\/16\/1f499.png\" width=\"16\" height=\"16\"><\/p>\n\n\n\n<p>Det har jeg gjort siden 2011, og etter &laquo;to og en halv&raquo; periode synes jeg fortsatt jeg har mer \u00e5 gi!<\/p>\n\n\n\n<p>Det er viktig at folk deltar i styre og stell; det er jo folket som utgj\u00f8r stammen i v\u00e5rt demokrati!<\/p>\n\n\n\n<p>Jeg <a><\/a>har deltatt i flere frivillige og faglige organisasjoner og synes det er fint \u00e5 bidra til et bedre samfunn gjennom \u00e5 representere Lier H\u00f8yre.<\/p>\n\n\n\n<p>H\u00f8yre viser ansvarlighet i politikken sin. H\u00f8yre har gode l\u00f8sninger og greier \u00e5 balansere utvikling med bevaring i Lier.<\/p>\n\n\n\n<p>Den siste perioden har jeg v\u00e6rt medlem av Landbruksutvalget i Lier, og der er jeg opptatt av vern av dyrket mark, samtidig som vi m\u00e5 finne arealer for utvikling av kommunen.<\/p>\n\n\n\n<p>Jeg stiller som kandidat til kommunestyret fordi jeg \u00f8nsker \u00e5 v\u00e6re med \u00e5 p\u00e5virke hvordan Lier skal utvikle seg fremover.<\/p>\n\n\n\n<p>For tiden deltar jeg i interimsstyret i Buskerud H\u00f8yre som leder av Buskerud H\u00f8yres kvinneforum.<\/p>\n\n\n\n<p>Som styremedlem i Viken H\u00f8yres kvinneforum de seneste \u00e5rene er jeg selvsagt opptatt av kvinnepolitikk, og s\u00e6rlig at vi har gode jordmortjenester, og at vi forebygger vold i n\u00e6re relasjoner.<\/p>\n\n\n\n<p>Jeg er vokst opp p\u00e5 en g\u00e5rd p\u00e5 Lierskogen og bor der. Jeg er gift og har to voksne s\u00f8nner.<\/p>\n\n\n\n<p>Av yrke er jeg psykiatrisk sykepleier og har jobbet innen psykisk helse i alle \u00e5r. Som dere forst\u00e5r er jeg opptatt av at vi skal ha gode helsetjenester hele livet \u2013 livet ut.<\/p>\n\n\n\n<p>Av interesser kan nevnes at jeg er glad i \u00e5 g\u00e5 tur, lage mat og invitere venner og familie til hyggelige sammenkomster.<\/p>\n\n\n\n<p>GODT VALG!<\/p>\n\n\n\n<p>Med vennlig hilsen<\/p>\n\n\n\n<p>Gina Ekeberg<\/p>\n\n\n\n<div class=\"wp-block-media-text alignwide is-stacked-on-mobile is-image-fill is-style-pale-green\" style=\"grid-template-columns:21% auto\"><figure class=\"wp-block-media-text__media\" style=\"background-image:url('https:\/\/hoyre.no\/content\/uploads\/sites\/181\/2023\/07\/Gina-Ekeberg-683x1024.jpg');background-position:50% 50%\"><img loading=\"lazy\" decoding=\"async\" width=\"683\" height=\"1024\" src=\"https:\/\/hoyre.no\/content\/uploads\/sites\/181\/2023\/07\/Gina-Ekeberg-683x1024.jpg\" alt=\"\" class=\"wp-image-542 size-full\" srcset=\"https:\/\/hoyre.no\/content\/uploads\/sites\/181\/2023\/07\/Gina-Ekeberg-683x1024.jpg 683w, https:\/\/hoyre.no\/content\/uploads\/sites\/181\/2023\/07\/Gina-Ekeberg-200x300.jpg 200w, https:\/\/hoyre.no\/content\/uploads\/sites\/181\/2023\/07\/Gina-Ekeberg-768x1152.jpg 768w, https:\/\/hoyre.no\/content\/uploads\/sites\/181\/2023\/07\/Gina-Ekeberg-1024x1536.jpg 1024w, https:\/\/hoyre.no\/content\/uploads\/sites\/181\/2023\/07\/Gina-Ekeberg-1365x2048.jpg 1365w, https:\/\/hoyre.no\/content\/uploads\/sites\/181\/2023\/07\/Gina-Ekeberg-scaled.jpg 1667w\" sizes=\"auto, (max-width: 683px) 100vw, 683px\" \/><\/figure><div class=\"wp-block-media-text__content\">\n<h2 class=\"wp-block-heading\" id=\"h-kom-i-kontakt-med-eirik\">Gina Ekeberg<\/h2>\n\n\n\n<ul class=\"wp-block-list\"><li>E-post: <a href=\"mailto:Gina.Ekeberg@polier.no\"><\/a><a href=\"mailto:Gina.Ekeberg@polier.no\">Gina.Ekeberg@polier.no<\/a><\/li><li>Telefon: <a href=\"tel:404 79 634\">468 43 639<\/a><\/li><li>Styremedlem i Viken kvinneforum<\/li><li>Medlem av Landbruksutvalget<\/li><li>Kommunestyrekandidat 2023-2927<\/li><\/ul>\n<\/div><\/div>\n\n","protected":false},"excerpt":{"rendered":"","protected":false},"author":25077,"featured_media":0,"parent":354,"menu_order":0,"comment_status":"closed","ping_status":"closed","template":"","meta":{"teft_cards_image_url":"","teft_cards_custom_pretitle":"","teft_cards_image_id":542,"teft_cards_image_focal_point_x":0.5,"teft_cards_image_focal_point_y":0.5,"teft_cards_title":"","teft_cards_excerpt":"","teft_show_chapters":false,"footnotes":""},"class_list":["post-540","page","type-page","status-publish","hentry"],"yoast_head":"<!-- This site is optimized with the Yoast SEO plugin v26.6 - https:\/\/yoast.com\/wordpress\/plugins\/seo\/ -->\n<title>Gina Ekeberg - Kandidatside - Lier H\u00f8yre<\/title>\n<meta name=\"robots\" content=\"index, follow, max-snippet:-1, max-image-preview:large, max-video-preview:-1\" \/>\n<link rel=\"canonical\" href=\"https:\/\/hoyre.no\/lier\/stiller-til-valg-for-lier-hoyre-2023\/gina-ekeberg-kandidatside\/\" \/>\n<meta property=\"og:locale\" content=\"nb_NO\" \/>\n<meta property=\"og:type\" content=\"article\" \/>\n<meta property=\"og:title\" content=\"Gina Ekeberg - Kandidatside - Lier H\u00f8yre\" \/>\n<meta property=\"og:url\" content=\"https:\/\/hoyre.no\/lier\/stiller-til-valg-for-lier-hoyre-2023\/gina-ekeberg-kandidatside\/\" \/>\n<meta property=\"og:site_name\" content=\"Lier H\u00f8yre\" \/>\n<meta property=\"article:modified_time\" content=\"2023-07-04T06:51:16+00:00\" \/>\n<meta property=\"og:image\" content=\"https:\/\/hoyre.no\/content\/uploads\/sites\/181\/2023\/07\/Gina-Ekeberg-683x1024.jpg\" \/>\n<meta name=\"twitter:card\" content=\"summary_large_image\" \/>\n<meta name=\"twitter:label1\" content=\"Ansl. lesetid\" \/>\n\t<meta name=\"twitter:data1\" content=\"3 minutter\" \/>\n<script type=\"application\/ld+json\" class=\"yoast-schema-graph\">{\"@context\":\"https:\/\/schema.org\",\"@graph\":[{\"@type\":\"WebPage\",\"@id\":\"https:\/\/hoyre.no\/lier\/stiller-til-valg-for-lier-hoyre-2023\/gina-ekeberg-kandidatside\/\",\"url\":\"https:\/\/hoyre.no\/lier\/stiller-til-valg-for-lier-hoyre-2023\/gina-ekeberg-kandidatside\/\",\"name\":\"Gina Ekeberg - Kandidatside - Lier H\u00f8yre\",\"isPartOf\":{\"@id\":\"https:\/\/hoyre.no\/lier\/#website\"},\"image\":{\"@id\":\"https:\/\/hoyre.no\/lier\/stiller-til-valg-for-lier-hoyre-2023\/gina-ekeberg-kandidatside\/#primaryimage\"},\"thumbnailUrl\":\"https:\/\/static.xx.fbcdn.net\/images\/emoji.php\/v9\/t6c\/1\/16\/1f499.png\",\"datePublished\":\"2023-07-04T06:22:02+00:00\",\"dateModified\":\"2023-07-04T06:51:16+00:00\",\"breadcrumb\":{\"@id\":\"https:\/\/hoyre.no\/lier\/stiller-til-valg-for-lier-hoyre-2023\/gina-ekeberg-kandidatside\/#breadcrumb\"},\"inLanguage\":\"nb-NO\",\"potentialAction\":[{\"@type\":\"ReadAction\",\"target\":[\"https:\/\/hoyre.no\/lier\/stiller-til-valg-for-lier-hoyre-2023\/gina-ekeberg-kandidatside\/\"]}]},{\"@type\":\"ImageObject\",\"inLanguage\":\"nb-NO\",\"@id\":\"https:\/\/hoyre.no\/lier\/stiller-til-valg-for-lier-hoyre-2023\/gina-ekeberg-kandidatside\/#primaryimage\",\"url\":\"https:\/\/static.xx.fbcdn.net\/images\/emoji.php\/v9\/t6c\/1\/16\/1f499.png\",\"contentUrl\":\"https:\/\/static.xx.fbcdn.net\/images\/emoji.php\/v9\/t6c\/1\/16\/1f499.png\"},{\"@type\":\"BreadcrumbList\",\"@id\":\"https:\/\/hoyre.no\/lier\/stiller-til-valg-for-lier-hoyre-2023\/gina-ekeberg-kandidatside\/#breadcrumb\",\"itemListElement\":[{\"@type\":\"ListItem\",\"position\":1,\"name\":\"Til hoyre.no\",\"item\":\"https:\/\/hoyre.no\"},{\"@type\":\"ListItem\",\"position\":2,\"name\":\"Hjem\",\"item\":\"https:\/\/hoyre.no\/lier\/\"},{\"@type\":\"ListItem\",\"position\":3,\"name\":\"Stiller til valg for Lier H\u00f8yre 2023\",\"item\":\"https:\/\/hoyre.no\/lier\/stiller-til-valg-for-lier-hoyre-2023\/\"},{\"@type\":\"ListItem\",\"position\":4,\"name\":\"Gina Ekeberg &#8211; Kandidatside\"}]},{\"@type\":\"WebSite\",\"@id\":\"https:\/\/hoyre.no\/lier\/#website\",\"url\":\"https:\/\/hoyre.no\/lier\/\",\"name\":\"Lier H\u00f8yre\",\"description\":\"Bare enda et H\u00f8yres nettsteder-nettsted\",\"inLanguage\":\"nb-NO\"}]}<\/script>\n<!-- \/ Yoast SEO plugin. -->","yoast_head_json":{"title":"Gina Ekeberg - Kandidatside - Lier H\u00f8yre","robots":{"index":"index","follow":"follow","max-snippet":"max-snippet:-1","max-image-preview":"max-image-preview:large","max-video-preview":"max-video-preview:-1"},"canonical":"https:\/\/hoyre.no\/lier\/stiller-til-valg-for-lier-hoyre-2023\/gina-ekeberg-kandidatside\/","og_locale":"nb_NO","og_type":"article","og_title":"Gina Ekeberg - Kandidatside - Lier H\u00f8yre","og_url":"https:\/\/hoyre.no\/lier\/stiller-til-valg-for-lier-hoyre-2023\/gina-ekeberg-kandidatside\/","og_site_name":"Lier H\u00f8yre","article_modified_time":"2023-07-04T06:51:16+00:00","og_image":[{"url":"https:\/\/hoyre.no\/content\/uploads\/sites\/181\/2023\/07\/Gina-Ekeberg-683x1024.jpg","width":"","height":"","type":""}],"twitter_card":"summary_large_image","twitter_misc":{"Ansl. lesetid":"3 minutter"},"schema":{"@context":"https:\/\/schema.org","@graph":[{"@type":"WebPage","@id":"https:\/\/hoyre.no\/lier\/stiller-til-valg-for-lier-hoyre-2023\/gina-ekeberg-kandidatside\/","url":"https:\/\/hoyre.no\/lier\/stiller-til-valg-for-lier-hoyre-2023\/gina-ekeberg-kandidatside\/","name":"Gina Ekeberg - Kandidatside - Lier H\u00f8yre","isPartOf":{"@id":"https:\/\/hoyre.no\/lier\/#website"},"image":{"@id":"https:\/\/hoyre.no\/lier\/stiller-til-valg-for-lier-hoyre-2023\/gina-ekeberg-kandidatside\/#primaryimage"},"thumbnailUrl":"https:\/\/static.xx.fbcdn.net\/images\/emoji.php\/v9\/t6c\/1\/16\/1f499.png","datePublished":"2023-07-04T06:22:02+00:00","dateModified":"2023-07-04T06:51:16+00:00","breadcrumb":{"@id":"https:\/\/hoyre.no\/lier\/stiller-til-valg-for-lier-hoyre-2023\/gina-ekeberg-kandidatside\/#breadcrumb"},"inLanguage":"nb-NO","potentialAction":[{"@type":"ReadAction","target":["https:\/\/hoyre.no\/lier\/stiller-til-valg-for-lier-hoyre-2023\/gina-ekeberg-kandidatside\/"]}]},{"@type":"ImageObject","inLanguage":"nb-NO","@id":"https:\/\/hoyre.no\/lier\/stiller-til-valg-for-lier-hoyre-2023\/gina-ekeberg-kandidatside\/#primaryimage","url":"https:\/\/static.xx.fbcdn.net\/images\/emoji.php\/v9\/t6c\/1\/16\/1f499.png","contentUrl":"https:\/\/static.xx.fbcdn.net\/images\/emoji.php\/v9\/t6c\/1\/16\/1f499.png"},{"@type":"BreadcrumbList","@id":"https:\/\/hoyre.no\/lier\/stiller-til-valg-for-lier-hoyre-2023\/gina-ekeberg-kandidatside\/#breadcrumb","itemListElement":[{"@type":"ListItem","position":1,"name":"Til hoyre.no","item":"https:\/\/hoyre.no"},{"@type":"ListItem","position":2,"name":"Hjem","item":"https:\/\/hoyre.no\/lier\/"},{"@type":"ListItem","position":3,"name":"Stiller til valg for Lier H\u00f8yre 2023","item":"https:\/\/hoyre.no\/lier\/stiller-til-valg-for-lier-hoyre-2023\/"},{"@type":"ListItem","position":4,"name":"Gina Ekeberg &#8211; Kandidatside"}]},{"@type":"WebSite","@id":"https:\/\/hoyre.no\/lier\/#website","url":"https:\/\/hoyre.no\/lier\/","name":"Lier H\u00f8yre","description":"Bare enda et H\u00f8yres nettsteder-nettsted","inLanguage":"nb-NO"}]}},"distributor_meta":false,"distributor_terms":false,"distributor_media":false,"distributor_original_site_name":"Lier H\u00f8yre","distributor_original_site_url":"https:\/\/hoyre.no\/lier","push-errors":false,"_links":{"self":[{"href":"https:\/\/hoyre.no\/lier\/wp-json\/wp\/v2\/pages\/540","targetHints":{"allow":["GET"]}}],"collection":[{"href":"https:\/\/hoyre.no\/lier\/wp-json\/wp\/v2\/pages"}],"about":[{"href":"https:\/\/hoyre.no\/lier\/wp-json\/wp\/v2\/types\/page"}],"author":[{"embeddable":true,"href":"https:\/\/hoyre.no\/lier\/wp-json\/wp\/v2\/users\/25077"}],"replies":[{"embeddable":true,"href":"https:\/\/hoyre.no\/lier\/wp-json\/wp\/v2\/comments?post=540"}],"version-history":[{"count":4,"href":"https:\/\/hoyre.no\/lier\/wp-json\/wp\/v2\/pages\/540\/revisions"}],"predecessor-version":[{"id":548,"href":"https:\/\/hoyre.no\/lier\/wp-json\/wp\/v2\/pages\/540\/revisions\/548"}],"up":[{"embeddable":true,"href":"https:\/\/hoyre.no\/lier\/wp-json\/wp\/v2\/pages\/354"}],"wp:attachment":[{"href":"https:\/\/hoyre.no\/lier\/wp-json\/wp\/v2\/media?parent=540"}],"curies":[{"name":"wp","href":"https:\/\/api.w.org\/{rel}","templated":true}]}}