{"id":640,"date":"2023-09-02T12:25:48","date_gmt":"2023-09-02T10:25:48","guid":{"rendered":"https:\/\/hoyre.no\/lier\/?page_id=640"},"modified":"2023-09-10T09:16:23","modified_gmt":"2023-09-10T07:16:23","slug":"jan-erik-alverdus-berg-kandidatside","status":"publish","type":"page","link":"https:\/\/hoyre.no\/lier\/stiller-til-valg-for-lier-hoyre-2023\/jan-erik-alverdus-berg-kandidatside\/","title":{"rendered":"Jan Erik Alverdus Berg &#8211; Kandidatside"},"content":{"rendered":"\n<div class=\"wp-block-hoyre-hero with-image-gradient text-color-light  has-media alignfull has-background\"><div class=\"hoyre-hero has-image\"><h1 class=\"title\">Jan Erik Alverdus Berg<\/h1><p class=\"preamble\"><em>&laquo;En kommune har mange oppgaver, men det viktigste for meg er at vi prioriterer \u00e5 sikre en trygg og god oppvekst med tidlig innsats for \u00e5 unng\u00e5 utenforskap. Et godt helsetilbud \u2013 hele livet og s\u00f8rge for \u00e5 hjelpe de som trenger det til et verdig liv. Dette er forutsetninger for \u00e5 gi alle liunger trygghet og et mer velfungerende samfunn.&raquo;<\/em><\/p>\t\t\t<div class=\"post-meta wp-block teft-byline-wrapper\">\n\t\t\t\t<div class=\"top\">\n\t\t\t\t\t<div class=\"signature\">\n\t\t\t\t\t\t<div class=\"teft-byline\">\n\t\t\t\t\t\t\t\t\t\t\t\t\t\t<div>\n\t\t\t\t\t\t\t\t<h3>H\u00f8yres redaksjon<\/h3>\t\t\t\t\t\t\t\t\n\t\t\t\t\t\t\t\t\t\t\t\t\t\t\t\t\t<span class=\"date\">Sist oppdatert: 10. september 2023<\/span>\n\t\t\t\t\t\t\t\t\t\t\t\t\t\t\t\t\t\t\t\t\t\t\t\t\t<span class=\"reading-time\" itemprop=\"timeRequired\" content=\"PT4M\"><em>Ca. 4 minutter lesetid<\/em><\/span>\n\t\t\t\t\t\t\t\t\t\t\t\t\t\t\t<\/div>\n\t\t\t\t\t\t<\/div>\n\t\t\t\t\t<\/div>\n\t\t\t\t\t\t<div class=\"sharing\">\n\t\t<a class=\"share-button share-link copy-link\" data-copy=\"https:\/\/hoyre.no\/lier\/stiller-til-valg-for-lier-hoyre-2023\/jan-erik-alverdus-berg-kandidatside\/\" target=\"_blank\"><span class=\"screen-reader-text\">Del link<\/span><\/a>\n\t\t<a class=\"share-button share-twitter\" href=\"http:\/\/twitter.com\/share?text=Jan Erik Alverdus Berg &#8211; Kandidatside&#038;url=https:\/\/hoyre.no\/lier\/stiller-til-valg-for-lier-hoyre-2023\/jan-erik-alverdus-berg-kandidatside\/&#038;hashtags=Hoyre\" target=\"_blank\"><span class=\"screen-reader-text\">Del p\u00e5 twitter<\/span><\/a>\n\t\t<a class=\"share-button share-facebook\" href=\"https:\/\/www.facebook.com\/sharer\/sharer.php?u=https:\/\/hoyre.no\/lier\/stiller-til-valg-for-lier-hoyre-2023\/jan-erik-alverdus-berg-kandidatside\/\" target=\"_blank\"><span class=\"screen-reader-text\">Del p\u00e5 facebook<\/span><\/a>\n\t<\/div>\n\t\t\t\t\t<\/div>\n\t\t\t<\/div>\n\n\t\t\t<figure class=\"hoyre-image-wrapper\"><div class=\"hoyre-image\"><img loading=\"lazy\" decoding=\"async\" width=\"2500\" height=\"1875\" src=\"https:\/\/hoyre.no\/content\/uploads\/sites\/181\/2023\/09\/IMG_2486-scaled.jpeg\" class=\"attachment-scaled size-scaled\" alt=\"\" style=\"object-position: 50% 50%\" srcset=\"https:\/\/hoyre.no\/content\/uploads\/sites\/181\/2023\/09\/IMG_2486-scaled.jpeg 2500w, https:\/\/hoyre.no\/content\/uploads\/sites\/181\/2023\/09\/IMG_2486-300x225.jpeg 300w, https:\/\/hoyre.no\/content\/uploads\/sites\/181\/2023\/09\/IMG_2486-1024x768.jpeg 1024w, https:\/\/hoyre.no\/content\/uploads\/sites\/181\/2023\/09\/IMG_2486-768x576.jpeg 768w, https:\/\/hoyre.no\/content\/uploads\/sites\/181\/2023\/09\/IMG_2486-1536x1152.jpeg 1536w, https:\/\/hoyre.no\/content\/uploads\/sites\/181\/2023\/09\/IMG_2486-2048x1536.jpeg 2048w\" sizes=\"auto, (max-width: 2500px) 100vw, 2500px\" \/><\/div><\/figure><\/div><\/div>\n\n\n\n\n<p>Jeg stiller til valg for <a href=\"https:\/\/www.facebook.com\/LierHoyre?__cft__[0]=AZXcjnoirEiQmYQ95uJXEiXdNy4rGPlOMaNqeSYmbpyMI3ChRy774TzVP7WcVuKAwunRvEdZ3VYFB639unbbH2rfhNM60g0hmkH84IjCjDAH4_BN2Afey2CY5d-JEL_bj6GZrNB8TwdFmBM9Ny3LITx6CYndKwVqV0VUlSmXUUxeaTrWw7lNzpSkF7xy0QVS770&amp;__tn__=-]K-R\">Lier H\u00f8yre<\/a> for \u00e5 utvikle og forbedre Lier! <img loading=\"lazy\" decoding=\"async\" height=\"16\" width=\"16\" alt=\"\ud83d\udc99\" src=\"https:\/\/static.xx.fbcdn.net\/images\/emoji.php\/v9\/t6c\/1\/16\/1f499.png\"><img loading=\"lazy\" decoding=\"async\" height=\"16\" width=\"16\" alt=\"\ud83d\udc9a\" src=\"https:\/\/static.xx.fbcdn.net\/images\/emoji.php\/v9\/t94\/1\/16\/1f49a.png\"><\/p>\n\n\n\n<p>Jeg er medlem av H\u00f8yre fordi H\u00f8yre vil bygge et samfunn basert p\u00e5 tillit til enkeltmennesket, der hver enkelt skal ha st\u00f8rst mulig frihet og ansvar for \u00e5 forme sitt eget liv og sin egen fremtid basert p\u00e5 respekt for andre og for fellesskapet.<\/p>\n\n\n\n<p>Jeg er 61 \u00e5r er gift og har 3 voksne barn og et barnebarn. Jeg bor i n\u00e6rheten av Lierbyen og liker \u00e5 holde meg i form ved \u00e5 g\u00e5 p\u00e5 ski og l\u00f8pe. Til daglig jobber jeg <a><\/a>i SpareBank 1 Utvikling i Oslo som prosjektleder. Tidligere har jeg jobbet for Ericsson og Telenor. Jeg er utdannet maskiningeni\u00f8r fra Buskerud Ingeni\u00f8rh\u00f8gskole og sivilingeni\u00f8r i elektro og datateknikk fra NTNU. I tillegg er jeg bedrifts\u00f8konom fra NHH.<\/p>\n\n\n\n<p>De siste 4 \u00e5rene har jeg v\u00e6rt medlem av kommunestyret og sittet som representant for H\u00f8yre i utvalget for milj\u00f8 og plan. Det har v\u00e6rt 4 l\u00e6rerike \u00e5r, der jeg er imponert over det arbeidet som legges ned av kommunen og politikere. Men Lier kan bli enda bedre!<\/p>\n\n\n\n<p><img loading=\"lazy\" decoding=\"async\" height=\"16\" width=\"16\" alt=\"\u2705\" src=\"https:\/\/static.xx.fbcdn.net\/images\/emoji.php\/v9\/t33\/1\/16\/2705.png\">Det viktigste f\u00f8rst:<\/p>\n\n\n\n<p>En kommune har mange oppgaver, men det viktigste for meg er at vi prioriterer \u00e5 sikre en trygg og god oppvekst med tidlig innsats for \u00e5 unng\u00e5 utenforskap. Et godt helsetilbud \u2013 hele livet og s\u00f8rge for \u00e5 hjelpe de som trenger det til et verdig liv. Dette er forutsetninger for \u00e5 gi alle liunger trygghet og et mer velfungerende samfunn.<\/p>\n\n\n\n<p>I mitt arbeid i milj\u00f8 og plan har jeg v\u00e6rt opptatt av god stedsutvikling i alle deler av Lier, da det skaper gode forutsetninger for et godt liv. Jeg har v\u00e6rt og vil v\u00e6re en p\u00e5driver for at kommunen skal inneha kompetanse og kapasitet til \u00e5 ivareta god stedsutvikling med god byggkvalitet og estetikk. I Lierbyen vil jeg v\u00e6re en p\u00e5driver for \u00e5 utvide elvestien og forbedre jernbanelinja mellom Lierbyen og Reistad til en bedre gang og sykkelvei.<\/p>\n\n\n\n<p><img loading=\"lazy\" decoding=\"async\" height=\"16\" width=\"16\" alt=\"\ud83d\udc99\" src=\"https:\/\/static.xx.fbcdn.net\/images\/emoji.php\/v9\/t6c\/1\/16\/1f499.png\">Andre hjertesaker:<img loading=\"lazy\" decoding=\"async\" height=\"16\" width=\"16\" alt=\"\ud83d\udc99\" src=\"https:\/\/static.xx.fbcdn.net\/images\/emoji.php\/v9\/t6c\/1\/16\/1f499.png\"><\/p>\n\n\n\n<p><img loading=\"lazy\" decoding=\"async\" height=\"16\" width=\"16\" alt=\"\ud83d\udc9a\" src=\"https:\/\/static.xx.fbcdn.net\/images\/emoji.php\/v9\/t94\/1\/16\/1f49a.png\">Gr\u00f8nne Lier \u2013 Kutte utslippene ikke utviklingen. Som syklist og pendler er jeg opptatt av mikromobilitet og kollektiv trafikk. Det m\u00e5 bli b\u00e5de raskere og billigere og ta kollektivt slik at det er et reelt tilbud til bilen.<\/p>\n\n\n\n<p><img loading=\"lazy\" decoding=\"async\" height=\"16\" width=\"16\" src=\"https:\/\/static.xx.fbcdn.net\/images\/emoji.php\/v9\/t3b\/1\/16\/1f3c3.png\" alt=\"\ud83c\udfc3\">Folkehelse \u2013 Ha et rikt tilbud av aktiviteter, samt og fortsatt sikre norges beste skil\u00f8yper i Lier. <\/p>\n\n\n\n<p><img loading=\"lazy\" decoding=\"async\" height=\"16\" width=\"16\" alt=\"\ud83d\udc69\u200d\u2695\ufe0f\" src=\"https:\/\/static.xx.fbcdn.net\/images\/emoji.php\/v9\/t9d\/1\/16\/1f469_200d_2695.png\">Gode tjenester i fokus \u2013 ikke hvem som leverer tjenestene.<\/p>\n\n\n\n<p><img loading=\"lazy\" decoding=\"async\" height=\"16\" width=\"16\" alt=\"\ud83d\ude9c\" src=\"https:\/\/static.xx.fbcdn.net\/images\/emoji.php\/v9\/t18\/1\/16\/1f69c.png\">N\u00e6ringslivet \u2013 gode forhold for n\u00e6ringsliv som gir vekst for bedriften og som bidrar til \u00e5 utvikle Lier.<\/p>\n\n\n\n<p><img loading=\"lazy\" decoding=\"async\" height=\"16\" width=\"16\" alt=\"\ud83d\udc4d\" src=\"https:\/\/static.xx.fbcdn.net\/images\/emoji.php\/v9\/tfc\/1\/16\/1f44d.png\">Gode forhold for frivilligheten, som er en viktig ressurs for samfunnet.<\/p>\n\n\n\n<p><img loading=\"lazy\" decoding=\"async\" height=\"16\" width=\"16\" alt=\"\ud83c\udfe1\" src=\"https:\/\/static.xx.fbcdn.net\/images\/emoji.php\/v9\/t77\/1\/16\/1f3e1.png\">Bolig: Flere skal f\u00e5 mulighet til \u00e5 realisere boligdr\u00f8mmen med innovative bo- og eierl\u00f8sninger.<\/p>\n\n\n\n<p>Jeg stiller som kandidat nr. 11 p\u00e5 H\u00f8yres liste og jeg h\u00e5per du vil gi meg en ekstra stemme ved \u00e5 sette et kryss ved mitt navn. Stemmer du et annet parti, sett mitt navn nederst p\u00e5 listen, og sett en H i partikolonnen. <\/p>\n\n\n\n<p>Godt valg!<\/p>\n\n","protected":false},"excerpt":{"rendered":"","protected":false},"author":25077,"featured_media":0,"parent":354,"menu_order":0,"comment_status":"closed","ping_status":"closed","template":"","meta":{"teft_cards_image_url":"","teft_cards_custom_pretitle":"","teft_cards_image_id":0,"teft_cards_image_focal_point_x":0,"teft_cards_image_focal_point_y":0,"teft_cards_title":"","teft_cards_excerpt":"","teft_show_chapters":false,"footnotes":""},"class_list":["post-640","page","type-page","status-publish","hentry"],"yoast_head":"<!-- This site is optimized with the Yoast SEO plugin v26.6 - https:\/\/yoast.com\/wordpress\/plugins\/seo\/ -->\n<title>Jan Erik Alverdus Berg - Kandidatside - Lier H\u00f8yre<\/title>\n<meta name=\"robots\" content=\"index, follow, max-snippet:-1, max-image-preview:large, max-video-preview:-1\" \/>\n<link rel=\"canonical\" href=\"https:\/\/hoyre.no\/lier\/stiller-til-valg-for-lier-hoyre-2023\/jan-erik-alverdus-berg-kandidatside\/\" \/>\n<meta property=\"og:locale\" content=\"nb_NO\" \/>\n<meta property=\"og:type\" content=\"article\" \/>\n<meta property=\"og:title\" content=\"Jan Erik Alverdus Berg - Kandidatside - Lier H\u00f8yre\" \/>\n<meta property=\"og:url\" content=\"https:\/\/hoyre.no\/lier\/stiller-til-valg-for-lier-hoyre-2023\/jan-erik-alverdus-berg-kandidatside\/\" \/>\n<meta property=\"og:site_name\" content=\"Lier H\u00f8yre\" \/>\n<meta property=\"article:modified_time\" content=\"2023-09-10T07:16:23+00:00\" \/>\n<meta property=\"og:image\" content=\"https:\/\/static.xx.fbcdn.net\/images\/emoji.php\/v9\/t6c\/1\/16\/1f499.png\" \/>\n<meta name=\"twitter:card\" content=\"summary_large_image\" \/>\n<meta name=\"twitter:label1\" content=\"Ansl. lesetid\" \/>\n\t<meta name=\"twitter:data1\" content=\"6 minutter\" \/>\n<script type=\"application\/ld+json\" class=\"yoast-schema-graph\">{\"@context\":\"https:\/\/schema.org\",\"@graph\":[{\"@type\":\"WebPage\",\"@id\":\"https:\/\/hoyre.no\/lier\/stiller-til-valg-for-lier-hoyre-2023\/jan-erik-alverdus-berg-kandidatside\/\",\"url\":\"https:\/\/hoyre.no\/lier\/stiller-til-valg-for-lier-hoyre-2023\/jan-erik-alverdus-berg-kandidatside\/\",\"name\":\"Jan Erik Alverdus Berg - Kandidatside - Lier H\u00f8yre\",\"isPartOf\":{\"@id\":\"https:\/\/hoyre.no\/lier\/#website\"},\"image\":{\"@id\":\"https:\/\/hoyre.no\/lier\/stiller-til-valg-for-lier-hoyre-2023\/jan-erik-alverdus-berg-kandidatside\/#primaryimage\"},\"thumbnailUrl\":\"https:\/\/static.xx.fbcdn.net\/images\/emoji.php\/v9\/t6c\/1\/16\/1f499.png\",\"datePublished\":\"2023-09-02T10:25:48+00:00\",\"dateModified\":\"2023-09-10T07:16:23+00:00\",\"breadcrumb\":{\"@id\":\"https:\/\/hoyre.no\/lier\/stiller-til-valg-for-lier-hoyre-2023\/jan-erik-alverdus-berg-kandidatside\/#breadcrumb\"},\"inLanguage\":\"nb-NO\",\"potentialAction\":[{\"@type\":\"ReadAction\",\"target\":[\"https:\/\/hoyre.no\/lier\/stiller-til-valg-for-lier-hoyre-2023\/jan-erik-alverdus-berg-kandidatside\/\"]}]},{\"@type\":\"ImageObject\",\"inLanguage\":\"nb-NO\",\"@id\":\"https:\/\/hoyre.no\/lier\/stiller-til-valg-for-lier-hoyre-2023\/jan-erik-alverdus-berg-kandidatside\/#primaryimage\",\"url\":\"https:\/\/static.xx.fbcdn.net\/images\/emoji.php\/v9\/t6c\/1\/16\/1f499.png\",\"contentUrl\":\"https:\/\/static.xx.fbcdn.net\/images\/emoji.php\/v9\/t6c\/1\/16\/1f499.png\"},{\"@type\":\"BreadcrumbList\",\"@id\":\"https:\/\/hoyre.no\/lier\/stiller-til-valg-for-lier-hoyre-2023\/jan-erik-alverdus-berg-kandidatside\/#breadcrumb\",\"itemListElement\":[{\"@type\":\"ListItem\",\"position\":1,\"name\":\"Til hoyre.no\",\"item\":\"https:\/\/hoyre.no\"},{\"@type\":\"ListItem\",\"position\":2,\"name\":\"Hjem\",\"item\":\"https:\/\/hoyre.no\/lier\/\"},{\"@type\":\"ListItem\",\"position\":3,\"name\":\"Stiller til valg for Lier H\u00f8yre 2023\",\"item\":\"https:\/\/hoyre.no\/lier\/stiller-til-valg-for-lier-hoyre-2023\/\"},{\"@type\":\"ListItem\",\"position\":4,\"name\":\"Jan Erik Alverdus Berg &#8211; Kandidatside\"}]},{\"@type\":\"WebSite\",\"@id\":\"https:\/\/hoyre.no\/lier\/#website\",\"url\":\"https:\/\/hoyre.no\/lier\/\",\"name\":\"Lier H\u00f8yre\",\"description\":\"Bare enda et H\u00f8yres nettsteder-nettsted\",\"inLanguage\":\"nb-NO\"}]}<\/script>\n<!-- \/ Yoast SEO plugin. -->","yoast_head_json":{"title":"Jan Erik Alverdus Berg - Kandidatside - Lier H\u00f8yre","robots":{"index":"index","follow":"follow","max-snippet":"max-snippet:-1","max-image-preview":"max-image-preview:large","max-video-preview":"max-video-preview:-1"},"canonical":"https:\/\/hoyre.no\/lier\/stiller-til-valg-for-lier-hoyre-2023\/jan-erik-alverdus-berg-kandidatside\/","og_locale":"nb_NO","og_type":"article","og_title":"Jan Erik Alverdus Berg - Kandidatside - Lier H\u00f8yre","og_url":"https:\/\/hoyre.no\/lier\/stiller-til-valg-for-lier-hoyre-2023\/jan-erik-alverdus-berg-kandidatside\/","og_site_name":"Lier H\u00f8yre","article_modified_time":"2023-09-10T07:16:23+00:00","og_image":[{"url":"https:\/\/static.xx.fbcdn.net\/images\/emoji.php\/v9\/t6c\/1\/16\/1f499.png","type":"","width":"","height":""}],"twitter_card":"summary_large_image","twitter_misc":{"Ansl. lesetid":"6 minutter"},"schema":{"@context":"https:\/\/schema.org","@graph":[{"@type":"WebPage","@id":"https:\/\/hoyre.no\/lier\/stiller-til-valg-for-lier-hoyre-2023\/jan-erik-alverdus-berg-kandidatside\/","url":"https:\/\/hoyre.no\/lier\/stiller-til-valg-for-lier-hoyre-2023\/jan-erik-alverdus-berg-kandidatside\/","name":"Jan Erik Alverdus Berg - Kandidatside - Lier H\u00f8yre","isPartOf":{"@id":"https:\/\/hoyre.no\/lier\/#website"},"image":{"@id":"https:\/\/hoyre.no\/lier\/stiller-til-valg-for-lier-hoyre-2023\/jan-erik-alverdus-berg-kandidatside\/#primaryimage"},"thumbnailUrl":"https:\/\/static.xx.fbcdn.net\/images\/emoji.php\/v9\/t6c\/1\/16\/1f499.png","datePublished":"2023-09-02T10:25:48+00:00","dateModified":"2023-09-10T07:16:23+00:00","breadcrumb":{"@id":"https:\/\/hoyre.no\/lier\/stiller-til-valg-for-lier-hoyre-2023\/jan-erik-alverdus-berg-kandidatside\/#breadcrumb"},"inLanguage":"nb-NO","potentialAction":[{"@type":"ReadAction","target":["https:\/\/hoyre.no\/lier\/stiller-til-valg-for-lier-hoyre-2023\/jan-erik-alverdus-berg-kandidatside\/"]}]},{"@type":"ImageObject","inLanguage":"nb-NO","@id":"https:\/\/hoyre.no\/lier\/stiller-til-valg-for-lier-hoyre-2023\/jan-erik-alverdus-berg-kandidatside\/#primaryimage","url":"https:\/\/static.xx.fbcdn.net\/images\/emoji.php\/v9\/t6c\/1\/16\/1f499.png","contentUrl":"https:\/\/static.xx.fbcdn.net\/images\/emoji.php\/v9\/t6c\/1\/16\/1f499.png"},{"@type":"BreadcrumbList","@id":"https:\/\/hoyre.no\/lier\/stiller-til-valg-for-lier-hoyre-2023\/jan-erik-alverdus-berg-kandidatside\/#breadcrumb","itemListElement":[{"@type":"ListItem","position":1,"name":"Til hoyre.no","item":"https:\/\/hoyre.no"},{"@type":"ListItem","position":2,"name":"Hjem","item":"https:\/\/hoyre.no\/lier\/"},{"@type":"ListItem","position":3,"name":"Stiller til valg for Lier H\u00f8yre 2023","item":"https:\/\/hoyre.no\/lier\/stiller-til-valg-for-lier-hoyre-2023\/"},{"@type":"ListItem","position":4,"name":"Jan Erik Alverdus Berg &#8211; Kandidatside"}]},{"@type":"WebSite","@id":"https:\/\/hoyre.no\/lier\/#website","url":"https:\/\/hoyre.no\/lier\/","name":"Lier H\u00f8yre","description":"Bare enda et H\u00f8yres nettsteder-nettsted","inLanguage":"nb-NO"}]}},"distributor_meta":false,"distributor_terms":false,"distributor_media":false,"distributor_original_site_name":"Lier H\u00f8yre","distributor_original_site_url":"https:\/\/hoyre.no\/lier","push-errors":false,"_links":{"self":[{"href":"https:\/\/hoyre.no\/lier\/wp-json\/wp\/v2\/pages\/640","targetHints":{"allow":["GET"]}}],"collection":[{"href":"https:\/\/hoyre.no\/lier\/wp-json\/wp\/v2\/pages"}],"about":[{"href":"https:\/\/hoyre.no\/lier\/wp-json\/wp\/v2\/types\/page"}],"author":[{"embeddable":true,"href":"https:\/\/hoyre.no\/lier\/wp-json\/wp\/v2\/users\/25077"}],"replies":[{"embeddable":true,"href":"https:\/\/hoyre.no\/lier\/wp-json\/wp\/v2\/comments?post=640"}],"version-history":[{"count":2,"href":"https:\/\/hoyre.no\/lier\/wp-json\/wp\/v2\/pages\/640\/revisions"}],"predecessor-version":[{"id":733,"href":"https:\/\/hoyre.no\/lier\/wp-json\/wp\/v2\/pages\/640\/revisions\/733"}],"up":[{"embeddable":true,"href":"https:\/\/hoyre.no\/lier\/wp-json\/wp\/v2\/pages\/354"}],"wp:attachment":[{"href":"https:\/\/hoyre.no\/lier\/wp-json\/wp\/v2\/media?parent=640"}],"curies":[{"name":"wp","href":"https:\/\/api.w.org\/{rel}","templated":true}]}}