{"id":199,"date":"2023-06-23T13:51:32","date_gmt":"2023-06-23T11:51:32","guid":{"rendered":"https:\/\/hoyre.no\/lillestrom\/?page_id=199"},"modified":"2024-12-13T14:34:27","modified_gmt":"2024-12-13T13:34:27","slug":"ti-gode-grunner-til-a-stemme-hoyre","status":"publish","type":"page","link":"https:\/\/hoyre.no\/lillestrom\/ti-gode-grunner-til-a-stemme-hoyre\/","title":{"rendered":"Ti gode grunner til \u00e5 stemme H\u00f8yre i Lillestr\u00f8m"},"content":{"rendered":"\n<div class=\"wp-block-hoyre-hero with-image-gradient text-color-light  has-media alignfull has-background\"><div class=\"hoyre-hero has-image\"><h1 class=\"title\">Ti grunner til \u00e5 stemme H\u00f8yre i Lillestr\u00f8m<\/h1><p class=\"preamble\">Hvorfor stemme p\u00e5 H\u00f8yre i Lillestr\u00f8m? Her har du ti gode grunner.<\/p>\t\t\t<div class=\"post-meta wp-block teft-byline-wrapper\">\n\t\t\t\t<div class=\"top\">\n\t\t\t\t\t<div class=\"signature\">\n\t\t\t\t\t\t<div class=\"teft-byline\">\n\t\t\t\t\t\t\t\t\t\t\t\t\t\t<div>\n\t\t\t\t\t\t\t\t<h3>H\u00f8yres redaksjon<\/h3>\t\t\t\t\t\t\t\t\n\t\t\t\t\t\t\t\t\t\t\t\t\t\t\t\t\t<span class=\"date\">Sist oppdatert: 13. desember 2024<\/span>\n\t\t\t\t\t\t\t\t\t\t\t\t\t\t\t\t\t\t\t\t\t\t\t\t\t<span class=\"reading-time\" itemprop=\"timeRequired\" content=\"PT5M\"><em>Ca. 5 minutter lesetid<\/em><\/span>\n\t\t\t\t\t\t\t\t\t\t\t\t\t\t\t<\/div>\n\t\t\t\t\t\t<\/div>\n\t\t\t\t\t<\/div>\n\t\t\t\t\t\t<div class=\"sharing\">\n\t\t<a class=\"share-button share-link copy-link\" data-copy=\"https:\/\/hoyre.no\/lillestrom\/ti-gode-grunner-til-a-stemme-hoyre\/\" target=\"_blank\"><span class=\"screen-reader-text\">Del link<\/span><\/a>\n\t\t<a class=\"share-button share-twitter\" href=\"http:\/\/twitter.com\/share?text=Ti gode grunner til \u00e5 stemme H\u00f8yre i Lillestr\u00f8m&#038;url=https:\/\/hoyre.no\/lillestrom\/ti-gode-grunner-til-a-stemme-hoyre\/&#038;hashtags=Hoyre\" target=\"_blank\"><span class=\"screen-reader-text\">Del p\u00e5 twitter<\/span><\/a>\n\t\t<a class=\"share-button share-facebook\" href=\"https:\/\/www.facebook.com\/sharer\/sharer.php?u=https:\/\/hoyre.no\/lillestrom\/ti-gode-grunner-til-a-stemme-hoyre\/\" target=\"_blank\"><span class=\"screen-reader-text\">Del p\u00e5 facebook<\/span><\/a>\n\t<\/div>\n\t\t\t\t\t<\/div>\n\t\t\t<\/div>\n\n\t\t\t<figure class=\"hoyre-image-wrapper\"><div class=\"hoyre-image\"><img loading=\"lazy\" decoding=\"async\" width=\"2500\" height=\"1669\" src=\"https:\/\/hoyre.no\/content\/uploads\/sites\/180\/2021\/11\/Bingsfoss-3-of-3-scaled.jpg\" class=\"attachment-scaled size-scaled\" alt=\"\" style=\"object-position: 50% 50%\" srcset=\"https:\/\/hoyre.no\/content\/uploads\/sites\/180\/2021\/11\/Bingsfoss-3-of-3-scaled.jpg 2500w, https:\/\/hoyre.no\/content\/uploads\/sites\/180\/2021\/11\/Bingsfoss-3-of-3-300x200.jpg 300w, https:\/\/hoyre.no\/content\/uploads\/sites\/180\/2021\/11\/Bingsfoss-3-of-3-1024x684.jpg 1024w, https:\/\/hoyre.no\/content\/uploads\/sites\/180\/2021\/11\/Bingsfoss-3-of-3-768x513.jpg 768w, https:\/\/hoyre.no\/content\/uploads\/sites\/180\/2021\/11\/Bingsfoss-3-of-3-1536x1025.jpg 1536w, https:\/\/hoyre.no\/content\/uploads\/sites\/180\/2021\/11\/Bingsfoss-3-of-3-2048x1367.jpg 2048w\" sizes=\"auto, (max-width: 2500px) 100vw, 2500px\" \/><\/div><\/figure><\/div><\/div>\n\n\n\n\n<div class=\"wp-block-media-text is-stacked-on-mobile is-image-fill alignwide\"><figure class=\"wp-block-media-text__media\" style=\"background-image:url('https:\/\/hoyre.no\/content\/uploads\/sites\/180\/2023\/06\/GettyImages-1209076220-1024x683.jpg');background-position:50% 50%\"><img loading=\"lazy\" decoding=\"async\" width=\"1024\" height=\"683\" src=\"https:\/\/hoyre.no\/content\/uploads\/sites\/180\/2023\/06\/GettyImages-1209076220-1024x683.jpg\" alt=\"\" class=\"wp-image-204 size-full\" srcset=\"https:\/\/hoyre.no\/content\/uploads\/sites\/180\/2023\/06\/GettyImages-1209076220-1024x683.jpg 1024w, https:\/\/hoyre.no\/content\/uploads\/sites\/180\/2023\/06\/GettyImages-1209076220-300x200.jpg 300w, https:\/\/hoyre.no\/content\/uploads\/sites\/180\/2023\/06\/GettyImages-1209076220-768x512.jpg 768w, https:\/\/hoyre.no\/content\/uploads\/sites\/180\/2023\/06\/GettyImages-1209076220-1536x1024.jpg 1536w, https:\/\/hoyre.no\/content\/uploads\/sites\/180\/2023\/06\/GettyImages-1209076220-2048x1365.jpg 2048w\" sizes=\"auto, (max-width: 1024px) 100vw, 1024px\" \/><\/figure><div class=\"wp-block-media-text__content\">\n<h2 class=\"wp-block-heading\">1. Fjerne eiendomsskatten<\/h2>\n\n\n\n<p>Lillestr\u00f8m H\u00f8yre g\u00e5r til valg p\u00e5 \u00e5 fjerne eiendomsskatten. I dag utgj\u00f8r eiendomsskatten ca 2 % av kommunens samlede driftsbudsjett. H\u00f8yre mener det er fullt mulig \u00e5 avvikle eiendomsskatten og samtidig gi et godt tjenestetilbud. For H\u00f8yre handler dette om prioriteringer i kommunens totale budsjett. Ingen innbyggere skal betale eiendomsskatt.<\/p>\n<\/div><\/div>\n\n\n\n<div class=\"wp-block-media-text has-media-on-the-right is-stacked-on-mobile is-image-fill alignwide\"><div class=\"wp-block-media-text__content\">\n<h2 class=\"wp-block-heading\">2. Aktiv omsorg<\/h2>\n\n\n\n<p>H\u00f8yre \u00f8nsker at de som har behov for omsorg og hjelp skal f\u00e5 n\u00f8dvendig aktivitet og stimulans til \u00e5 mestre hverdagen. Vi vil ha en omsorg som setter den enkelte bruker i sentrum og at det blir etablert et omsorgstilbud utfra den enkeltes behov og mestringsniv\u00e5. For de som ikke har anledning til \u00e5 bo hjemme skal det tilbys held\u00f8gns omsorgsplass. H\u00f8yre vil bygge ut flere slike plasser.<\/p>\n<\/div><figure class=\"wp-block-media-text__media\" style=\"background-image:url('https:\/\/hoyre.no\/content\/uploads\/sites\/180\/2023\/06\/GettyImages-512098822-1024x683.jpg');background-position:50% 50%\"><img loading=\"lazy\" decoding=\"async\" width=\"1024\" height=\"683\" src=\"https:\/\/hoyre.no\/content\/uploads\/sites\/180\/2023\/06\/GettyImages-512098822-1024x683.jpg\" alt=\"\" class=\"wp-image-202 size-full\" srcset=\"https:\/\/hoyre.no\/content\/uploads\/sites\/180\/2023\/06\/GettyImages-512098822-1024x683.jpg 1024w, https:\/\/hoyre.no\/content\/uploads\/sites\/180\/2023\/06\/GettyImages-512098822-300x200.jpg 300w, https:\/\/hoyre.no\/content\/uploads\/sites\/180\/2023\/06\/GettyImages-512098822-768x512.jpg 768w, https:\/\/hoyre.no\/content\/uploads\/sites\/180\/2023\/06\/GettyImages-512098822-1536x1024.jpg 1536w, https:\/\/hoyre.no\/content\/uploads\/sites\/180\/2023\/06\/GettyImages-512098822-2048x1365.jpg 2048w\" sizes=\"auto, (max-width: 1024px) 100vw, 1024px\" \/><\/figure><\/div>\n\n\n\n<div class=\"wp-block-media-text is-stacked-on-mobile is-image-fill alignwide\"><figure class=\"wp-block-media-text__media\" style=\"background-image:url('https:\/\/hoyre.no\/content\/uploads\/sites\/180\/2023\/06\/GettyImages-1053414448-1024x683.jpg');background-position:50% 50%\"><img loading=\"lazy\" decoding=\"async\" width=\"1024\" height=\"683\" src=\"https:\/\/hoyre.no\/content\/uploads\/sites\/180\/2023\/06\/GettyImages-1053414448-1024x683.jpg\" alt=\"\" class=\"wp-image-200 size-full\" srcset=\"https:\/\/hoyre.no\/content\/uploads\/sites\/180\/2023\/06\/GettyImages-1053414448-1024x683.jpg 1024w, https:\/\/hoyre.no\/content\/uploads\/sites\/180\/2023\/06\/GettyImages-1053414448-300x200.jpg 300w, https:\/\/hoyre.no\/content\/uploads\/sites\/180\/2023\/06\/GettyImages-1053414448-768x512.jpg 768w, https:\/\/hoyre.no\/content\/uploads\/sites\/180\/2023\/06\/GettyImages-1053414448-1536x1024.jpg 1536w, https:\/\/hoyre.no\/content\/uploads\/sites\/180\/2023\/06\/GettyImages-1053414448-2048x1365.jpg 2048w\" sizes=\"auto, (max-width: 1024px) 100vw, 1024px\" \/><\/figure><div class=\"wp-block-media-text__content\">\n<h2 class=\"wp-block-heading\">3. Aldersvennlige boformer<\/h2>\n\n\n\n<p>H\u00f8yre vil at du som innbygger skal f\u00e5 bo hjemme s\u00e5 lenge du \u00f8nsker og har mulighet til det. Fremtidens boformer m\u00e5 i st\u00f8rre grad bli tilrettelagt som bofellesskap og l\u00f8sninger beregnet for at vi som eldre skal kunne mestre hverdagen hjemme. Et aldersvennlig samfunn vil komme hele befolkningen til gode: Et lokalsamfunn som er trygt, inkluderende og tilgjengelig for eldre, ogs\u00e5 vil v\u00e6re det for barn og f\u00f8re til \u00f8kt livskvalitet for \u00f8vrige innbyggere.<\/p>\n<\/div><\/div>\n\n\n\n<div class=\"wp-block-media-text has-media-on-the-right is-stacked-on-mobile is-image-fill alignwide\"><div class=\"wp-block-media-text__content\">\n<h2 class=\"wp-block-heading\">4. Lavere kommunale avgifter<\/h2>\n\n\n\n<p>H\u00f8yre vil ha lavere kommunale avgifter. Dette gjelder s\u00e6rlig innenfor selvkostomr\u00e5dene for vann og avl\u00f8p som de siste fire \u00e5rene har hatt en \u00f8kning p\u00e5 hele 42 %. H\u00f8yre vil ha et kritisk blikk p\u00e5 organisering av tjenestene og arbeidsdelingen mellom de interkommunale selskapene og kommunen. Vi vil arbeide for lavere kostnader i kommunens drift av disse tjenestene og dermed ogs\u00e5 lavere kommunale avgifter til innbyggerne.<\/p>\n<\/div><figure class=\"wp-block-media-text__media\" style=\"background-image:url('https:\/\/hoyre.no\/content\/uploads\/sites\/180\/2020\/11\/norske_penger_16x9-1-1024x576.jpg');background-position:50% 50%\"><img loading=\"lazy\" decoding=\"async\" width=\"1024\" height=\"576\" src=\"https:\/\/hoyre.no\/content\/uploads\/sites\/180\/2020\/11\/norske_penger_16x9-1-1024x576.jpg\" alt=\"\" class=\"wp-image-37 size-full\" srcset=\"https:\/\/hoyre.no\/content\/uploads\/sites\/180\/2020\/11\/norske_penger_16x9-1-1024x576.jpg 1024w, https:\/\/hoyre.no\/content\/uploads\/sites\/180\/2020\/11\/norske_penger_16x9-1-300x169.jpg 300w, https:\/\/hoyre.no\/content\/uploads\/sites\/180\/2020\/11\/norske_penger_16x9-1-768x432.jpg 768w, https:\/\/hoyre.no\/content\/uploads\/sites\/180\/2020\/11\/norske_penger_16x9-1-1536x864.jpg 1536w, https:\/\/hoyre.no\/content\/uploads\/sites\/180\/2020\/11\/norske_penger_16x9-1.jpg 1800w\" sizes=\"auto, (max-width: 1024px) 100vw, 1024px\" \/><\/figure><\/div>\n\n\n\n<div class=\"wp-block-media-text is-stacked-on-mobile is-image-fill alignwide\"><figure class=\"wp-block-media-text__media\" style=\"background-image:url('https:\/\/hoyre.no\/content\/uploads\/sites\/180\/2023\/06\/GettyImages-1358014313-1-1024x683.jpg');background-position:50% 50%\"><img loading=\"lazy\" decoding=\"async\" width=\"1024\" height=\"683\" src=\"https:\/\/hoyre.no\/content\/uploads\/sites\/180\/2023\/06\/GettyImages-1358014313-1-1024x683.jpg\" alt=\"\" class=\"wp-image-203 size-full\" srcset=\"https:\/\/hoyre.no\/content\/uploads\/sites\/180\/2023\/06\/GettyImages-1358014313-1-1024x683.jpg 1024w, https:\/\/hoyre.no\/content\/uploads\/sites\/180\/2023\/06\/GettyImages-1358014313-1-300x200.jpg 300w, https:\/\/hoyre.no\/content\/uploads\/sites\/180\/2023\/06\/GettyImages-1358014313-1-768x512.jpg 768w, https:\/\/hoyre.no\/content\/uploads\/sites\/180\/2023\/06\/GettyImages-1358014313-1-1536x1024.jpg 1536w, https:\/\/hoyre.no\/content\/uploads\/sites\/180\/2023\/06\/GettyImages-1358014313-1-2048x1365.jpg 2048w\" sizes=\"auto, (max-width: 1024px) 100vw, 1024px\" \/><\/figure><div class=\"wp-block-media-text__content\">\n<h2 class=\"wp-block-heading\">5. Landets beste skole<\/h2>\n\n\n\n<p>H\u00f8yre g\u00e5r til valg p\u00e5 at Lillestr\u00f8mskolen skal bli landets beste skole. I dag opplever vi for store variasjoner i resultatene. 1 av 5 elever g\u00e5r ut av grunnskolen uten tilfredsstillende ferdigheter innenfor lesing, skriving og regning. H\u00f8yre vil ha \u00f8kt fokus p\u00e5 skoleledelse og tillit til skoleledere og l\u00e6rere. Hver enkelt elev skal bli sett og elevene skal f\u00e5 muligheter ut fra egne ferdigheter og evner. Med H\u00f8yres skolepolitikk skal vi bygge en skole med godt l\u00e6ringsmilj\u00f8, mestringsf\u00f8lelse og h\u00f8yt l\u00e6ringsutbytte.<\/p>\n<\/div><\/div>\n\n\n\n<div class=\"wp-block-media-text has-media-on-the-right is-stacked-on-mobile is-image-fill alignwide\"><div class=\"wp-block-media-text__content\">\n<h2 class=\"wp-block-heading\">6. P\u00e5 lag med kultur og frivillighet<\/h2>\n\n\n\n<p>H\u00f8yre vil satse p\u00e5 kultur og frivillighet gjennom dialog og tilrettelegging for frivillig aktivitet. Kommunens frivillige lag og foreninger skal oppleve en kommune som er medspiller og positiv til initiativ og bidrag for \u00e5 styrke lokalsamfunnet. Kultur og frivillighet skal sees p\u00e5 som en viktig ressurs.<\/p>\n<\/div><figure class=\"wp-block-media-text__media\" style=\"background-image:url('https:\/\/hoyre.no\/content\/uploads\/sites\/180\/2023\/06\/GettyImages-585084336-1024x683.jpg');background-position:50% 50%\"><img loading=\"lazy\" decoding=\"async\" width=\"1024\" height=\"683\" src=\"https:\/\/hoyre.no\/content\/uploads\/sites\/180\/2023\/06\/GettyImages-585084336-1024x683.jpg\" alt=\"\" class=\"wp-image-208 size-full\" srcset=\"https:\/\/hoyre.no\/content\/uploads\/sites\/180\/2023\/06\/GettyImages-585084336-1024x683.jpg 1024w, https:\/\/hoyre.no\/content\/uploads\/sites\/180\/2023\/06\/GettyImages-585084336-300x200.jpg 300w, https:\/\/hoyre.no\/content\/uploads\/sites\/180\/2023\/06\/GettyImages-585084336-768x512.jpg 768w, https:\/\/hoyre.no\/content\/uploads\/sites\/180\/2023\/06\/GettyImages-585084336-1536x1024.jpg 1536w, https:\/\/hoyre.no\/content\/uploads\/sites\/180\/2023\/06\/GettyImages-585084336-2048x1365.jpg 2048w\" sizes=\"auto, (max-width: 1024px) 100vw, 1024px\" \/><\/figure><\/div>\n\n\n\n<div class=\"wp-block-media-text is-stacked-on-mobile is-image-fill alignwide\"><figure class=\"wp-block-media-text__media\" style=\"background-image:url('https:\/\/hoyre.no\/content\/uploads\/sites\/180\/2020\/11\/z9dhv_ja-1024x682.jpg');background-position:50% 50%\"><img loading=\"lazy\" decoding=\"async\" width=\"1024\" height=\"682\" src=\"https:\/\/hoyre.no\/content\/uploads\/sites\/180\/2020\/11\/z9dhv_ja-1024x682.jpg\" alt=\"\" class=\"wp-image-41 size-full\" srcset=\"https:\/\/hoyre.no\/content\/uploads\/sites\/180\/2020\/11\/z9dhv_ja-1024x682.jpg 1024w, https:\/\/hoyre.no\/content\/uploads\/sites\/180\/2020\/11\/z9dhv_ja-300x200.jpg 300w, https:\/\/hoyre.no\/content\/uploads\/sites\/180\/2020\/11\/z9dhv_ja-768x511.jpg 768w, https:\/\/hoyre.no\/content\/uploads\/sites\/180\/2020\/11\/z9dhv_ja-1536x1023.jpg 1536w, https:\/\/hoyre.no\/content\/uploads\/sites\/180\/2020\/11\/z9dhv_ja-2048x1364.jpg 2048w\" sizes=\"auto, (max-width: 1024px) 100vw, 1024px\" \/><\/figure><div class=\"wp-block-media-text__content\">\n<h2 class=\"wp-block-heading\">7. Bedre trafikkavvikling<\/h2>\n\n\n\n<p>Realisering av ny RV22 over Glomma i Fetsund er n\u00e5 det viktigste samferdselsprosjektet i kommunen. FV 120 Skedsmokorset m\u00e5 ogs\u00e5 prioriteres som et viktig veiprosjekt i samarbeid med Akershus fylkeskommune. I tillegg m\u00e5 vi f\u00e5 p\u00e5 plass l\u00f8sninger for bedre trafikkavvikling i Lillestr\u00f8m by og for hovedveisystemet rundt bykjernen. Det m\u00e5 ogs\u00e5 v\u00e6re tilstrekkelig med parkeringskapasitet i byen og det m\u00e5 legges til rette for kapasitetsutvidelse p\u00e5 innfartsparkeringer.<\/p>\n<\/div><\/div>\n\n\n\n<div class=\"wp-block-media-text has-media-on-the-right is-stacked-on-mobile is-image-fill alignwide\"><div class=\"wp-block-media-text__content\">\n<h2 class=\"wp-block-heading\">8. P\u00e5 lag med n\u00e6ringslivet i hele kommunen<\/h2>\n\n\n\n<p>H\u00f8yre er p\u00e5 lag med jobbskaperne. V\u00e5rt lokale n\u00e6ringsliv skal f\u00e5 mulighet til \u00e5 utvikle seg, og vi skal legge til rette for nye etableringer og nye arbeidsplasser. H\u00f8yre vil ogs\u00e5 legge til rette for n\u00e6ringsareal og v\u00e6re opptatt av rask og ryddig saksbehandling i kommunen.<\/p>\n<\/div><figure class=\"wp-block-media-text__media\" style=\"background-image:url('https:\/\/hoyre.no\/content\/uploads\/sites\/180\/2023\/06\/GettyImages-598254944-1024x683.jpg');background-position:47% 14%\"><img loading=\"lazy\" decoding=\"async\" width=\"1024\" height=\"683\" src=\"https:\/\/hoyre.no\/content\/uploads\/sites\/180\/2023\/06\/GettyImages-598254944-1024x683.jpg\" alt=\"\" class=\"wp-image-207 size-full\" srcset=\"https:\/\/hoyre.no\/content\/uploads\/sites\/180\/2023\/06\/GettyImages-598254944-1024x683.jpg 1024w, https:\/\/hoyre.no\/content\/uploads\/sites\/180\/2023\/06\/GettyImages-598254944-300x200.jpg 300w, https:\/\/hoyre.no\/content\/uploads\/sites\/180\/2023\/06\/GettyImages-598254944-768x512.jpg 768w, https:\/\/hoyre.no\/content\/uploads\/sites\/180\/2023\/06\/GettyImages-598254944-1536x1024.jpg 1536w, https:\/\/hoyre.no\/content\/uploads\/sites\/180\/2023\/06\/GettyImages-598254944-2048x1365.jpg 2048w\" sizes=\"auto, (max-width: 1024px) 100vw, 1024px\" \/><\/figure><\/div>\n\n\n\n<div class=\"wp-block-media-text is-stacked-on-mobile is-image-fill alignwide\"><figure class=\"wp-block-media-text__media\" style=\"background-image:url('https:\/\/hoyre.no\/content\/uploads\/sites\/180\/2023\/06\/Lillestrom-1024x803.jpg');background-position:50% 50%\"><img loading=\"lazy\" decoding=\"async\" width=\"1024\" height=\"803\" src=\"https:\/\/hoyre.no\/content\/uploads\/sites\/180\/2023\/06\/Lillestrom-1024x803.jpg\" alt=\"Foto: Samfoto\" class=\"wp-image-211 size-full\" srcset=\"https:\/\/hoyre.no\/content\/uploads\/sites\/180\/2023\/06\/Lillestrom-1024x803.jpg 1024w, https:\/\/hoyre.no\/content\/uploads\/sites\/180\/2023\/06\/Lillestrom-300x235.jpg 300w, https:\/\/hoyre.no\/content\/uploads\/sites\/180\/2023\/06\/Lillestrom-768x602.jpg 768w, https:\/\/hoyre.no\/content\/uploads\/sites\/180\/2023\/06\/Lillestrom.jpg 1200w\" sizes=\"auto, (max-width: 1024px) 100vw, 1024px\" \/><\/figure><div class=\"wp-block-media-text__content\">\n<h2 class=\"wp-block-heading\">9. Utvikle tettstedene i kommunen<\/h2>\n\n\n\n<p>H\u00f8yre vil ha en kommune med by- og tettstedutvikling som fremhever kommunens gode kvaliteter. Regionbyen Lillestr\u00f8m med byvekstomr\u00e5det Str\u00f8mmen \u2013 Lillestr\u00f8m by \u2013 Kjeller skal videreutvikles. Samtidig vil vi bygge opp under de prioriterte tettstedene Fetsund, S\u00f8rumsand, Frogner og Skedsmokorset med utgangspunkt i stedenes egenart og s\u00e6rlige muligheter.<\/p>\n<\/div><\/div>\n\n\n\n<div class=\"wp-block-media-text has-media-on-the-right is-stacked-on-mobile is-image-fill alignwide\"><div class=\"wp-block-media-text__content\">\n<h2 class=\"wp-block-heading\">10. Gr\u00f8nn fremtid<\/h2>\n\n\n\n<p>H\u00f8yre vil gj\u00f8re det mer attraktivt \u00e5 bruke kollektivl\u00f8sninger som buss og tog, samt motivere til \u00f8kt bruk av sykkel og gange. I den gr\u00f8nne omstillingen for transport vil H\u00f8yre ha et bedre kollektivtilbud i kommunen, med \u00f8kt frekvens for busser og fremtidig kollektivl\u00f8sning i byb\u00e5ndet Oslo-L\u00f8renskog-Lillestr\u00f8m.<\/p>\n<\/div><figure class=\"wp-block-media-text__media\" style=\"background-image:url('https:\/\/hoyre.no\/content\/uploads\/sites\/180\/2023\/06\/GettyImages-542692854-1024x683.jpg');background-position:50% 50%\"><img loading=\"lazy\" decoding=\"async\" width=\"1024\" height=\"683\" src=\"https:\/\/hoyre.no\/content\/uploads\/sites\/180\/2023\/06\/GettyImages-542692854-1024x683.jpg\" alt=\"\" class=\"wp-image-210 size-full\" srcset=\"https:\/\/hoyre.no\/content\/uploads\/sites\/180\/2023\/06\/GettyImages-542692854-1024x683.jpg 1024w, https:\/\/hoyre.no\/content\/uploads\/sites\/180\/2023\/06\/GettyImages-542692854-300x200.jpg 300w, https:\/\/hoyre.no\/content\/uploads\/sites\/180\/2023\/06\/GettyImages-542692854-768x512.jpg 768w, https:\/\/hoyre.no\/content\/uploads\/sites\/180\/2023\/06\/GettyImages-542692854-1536x1025.jpg 1536w, https:\/\/hoyre.no\/content\/uploads\/sites\/180\/2023\/06\/GettyImages-542692854-2048x1366.jpg 2048w\" sizes=\"auto, (max-width: 1024px) 100vw, 1024px\" \/><\/figure><\/div>\n\n","protected":false},"excerpt":{"rendered":"","protected":false},"author":11570,"featured_media":0,"parent":0,"menu_order":0,"comment_status":"closed","ping_status":"closed","template":"","meta":{"teft_cards_image_url":"","teft_cards_custom_pretitle":"","teft_cards_image_id":142,"teft_cards_image_focal_point_x":0.5,"teft_cards_image_focal_point_y":0.5,"teft_cards_title":"Ti grunner til \u00e5 stemme H\u00f8yre i Lillestr\u00f8m","teft_cards_excerpt":"","teft_show_chapters":false,"footnotes":""},"class_list":["post-199","page","type-page","status-publish","hentry"],"yoast_head":"<!-- This site is optimized with the Yoast SEO plugin v26.6 - https:\/\/yoast.com\/wordpress\/plugins\/seo\/ -->\n<title>Ti gode grunner til \u00e5 stemme H\u00f8yre i Lillestr\u00f8m - Lillestr\u00f8m H\u00f8yre<\/title>\n<meta name=\"robots\" content=\"index, follow, max-snippet:-1, max-image-preview:large, max-video-preview:-1\" \/>\n<link rel=\"canonical\" href=\"https:\/\/hoyre.no\/lillestrom\/ti-gode-grunner-til-a-stemme-hoyre\/\" \/>\n<meta property=\"og:locale\" content=\"nb_NO\" \/>\n<meta property=\"og:type\" content=\"article\" \/>\n<meta property=\"og:title\" content=\"Ti gode grunner til \u00e5 stemme H\u00f8yre i Lillestr\u00f8m - Lillestr\u00f8m H\u00f8yre\" \/>\n<meta property=\"og:url\" content=\"https:\/\/hoyre.no\/lillestrom\/ti-gode-grunner-til-a-stemme-hoyre\/\" \/>\n<meta property=\"og:site_name\" content=\"Lillestr\u00f8m H\u00f8yre\" \/>\n<meta property=\"article:modified_time\" content=\"2024-12-13T13:34:27+00:00\" \/>\n<meta property=\"og:image\" content=\"https:\/\/hoyre.no\/content\/uploads\/sites\/180\/2021\/11\/Bingsfoss-3-of-3-1024x684.jpg\" \/>\n<meta name=\"twitter:card\" content=\"summary_large_image\" \/>\n<meta name=\"twitter:label1\" content=\"Ansl. lesetid\" \/>\n\t<meta name=\"twitter:data1\" content=\"6 minutter\" \/>\n<script type=\"application\/ld+json\" class=\"yoast-schema-graph\">{\"@context\":\"https:\/\/schema.org\",\"@graph\":[{\"@type\":\"WebPage\",\"@id\":\"https:\/\/hoyre.no\/lillestrom\/ti-gode-grunner-til-a-stemme-hoyre\/\",\"url\":\"https:\/\/hoyre.no\/lillestrom\/ti-gode-grunner-til-a-stemme-hoyre\/\",\"name\":\"Ti gode grunner til \u00e5 stemme H\u00f8yre i Lillestr\u00f8m - Lillestr\u00f8m H\u00f8yre\",\"isPartOf\":{\"@id\":\"https:\/\/hoyre.no\/lillestrom\/#website\"},\"image\":{\"@id\":\"https:\/\/hoyre.no\/lillestrom\/ti-gode-grunner-til-a-stemme-hoyre\/#primaryimage\"},\"thumbnailUrl\":\"https:\/\/hoyre.no\/content\/uploads\/sites\/180\/2023\/06\/GettyImages-1209076220-1024x683.jpg\",\"datePublished\":\"2023-06-23T11:51:32+00:00\",\"dateModified\":\"2024-12-13T13:34:27+00:00\",\"breadcrumb\":{\"@id\":\"https:\/\/hoyre.no\/lillestrom\/ti-gode-grunner-til-a-stemme-hoyre\/#breadcrumb\"},\"inLanguage\":\"nb-NO\",\"potentialAction\":[{\"@type\":\"ReadAction\",\"target\":[\"https:\/\/hoyre.no\/lillestrom\/ti-gode-grunner-til-a-stemme-hoyre\/\"]}]},{\"@type\":\"ImageObject\",\"inLanguage\":\"nb-NO\",\"@id\":\"https:\/\/hoyre.no\/lillestrom\/ti-gode-grunner-til-a-stemme-hoyre\/#primaryimage\",\"url\":\"https:\/\/hoyre.no\/content\/uploads\/sites\/180\/2023\/06\/GettyImages-1209076220-1024x683.jpg\",\"contentUrl\":\"https:\/\/hoyre.no\/content\/uploads\/sites\/180\/2023\/06\/GettyImages-1209076220-1024x683.jpg\"},{\"@type\":\"BreadcrumbList\",\"@id\":\"https:\/\/hoyre.no\/lillestrom\/ti-gode-grunner-til-a-stemme-hoyre\/#breadcrumb\",\"itemListElement\":[{\"@type\":\"ListItem\",\"position\":1,\"name\":\"Til hoyre.no\",\"item\":\"https:\/\/hoyre.no\"},{\"@type\":\"ListItem\",\"position\":2,\"name\":\"Hjem\",\"item\":\"https:\/\/hoyre.no\/lillestrom\/\"},{\"@type\":\"ListItem\",\"position\":3,\"name\":\"Ti gode grunner til \u00e5 stemme H\u00f8yre i Lillestr\u00f8m\"}]},{\"@type\":\"WebSite\",\"@id\":\"https:\/\/hoyre.no\/lillestrom\/#website\",\"url\":\"https:\/\/hoyre.no\/lillestrom\/\",\"name\":\"Lillestr\u00f8m H\u00f8yre\",\"description\":\"Bare enda et H\u00f8yres nettsteder-nettsted\",\"inLanguage\":\"nb-NO\"}]}<\/script>\n<!-- \/ Yoast SEO plugin. -->","yoast_head_json":{"title":"Ti gode grunner til \u00e5 stemme H\u00f8yre i Lillestr\u00f8m - Lillestr\u00f8m H\u00f8yre","robots":{"index":"index","follow":"follow","max-snippet":"max-snippet:-1","max-image-preview":"max-image-preview:large","max-video-preview":"max-video-preview:-1"},"canonical":"https:\/\/hoyre.no\/lillestrom\/ti-gode-grunner-til-a-stemme-hoyre\/","og_locale":"nb_NO","og_type":"article","og_title":"Ti gode grunner til \u00e5 stemme H\u00f8yre i Lillestr\u00f8m - Lillestr\u00f8m H\u00f8yre","og_url":"https:\/\/hoyre.no\/lillestrom\/ti-gode-grunner-til-a-stemme-hoyre\/","og_site_name":"Lillestr\u00f8m H\u00f8yre","article_modified_time":"2024-12-13T13:34:27+00:00","og_image":[{"url":"https:\/\/hoyre.no\/content\/uploads\/sites\/180\/2021\/11\/Bingsfoss-3-of-3-1024x684.jpg","width":"","height":"","type":""}],"twitter_card":"summary_large_image","twitter_misc":{"Ansl. lesetid":"6 minutter"},"schema":{"@context":"https:\/\/schema.org","@graph":[{"@type":"WebPage","@id":"https:\/\/hoyre.no\/lillestrom\/ti-gode-grunner-til-a-stemme-hoyre\/","url":"https:\/\/hoyre.no\/lillestrom\/ti-gode-grunner-til-a-stemme-hoyre\/","name":"Ti gode grunner til \u00e5 stemme H\u00f8yre i Lillestr\u00f8m - Lillestr\u00f8m H\u00f8yre","isPartOf":{"@id":"https:\/\/hoyre.no\/lillestrom\/#website"},"image":{"@id":"https:\/\/hoyre.no\/lillestrom\/ti-gode-grunner-til-a-stemme-hoyre\/#primaryimage"},"thumbnailUrl":"https:\/\/hoyre.no\/content\/uploads\/sites\/180\/2023\/06\/GettyImages-1209076220-1024x683.jpg","datePublished":"2023-06-23T11:51:32+00:00","dateModified":"2024-12-13T13:34:27+00:00","breadcrumb":{"@id":"https:\/\/hoyre.no\/lillestrom\/ti-gode-grunner-til-a-stemme-hoyre\/#breadcrumb"},"inLanguage":"nb-NO","potentialAction":[{"@type":"ReadAction","target":["https:\/\/hoyre.no\/lillestrom\/ti-gode-grunner-til-a-stemme-hoyre\/"]}]},{"@type":"ImageObject","inLanguage":"nb-NO","@id":"https:\/\/hoyre.no\/lillestrom\/ti-gode-grunner-til-a-stemme-hoyre\/#primaryimage","url":"https:\/\/hoyre.no\/content\/uploads\/sites\/180\/2023\/06\/GettyImages-1209076220-1024x683.jpg","contentUrl":"https:\/\/hoyre.no\/content\/uploads\/sites\/180\/2023\/06\/GettyImages-1209076220-1024x683.jpg"},{"@type":"BreadcrumbList","@id":"https:\/\/hoyre.no\/lillestrom\/ti-gode-grunner-til-a-stemme-hoyre\/#breadcrumb","itemListElement":[{"@type":"ListItem","position":1,"name":"Til hoyre.no","item":"https:\/\/hoyre.no"},{"@type":"ListItem","position":2,"name":"Hjem","item":"https:\/\/hoyre.no\/lillestrom\/"},{"@type":"ListItem","position":3,"name":"Ti gode grunner til \u00e5 stemme H\u00f8yre i Lillestr\u00f8m"}]},{"@type":"WebSite","@id":"https:\/\/hoyre.no\/lillestrom\/#website","url":"https:\/\/hoyre.no\/lillestrom\/","name":"Lillestr\u00f8m H\u00f8yre","description":"Bare enda et H\u00f8yres nettsteder-nettsted","inLanguage":"nb-NO"}]}},"distributor_meta":false,"distributor_terms":false,"distributor_media":false,"distributor_original_site_name":"Lillestr\u00f8m H\u00f8yre","distributor_original_site_url":"https:\/\/hoyre.no\/lillestrom","push-errors":false,"_links":{"self":[{"href":"https:\/\/hoyre.no\/lillestrom\/wp-json\/wp\/v2\/pages\/199","targetHints":{"allow":["GET"]}}],"collection":[{"href":"https:\/\/hoyre.no\/lillestrom\/wp-json\/wp\/v2\/pages"}],"about":[{"href":"https:\/\/hoyre.no\/lillestrom\/wp-json\/wp\/v2\/types\/page"}],"author":[{"embeddable":true,"href":"https:\/\/hoyre.no\/lillestrom\/wp-json\/wp\/v2\/users\/11570"}],"replies":[{"embeddable":true,"href":"https:\/\/hoyre.no\/lillestrom\/wp-json\/wp\/v2\/comments?post=199"}],"version-history":[{"count":4,"href":"https:\/\/hoyre.no\/lillestrom\/wp-json\/wp\/v2\/pages\/199\/revisions"}],"predecessor-version":[{"id":703,"href":"https:\/\/hoyre.no\/lillestrom\/wp-json\/wp\/v2\/pages\/199\/revisions\/703"}],"wp:attachment":[{"href":"https:\/\/hoyre.no\/lillestrom\/wp-json\/wp\/v2\/media?parent=199"}],"curies":[{"name":"wp","href":"https:\/\/api.w.org\/{rel}","templated":true}]}}