{"id":64,"date":"2023-05-22T14:32:21","date_gmt":"2023-05-22T12:32:21","guid":{"rendered":"https:\/\/hoyre.no\/lyngdal\/?page_id=64"},"modified":"2023-07-18T09:17:58","modified_gmt":"2023-07-18T07:17:58","slug":"bernt-mushom-var-ordforerkandidat","status":"publish","type":"page","link":"https:\/\/hoyre.no\/lyngdal\/bernt-mushom-var-ordforerkandidat\/","title":{"rendered":"Bernt Mushom &#8211; v\u00e5r ordf\u00f8rerkandidat"},"content":{"rendered":"\n<div class=\"wp-block-hoyre-hero with-image-gradient text-color-light  has-media alignfull has-background\"><div class=\"hoyre-hero has-image\"><h1 class=\"title\">Bli kjent med Bernt<\/h1><p class=\"preamble\">Lyngdal H\u00f8yres ordf\u00f8rerkandidat<\/p>\t\t\t<div class=\"post-meta wp-block teft-byline-wrapper\">\n\t\t\t\t<div class=\"top\">\n\t\t\t\t\t<div class=\"signature\">\n\t\t\t\t\t\t<div class=\"teft-byline\">\n\t\t\t\t\t\t\t\t\t\t\t\t\t\t<div>\n\t\t\t\t\t\t\t\t<h3>H\u00f8yres redaksjon<\/h3>\t\t\t\t\t\t\t\t\n\t\t\t\t\t\t\t\t\t\t\t\t\t\t\t\t\t<span class=\"date\">Sist oppdatert: 18. juli 2023<\/span>\n\t\t\t\t\t\t\t\t\t\t\t\t\t\t\t\t\t\t\t\t\t\t\t\t\t<span class=\"reading-time\" itemprop=\"timeRequired\" content=\"PT3M\"><em>Ca. 3 minutter lesetid<\/em><\/span>\n\t\t\t\t\t\t\t\t\t\t\t\t\t\t\t<\/div>\n\t\t\t\t\t\t<\/div>\n\t\t\t\t\t<\/div>\n\t\t\t\t\t\t<div class=\"sharing\">\n\t\t<a class=\"share-button share-link copy-link\" data-copy=\"https:\/\/hoyre.no\/lyngdal\/bernt-mushom-var-ordforerkandidat\/\" target=\"_blank\"><span class=\"screen-reader-text\">Del link<\/span><\/a>\n\t\t<a class=\"share-button share-twitter\" href=\"http:\/\/twitter.com\/share?text=Bernt Mushom &#8211; v\u00e5r ordf\u00f8rerkandidat&#038;url=https:\/\/hoyre.no\/lyngdal\/bernt-mushom-var-ordforerkandidat\/&#038;hashtags=Hoyre\" target=\"_blank\"><span class=\"screen-reader-text\">Del p\u00e5 twitter<\/span><\/a>\n\t\t<a class=\"share-button share-facebook\" href=\"https:\/\/www.facebook.com\/sharer\/sharer.php?u=https:\/\/hoyre.no\/lyngdal\/bernt-mushom-var-ordforerkandidat\/\" target=\"_blank\"><span class=\"screen-reader-text\">Del p\u00e5 facebook<\/span><\/a>\n\t<\/div>\n\t\t\t\t\t<\/div>\n\t\t\t<\/div>\n\n\t\t\t<figure class=\"hoyre-image-wrapper\"><div class=\"hoyre-image\"><img loading=\"lazy\" decoding=\"async\" width=\"2500\" height=\"1667\" src=\"https:\/\/hoyre.no\/content\/uploads\/sites\/25\/2023\/05\/MG_3904-scaled.jpg\" class=\"attachment-scaled size-scaled\" alt=\"\" style=\"object-position: 49% 19%\" srcset=\"https:\/\/hoyre.no\/content\/uploads\/sites\/25\/2023\/05\/MG_3904-scaled.jpg 2500w, https:\/\/hoyre.no\/content\/uploads\/sites\/25\/2023\/05\/MG_3904-300x200.jpg 300w, https:\/\/hoyre.no\/content\/uploads\/sites\/25\/2023\/05\/MG_3904-1024x683.jpg 1024w, https:\/\/hoyre.no\/content\/uploads\/sites\/25\/2023\/05\/MG_3904-768x512.jpg 768w, https:\/\/hoyre.no\/content\/uploads\/sites\/25\/2023\/05\/MG_3904-1536x1024.jpg 1536w, https:\/\/hoyre.no\/content\/uploads\/sites\/25\/2023\/05\/MG_3904-2048x1365.jpg 2048w\" sizes=\"auto, (max-width: 2500px) 100vw, 2500px\" \/><\/div><\/figure><\/div><\/div>\n\n\n\n\n<div class=\"wp-block-buttons is-content-justification-center is-layout-flex wp-container-core-buttons-is-layout-16018d1d wp-block-buttons-is-layout-flex\">\n<div class=\"wp-block-button\"><a class=\"wp-block-button__link\" href=\"https:\/\/hoyre.no\/nyhetsbrev\/\">abonner p\u00e5 h\u00f8yres nyhetsbrev<\/a><\/div>\n\n\n\n<div class=\"wp-block-button\"><a class=\"wp-block-button__link\" href=\"https:\/\/www.facebook.com\/bernt.mushom\">F\u00f8lg Bernt p\u00e5 Facebook<\/a><\/div>\n\n\n\n<div class=\"wp-block-button\"><a class=\"wp-block-button__link\" href=\"https:\/\/www.facebook.com\/lyngdalhoyre\">f\u00f8lg Lyngdal h\u00f8yre p\u00e5 facebook<\/a><\/div>\n<\/div>\n\n\n\n<div class=\"wp-block-hoyre-banner undefined has-icon-title icon-heart is-style-blue\"><div class=\"banner-inner\"><div class=\"banner-content\"><div class=\"entry-content\">\n<h2 class=\"has-text-align-center wp-block-heading\" id=\"h-bli-bedre-kjent-med-navn\">Bli bedre kjent med Bernt!<\/h2>\n\n\n\n<p class=\"has-text-align-left\"><strong>Alder:<\/strong> 55 \u00e5r<\/p>\n\n\n\n<p class=\"has-text-align-left\"><strong>Bosted:<\/strong> Oftebro, Lyngdal<\/p>\n\n\n\n<p class=\"has-text-align-left\"><strong>Sivilstatus:<\/strong> Gift med Anne Margit og far til H\u00e5kon, Lars og Annie<\/p>\n\n\n\n<p class=\"has-text-align-left\"><strong>Jobb:<\/strong> Politistasjonssjef<\/p>\n\n\n\n<p class=\"has-text-align-left\"><strong>Bakgrunn:<\/strong> Ulike jobber i Politiet. Lang erfaring som kriminaltekniker i Agder politidistrikt.<\/p>\n\n\n\n<p class=\"has-text-align-left\"><strong>Politisk erfaring:<\/strong> 2 perioder i Lyngdal kommunestyre. Leder for oppvekstkomiteen og medlem i kulturstyret i f\u00f8rste periode. Leder for Utvalg for milj\u00f8, plan og teknisk (UMPT) i denne perioden.<\/p>\n\n\n\n<p class=\"has-text-align-left\"><strong>Hvorfor er H\u00f8yre rett parti for deg?<\/strong> For meg er H\u00f8yres helhetlige politikk den som best sikrer muligheter for alle<\/p>\n\n\n\n<p class=\"has-text-align-left\"><strong>Det er l\u00f8rdag, klokka n\u00e6rmer seg 19.00. Hva spiser du helst til middag?<\/strong> Anne Margits hjemmelagede pizza<\/p>\n\n\n\n<p class=\"has-text-align-left\"><strong>Konsert eller idrettsarrangement?<\/strong> Jeg er over snittet interessert i sport &#8211; s\u00e5 det blir idrettsarrangement. Bislett Games i sol er en favoritt.<\/p>\n\n\n\n<p class=\"has-text-align-left\"><strong>Hvis du skulle valgt en, hva er din favorittartist?<\/strong> Mark Knopfler alene eller med Dire Straits<\/p>\n\n\n\n<p class=\"has-text-align-left\"><strong>Funfact?<\/strong> Av alle uviktige ting har l\u00f8ping alltid v\u00e6rt viktig for meg. Jeg har fullf\u00f8rt 20 maraton!<\/p>\n\n\n\n<p class=\"has-text-align-left\"><strong>Hva er din favorittplass i kommunen og utenfor kommunen?<\/strong>&nbsp;Lyngdal: P\u00e5 Kongeveien, en sti i skogen i mitt n\u00e6romr\u00e5de. Utenfor: P\u00e5 hytta p\u00e5 Bortelid.<\/p>\n\n\n\n<div class=\"wp-block-buttons is-layout-flex wp-block-buttons-is-layout-flex\"><\/div>\n<\/div><\/div><\/div><\/div>\n\n\n\n<div class=\"wp-block-teft-accentuated-link undefined has-image\"><div class=\"kf-link__wrapper\"><div class=\"kf-link__tagline\"><\/div><a class=\"kf-link__link\" href=\"https:\/\/hoyre.no\/personprofiler\/bernt-mushom\/\" rel=\"noreferrer noopener\" target=\"_blank\">Kom i kontakt med Bernt Mushom<span class=\"kf-link__link-source\">hoyre.no<\/span><\/a><\/div><figure class=\"hoyre-image-wrapper\"><div class=\"hoyre-image\"><img loading=\"lazy\" decoding=\"async\" width=\"2500\" height=\"1667\" src=\"https:\/\/hoyre.no\/content\/uploads\/sites\/25\/2023\/05\/MG_3904-scaled.jpg\" class=\"attachment-scaled size-scaled\" alt=\"\" style=\"object-position: 52% 33%\" srcset=\"https:\/\/hoyre.no\/content\/uploads\/sites\/25\/2023\/05\/MG_3904-scaled.jpg 2500w, https:\/\/hoyre.no\/content\/uploads\/sites\/25\/2023\/05\/MG_3904-300x200.jpg 300w, https:\/\/hoyre.no\/content\/uploads\/sites\/25\/2023\/05\/MG_3904-1024x683.jpg 1024w, https:\/\/hoyre.no\/content\/uploads\/sites\/25\/2023\/05\/MG_3904-768x512.jpg 768w, https:\/\/hoyre.no\/content\/uploads\/sites\/25\/2023\/05\/MG_3904-1536x1024.jpg 1536w, https:\/\/hoyre.no\/content\/uploads\/sites\/25\/2023\/05\/MG_3904-2048x1365.jpg 2048w\" sizes=\"auto, (max-width: 2500px) 100vw, 2500px\" \/><\/div><\/figure><\/div>\n\n\n\n<figure class=\"wp-block-teft-gallery columns-3 count-3 rows-2 is-cropped\"><ul class=\"teft-gallery-grid\"><li class=\"teft-gallery-item \"><figure><a href=\"https:\/\/hoyre.no\/content\/uploads\/sites\/25\/2023\/05\/IMG_1712.jpg\" data-size=\"2000x2300\"><img loading=\"lazy\" decoding=\"async\" width=\"890\" height=\"1024\" src=\"https:\/\/hoyre.no\/content\/uploads\/sites\/25\/2023\/05\/IMG_1712-890x1024.jpg\" class=\"attachment-large size-large\" alt=\"\" srcset=\"https:\/\/hoyre.no\/content\/uploads\/sites\/25\/2023\/05\/IMG_1712-890x1024.jpg 890w, https:\/\/hoyre.no\/content\/uploads\/sites\/25\/2023\/05\/IMG_1712-261x300.jpg 261w, https:\/\/hoyre.no\/content\/uploads\/sites\/25\/2023\/05\/IMG_1712-768x883.jpg 768w, https:\/\/hoyre.no\/content\/uploads\/sites\/25\/2023\/05\/IMG_1712-1336x1536.jpg 1336w, https:\/\/hoyre.no\/content\/uploads\/sites\/25\/2023\/05\/IMG_1712-1781x2048.jpg 1781w, https:\/\/hoyre.no\/content\/uploads\/sites\/25\/2023\/05\/IMG_1712.jpg 2000w\" sizes=\"auto, (max-width: 890px) 100vw, 890px\" \/ data-full-url=\"https:\/\/hoyre.no\/content\/uploads\/sites\/25\/2023\/05\/IMG_1712.jpg\" data-id=\"80\" data-caption=\"80\"\/><\/a><\/figure><\/li><li class=\"teft-gallery-item \"><figure><a href=\"https:\/\/hoyre.no\/content\/uploads\/sites\/25\/2023\/05\/IMG_0585.jpg\" data-size=\"984x1148\"><img loading=\"lazy\" decoding=\"async\" width=\"878\" height=\"1024\" src=\"https:\/\/hoyre.no\/content\/uploads\/sites\/25\/2023\/05\/IMG_0585-878x1024.jpg\" class=\"attachment-large size-large\" alt=\"\" srcset=\"https:\/\/hoyre.no\/content\/uploads\/sites\/25\/2023\/05\/IMG_0585-878x1024.jpg 878w, https:\/\/hoyre.no\/content\/uploads\/sites\/25\/2023\/05\/IMG_0585-257x300.jpg 257w, https:\/\/hoyre.no\/content\/uploads\/sites\/25\/2023\/05\/IMG_0585-768x896.jpg 768w, https:\/\/hoyre.no\/content\/uploads\/sites\/25\/2023\/05\/IMG_0585.jpg 984w\" sizes=\"auto, (max-width: 878px) 100vw, 878px\" \/ data-full-url=\"https:\/\/hoyre.no\/content\/uploads\/sites\/25\/2023\/05\/IMG_0585.jpg\" data-id=\"78\" data-caption=\"78\"\/><\/a><\/figure><\/li><li class=\"teft-gallery-item \"><figure><a href=\"https:\/\/hoyre.no\/content\/uploads\/sites\/25\/2023\/05\/IMG_1549-scaled.jpg\" data-size=\"2500x1875\"><img loading=\"lazy\" decoding=\"async\" width=\"1024\" height=\"768\" src=\"https:\/\/hoyre.no\/content\/uploads\/sites\/25\/2023\/05\/IMG_1549-1024x768.jpg\" class=\"attachment-large size-large\" alt=\"\" srcset=\"https:\/\/hoyre.no\/content\/uploads\/sites\/25\/2023\/05\/IMG_1549-1024x768.jpg 1024w, https:\/\/hoyre.no\/content\/uploads\/sites\/25\/2023\/05\/IMG_1549-300x225.jpg 300w, https:\/\/hoyre.no\/content\/uploads\/sites\/25\/2023\/05\/IMG_1549-768x576.jpg 768w, https:\/\/hoyre.no\/content\/uploads\/sites\/25\/2023\/05\/IMG_1549-1536x1152.jpg 1536w, https:\/\/hoyre.no\/content\/uploads\/sites\/25\/2023\/05\/IMG_1549-2048x1536.jpg 2048w\" sizes=\"auto, (max-width: 1024px) 100vw, 1024px\" \/ data-full-url=\"https:\/\/hoyre.no\/content\/uploads\/sites\/25\/2023\/05\/IMG_1549-scaled.jpg\" data-id=\"79\" data-caption=\"79\"\/><\/a><\/figure><\/li><\/ul><\/figure>\n\n\n\n<h2 class=\"has-text-align-center wp-block-heading\">Bernts hjertesak<\/h2>\n\n\n\n<h3 class=\"wp-block-heading\">Et Lyngdal med muligheter for alle<\/h3>\n\n\n\n<p>For meg er det viktig at Lyngdal skal v\u00e6re et godt og trygt sted \u00e5 bo for alle uansett hvor du er i livet. Barn skal f\u00e5 en trygg og god barndom med kvalitet i skole og barnehage hvor alle barn f\u00e5r delta p\u00e5 fritidsaktiviteter.<\/p>\n\n\n\n<p>Lyngdal har alltid v\u00e6rt gode p\u00e5 dugnad og frivillighet. Det m\u00e5 vi legge til rette for skal fortsette. Jeg tror vi er best n\u00e5r kommunen, innbyggere, lokalt n\u00e6ringsliv og lag og foreninger samarbeider. Det gir gode n\u00e6rmilj\u00f8 og m\u00f8teplasser.<\/p>\n\n\n\n<p>Det handler om \u00e5 v\u00e6re med \u00e5 gj\u00f8re hverdagen bedre for folk i Lyngdal. Skal vi f\u00e5 det til m\u00e5 vi ha en trygg kommune\u00f8konomi som kan sikre folk gode offentlige tjenester. Vi m\u00e5 legge til rette for lokalt n\u00e6ringsliv for \u00e5 bevare- og skape nye arbeidsplasser.<\/p>\n\n\n\n<div class=\"wp-block-hoyre-banner alignwide undefined  is-style-blue\"><div class=\"banner-inner\"><figure class=\"hoyre-image-wrapper\"><div class=\"hoyre-image\"><img loading=\"lazy\" decoding=\"async\" width=\"2500\" height=\"1667\" src=\"https:\/\/hoyre.no\/content\/uploads\/sites\/25\/2023\/05\/MG_3904-scaled.jpg\" class=\"attachment-scaled size-scaled\" alt=\"\" style=\"object-position: 50% 42%\" srcset=\"https:\/\/hoyre.no\/content\/uploads\/sites\/25\/2023\/05\/MG_3904-scaled.jpg 2500w, https:\/\/hoyre.no\/content\/uploads\/sites\/25\/2023\/05\/MG_3904-300x200.jpg 300w, https:\/\/hoyre.no\/content\/uploads\/sites\/25\/2023\/05\/MG_3904-1024x683.jpg 1024w, https:\/\/hoyre.no\/content\/uploads\/sites\/25\/2023\/05\/MG_3904-768x512.jpg 768w, https:\/\/hoyre.no\/content\/uploads\/sites\/25\/2023\/05\/MG_3904-1536x1024.jpg 1536w, https:\/\/hoyre.no\/content\/uploads\/sites\/25\/2023\/05\/MG_3904-2048x1365.jpg 2048w\" sizes=\"auto, (max-width: 2500px) 100vw, 2500px\" \/><\/div><\/figure><div class=\"banner-content\"><div class=\"entry-content\">\n<h2 class=\"wp-block-heading\" id=\"h-ti-gode-grunner\">Kom i kontakt med Bernt<\/h2>\n\n\n\n<ul class=\"wp-block-list\"><li>E-post: <a href=\"mailto:bernt.mushom@gmail.com\">bernt.mushom@gmail.com<\/a><\/li><li>Telefon: 976 39 956<\/li><\/ul>\n\n\n\n<div class=\"wp-block-buttons is-layout-flex wp-block-buttons-is-layout-flex\">\n<div class=\"wp-block-button\"><a class=\"wp-block-button__link\" href=\"https:\/\/www.facebook.com\/bernt.mushom\" target=\"_blank\" rel=\"noreferrer noopener\">F\u00d8LG Bernt P\u00c5 FACEBOOK<\/a><\/div>\n<\/div>\n<\/div><\/div><\/div><\/div>\n\n","protected":false},"excerpt":{"rendered":"","protected":false},"author":347,"featured_media":0,"parent":0,"menu_order":0,"comment_status":"closed","ping_status":"closed","template":"","meta":{"teft_cards_image_url":"","teft_cards_custom_pretitle":"","teft_cards_image_id":0,"teft_cards_image_focal_point_x":0,"teft_cards_image_focal_point_y":0,"teft_cards_title":"","teft_cards_excerpt":"","teft_show_chapters":false,"footnotes":""},"class_list":["post-64","page","type-page","status-publish","hentry"],"yoast_head":"<!-- This site is optimized with the Yoast SEO plugin v26.6 - https:\/\/yoast.com\/wordpress\/plugins\/seo\/ -->\n<title>Bernt Mushom - v\u00e5r ordf\u00f8rerkandidat - Lyngdal H\u00f8yre<\/title>\n<meta name=\"robots\" content=\"index, follow, max-snippet:-1, max-image-preview:large, max-video-preview:-1\" \/>\n<link rel=\"canonical\" href=\"https:\/\/hoyre.no\/lyngdal\/bernt-mushom-var-ordforerkandidat\/\" \/>\n<meta property=\"og:locale\" content=\"nb_NO\" \/>\n<meta property=\"og:type\" content=\"article\" \/>\n<meta property=\"og:title\" content=\"Bernt Mushom - v\u00e5r ordf\u00f8rerkandidat - Lyngdal H\u00f8yre\" \/>\n<meta property=\"og:url\" content=\"https:\/\/hoyre.no\/lyngdal\/bernt-mushom-var-ordforerkandidat\/\" \/>\n<meta property=\"og:site_name\" content=\"Lyngdal H\u00f8yre\" \/>\n<meta property=\"article:modified_time\" content=\"2023-07-18T07:17:58+00:00\" \/>\n<meta property=\"og:image\" content=\"https:\/\/hoyre.no\/content\/uploads\/sites\/25\/2022\/11\/2020_RGB_hoyre_logo_profilbilde_011.png\" \/>\n\t<meta property=\"og:image:width\" content=\"1000\" \/>\n\t<meta property=\"og:image:height\" content=\"1000\" \/>\n\t<meta property=\"og:image:type\" content=\"image\/png\" \/>\n<meta name=\"twitter:card\" content=\"summary_large_image\" \/>\n<meta name=\"twitter:label1\" content=\"Ansl. lesetid\" \/>\n\t<meta name=\"twitter:data1\" content=\"3 minutter\" \/>\n<script type=\"application\/ld+json\" class=\"yoast-schema-graph\">{\"@context\":\"https:\/\/schema.org\",\"@graph\":[{\"@type\":\"WebPage\",\"@id\":\"https:\/\/hoyre.no\/lyngdal\/bernt-mushom-var-ordforerkandidat\/\",\"url\":\"https:\/\/hoyre.no\/lyngdal\/bernt-mushom-var-ordforerkandidat\/\",\"name\":\"Bernt Mushom - v\u00e5r ordf\u00f8rerkandidat - Lyngdal H\u00f8yre\",\"isPartOf\":{\"@id\":\"https:\/\/hoyre.no\/lyngdal\/#website\"},\"datePublished\":\"2023-05-22T12:32:21+00:00\",\"dateModified\":\"2023-07-18T07:17:58+00:00\",\"breadcrumb\":{\"@id\":\"https:\/\/hoyre.no\/lyngdal\/bernt-mushom-var-ordforerkandidat\/#breadcrumb\"},\"inLanguage\":\"nb-NO\",\"potentialAction\":[{\"@type\":\"ReadAction\",\"target\":[\"https:\/\/hoyre.no\/lyngdal\/bernt-mushom-var-ordforerkandidat\/\"]}]},{\"@type\":\"BreadcrumbList\",\"@id\":\"https:\/\/hoyre.no\/lyngdal\/bernt-mushom-var-ordforerkandidat\/#breadcrumb\",\"itemListElement\":[{\"@type\":\"ListItem\",\"position\":1,\"name\":\"Til hoyre.no\",\"item\":\"https:\/\/hoyre.no\"},{\"@type\":\"ListItem\",\"position\":2,\"name\":\"Hjem\",\"item\":\"https:\/\/hoyre.no\/lyngdal\/\"},{\"@type\":\"ListItem\",\"position\":3,\"name\":\"Bernt Mushom &#8211; v\u00e5r ordf\u00f8rerkandidat\"}]},{\"@type\":\"WebSite\",\"@id\":\"https:\/\/hoyre.no\/lyngdal\/#website\",\"url\":\"https:\/\/hoyre.no\/lyngdal\/\",\"name\":\"Lyngdal H\u00f8yre\",\"description\":\"Bare enda et H\u00f8yres nettsteder-nettsted\",\"inLanguage\":\"nb-NO\"}]}<\/script>\n<!-- \/ Yoast SEO plugin. -->","yoast_head_json":{"title":"Bernt Mushom - v\u00e5r ordf\u00f8rerkandidat - Lyngdal H\u00f8yre","robots":{"index":"index","follow":"follow","max-snippet":"max-snippet:-1","max-image-preview":"max-image-preview:large","max-video-preview":"max-video-preview:-1"},"canonical":"https:\/\/hoyre.no\/lyngdal\/bernt-mushom-var-ordforerkandidat\/","og_locale":"nb_NO","og_type":"article","og_title":"Bernt Mushom - v\u00e5r ordf\u00f8rerkandidat - Lyngdal H\u00f8yre","og_url":"https:\/\/hoyre.no\/lyngdal\/bernt-mushom-var-ordforerkandidat\/","og_site_name":"Lyngdal H\u00f8yre","article_modified_time":"2023-07-18T07:17:58+00:00","og_image":[{"width":1000,"height":1000,"url":"https:\/\/hoyre.no\/content\/uploads\/sites\/25\/2022\/11\/2020_RGB_hoyre_logo_profilbilde_011.png","type":"image\/png"}],"twitter_card":"summary_large_image","twitter_misc":{"Ansl. lesetid":"3 minutter"},"schema":{"@context":"https:\/\/schema.org","@graph":[{"@type":"WebPage","@id":"https:\/\/hoyre.no\/lyngdal\/bernt-mushom-var-ordforerkandidat\/","url":"https:\/\/hoyre.no\/lyngdal\/bernt-mushom-var-ordforerkandidat\/","name":"Bernt Mushom - v\u00e5r ordf\u00f8rerkandidat - Lyngdal H\u00f8yre","isPartOf":{"@id":"https:\/\/hoyre.no\/lyngdal\/#website"},"datePublished":"2023-05-22T12:32:21+00:00","dateModified":"2023-07-18T07:17:58+00:00","breadcrumb":{"@id":"https:\/\/hoyre.no\/lyngdal\/bernt-mushom-var-ordforerkandidat\/#breadcrumb"},"inLanguage":"nb-NO","potentialAction":[{"@type":"ReadAction","target":["https:\/\/hoyre.no\/lyngdal\/bernt-mushom-var-ordforerkandidat\/"]}]},{"@type":"BreadcrumbList","@id":"https:\/\/hoyre.no\/lyngdal\/bernt-mushom-var-ordforerkandidat\/#breadcrumb","itemListElement":[{"@type":"ListItem","position":1,"name":"Til hoyre.no","item":"https:\/\/hoyre.no"},{"@type":"ListItem","position":2,"name":"Hjem","item":"https:\/\/hoyre.no\/lyngdal\/"},{"@type":"ListItem","position":3,"name":"Bernt Mushom &#8211; v\u00e5r ordf\u00f8rerkandidat"}]},{"@type":"WebSite","@id":"https:\/\/hoyre.no\/lyngdal\/#website","url":"https:\/\/hoyre.no\/lyngdal\/","name":"Lyngdal H\u00f8yre","description":"Bare enda et H\u00f8yres nettsteder-nettsted","inLanguage":"nb-NO"}]}},"distributor_meta":false,"distributor_terms":false,"distributor_media":false,"distributor_original_site_name":"Lyngdal H\u00f8yre","distributor_original_site_url":"https:\/\/hoyre.no\/lyngdal","push-errors":false,"_links":{"self":[{"href":"https:\/\/hoyre.no\/lyngdal\/wp-json\/wp\/v2\/pages\/64","targetHints":{"allow":["GET"]}}],"collection":[{"href":"https:\/\/hoyre.no\/lyngdal\/wp-json\/wp\/v2\/pages"}],"about":[{"href":"https:\/\/hoyre.no\/lyngdal\/wp-json\/wp\/v2\/types\/page"}],"author":[{"embeddable":true,"href":"https:\/\/hoyre.no\/lyngdal\/wp-json\/wp\/v2\/users\/347"}],"replies":[{"embeddable":true,"href":"https:\/\/hoyre.no\/lyngdal\/wp-json\/wp\/v2\/comments?post=64"}],"version-history":[{"count":4,"href":"https:\/\/hoyre.no\/lyngdal\/wp-json\/wp\/v2\/pages\/64\/revisions"}],"predecessor-version":[{"id":105,"href":"https:\/\/hoyre.no\/lyngdal\/wp-json\/wp\/v2\/pages\/64\/revisions\/105"}],"wp:attachment":[{"href":"https:\/\/hoyre.no\/lyngdal\/wp-json\/wp\/v2\/media?parent=64"}],"curies":[{"name":"wp","href":"https:\/\/api.w.org\/{rel}","templated":true}]}}