{"id":83,"date":"2023-05-22T15:00:22","date_gmt":"2023-05-22T13:00:22","guid":{"rendered":"https:\/\/hoyre.no\/lyngdal\/?page_id=83"},"modified":"2023-05-22T15:01:54","modified_gmt":"2023-05-22T13:01:54","slug":"seks-gode-grunner-til-a-stemme-hoyre","status":"publish","type":"page","link":"https:\/\/hoyre.no\/lyngdal\/seks-gode-grunner-til-a-stemme-hoyre\/","title":{"rendered":"Seks gode grunner til \u00e5 stemme H\u00f8yre"},"content":{"rendered":"\n<div class=\"wp-block-hoyre-hero with-image-gradient text-color-light  has-media alignfull has-background\"><div class=\"hoyre-hero has-image\"><h1 class=\"title\">Seks gode grunner til \u00e5 stemme H\u00f8yre i Lyngdal<\/h1><figure class=\"hoyre-image-wrapper\"><div class=\"hoyre-image\"><img loading=\"lazy\" decoding=\"async\" width=\"2500\" height=\"1875\" src=\"https:\/\/hoyre.no\/content\/uploads\/sites\/25\/2023\/05\/IMG_20201018_140738-scaled.jpg\" class=\"attachment-scaled size-scaled\" alt=\"\" style=\"object-position: 66% 77%\" srcset=\"https:\/\/hoyre.no\/content\/uploads\/sites\/25\/2023\/05\/IMG_20201018_140738-scaled.jpg 2500w, https:\/\/hoyre.no\/content\/uploads\/sites\/25\/2023\/05\/IMG_20201018_140738-300x225.jpg 300w, https:\/\/hoyre.no\/content\/uploads\/sites\/25\/2023\/05\/IMG_20201018_140738-1024x768.jpg 1024w, https:\/\/hoyre.no\/content\/uploads\/sites\/25\/2023\/05\/IMG_20201018_140738-768x576.jpg 768w, https:\/\/hoyre.no\/content\/uploads\/sites\/25\/2023\/05\/IMG_20201018_140738-1536x1152.jpg 1536w, https:\/\/hoyre.no\/content\/uploads\/sites\/25\/2023\/05\/IMG_20201018_140738-2048x1536.jpg 2048w\" sizes=\"auto, (max-width: 2500px) 100vw, 2500px\" \/><\/div><\/figure><\/div><\/div>\n\n\n\n\n<div class=\"wp-block-hoyre-banner alignwide undefined\"><div class=\"banner-inner\"><figure class=\"hoyre-image-wrapper\"><div class=\"hoyre-image\"><img loading=\"lazy\" decoding=\"async\" width=\"984\" height=\"1148\" src=\"https:\/\/hoyre.no\/content\/uploads\/sites\/25\/2023\/05\/IMG_0585.jpg\" class=\"attachment-scaled size-scaled\" alt=\"\" style=\"object-position: 47% 0%\" srcset=\"https:\/\/hoyre.no\/content\/uploads\/sites\/25\/2023\/05\/IMG_0585.jpg 984w, https:\/\/hoyre.no\/content\/uploads\/sites\/25\/2023\/05\/IMG_0585-257x300.jpg 257w, https:\/\/hoyre.no\/content\/uploads\/sites\/25\/2023\/05\/IMG_0585-878x1024.jpg 878w, https:\/\/hoyre.no\/content\/uploads\/sites\/25\/2023\/05\/IMG_0585-768x896.jpg 768w\" sizes=\"auto, (max-width: 984px) 100vw, 984px\" \/><\/div><\/figure><div class=\"banner-content\"><div class=\"entry-content\">\n<p>H\u00f8yre vil prioritere det viktigste f\u00f8rst. Det er gode skoler og barnehager, med fokus p\u00e5 innhold og trygge omgivelser. S\u00e5 skal det v\u00e6re godt \u00e5 bli gammel i Lyngdal. Vi m\u00e5 ha en trygg og god eldreomsorg.<\/p>\n\n\n\n<p>H\u00f8yre vil \u00f8ke st\u00f8tten til frivilligheten og la den v\u00e6re en bidragsyter i byen v\u00e5r. For \u00e5 opprettholde god velferd vil vi tilrettelegge for lokalt n\u00e6ringslivet og utvikling. Vi skal gj\u00f8re det vi kan for \u00e5 tilrettelegge for nye arbeidsplasser i Lyngdal. Vi skal v\u00e6re en JA-kommune!<\/p>\n\n\n\n<div class=\"wp-block-buttons is-layout-flex wp-block-buttons-is-layout-flex\"><\/div>\n<\/div><\/div><\/div><\/div>\n\n\n\n\n<div class=\"wp-block-media-text alignwide is-stacked-on-mobile\"><figure class=\"wp-block-media-text__media\"><img loading=\"lazy\" decoding=\"async\" width=\"1024\" height=\"683\" src=\"https:\/\/hoyre.no\/content\/uploads\/sites\/25\/2023\/05\/GettyImages-1055843988-1024x683.jpg\" alt=\"\" class=\"wp-image-90 size-full\" srcset=\"https:\/\/hoyre.no\/content\/uploads\/sites\/25\/2023\/05\/GettyImages-1055843988-1024x683.jpg 1024w, https:\/\/hoyre.no\/content\/uploads\/sites\/25\/2023\/05\/GettyImages-1055843988-300x200.jpg 300w, https:\/\/hoyre.no\/content\/uploads\/sites\/25\/2023\/05\/GettyImages-1055843988-768x512.jpg 768w, https:\/\/hoyre.no\/content\/uploads\/sites\/25\/2023\/05\/GettyImages-1055843988-1536x1024.jpg 1536w, https:\/\/hoyre.no\/content\/uploads\/sites\/25\/2023\/05\/GettyImages-1055843988-2048x1365.jpg 2048w\" sizes=\"auto, (max-width: 1024px) 100vw, 1024px\" \/><\/figure><div class=\"wp-block-media-text__content\">\n<h2 class=\"wp-block-heading\">1. Oppvekst<\/h2>\n\n\n\n<p>Vi vil ha en skole hvor alle har like muligheter, uansett hvilken bakgrunn de har. En skole med fokus p\u00e5 innhold, l\u00e6ring og trygt l\u00e6ringsmilj\u00f8. H\u00f8yre vil ha nulltoleranse for mobbing, vi vil styrke skoleledelsen og tilby gode muligheter for etter- og videreutdanning av ansatte. Tidlig innsats allerede i barnehagen er viktig. Tidlig innsats er n\u00f8kkelen til senere mestring og \u00f8kt l\u00e6ringsutbytte. H\u00f8yre vil tilrettelegge slik at alle barn kan delta p\u00e5 fritidsaktiviteter, uavhengig av \u00f8konomi.<\/p>\n<\/div><\/div>\n\n\n\n<div class=\"wp-block-media-text alignwide has-media-on-the-right is-stacked-on-mobile\"><figure class=\"wp-block-media-text__media\"><img loading=\"lazy\" decoding=\"async\" width=\"1024\" height=\"683\" src=\"https:\/\/hoyre.no\/content\/uploads\/sites\/25\/2023\/05\/GettyImages-1207136799-1024x683.jpg\" alt=\"\" class=\"wp-image-85 size-full\" srcset=\"https:\/\/hoyre.no\/content\/uploads\/sites\/25\/2023\/05\/GettyImages-1207136799-1024x683.jpg 1024w, https:\/\/hoyre.no\/content\/uploads\/sites\/25\/2023\/05\/GettyImages-1207136799-300x200.jpg 300w, https:\/\/hoyre.no\/content\/uploads\/sites\/25\/2023\/05\/GettyImages-1207136799-768x512.jpg 768w, https:\/\/hoyre.no\/content\/uploads\/sites\/25\/2023\/05\/GettyImages-1207136799-1536x1024.jpg 1536w, https:\/\/hoyre.no\/content\/uploads\/sites\/25\/2023\/05\/GettyImages-1207136799-2048x1365.jpg 2048w\" sizes=\"auto, (max-width: 1024px) 100vw, 1024px\" \/><\/figure><div class=\"wp-block-media-text__content\">\n<h2 class=\"wp-block-heading\">2. Helse og omsorg<\/h2>\n\n\n\n<p>Lyngdal H\u00f8yre vil ha en eldreomsorg med kvalitet, verdighet og valgmuligheter. Eldre skal tilbys gode m\u00e5ltider, aktivitet og felleskap. Vi blir flere eldre og det m\u00e5 vi forberede oss p\u00e5. Lyngdal H\u00f8yre vil arbeide for kreftkoordinator i 100% stilling og \u00f8ke kunnskapen om demens i kommunen. Vi vil styrke helsestasjon for ungdom, slik at ungdommen f\u00e5r raskere psykisk helsehjelp.<\/p>\n<\/div><\/div>\n\n\n\n<div class=\"wp-block-media-text alignwide is-stacked-on-mobile\"><figure class=\"wp-block-media-text__media\"><img loading=\"lazy\" decoding=\"async\" width=\"1024\" height=\"683\" src=\"https:\/\/hoyre.no\/content\/uploads\/sites\/25\/2023\/05\/GettyImages-597952626-1024x683.jpg\" alt=\"\" class=\"wp-image-87 size-full\" srcset=\"https:\/\/hoyre.no\/content\/uploads\/sites\/25\/2023\/05\/GettyImages-597952626-1024x683.jpg 1024w, https:\/\/hoyre.no\/content\/uploads\/sites\/25\/2023\/05\/GettyImages-597952626-300x200.jpg 300w, https:\/\/hoyre.no\/content\/uploads\/sites\/25\/2023\/05\/GettyImages-597952626-768x513.jpg 768w, https:\/\/hoyre.no\/content\/uploads\/sites\/25\/2023\/05\/GettyImages-597952626-1536x1025.jpg 1536w, https:\/\/hoyre.no\/content\/uploads\/sites\/25\/2023\/05\/GettyImages-597952626-2048x1367.jpg 2048w\" sizes=\"auto, (max-width: 1024px) 100vw, 1024px\" \/><\/figure><div class=\"wp-block-media-text__content\">\n<h2 class=\"wp-block-heading\">3. Milj\u00f8<\/h2>\n\n\n\n<p>Lyngdal H\u00f8yre vil redusere utslippene, men ikke stoppe utviklingen av kommunen v\u00e5r. Vi vil legge til rette for gr\u00f8nne industrietableringer i fremtiden, bla. ved at Lyngdal er positive og ta en aktiv rolle i havvindutbygging p\u00e5 S\u00f8rlandet. Lyngdal H\u00f8yre er positive til utbygging av sm\u00e5kraftverk i lokale vassdrag. Vi vil ogs\u00e5 gi tilskudd til nyplanting av skog for \u00e5 binde CO2. Vi vil jobbe for bedre avfallsh\u00e5ndtering og gjenvinning ved \u00e5 utvide \u00e5pningstider p\u00e5 gjenvinningsstasjoner. Lyngdal H\u00f8yre vil bevare inngrepsfrie naturomr\u00e5der for kommende generasjoner.<\/p>\n<\/div><\/div>\n\n\n\n<div class=\"wp-block-media-text alignwide has-media-on-the-right is-stacked-on-mobile\"><figure class=\"wp-block-media-text__media\"><img loading=\"lazy\" decoding=\"async\" width=\"1024\" height=\"683\" src=\"https:\/\/hoyre.no\/content\/uploads\/sites\/25\/2023\/05\/GettyImages-490607422-1024x683.jpg\" alt=\"\" class=\"wp-image-88 size-full\" srcset=\"https:\/\/hoyre.no\/content\/uploads\/sites\/25\/2023\/05\/GettyImages-490607422-1024x683.jpg 1024w, https:\/\/hoyre.no\/content\/uploads\/sites\/25\/2023\/05\/GettyImages-490607422-300x200.jpg 300w, https:\/\/hoyre.no\/content\/uploads\/sites\/25\/2023\/05\/GettyImages-490607422-768x512.jpg 768w, https:\/\/hoyre.no\/content\/uploads\/sites\/25\/2023\/05\/GettyImages-490607422-1536x1024.jpg 1536w, https:\/\/hoyre.no\/content\/uploads\/sites\/25\/2023\/05\/GettyImages-490607422-2048x1365.jpg 2048w\" sizes=\"auto, (max-width: 1024px) 100vw, 1024px\" \/><\/figure><div class=\"wp-block-media-text__content\">\n<h2 class=\"wp-block-heading\">4. N\u00e6ring og bolig<\/h2>\n\n\n\n<p>Lyngdal skal fortsatt v\u00e6re en JA-kommune som legger til rette for jobbskapere. H\u00f8yre vil at n\u00e6ringslivet skal m\u00f8te en forutsigbar og samarbeidsvillig kommune. Lyngdal H\u00f8yre vil sikre tilstrekkelig med arealer for fremtidig n\u00e6ringsutvikling og boligform\u00e5l. Vi vil st\u00f8tte tiltak som videreutvikler Lyngdal som en attraktiv turistkommune. Lyngdal H\u00f8yre vil unng\u00e5 \u00e5 innf\u00f8re eiendomsskatt og fortsatt v\u00e6re en rimelig kommune \u00e5 bo og etablere seg i.<\/p>\n<\/div><\/div>\n\n\n\n<div class=\"wp-block-media-text alignwide is-stacked-on-mobile\"><figure class=\"wp-block-media-text__media\"><img decoding=\"async\" src=\"https:\/\/hoyre.no\/content\/uploads\/sites\/28\/2022\/12\/GettyImages-516689144-1024x683.jpg\" alt=\"Barn som spiller fotball\" class=\"wp-image-553 size-full\" \/><\/figure><div class=\"wp-block-media-text__content\">\n<h2 class=\"wp-block-heading\">5. Frivilligheten<\/h2>\n\n\n\n<p>Frivilligheten skaper glede, trivsel og knytter lokalsamfunnene sammen. Det er frivilligheten som skaper det gode samfunn. Lyngdal er gode p\u00e5 frivillighet, og det er viktig at kommunen fortsetter \u00e5 legge til rette for det frivillige arbeidet. Lyngdal H\u00f8yre har som m\u00e5l \u00e5 \u00f8ke st\u00f8tten med kr 1 mill. til frivillige lag og foreninger som bidrar med viktige oppgaver. Vi vil gj\u00f8re det enkelt for lag og foreninger \u00e5 s\u00f8ke om penger.<\/p>\n<\/div><\/div>\n\n\n\n<div class=\"wp-block-media-text alignwide has-media-on-the-right is-stacked-on-mobile\"><figure class=\"wp-block-media-text__media\"><img loading=\"lazy\" decoding=\"async\" width=\"1024\" height=\"683\" src=\"https:\/\/hoyre.no\/content\/uploads\/sites\/25\/2023\/05\/GettyImages-928453496-1024x683.jpg\" alt=\"\" class=\"wp-image-89 size-full\" srcset=\"https:\/\/hoyre.no\/content\/uploads\/sites\/25\/2023\/05\/GettyImages-928453496-1024x683.jpg 1024w, https:\/\/hoyre.no\/content\/uploads\/sites\/25\/2023\/05\/GettyImages-928453496-300x200.jpg 300w, https:\/\/hoyre.no\/content\/uploads\/sites\/25\/2023\/05\/GettyImages-928453496-768x512.jpg 768w, https:\/\/hoyre.no\/content\/uploads\/sites\/25\/2023\/05\/GettyImages-928453496-1536x1024.jpg 1536w, https:\/\/hoyre.no\/content\/uploads\/sites\/25\/2023\/05\/GettyImages-928453496-2048x1365.jpg 2048w\" sizes=\"auto, (max-width: 1024px) 100vw, 1024px\" \/><\/figure><div class=\"wp-block-media-text__content\">\n<h2 class=\"wp-block-heading\">6. Kommunen som arbeidsgiver<\/h2>\n\n\n\n<p>Lyngdal kommune skal v\u00e6re en attraktiv arbeidsplass med dedikerte ansatte som leverer tjenester av h\u00f8y klasse. Vi skal v\u00e6re en innovativ, effektiv og brukervennlig kommune. Lyngdal H\u00f8yre vil satse p\u00e5 l\u00e6rlinger, slik at de f\u00e5r jobb og bosetter seg i kommunen. Vi vil at Lyngdal skal ha en aktiv arbeidsgiverpolitikk, med politikere som forst\u00e5r sin rolle som arbeidsgiver.<\/p>\n\n\n\n<p>&nbsp;<\/p>\n<\/div><\/div>\n\n\n\n<div class=\"wp-block-hoyre-banner alignwide undefined has-icon-title icon-heart is-style-blue\"><div class=\"banner-inner\"><figure class=\"hoyre-image-wrapper\"><div class=\"hoyre-image\"><img loading=\"lazy\" decoding=\"async\" width=\"2500\" height=\"2500\" src=\"https:\/\/hoyre.no\/content\/uploads\/sites\/25\/2023\/05\/IMG_0337-scaled.jpg\" class=\"attachment-scaled size-scaled\" alt=\"\" style=\"object-position: 48% 83%\" srcset=\"https:\/\/hoyre.no\/content\/uploads\/sites\/25\/2023\/05\/IMG_0337-scaled.jpg 2500w, https:\/\/hoyre.no\/content\/uploads\/sites\/25\/2023\/05\/IMG_0337-300x300.jpg 300w, https:\/\/hoyre.no\/content\/uploads\/sites\/25\/2023\/05\/IMG_0337-1024x1024.jpg 1024w, https:\/\/hoyre.no\/content\/uploads\/sites\/25\/2023\/05\/IMG_0337-150x150.jpg 150w, https:\/\/hoyre.no\/content\/uploads\/sites\/25\/2023\/05\/IMG_0337-768x768.jpg 768w, https:\/\/hoyre.no\/content\/uploads\/sites\/25\/2023\/05\/IMG_0337-1536x1536.jpg 1536w, https:\/\/hoyre.no\/content\/uploads\/sites\/25\/2023\/05\/IMG_0337-2048x2048.jpg 2048w\" sizes=\"auto, (max-width: 2500px) 100vw, 2500px\" \/><\/div><\/figure><div class=\"banner-content\"><div class=\"entry-content\">\n<h2 class=\"wp-block-heading\">Fant du ikke din hjertesak?<\/h2>\n\n\n\n<p>Det er heldigvis mange gode grunner til \u00e5 stemme H\u00f8yre i Lyngdal. Finn ut hva vi mener om din hjertesak ved \u00e5 lese programmet v\u00e5rt!<\/p>\n\n\n\n<div class=\"wp-block-buttons is-layout-flex wp-block-buttons-is-layout-flex\">\n<div class=\"wp-block-button\"><a class=\"wp-block-button__link\" href=\"https:\/\/hoyre.no\/lyngdal\/politikk\/\">LES Lyngdal H\u00d8YRES VALGPROGRAM<\/a><\/div>\n<\/div>\n<\/div><\/div><\/div><\/div>\n\n\n\n<div class=\"wp-block-hoyre-banner alignwide undefined\"><div class=\"banner-inner\"><figure class=\"hoyre-image-wrapper\"><div class=\"hoyre-image\"><img loading=\"lazy\" decoding=\"async\" width=\"2500\" height=\"1667\" src=\"https:\/\/hoyre.no\/content\/uploads\/sites\/25\/2023\/05\/MG_3904-scaled.jpg\" class=\"attachment-scaled size-scaled\" alt=\"\" style=\"object-position: 50% 50%\" srcset=\"https:\/\/hoyre.no\/content\/uploads\/sites\/25\/2023\/05\/MG_3904-scaled.jpg 2500w, https:\/\/hoyre.no\/content\/uploads\/sites\/25\/2023\/05\/MG_3904-300x200.jpg 300w, https:\/\/hoyre.no\/content\/uploads\/sites\/25\/2023\/05\/MG_3904-1024x683.jpg 1024w, https:\/\/hoyre.no\/content\/uploads\/sites\/25\/2023\/05\/MG_3904-768x512.jpg 768w, https:\/\/hoyre.no\/content\/uploads\/sites\/25\/2023\/05\/MG_3904-1536x1024.jpg 1536w, https:\/\/hoyre.no\/content\/uploads\/sites\/25\/2023\/05\/MG_3904-2048x1365.jpg 2048w\" sizes=\"auto, (max-width: 2500px) 100vw, 2500px\" \/><\/div><\/figure><div class=\"banner-content\"><div class=\"entry-content\">\n<h2 class=\"wp-block-heading\">Bli bedre kjent med Lyngdal H\u00f8yres ordf\u00f8rerkandidat<\/h2>\n\n\n\n<p>Bernt Mushom er v\u00e5r ordf\u00f8rerkandidat for kommunevalget i 2023. Bli bedre kjent med hvem han er og hva han st\u00e5r for \ud83d\udc47<\/p>\n\n\n\n<div class=\"wp-block-buttons is-layout-flex wp-block-buttons-is-layout-flex\">\n<div class=\"wp-block-button\"><a class=\"wp-block-button__link\" href=\"https:\/\/hoyre.no\/lyngdal\/bernt-mushom-var-ordforerkandidat\/\">BLI KJENT MED Bernt<\/a><\/div>\n<\/div>\n<\/div><\/div><\/div><\/div>\n","protected":false},"excerpt":{"rendered":"<p>1. Oppvekst Vi vil ha en skole hvor alle har like muligheter, uansett hvilken bakgrunn de har. En skole med fokus p\u00e5 innhold, l\u00e6ring og trygt l\u00e6ringsmilj\u00f8. H\u00f8yre vil ha nulltoleranse for mobbing, vi vil styrke skoleledelsen og tilby gode muligheter for etter- og videreutdanning av ansatte. Tidlig innsats allerede i barnehagen er viktig. Tidlig [&hellip;]<\/p>\n","protected":false},"author":347,"featured_media":0,"parent":0,"menu_order":0,"comment_status":"closed","ping_status":"closed","template":"","meta":{"teft_cards_image_url":"","teft_cards_custom_pretitle":"","teft_cards_image_id":0,"teft_cards_image_focal_point_x":0,"teft_cards_image_focal_point_y":0,"teft_cards_title":"","teft_cards_excerpt":"","teft_show_chapters":false,"footnotes":""},"class_list":["post-83","page","type-page","status-publish","hentry"],"yoast_head":"<!-- This site is optimized with the Yoast SEO plugin v26.6 - https:\/\/yoast.com\/wordpress\/plugins\/seo\/ -->\n<title>Seks gode grunner til \u00e5 stemme H\u00f8yre - Lyngdal H\u00f8yre<\/title>\n<meta name=\"robots\" content=\"index, follow, max-snippet:-1, max-image-preview:large, max-video-preview:-1\" \/>\n<link rel=\"canonical\" href=\"https:\/\/hoyre.no\/lyngdal\/seks-gode-grunner-til-a-stemme-hoyre\/\" \/>\n<meta property=\"og:locale\" content=\"nb_NO\" \/>\n<meta property=\"og:type\" content=\"article\" \/>\n<meta property=\"og:title\" content=\"Seks gode grunner til \u00e5 stemme H\u00f8yre - Lyngdal H\u00f8yre\" \/>\n<meta property=\"og:description\" content=\"1. Oppvekst Vi vil ha en skole hvor alle har like muligheter, uansett hvilken bakgrunn de har. En skole med fokus p\u00e5 innhold, l\u00e6ring og trygt l\u00e6ringsmilj\u00f8. H\u00f8yre vil ha nulltoleranse for mobbing, vi vil styrke skoleledelsen og tilby gode muligheter for etter- og videreutdanning av ansatte. Tidlig innsats allerede i barnehagen er viktig. Tidlig [&hellip;]\" \/>\n<meta property=\"og:url\" content=\"https:\/\/hoyre.no\/lyngdal\/seks-gode-grunner-til-a-stemme-hoyre\/\" \/>\n<meta property=\"og:site_name\" content=\"Lyngdal H\u00f8yre\" \/>\n<meta property=\"article:modified_time\" content=\"2023-05-22T13:01:54+00:00\" \/>\n<meta property=\"og:image\" content=\"https:\/\/hoyre.no\/content\/uploads\/sites\/25\/2023\/05\/GettyImages-1055843988-1024x683.jpg\" \/>\n<meta name=\"twitter:card\" content=\"summary_large_image\" \/>\n<meta name=\"twitter:label1\" content=\"Ansl. lesetid\" \/>\n\t<meta name=\"twitter:data1\" content=\"5 minutter\" \/>\n<script type=\"application\/ld+json\" class=\"yoast-schema-graph\">{\"@context\":\"https:\/\/schema.org\",\"@graph\":[{\"@type\":\"WebPage\",\"@id\":\"https:\/\/hoyre.no\/lyngdal\/seks-gode-grunner-til-a-stemme-hoyre\/\",\"url\":\"https:\/\/hoyre.no\/lyngdal\/seks-gode-grunner-til-a-stemme-hoyre\/\",\"name\":\"Seks gode grunner til \u00e5 stemme H\u00f8yre - Lyngdal H\u00f8yre\",\"isPartOf\":{\"@id\":\"https:\/\/hoyre.no\/lyngdal\/#website\"},\"image\":{\"@id\":\"https:\/\/hoyre.no\/lyngdal\/seks-gode-grunner-til-a-stemme-hoyre\/#primaryimage\"},\"thumbnailUrl\":\"https:\/\/hoyre.no\/content\/uploads\/sites\/25\/2023\/05\/GettyImages-1055843988-1024x683.jpg\",\"datePublished\":\"2023-05-22T13:00:22+00:00\",\"dateModified\":\"2023-05-22T13:01:54+00:00\",\"breadcrumb\":{\"@id\":\"https:\/\/hoyre.no\/lyngdal\/seks-gode-grunner-til-a-stemme-hoyre\/#breadcrumb\"},\"inLanguage\":\"nb-NO\",\"potentialAction\":[{\"@type\":\"ReadAction\",\"target\":[\"https:\/\/hoyre.no\/lyngdal\/seks-gode-grunner-til-a-stemme-hoyre\/\"]}]},{\"@type\":\"ImageObject\",\"inLanguage\":\"nb-NO\",\"@id\":\"https:\/\/hoyre.no\/lyngdal\/seks-gode-grunner-til-a-stemme-hoyre\/#primaryimage\",\"url\":\"https:\/\/hoyre.no\/content\/uploads\/sites\/25\/2023\/05\/GettyImages-1055843988-1024x683.jpg\",\"contentUrl\":\"https:\/\/hoyre.no\/content\/uploads\/sites\/25\/2023\/05\/GettyImages-1055843988-1024x683.jpg\"},{\"@type\":\"BreadcrumbList\",\"@id\":\"https:\/\/hoyre.no\/lyngdal\/seks-gode-grunner-til-a-stemme-hoyre\/#breadcrumb\",\"itemListElement\":[{\"@type\":\"ListItem\",\"position\":1,\"name\":\"Til hoyre.no\",\"item\":\"https:\/\/hoyre.no\"},{\"@type\":\"ListItem\",\"position\":2,\"name\":\"Hjem\",\"item\":\"https:\/\/hoyre.no\/lyngdal\/\"},{\"@type\":\"ListItem\",\"position\":3,\"name\":\"Seks gode grunner til \u00e5 stemme H\u00f8yre\"}]},{\"@type\":\"WebSite\",\"@id\":\"https:\/\/hoyre.no\/lyngdal\/#website\",\"url\":\"https:\/\/hoyre.no\/lyngdal\/\",\"name\":\"Lyngdal H\u00f8yre\",\"description\":\"Bare enda et H\u00f8yres nettsteder-nettsted\",\"inLanguage\":\"nb-NO\"}]}<\/script>\n<!-- \/ Yoast SEO plugin. -->","yoast_head_json":{"title":"Seks gode grunner til \u00e5 stemme H\u00f8yre - Lyngdal H\u00f8yre","robots":{"index":"index","follow":"follow","max-snippet":"max-snippet:-1","max-image-preview":"max-image-preview:large","max-video-preview":"max-video-preview:-1"},"canonical":"https:\/\/hoyre.no\/lyngdal\/seks-gode-grunner-til-a-stemme-hoyre\/","og_locale":"nb_NO","og_type":"article","og_title":"Seks gode grunner til \u00e5 stemme H\u00f8yre - Lyngdal H\u00f8yre","og_description":"1. Oppvekst Vi vil ha en skole hvor alle har like muligheter, uansett hvilken bakgrunn de har. En skole med fokus p\u00e5 innhold, l\u00e6ring og trygt l\u00e6ringsmilj\u00f8. H\u00f8yre vil ha nulltoleranse for mobbing, vi vil styrke skoleledelsen og tilby gode muligheter for etter- og videreutdanning av ansatte. Tidlig innsats allerede i barnehagen er viktig. Tidlig [&hellip;]","og_url":"https:\/\/hoyre.no\/lyngdal\/seks-gode-grunner-til-a-stemme-hoyre\/","og_site_name":"Lyngdal H\u00f8yre","article_modified_time":"2023-05-22T13:01:54+00:00","og_image":[{"url":"https:\/\/hoyre.no\/content\/uploads\/sites\/25\/2023\/05\/GettyImages-1055843988-1024x683.jpg","type":"","width":"","height":""}],"twitter_card":"summary_large_image","twitter_misc":{"Ansl. lesetid":"5 minutter"},"schema":{"@context":"https:\/\/schema.org","@graph":[{"@type":"WebPage","@id":"https:\/\/hoyre.no\/lyngdal\/seks-gode-grunner-til-a-stemme-hoyre\/","url":"https:\/\/hoyre.no\/lyngdal\/seks-gode-grunner-til-a-stemme-hoyre\/","name":"Seks gode grunner til \u00e5 stemme H\u00f8yre - Lyngdal H\u00f8yre","isPartOf":{"@id":"https:\/\/hoyre.no\/lyngdal\/#website"},"image":{"@id":"https:\/\/hoyre.no\/lyngdal\/seks-gode-grunner-til-a-stemme-hoyre\/#primaryimage"},"thumbnailUrl":"https:\/\/hoyre.no\/content\/uploads\/sites\/25\/2023\/05\/GettyImages-1055843988-1024x683.jpg","datePublished":"2023-05-22T13:00:22+00:00","dateModified":"2023-05-22T13:01:54+00:00","breadcrumb":{"@id":"https:\/\/hoyre.no\/lyngdal\/seks-gode-grunner-til-a-stemme-hoyre\/#breadcrumb"},"inLanguage":"nb-NO","potentialAction":[{"@type":"ReadAction","target":["https:\/\/hoyre.no\/lyngdal\/seks-gode-grunner-til-a-stemme-hoyre\/"]}]},{"@type":"ImageObject","inLanguage":"nb-NO","@id":"https:\/\/hoyre.no\/lyngdal\/seks-gode-grunner-til-a-stemme-hoyre\/#primaryimage","url":"https:\/\/hoyre.no\/content\/uploads\/sites\/25\/2023\/05\/GettyImages-1055843988-1024x683.jpg","contentUrl":"https:\/\/hoyre.no\/content\/uploads\/sites\/25\/2023\/05\/GettyImages-1055843988-1024x683.jpg"},{"@type":"BreadcrumbList","@id":"https:\/\/hoyre.no\/lyngdal\/seks-gode-grunner-til-a-stemme-hoyre\/#breadcrumb","itemListElement":[{"@type":"ListItem","position":1,"name":"Til hoyre.no","item":"https:\/\/hoyre.no"},{"@type":"ListItem","position":2,"name":"Hjem","item":"https:\/\/hoyre.no\/lyngdal\/"},{"@type":"ListItem","position":3,"name":"Seks gode grunner til \u00e5 stemme H\u00f8yre"}]},{"@type":"WebSite","@id":"https:\/\/hoyre.no\/lyngdal\/#website","url":"https:\/\/hoyre.no\/lyngdal\/","name":"Lyngdal H\u00f8yre","description":"Bare enda et H\u00f8yres nettsteder-nettsted","inLanguage":"nb-NO"}]}},"distributor_meta":false,"distributor_terms":false,"distributor_media":false,"distributor_original_site_name":"Lyngdal H\u00f8yre","distributor_original_site_url":"https:\/\/hoyre.no\/lyngdal","push-errors":false,"_links":{"self":[{"href":"https:\/\/hoyre.no\/lyngdal\/wp-json\/wp\/v2\/pages\/83","targetHints":{"allow":["GET"]}}],"collection":[{"href":"https:\/\/hoyre.no\/lyngdal\/wp-json\/wp\/v2\/pages"}],"about":[{"href":"https:\/\/hoyre.no\/lyngdal\/wp-json\/wp\/v2\/types\/page"}],"author":[{"embeddable":true,"href":"https:\/\/hoyre.no\/lyngdal\/wp-json\/wp\/v2\/users\/347"}],"replies":[{"embeddable":true,"href":"https:\/\/hoyre.no\/lyngdal\/wp-json\/wp\/v2\/comments?post=83"}],"version-history":[{"count":3,"href":"https:\/\/hoyre.no\/lyngdal\/wp-json\/wp\/v2\/pages\/83\/revisions"}],"predecessor-version":[{"id":107,"href":"https:\/\/hoyre.no\/lyngdal\/wp-json\/wp\/v2\/pages\/83\/revisions\/107"}],"wp:attachment":[{"href":"https:\/\/hoyre.no\/lyngdal\/wp-json\/wp\/v2\/media?parent=83"}],"curies":[{"name":"wp","href":"https:\/\/api.w.org\/{rel}","templated":true}]}}