{"id":416,"date":"2023-08-06T15:25:22","date_gmt":"2023-08-06T13:25:22","guid":{"rendered":"https:\/\/hoyre.no\/melhus\/?page_id=416"},"modified":"2025-02-07T16:22:34","modified_gmt":"2025-02-07T15:22:34","slug":"stine-estenstad-var-ordforerkandidat","status":"publish","type":"page","link":"https:\/\/hoyre.no\/melhus\/vare-kandidater\/stine-estenstad-var-ordforerkandidat\/","title":{"rendered":"Stine Estenstad &#8211; v\u00e5r ordf\u00f8rerkandidat"},"content":{"rendered":"\n<div class=\"wp-block-hoyre-hero with-image-gradient text-color-light  has-media alignfull has-background\"><div class=\"hoyre-hero has-image\"><h1 class=\"title\">Stine Estenstad <\/h1><figure class=\"hoyre-image-wrapper\"><div class=\"hoyre-image\"><img loading=\"lazy\" decoding=\"async\" width=\"2500\" height=\"1666\" src=\"https:\/\/hoyre.no\/content\/uploads\/sites\/293\/2023\/08\/1-Stine-Estenstad-scaled.jpg\" class=\"attachment-scaled size-scaled\" alt=\"\" style=\"object-position: 50% 50%\" srcset=\"https:\/\/hoyre.no\/content\/uploads\/sites\/293\/2023\/08\/1-Stine-Estenstad-scaled.jpg 2500w, https:\/\/hoyre.no\/content\/uploads\/sites\/293\/2023\/08\/1-Stine-Estenstad-300x200.jpg 300w, https:\/\/hoyre.no\/content\/uploads\/sites\/293\/2023\/08\/1-Stine-Estenstad-1024x682.jpg 1024w, https:\/\/hoyre.no\/content\/uploads\/sites\/293\/2023\/08\/1-Stine-Estenstad-768x512.jpg 768w, https:\/\/hoyre.no\/content\/uploads\/sites\/293\/2023\/08\/1-Stine-Estenstad-1536x1024.jpg 1536w, https:\/\/hoyre.no\/content\/uploads\/sites\/293\/2023\/08\/1-Stine-Estenstad-2048x1365.jpg 2048w\" sizes=\"auto, (max-width: 2500px) 100vw, 2500px\" \/><\/div><\/figure><\/div><\/div>\n\n\n\n\n<div class=\"wp-block-buttons is-content-justification-center is-layout-flex wp-container-core-buttons-is-layout-16018d1d wp-block-buttons-is-layout-flex\">\n<div class=\"wp-block-button\"><a class=\"wp-block-button__link wp-element-button\" href=\"https:\/\/hoyre.no\/nyhetsbrev\/\">Abonner p\u00e5 H\u00f8yres nyhetsbrev<\/a><\/div>\n\n\n\n<div class=\"wp-block-button\"><a class=\"wp-block-button__link wp-element-button\" href=\"https:\/\/hoyre.no\/personprofiler\/stine-estenstad\/\">Kom i kontakt med Stine<\/a><\/div>\n\n\n\n<div class=\"wp-block-button\"><a class=\"wp-block-button__link wp-element-button\" href=\"https:\/\/www.facebook.com\/melhushoyre\" target=\"_blank\" rel=\"https:\/\/www.facebook.com\/melhushoyre noopener\">F\u00f8lg Melhus H\u00f8yre p\u00e5 Facebook<\/a><\/div>\n\n\n\n<div class=\"wp-block-button\"><a class=\"wp-block-button__link wp-element-button\" href=\"https:\/\/www.facebook.com\/profile.php?id=100063898184026\" rel=\"https:\/\/www.facebook.com\/melhushoyre noopener\">F\u00f8lg Stine p\u00e5 Facebook<\/a><\/div>\n<\/div>\n\n\n\n<div class=\"wp-block-hoyre-banner undefined has-icon-title icon-heart is-style-blue\"><div class=\"banner-inner\"><div class=\"banner-content\"><div class=\"entry-content\">\n<h2 class=\"wp-block-heading has-text-align-center\" id=\"h-bli-bedre-kjent-med-navn\">Bli bedre kjent med Stine<\/h2>\n\n\n\n<p class=\"has-text-align-left\"><strong>Bosted:<\/strong> Melhus<\/p>\n\n\n\n<p class=\"has-text-align-left\"><strong><strong>Hobbyer\/hva liker du best \u00e5 gj\u00f8re p\u00e5 fritiden?<\/strong><\/strong><\/p>\n\n\n\n<p class=\"has-text-align-left\">Slappe av med familie og venner, gjerne p\u00e5 Oppdal, hvor vi har hytte. Den beste avslapping er turer i fjellet b\u00e5de sommer og vinter.&nbsp; Ellers er jeg glad i konserter og revyer. Har en dr\u00f8m om at n\u00e5r jeg er ferdig med politikken skal jeg igjen delta i revylag.<\/p>\n\n\n\n<p class=\"has-text-align-left\"><strong><strong>Mine hjertesaker\/hvilke politiske saker er du mest opptatt av?<\/strong><\/strong><\/p>\n\n\n\n<p class=\"has-text-align-left\">I en krevende tid for mange er det viktig \u00e5 kunne prioritere de tjenestene som vi skal levere til v\u00e5re innbyggere. Det gjelder skole og barnehage, og en trygg og verdig omsorg n\u00e5r helsa svikter og vi m\u00e5 ha hjelp i hverdagen. Dette vil \u00f8konomisk kreve at vi m\u00e5 legge til rette for boligbygging i hele kommunen rundt skolene med ledig kapasitet, da 40 % av inntektene til norske kommuner kommer fra familier som er i jobb og gir skatteinngang til kommunen. Jeg er ogs\u00e5 opptatt at vi skal ha et godt samarbeid med lokalt n\u00e6ringsliv i kommunen. Da&nbsp;m\u00e5 vi s\u00f8rge for at vi lokalt klarer \u00e5 skaffe gode og forutsigbare rammebetingelser for jobbskaperne i Melhus.&nbsp;<\/p>\n\n\n\n<p><\/p>\n\n\n\n<p class=\"has-text-align-left\"><strong><strong>Hvorfor stiller du til valg for Melhus H\u00f8yre?<\/strong><\/strong><\/p>\n\n\n\n<p class=\"has-text-align-left\">Jeg meldte meg inn i H\u00f8yre tidlig p\u00e5 2000-tallet fordi jeg var veldig opptatt av at syke og eldre i Melhus skulle ha en verdig og god omsorg. Jeg opplevde at H\u00f8yre var et parti som satte enkeltmennesket og medbestemmelse f\u00f8rst, foran systemer og ideologi.<\/p>\n\n\n\n<p class=\"has-text-align-left\">H\u00f8yre \u00f8nsker at kommunen skal v\u00e6re hovedleverand\u00f8r av tjenester som skole og helse. Men vi er heller ikke allergisk mot alle gode initiativ fra private som bidrar positivt. I Melhus har vi flere private akt\u00f8rer som bidrar veldig positivt blant annet p\u00e5 barnehagesiden. Disse mottar gode skussm\u00e5l i alle foreldreunders\u00f8kelser ogs\u00e5.<\/p>\n\n\n\n<p class=\"has-text-align-left\">Jeg er ogs\u00e5 glad for at H\u00f8yre er et parti som t\u00f8rr \u00e5 sette innhold i skolen foran struktur. Vi \u00f8nsker en debatt om hvordan kvaliteten skal v\u00e6re, med flere fag inn i skolen som milj\u00f8terapeuter, mer voksentetthet i barnehager og skoler. Kunnskap gir muligheter, og vi vet at en trygg, god oppvekst gir gode muligheter for l\u00e6ring og muligheter for resten av livet.<\/p>\n\n\n\n<p class=\"has-text-align-left\">Vi skal v\u00e6re en inkluderende kommune hvor folk blir h\u00f8rt og sett. Vi er ogs\u00e5 et parti som \u00f8nsker n\u00e6ringslivet velkommen. Og vi er et parti som ser lyst p\u00e5 fremtiden og vil ha innretninger basert p\u00e5 kunnskap og forskning, ikke lengte tilbake til g\u00e5rsdagens l\u00f8sninger eller omkamper.<\/p>\n\n\n\n<p class=\"has-text-align-left\">Sammen gj\u00f8r vi Melhus bedre!<\/p>\n\n\n\n<p><\/p>\n\n\n\n<p class=\"has-text-align-left\"><strong><strong>Hvilke erfaringer og kvalifikasjoner vil du fremheve ved deg selv?<\/strong><\/strong><\/p>\n\n\n\n<p class=\"has-text-align-left\">Jeg har lang erfaring fra politikk. Har hatt fire perioder i formannskap, to av dem som varaordf\u00f8rer, og kjenner godt til utfordringene Melhus st\u00e5r i. Jeg er ogs\u00e5 godt kjent med de politiske kollegiet i kommuner, regionalt og nasjonalt, denne kjennskapen gj\u00f8r at man lett kan ta kontakt med stortingspolitikere, fylkespolitikere og kolleger fra andre kommuner i mange saker som ang\u00e5r Melhus.<\/p>\n\n\n\n<p><\/p>\n\n\n\n<p class=\"has-text-align-left\"><strong>Hva liker du best med Melhus?<\/strong>&nbsp;<\/p>\n\n\n\n<p class=\"has-text-align-left\">Det er mye bra i Melhus, men jeg tenker at en stor fordel er beliggenheten n\u00e6rt Trondheim, som gir oss vekstmuligheter. Melhus er en stor landbrukskommune som har et urbant preg. Vi har n\u00e6rhet til by og land, og friluftsomr\u00e5der som er flotte b\u00e5de sommer og vinter. Fantastiske frivillige som bidrar til at vi er av de beste idrettskommunene i Tr\u00f8ndelag, med toppidrettslinje p\u00e5 Melhus videreg\u00e5ende skole. Vi har ogs\u00e5 en rik kulturarv med sagahistorien, som vi nok kunne brukt mer til \u00e5 skape kulturn\u00e6ring. Skal vi f\u00e5 til det trenger vi visjon\u00e6re politikere som er mer opptatt av utvikling ikke reversering.<\/p>\n\n\n\n<p class=\"has-text-align-left\">Jeg f\u00f8ler alltid stolthet av \u00e5 v\u00e6re fra Melhus og mener vi er den beste kommunen \u00e5 bo i. Og s\u00e5 \u00f8nsker jeg selvsagt \u00e5 bidra til at den skal bli enda mer attraktiv spesielt for familier og n\u00e6rngsakt\u00f8rer i kommende periode.<\/p>\n\n\n\n<p class=\"has-text-align-left\"><\/p>\n\n\n\n<div class=\"wp-block-buttons is-layout-flex wp-block-buttons-is-layout-flex\"><\/div>\n<\/div><\/div><\/div><\/div>\n\n\n\n<figure class=\"wp-block-teft-gallery columns-3 count-3 rows-2 is-cropped is-style-default\"><ul class=\"teft-gallery-grid\"><li class=\"teft-gallery-item \"><figure><a href=\"https:\/\/hoyre.no\/content\/uploads\/sites\/293\/2023\/08\/20230712-2D0A7202-scaled.jpg\" data-size=\"2500x1667\"><img loading=\"lazy\" decoding=\"async\" width=\"1024\" height=\"683\" src=\"https:\/\/hoyre.no\/content\/uploads\/sites\/293\/2023\/08\/20230712-2D0A7202-1024x683.jpg\" class=\"attachment-large size-large\" alt=\"\" srcset=\"https:\/\/hoyre.no\/content\/uploads\/sites\/293\/2023\/08\/20230712-2D0A7202-1024x683.jpg 1024w, https:\/\/hoyre.no\/content\/uploads\/sites\/293\/2023\/08\/20230712-2D0A7202-300x200.jpg 300w, https:\/\/hoyre.no\/content\/uploads\/sites\/293\/2023\/08\/20230712-2D0A7202-768x512.jpg 768w, https:\/\/hoyre.no\/content\/uploads\/sites\/293\/2023\/08\/20230712-2D0A7202-1536x1024.jpg 1536w, https:\/\/hoyre.no\/content\/uploads\/sites\/293\/2023\/08\/20230712-2D0A7202-2048x1365.jpg 2048w\" sizes=\"auto, (max-width: 1024px) 100vw, 1024px\" \/ data-full-url=\"https:\/\/hoyre.no\/content\/uploads\/sites\/293\/2023\/08\/20230712-2D0A7202-scaled.jpg\" data-id=\"856\" data-caption=\"856\"\/><\/a><\/figure><\/li><li class=\"teft-gallery-item \"><figure><a href=\"https:\/\/hoyre.no\/content\/uploads\/sites\/293\/2023\/08\/20230712-2D0A6911-scaled.jpg\" data-size=\"1667x2500\"><img loading=\"lazy\" decoding=\"async\" width=\"683\" height=\"1024\" src=\"https:\/\/hoyre.no\/content\/uploads\/sites\/293\/2023\/08\/20230712-2D0A6911-683x1024.jpg\" class=\"attachment-large size-large\" alt=\"\" srcset=\"https:\/\/hoyre.no\/content\/uploads\/sites\/293\/2023\/08\/20230712-2D0A6911-683x1024.jpg 683w, https:\/\/hoyre.no\/content\/uploads\/sites\/293\/2023\/08\/20230712-2D0A6911-200x300.jpg 200w, https:\/\/hoyre.no\/content\/uploads\/sites\/293\/2023\/08\/20230712-2D0A6911-768x1152.jpg 768w, https:\/\/hoyre.no\/content\/uploads\/sites\/293\/2023\/08\/20230712-2D0A6911-1024x1536.jpg 1024w, https:\/\/hoyre.no\/content\/uploads\/sites\/293\/2023\/08\/20230712-2D0A6911-1365x2048.jpg 1365w, https:\/\/hoyre.no\/content\/uploads\/sites\/293\/2023\/08\/20230712-2D0A6911-scaled.jpg 1667w\" sizes=\"auto, (max-width: 683px) 100vw, 683px\" \/ data-full-url=\"https:\/\/hoyre.no\/content\/uploads\/sites\/293\/2023\/08\/20230712-2D0A6911-scaled.jpg\" data-id=\"857\" data-caption=\"857\"\/><\/a><\/figure><\/li><li class=\"teft-gallery-item \"><figure><a href=\"https:\/\/hoyre.no\/content\/uploads\/sites\/293\/2023\/08\/20230712-2D0A6967-scaled.jpg\" data-size=\"2500x1667\"><img loading=\"lazy\" decoding=\"async\" width=\"1024\" height=\"683\" src=\"https:\/\/hoyre.no\/content\/uploads\/sites\/293\/2023\/08\/20230712-2D0A6967-1024x683.jpg\" class=\"attachment-large size-large\" alt=\"\" srcset=\"https:\/\/hoyre.no\/content\/uploads\/sites\/293\/2023\/08\/20230712-2D0A6967-1024x683.jpg 1024w, https:\/\/hoyre.no\/content\/uploads\/sites\/293\/2023\/08\/20230712-2D0A6967-300x200.jpg 300w, https:\/\/hoyre.no\/content\/uploads\/sites\/293\/2023\/08\/20230712-2D0A6967-768x512.jpg 768w, https:\/\/hoyre.no\/content\/uploads\/sites\/293\/2023\/08\/20230712-2D0A6967-1536x1024.jpg 1536w, https:\/\/hoyre.no\/content\/uploads\/sites\/293\/2023\/08\/20230712-2D0A6967-2048x1365.jpg 2048w\" sizes=\"auto, (max-width: 1024px) 100vw, 1024px\" \/ data-full-url=\"https:\/\/hoyre.no\/content\/uploads\/sites\/293\/2023\/08\/20230712-2D0A6967-scaled.jpg\" data-id=\"858\" data-caption=\"858\"\/><\/a><\/figure><\/li><\/ul><\/figure>\n\n\n\n\n\n\n\n\n\n<h2 class=\"wp-block-heading\">Lurer du p\u00e5 noe om valget?<\/h2>\n\n\n\n<div class=\"wp-block-teft-accentuated-link undefined has-image\"><div class=\"kf-link__wrapper\"><div class=\"kf-link__tagline\">Alt om valget i Melhus<\/div><a class=\"kf-link__link\" href=\"https:\/\/hoyre.no\/melhus\/alt-om-valget-i-melhus\/\">Her har vi samlet det du trenger \u00e5 vite om \u00e5rets valg i Melhus<\/a><\/div><figure class=\"hoyre-image-wrapper\"><div class=\"hoyre-image\"><img loading=\"lazy\" decoding=\"async\" width=\"2560\" height=\"1707\" src=\"https:\/\/hoyre.no\/content\/uploads\/sites\/293\/2020\/11\/img_2488-scaled.jpg\" class=\"attachment-scaled size-scaled\" alt=\"\" style=\"object-position: 50% 50%\" srcset=\"https:\/\/hoyre.no\/content\/uploads\/sites\/293\/2020\/11\/img_2488-scaled.jpg 2560w, https:\/\/hoyre.no\/content\/uploads\/sites\/293\/2020\/11\/img_2488-300x200.jpg 300w, https:\/\/hoyre.no\/content\/uploads\/sites\/293\/2020\/11\/img_2488-1024x683.jpg 1024w, https:\/\/hoyre.no\/content\/uploads\/sites\/293\/2020\/11\/img_2488-768x512.jpg 768w, https:\/\/hoyre.no\/content\/uploads\/sites\/293\/2020\/11\/img_2488-1536x1024.jpg 1536w, https:\/\/hoyre.no\/content\/uploads\/sites\/293\/2020\/11\/img_2488-2048x1365.jpg 2048w\" sizes=\"auto, (max-width: 2560px) 100vw, 2560px\" \/><\/div><\/figure><\/div>\n\n","protected":false},"excerpt":{"rendered":"","protected":false},"author":31684,"featured_media":0,"parent":804,"menu_order":1,"comment_status":"closed","ping_status":"closed","template":"","meta":{"teft_cards_image_url":"","teft_cards_custom_pretitle":"","teft_cards_image_id":806,"teft_cards_image_focal_point_x":0.5,"teft_cards_image_focal_point_y":0.5,"teft_cards_title":"Stine Estenstad - v\u00e5r ordf\u00f8rerkandidat","teft_cards_excerpt":"","teft_show_chapters":false,"footnotes":""},"class_list":["post-416","page","type-page","status-publish","hentry"],"yoast_head":"<!-- This site is optimized with the Yoast SEO plugin v26.6 - https:\/\/yoast.com\/wordpress\/plugins\/seo\/ -->\n<title>Stine Estenstad - v\u00e5r ordf\u00f8rerkandidat - Melhus H\u00f8yre<\/title>\n<meta name=\"robots\" content=\"index, follow, max-snippet:-1, max-image-preview:large, max-video-preview:-1\" \/>\n<link rel=\"canonical\" href=\"https:\/\/hoyre.no\/melhus\/vare-kandidater\/stine-estenstad-var-ordforerkandidat\/\" \/>\n<meta property=\"og:locale\" content=\"nb_NO\" \/>\n<meta property=\"og:type\" content=\"article\" \/>\n<meta property=\"og:title\" content=\"Stine Estenstad - v\u00e5r ordf\u00f8rerkandidat - Melhus H\u00f8yre\" \/>\n<meta property=\"og:url\" content=\"https:\/\/hoyre.no\/melhus\/vare-kandidater\/stine-estenstad-var-ordforerkandidat\/\" \/>\n<meta property=\"og:site_name\" content=\"Melhus H\u00f8yre\" \/>\n<meta property=\"article:modified_time\" content=\"2025-02-07T15:22:34+00:00\" \/>\n<meta property=\"og:image\" content=\"https:\/\/hoyre.no\/content\/uploads\/sites\/293\/2023\/08\/1-Stine-Estenstad-1024x682.jpg\" \/>\n<meta name=\"twitter:card\" content=\"summary_large_image\" \/>\n<meta name=\"twitter:label1\" content=\"Ansl. lesetid\" \/>\n\t<meta name=\"twitter:data1\" content=\"5 minutter\" \/>\n<script type=\"application\/ld+json\" class=\"yoast-schema-graph\">{\"@context\":\"https:\/\/schema.org\",\"@graph\":[{\"@type\":\"WebPage\",\"@id\":\"https:\/\/hoyre.no\/melhus\/vare-kandidater\/stine-estenstad-var-ordforerkandidat\/\",\"url\":\"https:\/\/hoyre.no\/melhus\/vare-kandidater\/stine-estenstad-var-ordforerkandidat\/\",\"name\":\"Stine Estenstad - v\u00e5r ordf\u00f8rerkandidat - Melhus H\u00f8yre\",\"isPartOf\":{\"@id\":\"https:\/\/hoyre.no\/melhus\/#website\"},\"datePublished\":\"2023-08-06T13:25:22+00:00\",\"dateModified\":\"2025-02-07T15:22:34+00:00\",\"breadcrumb\":{\"@id\":\"https:\/\/hoyre.no\/melhus\/vare-kandidater\/stine-estenstad-var-ordforerkandidat\/#breadcrumb\"},\"inLanguage\":\"nb-NO\",\"potentialAction\":[{\"@type\":\"ReadAction\",\"target\":[\"https:\/\/hoyre.no\/melhus\/vare-kandidater\/stine-estenstad-var-ordforerkandidat\/\"]}]},{\"@type\":\"BreadcrumbList\",\"@id\":\"https:\/\/hoyre.no\/melhus\/vare-kandidater\/stine-estenstad-var-ordforerkandidat\/#breadcrumb\",\"itemListElement\":[{\"@type\":\"ListItem\",\"position\":1,\"name\":\"Til hoyre.no\",\"item\":\"https:\/\/hoyre.no\"},{\"@type\":\"ListItem\",\"position\":2,\"name\":\"Hjem\",\"item\":\"https:\/\/hoyre.no\/melhus\/\"},{\"@type\":\"ListItem\",\"position\":3,\"name\":\"V\u00e5re kandidater\",\"item\":\"https:\/\/hoyre.no\/melhus\/vare-kandidater\/\"},{\"@type\":\"ListItem\",\"position\":4,\"name\":\"Stine Estenstad &#8211; v\u00e5r ordf\u00f8rerkandidat\"}]},{\"@type\":\"WebSite\",\"@id\":\"https:\/\/hoyre.no\/melhus\/#website\",\"url\":\"https:\/\/hoyre.no\/melhus\/\",\"name\":\"Melhus H\u00f8yre\",\"description\":\"Bare enda et H\u00f8yres nettsteder-nettsted\",\"inLanguage\":\"nb-NO\"}]}<\/script>\n<!-- \/ Yoast SEO plugin. -->","yoast_head_json":{"title":"Stine Estenstad - v\u00e5r ordf\u00f8rerkandidat - Melhus H\u00f8yre","robots":{"index":"index","follow":"follow","max-snippet":"max-snippet:-1","max-image-preview":"max-image-preview:large","max-video-preview":"max-video-preview:-1"},"canonical":"https:\/\/hoyre.no\/melhus\/vare-kandidater\/stine-estenstad-var-ordforerkandidat\/","og_locale":"nb_NO","og_type":"article","og_title":"Stine Estenstad - v\u00e5r ordf\u00f8rerkandidat - Melhus H\u00f8yre","og_url":"https:\/\/hoyre.no\/melhus\/vare-kandidater\/stine-estenstad-var-ordforerkandidat\/","og_site_name":"Melhus H\u00f8yre","article_modified_time":"2025-02-07T15:22:34+00:00","og_image":[{"url":"https:\/\/hoyre.no\/content\/uploads\/sites\/293\/2023\/08\/1-Stine-Estenstad-1024x682.jpg","width":"","height":"","type":""}],"twitter_card":"summary_large_image","twitter_misc":{"Ansl. lesetid":"5 minutter"},"schema":{"@context":"https:\/\/schema.org","@graph":[{"@type":"WebPage","@id":"https:\/\/hoyre.no\/melhus\/vare-kandidater\/stine-estenstad-var-ordforerkandidat\/","url":"https:\/\/hoyre.no\/melhus\/vare-kandidater\/stine-estenstad-var-ordforerkandidat\/","name":"Stine Estenstad - v\u00e5r ordf\u00f8rerkandidat - Melhus H\u00f8yre","isPartOf":{"@id":"https:\/\/hoyre.no\/melhus\/#website"},"datePublished":"2023-08-06T13:25:22+00:00","dateModified":"2025-02-07T15:22:34+00:00","breadcrumb":{"@id":"https:\/\/hoyre.no\/melhus\/vare-kandidater\/stine-estenstad-var-ordforerkandidat\/#breadcrumb"},"inLanguage":"nb-NO","potentialAction":[{"@type":"ReadAction","target":["https:\/\/hoyre.no\/melhus\/vare-kandidater\/stine-estenstad-var-ordforerkandidat\/"]}]},{"@type":"BreadcrumbList","@id":"https:\/\/hoyre.no\/melhus\/vare-kandidater\/stine-estenstad-var-ordforerkandidat\/#breadcrumb","itemListElement":[{"@type":"ListItem","position":1,"name":"Til hoyre.no","item":"https:\/\/hoyre.no"},{"@type":"ListItem","position":2,"name":"Hjem","item":"https:\/\/hoyre.no\/melhus\/"},{"@type":"ListItem","position":3,"name":"V\u00e5re kandidater","item":"https:\/\/hoyre.no\/melhus\/vare-kandidater\/"},{"@type":"ListItem","position":4,"name":"Stine Estenstad &#8211; v\u00e5r ordf\u00f8rerkandidat"}]},{"@type":"WebSite","@id":"https:\/\/hoyre.no\/melhus\/#website","url":"https:\/\/hoyre.no\/melhus\/","name":"Melhus H\u00f8yre","description":"Bare enda et H\u00f8yres nettsteder-nettsted","inLanguage":"nb-NO"}]}},"distributor_meta":false,"distributor_terms":false,"distributor_media":false,"distributor_original_site_name":"Melhus H\u00f8yre","distributor_original_site_url":"https:\/\/hoyre.no\/melhus","push-errors":false,"_links":{"self":[{"href":"https:\/\/hoyre.no\/melhus\/wp-json\/wp\/v2\/pages\/416","targetHints":{"allow":["GET"]}}],"collection":[{"href":"https:\/\/hoyre.no\/melhus\/wp-json\/wp\/v2\/pages"}],"about":[{"href":"https:\/\/hoyre.no\/melhus\/wp-json\/wp\/v2\/types\/page"}],"author":[{"embeddable":true,"href":"https:\/\/hoyre.no\/melhus\/wp-json\/wp\/v2\/users\/31684"}],"replies":[{"embeddable":true,"href":"https:\/\/hoyre.no\/melhus\/wp-json\/wp\/v2\/comments?post=416"}],"version-history":[{"count":23,"href":"https:\/\/hoyre.no\/melhus\/wp-json\/wp\/v2\/pages\/416\/revisions"}],"predecessor-version":[{"id":1677,"href":"https:\/\/hoyre.no\/melhus\/wp-json\/wp\/v2\/pages\/416\/revisions\/1677"}],"up":[{"embeddable":true,"href":"https:\/\/hoyre.no\/melhus\/wp-json\/wp\/v2\/pages\/804"}],"wp:attachment":[{"href":"https:\/\/hoyre.no\/melhus\/wp-json\/wp\/v2\/media?parent=416"}],"curies":[{"name":"wp","href":"https:\/\/api.w.org\/{rel}","templated":true}]}}