{"id":831,"date":"2023-08-15T22:10:04","date_gmt":"2023-08-15T20:10:04","guid":{"rendered":"https:\/\/hoyre.no\/melhus\/?page_id=831"},"modified":"2024-05-10T23:59:45","modified_gmt":"2024-05-10T21:59:45","slug":"marius-krogstad-aune","status":"publish","type":"page","link":"https:\/\/hoyre.no\/melhus\/vare-kandidater\/marius-krogstad-aune\/","title":{"rendered":"Marius Krogstad Aune \u2013 opposisjonsleder"},"content":{"rendered":"\n<div class=\"wp-block-hoyre-hero with-image-gradient text-color-light  has-media alignfull has-background\"><div class=\"hoyre-hero has-image\"><h1 class=\"title\">Marius Krogstad Aune<\/h1><p class=\"preamble\">Opposisjonsleder i Melhus kommunestyre<\/p>\t\t\t<div class=\"post-meta wp-block teft-byline-wrapper\">\n\t\t\t\t<div class=\"top\">\n\t\t\t\t\t<div class=\"signature\">\n\t\t\t\t\t\t<div class=\"teft-byline\">\n\t\t\t\t\t\t\t\t\t\t\t\t\t\t<div>\n\t\t\t\t\t\t\t\t<h3>H\u00f8yres redaksjon<\/h3>\t\t\t\t\t\t\t\t\n\t\t\t\t\t\t\t\t\t\t\t\t\t\t\t\t\t<span class=\"date\">Sist oppdatert: 10. mai 2024<\/span>\n\t\t\t\t\t\t\t\t\t\t\t\t\t\t\t\t\t\t\t\t\t\t\t\t\t<span class=\"reading-time\" itemprop=\"timeRequired\" content=\"PT6M\"><em>Ca. 6 minutter lesetid<\/em><\/span>\n\t\t\t\t\t\t\t\t\t\t\t\t\t\t\t<\/div>\n\t\t\t\t\t\t<\/div>\n\t\t\t\t\t<\/div>\n\t\t\t\t\t\t<div class=\"sharing\">\n\t\t<a class=\"share-button share-link copy-link\" data-copy=\"https:\/\/hoyre.no\/melhus\/vare-kandidater\/marius-krogstad-aune\/\" target=\"_blank\"><span class=\"screen-reader-text\">Del link<\/span><\/a>\n\t\t<a class=\"share-button share-twitter\" href=\"http:\/\/twitter.com\/share?text=Marius Krogstad Aune \u2013 opposisjonsleder&#038;url=https:\/\/hoyre.no\/melhus\/vare-kandidater\/marius-krogstad-aune\/&#038;hashtags=Hoyre\" target=\"_blank\"><span class=\"screen-reader-text\">Del p\u00e5 twitter<\/span><\/a>\n\t\t<a class=\"share-button share-facebook\" href=\"https:\/\/www.facebook.com\/sharer\/sharer.php?u=https:\/\/hoyre.no\/melhus\/vare-kandidater\/marius-krogstad-aune\/\" target=\"_blank\"><span class=\"screen-reader-text\">Del p\u00e5 facebook<\/span><\/a>\n\t<\/div>\n\t\t\t\t\t<\/div>\n\t\t\t<\/div>\n\n\t\t\t<figure class=\"hoyre-image-wrapper\"><div class=\"hoyre-image\"><img loading=\"lazy\" decoding=\"async\" width=\"2500\" height=\"1666\" src=\"https:\/\/hoyre.no\/content\/uploads\/sites\/293\/2023\/08\/2-Marius-Krogstad-Aune-scaled.jpg\" class=\"attachment-scaled size-scaled\" alt=\"\" style=\"object-position: 50% 50%\" srcset=\"https:\/\/hoyre.no\/content\/uploads\/sites\/293\/2023\/08\/2-Marius-Krogstad-Aune-scaled.jpg 2500w, https:\/\/hoyre.no\/content\/uploads\/sites\/293\/2023\/08\/2-Marius-Krogstad-Aune-300x200.jpg 300w, https:\/\/hoyre.no\/content\/uploads\/sites\/293\/2023\/08\/2-Marius-Krogstad-Aune-1024x682.jpg 1024w, https:\/\/hoyre.no\/content\/uploads\/sites\/293\/2023\/08\/2-Marius-Krogstad-Aune-768x512.jpg 768w, https:\/\/hoyre.no\/content\/uploads\/sites\/293\/2023\/08\/2-Marius-Krogstad-Aune-1536x1024.jpg 1536w, https:\/\/hoyre.no\/content\/uploads\/sites\/293\/2023\/08\/2-Marius-Krogstad-Aune-2048x1365.jpg 2048w\" sizes=\"auto, (max-width: 2500px) 100vw, 2500px\" \/><\/div><\/figure><\/div><\/div>\n\n\n\n<div class=\"wp-block-buttons is-layout-flex wp-block-buttons-is-layout-flex\">\n<div class=\"wp-block-button\"><a class=\"wp-block-button__link wp-element-button\" href=\"http:\/\/hoyre.no\/nyhetsbrev\/\">Meld deg p\u00e5 H\u00f8yres nyhetsbrev<\/a><\/div>\n\n\n\n<div class=\"wp-block-button\"><a class=\"wp-block-button__link wp-element-button\" href=\"https:\/\/hoyre.no\/personprofiler\/marius-krogstad-aune\/\">Kom i kontakt med marius<\/a><\/div>\n<\/div>\n\n\n\n<div class=\"wp-block-buttons is-layout-flex wp-block-buttons-is-layout-flex\">\n<div class=\"wp-block-button aligncenter\"><a class=\"wp-block-button__link wp-element-button\" href=\"https:\/\/www.facebook.com\/melhushoyre\" target=\"_blank\" rel=\"noreferrer noopener\">F\u00f8lg Melhus h\u00f8yre p\u00e5 facebook<\/a><\/div>\n\n\n\n<div class=\"wp-block-button aligncenter\"><a class=\"wp-block-button__link wp-element-button\" href=\"https:\/\/www.facebook.com\/MariusKrogstadAune\" target=\"_blank\" rel=\"noreferrer noopener\">F\u00f8lg Marius p\u00e5 facebook<\/a><\/div>\n\n\n\n<div class=\"wp-block-button aligncenter\"><a class=\"wp-block-button__link wp-element-button\" href=\"https:\/\/www.instagram.com\/mariusaune\/\" target=\"_blank\" rel=\"noreferrer noopener\">F\u00f8lg Marius p\u00e5 Instagram<\/a><\/div>\n<\/div>\n\n\n\n\n<div class=\"wp-block-hoyre-banner undefined has-icon-title icon-heart is-style-blue\"><div class=\"banner-inner\"><div class=\"banner-content\"><div class=\"entry-content\">\n<h2 class=\"wp-block-heading\">Bli bedre kjent med Marius<\/h2>\n\n\n\n<p class=\"has-text-align-left\"><strong>F\u00f8dsels\u00e5r:<\/strong> 1994<\/p>\n\n\n\n<p class=\"has-text-align-left\"><strong>Bosted:<\/strong> Gimse<\/p>\n\n\n\n<p><strong>Hobbyer \/ Hva liker du best \u00e5 gj\u00f8re p\u00e5 fritiden?<\/strong><\/p>\n\n\n\n<p class=\"has-text-align-left\">Mye av fritiden g\u00e5r til politikk, fordi det \u00e5 bidra til et bedre samfunn og gj\u00f8re livene til folk bedre engasjerer meg. I tillegg bruker jeg som andre mye tid p\u00e5 venner og familie, og pr\u00f8ver b\u00e5de trene regelmessig og innimellom slappe av til filmer og serier. Likevel g\u00e5r mye av fritiden med til ting som forberedelser til m\u00f8ter og lesing av sakspapirer, fordi politikk er noe som motiverer meg.<\/p>\n\n\n\n<p class=\"has-text-align-left\"><strong>Mine hjertesaker \/ Hvilke politiske saker er du mest opptatt av?<\/strong><\/p>\n\n\n\n<p class=\"has-text-align-left\">Jeg er opptatt av at Melhus skal ha gode barnehager og skoler som ser hvert enkelt barn, med dyktige, kvalifiserte l\u00e6rere og gode lag med voksne rundt barna. Vi skal ha trygg eldreomsorg i et aldersvennlig Melhus. Med kvalitet i tjenester som gj\u00f8r det mulig \u00e5 mestre mest mulig i eget liv lengst mulig. Vi m\u00e5 rekruttere og beholde dyktige fagfolk og ha mangfoldige boliger og tilbud tilpasset folks behov.<\/p>\n\n\n\n<p class=\"has-text-align-left\">Hele Melhus trenger et sterkt n\u00e6ringsliv for \u00e5 skape jobber og verdier, velstand og velferd. Flere skal inkluderes i arbeidslivet. Vi m\u00e5 v\u00e6re p\u00e5 lag med jobbskaperne, og kan hente mer ut av v\u00e5r n\u00e6rhet til Norges teknologihovedstad. Melhus m\u00e5 tiltrekke seg nye bedrifter, som blir sentrale i det gr\u00f8nne og digitale skiftet.<\/p>\n\n\n\n<p class=\"has-text-align-left\">Jeg vil at folk i alle aldre skal ha lyst og mulighet til \u00e5 flytte til hele Melhus. Det f\u00e5r vi til gjennom \u00e5 bygge flere familieboliger. Da kan vi fylle skoler og lokalsamfunn med mer aktivitet og engasjement.<\/p>\n\n\n\n<p class=\"has-text-align-left\">Jeg vil ta ansvar for helheten i politikken, og jobbe for b\u00e5de sterk kommune\u00f8konomi og gode tjenester. Jeg g\u00e5r alltid inn for gjennomtenkte og gjennomf\u00f8rbare l\u00f8sninger, der vi ser sammenhengene i politikken og konsekvensene av det vi gj\u00f8r og det vi ikke gj\u00f8r. Framover m\u00e5 vi gi gode tjenester til flere eldre, h\u00e5ndtere et trangere \u00f8konomisk handlingsrom, og oppn\u00e5 klimam\u00e5lene. Trygg og ansvarlig styring m\u00e5 alltid v\u00e6re det sentrale.<\/p>\n\n\n\n<p class=\"has-text-align-left\"><strong>Hvorfor stiller du til valg for Melhus H\u00f8yre?<\/strong><\/p>\n\n\n\n<p class=\"has-text-align-left\">Fordi jeg bryr meg om kommunen min, og vil gj\u00f8re Melhus bedre. Jeg tror mine erfaringer, kvalifikasjoner og innsikt i politikken vil v\u00e6re et verdifullt bidrag.<\/p>\n\n\n\n<p class=\"has-text-align-left\">For meg er det viktig at vi alltid har to tanker i hodet samtidig. Vi m\u00e5 gj\u00f8re hverdagen til folk bedre her og n\u00e5, og samtidig gj\u00f8re Melhus kommune klar for utfordringene vi m\u00f8ter framover. Det handler om trygg og ansvarlig styring \u2013 om helheten i politikken.<\/p>\n\n\n\n<p class=\"has-text-align-left\">Derfor stiller jeg til valg for Melhus H\u00f8yre. Melhus skal v\u00e6re en kommune med muligheter for alle og frihet til \u00e5 velge, der du og dine kan leve gode liv i en kommune rustet for framtida. Det ber vi om tillit til \u00e5 arbeide for, og jeg h\u00e5per p\u00e5 st\u00f8tte fra velgerne til \u00e5 v\u00e6re med p\u00e5 den jobben.<\/p>\n\n\n\n<p class=\"has-text-align-left\"><strong>Hvilke erfaringer og kvalifikasjoner vil du fremheve ved deg selv?<\/strong><\/p>\n\n\n\n<p class=\"has-text-align-left\">Jeg hadde en god og helt vanlig oppvekst hjemme p\u00e5 Brekk\u00e5sen, med god skolegang og fritidsaktiviteter, og med hele familien tett p\u00e5. S\u00e5 tok jeg lektorutdanning i historie ved NTNU, og hadde spennende \u00e5r med l\u00e6rerpraksis. Samtidig var jeg med i Studentmediene, som ga meg verdifull innsikt i hvor stor og viktig studentfrivilligheten ved Studentersamfundet er. I dag jobber jeg som kommunikasjonsr\u00e5dgiver i Politiets Fellesforbund.<\/p>\n\n\n\n<p class=\"has-text-align-left\">Jeg har alltid v\u00e6rt engasjert i samfunnet rundt meg, og landet tidlig p\u00e5 at H\u00f8yre var riktig parti for meg. Derfor ble jeg med i politikken allerede fra jeg var 16 \u00e5r. Siden har jeg v\u00e6rt med p\u00e5 det meste av politisk virksomhet, b\u00e5de som tillitsvalgt i partiet og som folkevalgt i Melhus kommune.<\/p>\n\n\n\n<p class=\"has-text-align-left\">Det motiverer meg til \u00e5 jobbe videre. Jeg har sett at endring er mulig, men det trengs hardt og m\u00e5lrettet arbeid over tid for \u00e5 oppn\u00e5 resultater som gj\u00f8r livene til folk bedre p\u00e5 b\u00e5de kort og lang sikt. Det skal vi f\u00e5 til.<\/p>\n\n\n\n<p class=\"has-text-align-left\"><strong>Hva liker du best med Melhus?<\/strong>&nbsp;<\/p>\n\n\n\n<p class=\"has-text-align-left\">Vi ligger perfekt til med en blanding av urbant og landlig liv. Like ved Norges tredje st\u00f8rste by, men samtidig med stor plass, gr\u00f8nne og frodige omgivelser, og flott natur, b\u00e5de fjell, elv, vann og kulturlandskap. En stor landbrukskommune, en viktig laksefiskekommune, og med rik sagahistorie. Samtidig med uante muligheter for utvikling framover. Ja, stolt fortid \u2013 stor framtid. Alt i alt er Melhus en sv\u00e6rt attraktiv kommune \u00e5 etablere seg i for n\u00e6ringslivet og bosette seg i for folk i alle aldre \u2013 det er i alle fall m\u00e5let!<\/p>\n\n\n\n<div class=\"wp-block-buttons is-layout-flex wp-block-buttons-is-layout-flex\"><\/div>\n<\/div><\/div><\/div><\/div>\n\n\n\n\n\n\n\n\n\n\n\n","protected":false},"excerpt":{"rendered":"","protected":false},"author":8238,"featured_media":0,"parent":804,"menu_order":2,"comment_status":"closed","ping_status":"closed","template":"","meta":{"teft_cards_image_url":"","teft_cards_custom_pretitle":"","teft_cards_image_id":832,"teft_cards_image_focal_point_x":0.5,"teft_cards_image_focal_point_y":0.5,"teft_cards_title":"","teft_cards_excerpt":"","teft_show_chapters":false,"footnotes":""},"class_list":["post-831","page","type-page","status-publish","hentry"],"yoast_head":"<!-- This site is optimized with the Yoast SEO plugin v26.6 - https:\/\/yoast.com\/wordpress\/plugins\/seo\/ -->\n<title>Marius Krogstad Aune \u2013 opposisjonsleder - Melhus H\u00f8yre<\/title>\n<meta name=\"robots\" content=\"index, follow, max-snippet:-1, max-image-preview:large, max-video-preview:-1\" \/>\n<link rel=\"canonical\" href=\"https:\/\/hoyre.no\/melhus\/vare-kandidater\/marius-krogstad-aune\/\" \/>\n<meta property=\"og:locale\" content=\"nb_NO\" \/>\n<meta property=\"og:type\" content=\"article\" \/>\n<meta property=\"og:title\" content=\"Marius Krogstad Aune \u2013 opposisjonsleder - Melhus H\u00f8yre\" \/>\n<meta property=\"og:url\" content=\"https:\/\/hoyre.no\/melhus\/vare-kandidater\/marius-krogstad-aune\/\" \/>\n<meta property=\"og:site_name\" content=\"Melhus H\u00f8yre\" \/>\n<meta property=\"article:modified_time\" content=\"2024-05-10T21:59:45+00:00\" \/>\n<meta property=\"og:image\" content=\"https:\/\/hoyre.no\/content\/uploads\/sites\/293\/2023\/08\/2-Marius-Krogstad-Aune-1024x682.jpg\" \/>\n<meta name=\"twitter:card\" content=\"summary_large_image\" \/>\n<meta name=\"twitter:label1\" content=\"Ansl. lesetid\" \/>\n\t<meta name=\"twitter:data1\" content=\"5 minutter\" \/>\n<script type=\"application\/ld+json\" class=\"yoast-schema-graph\">{\"@context\":\"https:\/\/schema.org\",\"@graph\":[{\"@type\":\"WebPage\",\"@id\":\"https:\/\/hoyre.no\/melhus\/vare-kandidater\/marius-krogstad-aune\/\",\"url\":\"https:\/\/hoyre.no\/melhus\/vare-kandidater\/marius-krogstad-aune\/\",\"name\":\"Marius Krogstad Aune \u2013 opposisjonsleder - Melhus H\u00f8yre\",\"isPartOf\":{\"@id\":\"https:\/\/hoyre.no\/melhus\/#website\"},\"datePublished\":\"2023-08-15T20:10:04+00:00\",\"dateModified\":\"2024-05-10T21:59:45+00:00\",\"breadcrumb\":{\"@id\":\"https:\/\/hoyre.no\/melhus\/vare-kandidater\/marius-krogstad-aune\/#breadcrumb\"},\"inLanguage\":\"nb-NO\",\"potentialAction\":[{\"@type\":\"ReadAction\",\"target\":[\"https:\/\/hoyre.no\/melhus\/vare-kandidater\/marius-krogstad-aune\/\"]}]},{\"@type\":\"BreadcrumbList\",\"@id\":\"https:\/\/hoyre.no\/melhus\/vare-kandidater\/marius-krogstad-aune\/#breadcrumb\",\"itemListElement\":[{\"@type\":\"ListItem\",\"position\":1,\"name\":\"Til hoyre.no\",\"item\":\"https:\/\/hoyre.no\"},{\"@type\":\"ListItem\",\"position\":2,\"name\":\"Hjem\",\"item\":\"https:\/\/hoyre.no\/melhus\/\"},{\"@type\":\"ListItem\",\"position\":3,\"name\":\"V\u00e5re kandidater\",\"item\":\"https:\/\/hoyre.no\/melhus\/vare-kandidater\/\"},{\"@type\":\"ListItem\",\"position\":4,\"name\":\"Marius Krogstad Aune \u2013 opposisjonsleder\"}]},{\"@type\":\"WebSite\",\"@id\":\"https:\/\/hoyre.no\/melhus\/#website\",\"url\":\"https:\/\/hoyre.no\/melhus\/\",\"name\":\"Melhus H\u00f8yre\",\"description\":\"Bare enda et H\u00f8yres nettsteder-nettsted\",\"inLanguage\":\"nb-NO\"}]}<\/script>\n<!-- \/ Yoast SEO plugin. -->","yoast_head_json":{"title":"Marius Krogstad Aune \u2013 opposisjonsleder - Melhus H\u00f8yre","robots":{"index":"index","follow":"follow","max-snippet":"max-snippet:-1","max-image-preview":"max-image-preview:large","max-video-preview":"max-video-preview:-1"},"canonical":"https:\/\/hoyre.no\/melhus\/vare-kandidater\/marius-krogstad-aune\/","og_locale":"nb_NO","og_type":"article","og_title":"Marius Krogstad Aune \u2013 opposisjonsleder - Melhus H\u00f8yre","og_url":"https:\/\/hoyre.no\/melhus\/vare-kandidater\/marius-krogstad-aune\/","og_site_name":"Melhus H\u00f8yre","article_modified_time":"2024-05-10T21:59:45+00:00","og_image":[{"url":"https:\/\/hoyre.no\/content\/uploads\/sites\/293\/2023\/08\/2-Marius-Krogstad-Aune-1024x682.jpg","width":"","height":"","type":""}],"twitter_card":"summary_large_image","twitter_misc":{"Ansl. lesetid":"5 minutter"},"schema":{"@context":"https:\/\/schema.org","@graph":[{"@type":"WebPage","@id":"https:\/\/hoyre.no\/melhus\/vare-kandidater\/marius-krogstad-aune\/","url":"https:\/\/hoyre.no\/melhus\/vare-kandidater\/marius-krogstad-aune\/","name":"Marius Krogstad Aune \u2013 opposisjonsleder - Melhus H\u00f8yre","isPartOf":{"@id":"https:\/\/hoyre.no\/melhus\/#website"},"datePublished":"2023-08-15T20:10:04+00:00","dateModified":"2024-05-10T21:59:45+00:00","breadcrumb":{"@id":"https:\/\/hoyre.no\/melhus\/vare-kandidater\/marius-krogstad-aune\/#breadcrumb"},"inLanguage":"nb-NO","potentialAction":[{"@type":"ReadAction","target":["https:\/\/hoyre.no\/melhus\/vare-kandidater\/marius-krogstad-aune\/"]}]},{"@type":"BreadcrumbList","@id":"https:\/\/hoyre.no\/melhus\/vare-kandidater\/marius-krogstad-aune\/#breadcrumb","itemListElement":[{"@type":"ListItem","position":1,"name":"Til hoyre.no","item":"https:\/\/hoyre.no"},{"@type":"ListItem","position":2,"name":"Hjem","item":"https:\/\/hoyre.no\/melhus\/"},{"@type":"ListItem","position":3,"name":"V\u00e5re kandidater","item":"https:\/\/hoyre.no\/melhus\/vare-kandidater\/"},{"@type":"ListItem","position":4,"name":"Marius Krogstad Aune \u2013 opposisjonsleder"}]},{"@type":"WebSite","@id":"https:\/\/hoyre.no\/melhus\/#website","url":"https:\/\/hoyre.no\/melhus\/","name":"Melhus H\u00f8yre","description":"Bare enda et H\u00f8yres nettsteder-nettsted","inLanguage":"nb-NO"}]}},"distributor_meta":false,"distributor_terms":false,"distributor_media":false,"distributor_original_site_name":"Melhus H\u00f8yre","distributor_original_site_url":"https:\/\/hoyre.no\/melhus","push-errors":false,"_links":{"self":[{"href":"https:\/\/hoyre.no\/melhus\/wp-json\/wp\/v2\/pages\/831","targetHints":{"allow":["GET"]}}],"collection":[{"href":"https:\/\/hoyre.no\/melhus\/wp-json\/wp\/v2\/pages"}],"about":[{"href":"https:\/\/hoyre.no\/melhus\/wp-json\/wp\/v2\/types\/page"}],"author":[{"embeddable":true,"href":"https:\/\/hoyre.no\/melhus\/wp-json\/wp\/v2\/users\/8238"}],"replies":[{"embeddable":true,"href":"https:\/\/hoyre.no\/melhus\/wp-json\/wp\/v2\/comments?post=831"}],"version-history":[{"count":11,"href":"https:\/\/hoyre.no\/melhus\/wp-json\/wp\/v2\/pages\/831\/revisions"}],"predecessor-version":[{"id":1620,"href":"https:\/\/hoyre.no\/melhus\/wp-json\/wp\/v2\/pages\/831\/revisions\/1620"}],"up":[{"embeddable":true,"href":"https:\/\/hoyre.no\/melhus\/wp-json\/wp\/v2\/pages\/804"}],"wp:attachment":[{"href":"https:\/\/hoyre.no\/melhus\/wp-json\/wp\/v2\/media?parent=831"}],"curies":[{"name":"wp","href":"https:\/\/api.w.org\/{rel}","templated":true}]}}