{"id":418,"date":"2023-05-02T12:43:39","date_gmt":"2023-05-02T10:43:39","guid":{"rendered":"https:\/\/hoyre.no\/more-og-romsdal\/?page_id=418"},"modified":"2023-06-07T12:41:24","modified_gmt":"2023-06-07T10:41:24","slug":"politikk","status":"publish","type":"page","link":"https:\/\/hoyre.no\/more-og-romsdal\/politikk\/","title":{"rendered":"Politikk"},"content":{"rendered":"\n<div class=\"wp-block-hoyre-hero with-image-gradient text-color-light  has-media alignfull has-background\"><div class=\"hoyre-hero has-image\"><h1 class=\"title\">Kvifor velje H\u00f8gre?<\/h1><p class=\"preamble\"> Dei komande \u00e5ra vil det viktigaste for M\u00f8re og Romsdal vere \u00e5 skape meir og inkludere fleire. Vi bygger pasientens helseteneste og vil gi alle elevane v\u00e5re like sjansar. <\/p>\t\t\t<div class=\"post-meta wp-block teft-byline-wrapper\">\n\t\t\t\t<div class=\"top\">\n\t\t\t\t\t<div class=\"signature\">\n\t\t\t\t\t\t<div class=\"teft-byline\">\n\t\t\t\t\t\t\t\t\t\t\t\t\t\t<div>\n\t\t\t\t\t\t\t\t<h3>H\u00f8yres redaksjon<\/h3>\t\t\t\t\t\t\t\t\n\t\t\t\t\t\t\t\t\t\t\t\t\t\t\t\t\t<span class=\"date\">Sist oppdatert: 7. juni 2023<\/span>\n\t\t\t\t\t\t\t\t\t\t\t\t\t\t\t\t\t\t\t\t\t\t\t\t\t<span class=\"reading-time\" itemprop=\"timeRequired\" content=\"PT2M\"><em>Ca. 2 minutter lesetid<\/em><\/span>\n\t\t\t\t\t\t\t\t\t\t\t\t\t\t\t<\/div>\n\t\t\t\t\t\t<\/div>\n\t\t\t\t\t<\/div>\n\t\t\t\t\t\t<div class=\"sharing\">\n\t\t<a class=\"share-button share-link copy-link\" data-copy=\"https:\/\/hoyre.no\/more-og-romsdal\/politikk\/\" target=\"_blank\"><span class=\"screen-reader-text\">Del link<\/span><\/a>\n\t\t<a class=\"share-button share-twitter\" href=\"http:\/\/twitter.com\/share?text=Politikk&#038;url=https:\/\/hoyre.no\/more-og-romsdal\/politikk\/&#038;hashtags=Hoyre\" target=\"_blank\"><span class=\"screen-reader-text\">Del p\u00e5 twitter<\/span><\/a>\n\t\t<a class=\"share-button share-facebook\" href=\"https:\/\/www.facebook.com\/sharer\/sharer.php?u=https:\/\/hoyre.no\/more-og-romsdal\/politikk\/\" target=\"_blank\"><span class=\"screen-reader-text\">Del p\u00e5 facebook<\/span><\/a>\n\t<\/div>\n\t\t\t\t\t<\/div>\n\t\t\t<\/div>\n\n\t\t\t<figure class=\"hoyre-image-wrapper\"><div class=\"hoyre-image\"><img loading=\"lazy\" decoding=\"async\" width=\"2500\" height=\"1667\" src=\"https:\/\/hoyre.no\/content\/uploads\/sites\/8\/2021\/08\/DSCF3934-scaled.jpg\" class=\"attachment-scaled size-scaled\" alt=\"\" style=\"object-position: 50% 50%\" srcset=\"https:\/\/hoyre.no\/content\/uploads\/sites\/8\/2021\/08\/DSCF3934-scaled.jpg 2500w, https:\/\/hoyre.no\/content\/uploads\/sites\/8\/2021\/08\/DSCF3934-300x200.jpg 300w, https:\/\/hoyre.no\/content\/uploads\/sites\/8\/2021\/08\/DSCF3934-1024x683.jpg 1024w, https:\/\/hoyre.no\/content\/uploads\/sites\/8\/2021\/08\/DSCF3934-768x512.jpg 768w, https:\/\/hoyre.no\/content\/uploads\/sites\/8\/2021\/08\/DSCF3934-1536x1024.jpg 1536w, https:\/\/hoyre.no\/content\/uploads\/sites\/8\/2021\/08\/DSCF3934-2048x1365.jpg 2048w\" sizes=\"auto, (max-width: 2500px) 100vw, 2500px\" \/><\/div><\/figure><\/div><\/div>\n\n\n\n<h2 class=\"wp-block-heading\">Fylkestingsprogram 2023-2027<\/h2>\n\n\n\n<p><strong>M\u00f8re og Romsdal fylke er eit godt fylke \u00e5 bu og vekse opp i. Dette vil vi i H\u00f8gre at det ogs\u00e5 skal vere i framtida. Difor har vi laga eit program som vi meiner har dei beste l\u00f8ysingane for deg som innbyggar i dette vakre fylket.<\/strong><\/p>\n\n\n\n<p>For H\u00f8gre er det eit mantra at det skal vere moglegheiter for alle! Om det gjeld verdiskaping, utdanning, helsetilbod eller utanforskap, s\u00e5 skal alle f\u00e5 ta del med dei f\u00f8resetnadene ein har.<\/p>\n\n\n\n<p>Alle synest at deira heimstad er den finaste, men utan framtidig trygge og attraktive arbeidsplassar, gode oppvekstvilk\u00e5r, tenester, utdanning, kulturtilbod og mangfald vil vi ikkje klare oss i konkurransen om \u00e5 halde p\u00e5 ungdommen og n\u00e6ringslivet.<\/p>\n\n\n\n<p>H\u00f8gre har tru p\u00e5 n\u00e6ringslivet v\u00e5rt og verdiskapingane som gjer at vi kan dele p\u00e5 godane. D\u00e5 m\u00e5 vi lage f\u00f8reseielege vilk\u00e5r som st\u00e5r seg over tid, og ikkje br\u00e5e endringar i n\u00e6ring, milj\u00f8, areal og skattepolitikk.<\/p>\n\n\n\n<p>Vi er inne i ei tid med store utfordringar innan klima, natur og milj\u00f8. I tillegg kjem den aggressive krigen mot Ukraina som pregar oss og gir oss ekstra utfordringar. I sum gjer dette at vi er i ei usikker tid innan \u00f8konomi og beredskap. Dette krev ein st\u00f8dig politikk og styring av M\u00f8re og Romsdal. Og vi i H\u00f8gre meiner at vi har b\u00e5de politikken og kandidatane som kan styre oss gjennom dei neste 4 \u00e5ra.<\/p>\n\n\n\n<p><strong>Meir om dette finn du i dette programmet.<\/strong><\/p>\n\n\n\n\n\n<div class=\"wp-block-teft-file icon-link-block\"><a href=\"https:\/\/hoyre.no\/content\/uploads\/sites\/8\/2023\/06\/MR-Hogres-fylkestingsprogram-for-perioden-2023-2027-nynorsk.pdf\" download><span class=\"file-title\">Program 2023-2027 (nynorsk)<\/span><span class=\"file-name\"><\/span><\/a><\/div>\n\n\n\n<div class=\"wp-block-teft-file icon-link-block\"><a href=\"https:\/\/hoyre.no\/content\/uploads\/sites\/8\/2023\/06\/MR-Hoyres-fylkestingsprogram-for-perioden-2023-2027.pdf\" download><span class=\"file-title\">Program 2023-2027 (bokm\u00e5l)<\/span><span class=\"file-name\"><\/span><\/a><\/div>\n\n\n\n<p><strong>Arkiv<\/strong><\/p>\n\n\n\n<div class=\"wp-block-teft-file icon-link-block\"><a href=\"https:\/\/hoyre.no\/content\/uploads\/sites\/8\/2020\/12\/moreogromsdal2019_-__bokml.pdf\" download><span class=\"file-title\">Program 2019-2023<\/span><span class=\"file-name\">moreogromsdal2019_-__bokml.pdf [18.1kb]<\/span><\/a><\/div>\n","protected":false},"excerpt":{"rendered":"<p>Fylkestingsprogram 2023-2027 M\u00f8re og Romsdal fylke er eit godt fylke \u00e5 bu og vekse opp i. Dette vil vi i H\u00f8gre at det ogs\u00e5 skal vere i framtida. Difor har vi laga eit program som vi meiner har dei beste l\u00f8ysingane for deg som innbyggar i dette vakre fylket. For H\u00f8gre er det eit mantra [&hellip;]<\/p>\n","protected":false},"author":31684,"featured_media":0,"parent":0,"menu_order":0,"comment_status":"closed","ping_status":"closed","template":"","meta":{"teft_cards_image_url":"","teft_cards_custom_pretitle":"","teft_cards_image_id":274,"teft_cards_image_focal_point_x":0.5,"teft_cards_image_focal_point_y":0.5,"teft_cards_title":"","teft_cards_excerpt":"","teft_show_chapters":false,"footnotes":""},"class_list":["post-418","page","type-page","status-publish","hentry"],"yoast_head":"<!-- This site is optimized with the Yoast SEO plugin v26.6 - https:\/\/yoast.com\/wordpress\/plugins\/seo\/ -->\n<title>Politikk - M\u00f8re og Romsdal H\u00f8yre<\/title>\n<meta name=\"robots\" content=\"index, follow, max-snippet:-1, max-image-preview:large, max-video-preview:-1\" \/>\n<link rel=\"canonical\" href=\"https:\/\/hoyre.no\/more-og-romsdal\/politikk\/\" \/>\n<meta property=\"og:locale\" content=\"nn_NO\" \/>\n<meta property=\"og:type\" content=\"article\" \/>\n<meta property=\"og:title\" content=\"Politikk - M\u00f8re og Romsdal H\u00f8yre\" \/>\n<meta property=\"og:description\" content=\"Fylkestingsprogram 2023-2027 M\u00f8re og Romsdal fylke er eit godt fylke \u00e5 bu og vekse opp i. Dette vil vi i H\u00f8gre at det ogs\u00e5 skal vere i framtida. Difor har vi laga eit program som vi meiner har dei beste l\u00f8ysingane for deg som innbyggar i dette vakre fylket. For H\u00f8gre er det eit mantra [&hellip;]\" \/>\n<meta property=\"og:url\" content=\"https:\/\/hoyre.no\/more-og-romsdal\/politikk\/\" \/>\n<meta property=\"og:site_name\" content=\"M\u00f8re og Romsdal H\u00f8yre\" \/>\n<meta property=\"article:modified_time\" content=\"2023-06-07T10:41:24+00:00\" \/>\n<meta property=\"og:image\" content=\"https:\/\/hoyre.no\/content\/uploads\/sites\/8\/2021\/08\/DSCF3934-1024x683.jpg\" \/>\n<meta name=\"twitter:card\" content=\"summary_large_image\" \/>\n<meta name=\"twitter:label1\" content=\"Est. reading time\" \/>\n\t<meta name=\"twitter:data1\" content=\"2 minutt\" \/>\n<script type=\"application\/ld+json\" class=\"yoast-schema-graph\">{\"@context\":\"https:\/\/schema.org\",\"@graph\":[{\"@type\":\"WebPage\",\"@id\":\"https:\/\/hoyre.no\/more-og-romsdal\/politikk\/\",\"url\":\"https:\/\/hoyre.no\/more-og-romsdal\/politikk\/\",\"name\":\"Politikk - M\u00f8re og Romsdal H\u00f8yre\",\"isPartOf\":{\"@id\":\"https:\/\/hoyre.no\/more-og-romsdal\/#website\"},\"datePublished\":\"2023-05-02T10:43:39+00:00\",\"dateModified\":\"2023-06-07T10:41:24+00:00\",\"breadcrumb\":{\"@id\":\"https:\/\/hoyre.no\/more-og-romsdal\/politikk\/#breadcrumb\"},\"inLanguage\":\"nn-NO\",\"potentialAction\":[{\"@type\":\"ReadAction\",\"target\":[\"https:\/\/hoyre.no\/more-og-romsdal\/politikk\/\"]}]},{\"@type\":\"BreadcrumbList\",\"@id\":\"https:\/\/hoyre.no\/more-og-romsdal\/politikk\/#breadcrumb\",\"itemListElement\":[{\"@type\":\"ListItem\",\"position\":1,\"name\":\"Til hoyre.no\",\"item\":\"https:\/\/hoyre.no\"},{\"@type\":\"ListItem\",\"position\":2,\"name\":\"Hjem\",\"item\":\"https:\/\/hoyre.no\/more-og-romsdal\/\"},{\"@type\":\"ListItem\",\"position\":3,\"name\":\"Politikk\"}]},{\"@type\":\"WebSite\",\"@id\":\"https:\/\/hoyre.no\/more-og-romsdal\/#website\",\"url\":\"https:\/\/hoyre.no\/more-og-romsdal\/\",\"name\":\"M\u00f8re og Romsdal H\u00f8yre\",\"description\":\"Bare enda et H\u00f8yres nettsteder-nettsted\",\"inLanguage\":\"nn-NO\"}]}<\/script>\n<!-- \/ Yoast SEO plugin. -->","yoast_head_json":{"title":"Politikk - M\u00f8re og Romsdal H\u00f8yre","robots":{"index":"index","follow":"follow","max-snippet":"max-snippet:-1","max-image-preview":"max-image-preview:large","max-video-preview":"max-video-preview:-1"},"canonical":"https:\/\/hoyre.no\/more-og-romsdal\/politikk\/","og_locale":"nn_NO","og_type":"article","og_title":"Politikk - M\u00f8re og Romsdal H\u00f8yre","og_description":"Fylkestingsprogram 2023-2027 M\u00f8re og Romsdal fylke er eit godt fylke \u00e5 bu og vekse opp i. Dette vil vi i H\u00f8gre at det ogs\u00e5 skal vere i framtida. Difor har vi laga eit program som vi meiner har dei beste l\u00f8ysingane for deg som innbyggar i dette vakre fylket. For H\u00f8gre er det eit mantra [&hellip;]","og_url":"https:\/\/hoyre.no\/more-og-romsdal\/politikk\/","og_site_name":"M\u00f8re og Romsdal H\u00f8yre","article_modified_time":"2023-06-07T10:41:24+00:00","og_image":[{"url":"https:\/\/hoyre.no\/content\/uploads\/sites\/8\/2021\/08\/DSCF3934-1024x683.jpg","width":"","height":"","type":""}],"twitter_card":"summary_large_image","twitter_misc":{"Est. reading time":"2 minutt"},"schema":{"@context":"https:\/\/schema.org","@graph":[{"@type":"WebPage","@id":"https:\/\/hoyre.no\/more-og-romsdal\/politikk\/","url":"https:\/\/hoyre.no\/more-og-romsdal\/politikk\/","name":"Politikk - M\u00f8re og Romsdal H\u00f8yre","isPartOf":{"@id":"https:\/\/hoyre.no\/more-og-romsdal\/#website"},"datePublished":"2023-05-02T10:43:39+00:00","dateModified":"2023-06-07T10:41:24+00:00","breadcrumb":{"@id":"https:\/\/hoyre.no\/more-og-romsdal\/politikk\/#breadcrumb"},"inLanguage":"nn-NO","potentialAction":[{"@type":"ReadAction","target":["https:\/\/hoyre.no\/more-og-romsdal\/politikk\/"]}]},{"@type":"BreadcrumbList","@id":"https:\/\/hoyre.no\/more-og-romsdal\/politikk\/#breadcrumb","itemListElement":[{"@type":"ListItem","position":1,"name":"Til hoyre.no","item":"https:\/\/hoyre.no"},{"@type":"ListItem","position":2,"name":"Hjem","item":"https:\/\/hoyre.no\/more-og-romsdal\/"},{"@type":"ListItem","position":3,"name":"Politikk"}]},{"@type":"WebSite","@id":"https:\/\/hoyre.no\/more-og-romsdal\/#website","url":"https:\/\/hoyre.no\/more-og-romsdal\/","name":"M\u00f8re og Romsdal H\u00f8yre","description":"Bare enda et H\u00f8yres nettsteder-nettsted","inLanguage":"nn-NO"}]}},"distributor_meta":false,"distributor_terms":false,"distributor_media":false,"distributor_original_site_name":"M\u00f8re og Romsdal H\u00f8yre","distributor_original_site_url":"https:\/\/hoyre.no\/more-og-romsdal","push-errors":false,"_links":{"self":[{"href":"https:\/\/hoyre.no\/more-og-romsdal\/wp-json\/wp\/v2\/pages\/418","targetHints":{"allow":["GET"]}}],"collection":[{"href":"https:\/\/hoyre.no\/more-og-romsdal\/wp-json\/wp\/v2\/pages"}],"about":[{"href":"https:\/\/hoyre.no\/more-og-romsdal\/wp-json\/wp\/v2\/types\/page"}],"author":[{"embeddable":true,"href":"https:\/\/hoyre.no\/more-og-romsdal\/wp-json\/wp\/v2\/users\/31684"}],"replies":[{"embeddable":true,"href":"https:\/\/hoyre.no\/more-og-romsdal\/wp-json\/wp\/v2\/comments?post=418"}],"version-history":[{"count":8,"href":"https:\/\/hoyre.no\/more-og-romsdal\/wp-json\/wp\/v2\/pages\/418\/revisions"}],"predecessor-version":[{"id":480,"href":"https:\/\/hoyre.no\/more-og-romsdal\/wp-json\/wp\/v2\/pages\/418\/revisions\/480"}],"wp:attachment":[{"href":"https:\/\/hoyre.no\/more-og-romsdal\/wp-json\/wp\/v2\/media?parent=418"}],"curies":[{"name":"wp","href":"https:\/\/api.w.org\/{rel}","templated":true}]}}