{"id":319,"date":"2025-06-26T08:26:40","date_gmt":"2025-06-26T06:26:40","guid":{"rendered":"https:\/\/hoyre.no\/nes\/?post_type=teft-events&#038;p=319"},"modified":"2025-06-26T14:57:43","modified_gmt":"2025-06-26T12:57:43","slug":"hvordan-bygger-vi-nes-for-fremtiden","status":"publish","type":"teft-events","link":"https:\/\/hoyre.no\/nes\/arrangementer\/hvordan-bygger-vi-nes-for-fremtiden\/","title":{"rendered":"Hvordan bygger vi Nes for fremtiden?"},"content":{"rendered":"\n<div class=\"wp-block-teft-event-top\">\n\n<div class=\"teft-event-date-top\">\n<div class=\"teft-event-date-wrapper\">\n\t<div class=\"date-square\" aria-hidden=\"true\">\n\t\t04\t\t\t<\/div>\n<\/div>\n\t<div class=\"top-text\">\n\t\t\t\t\t<p class=\"top-date-text\">torsdag 04. september 2025<\/p>\n\t\t\t\t\t\t\t<p class=\"top-time-text\">18:30 &#8211; 20:30<\/p>\n\t\t\t\t\t\t<\/div>\n\t\t<div class=\"sharing\">\n\t\t<a class=\"share-button share-link copy-link\" data-copy=\"https:\/\/hoyre.no\/nes\/arrangementer\/hvordan-bygger-vi-nes-for-fremtiden\/\" target=\"_blank\"><span class=\"screen-reader-text\">Del link<\/span><\/a>\n\t\t<a class=\"share-button share-twitter\" href=\"http:\/\/twitter.com\/share?text=Hvordan bygger vi Nes for fremtiden?&#038;url=https:\/\/hoyre.no\/nes\/arrangementer\/hvordan-bygger-vi-nes-for-fremtiden\/&#038;hashtags=Hoyre\" target=\"_blank\"><span class=\"screen-reader-text\">Del p\u00e5 twitter<\/span><\/a>\n\t\t<a class=\"share-button share-facebook\" href=\"https:\/\/www.facebook.com\/sharer\/sharer.php?u=https:\/\/hoyre.no\/nes\/arrangementer\/hvordan-bygger-vi-nes-for-fremtiden\/\" target=\"_blank\"><span class=\"screen-reader-text\">Del p\u00e5 facebook<\/span><\/a>\n\t<\/div>\n\t<\/div>\n<p class=\"preamble\">Nes H\u00f8yre inviterer alle medlemmer til et viktig medlemsm\u00f8te. N\u00e5 trenger vi dine innspill n\u00e5r vi sammen skal diskutere lokalpolitikk, budsjett og  prioriteringer for 2026.<\/p><figure class=\"hoyre-image-wrapper\"><div class=\"hoyre-image\"><img loading=\"lazy\" decoding=\"async\" width=\"2500\" height=\"1285\" src=\"https:\/\/hoyre.no\/content\/uploads\/sites\/170\/2025\/06\/Budsjett-og-politikk-scaled.png\" class=\"attachment-scaled size-scaled\" alt=\"\" style=\"object-position: 50% 50%\" srcset=\"https:\/\/hoyre.no\/content\/uploads\/sites\/170\/2025\/06\/Budsjett-og-politikk-scaled.png 2500w, https:\/\/hoyre.no\/content\/uploads\/sites\/170\/2025\/06\/Budsjett-og-politikk-300x154.png 300w, https:\/\/hoyre.no\/content\/uploads\/sites\/170\/2025\/06\/Budsjett-og-politikk-1024x526.png 1024w, https:\/\/hoyre.no\/content\/uploads\/sites\/170\/2025\/06\/Budsjett-og-politikk-768x395.png 768w, https:\/\/hoyre.no\/content\/uploads\/sites\/170\/2025\/06\/Budsjett-og-politikk-1536x790.png 1536w, https:\/\/hoyre.no\/content\/uploads\/sites\/170\/2025\/06\/Budsjett-og-politikk-2048x1053.png 2048w\" sizes=\"auto, (max-width: 2500px) 100vw, 2500px\" \/><\/div><\/figure>\n\n<div class=\"wp-block wp-block-teft-event-registration-button\">\n\t<div class=\"registration-button-wrapper\">\n\t\t\t<a href=\"https:\/\/fb.me\/e\/8GR9wAQdn\" class=\"wp-block-button__link\">Meld deg p\u00e5 her<\/a>\n\t\t\t\t\n\t<\/div>\n<\/div>\n\n<div class=\"panel teft-details-panel\">\n\t\t<h3>Detaljer<\/h3>\n\n\t\t\t\t\t<dl class=\"info-misc-with-icons\">\n\t\t\t\t<dt class=\"venue\"><span class=\"screen-reader-text\">Stedet<\/span><\/dt>\n\t\t\t\t<dd>\n\t\t\t\t\t\t\t\t\t\t\t<span class=\"address-line-1\">Kulturhuset, i m\u00f8terommet med inngang ved siden av parkeringskjelleren<\/span>\n\t\t\t\t\t\t\t\t\t\t\t\t\t\t<\/dd>\n\t\t\t<\/dl>\n\t\t\t\t\t\t\t<dl class=\"info-misc-with-icons\">\n\t\t<dt class=\"time\"><span class=\"screen-reader-text\">Arrangement dato<\/span><\/dt>\n\t\t<dd class=\"time\">\n\t\t\ttor 4. september 2025 fra  18:30 &#8211; 20:30\t\t<\/dd>\n\t<\/dl>\n\t\t\t\t\t\t<dl class=\"info-misc-with-icons\">\n\t\t<dt class=\"registration\"><span class=\"screen-reader-text\">P\u00e5meldingsdetajer<\/span><\/dt>\n\t\t<dd class=\"registration\">\n\t\t\tGratis\t\t\t\t\t\t\t<a href=\"https:\/\/fb.me\/e\/8GR9wAQdn\">Registrer<\/a>\n\t\t\t\t\t<\/dd>\n\t<\/dl>\n\t\t<\/dl>\n<\/div>\n<\/div>\n\n\n\n\n<h2 class=\"wp-block-heading\">Informasjon<\/h2>\n\n\n\n<p>Vi st\u00e5r overfor viktige og vanskelige valg i \u00e5rene som kommer:<br>Hvordan sikrer vi en trygg og verdig eldreomsorg? Hvordan m\u00f8ter vi helseutfordringene i kommunen? Hvordan kan vi styrke frivilligheten, redusere utenforskap og skape gode lokalsamfunn for alle? Vi skal snakke om skolen, samferdsel og hvordan vi kan utvikle b\u00e5de \u00c5rnes sentrum og de mindre tettstedene i Nes p\u00e5 en m\u00e5te vi kan v\u00e6re stolte av.<\/p>\n\n\n\n<p>Kort sagt: Hva er viktigst n\u00e5r vi skal forvalte fellesskapets midler i et stramt kommunebudsjett? Dette vil vi diskutere sammen, med stor takh\u00f8yde og respekt for ulike meninger. M\u00e5let er en felles forst\u00e5else for veien videre \u2013 og et Nes som blir et enda bedre sted \u00e5 bo.<\/p>\n\n\n<div class=\"post-meta wp-block\">\n\t<div class=\"top\">\n\t\t<div class=\"sharing\">\n\t\t\t<a class=\"share-button share-link\" target=\"_blank\"><span class=\"screen-reader-text\">Del link<\/span><\/a>\n\t\t\t<a class=\"share-button share-twitter\" href=\"http:\/\/twitter.com\/share?text=Hvordan bygger vi Nes for fremtiden?&#038;url=https:\/\/hoyre.no\/nes\/arrangementer\/hvordan-bygger-vi-nes-for-fremtiden\/&#038;hashtags=Hoyre\"><span class=\"screen-reader-text\">Del p\u00e5 twitter<\/span><\/a>\n\t\t\t<a class=\"share-button share-facebook\" href=\"https:\/\/www.facebook.com\/sharer\/sharer.php?u=https:\/\/hoyre.no\/nes\/arrangementer\/hvordan-bygger-vi-nes-for-fremtiden\/\" target=\"_blank\"><span class=\"screen-reader-text\">Del p\u00e5 facebook<\/span><\/a>\n\t\t<\/div>\n\t<\/div>\n<\/div>\n","protected":false},"template":"","meta":{"teft_cards_image_url":"","teft_cards_custom_pretitle":"","teft_cards_image_id":318,"teft_cards_image_focal_point_x":0.5,"teft_cards_image_focal_point_y":0.5,"teft_cards_title":"","teft_cards_excerpt":"","teft_show_chapters":false,"event_organizer":[],"event_start_date":"2025-09-04T18:30:00","event_end_date":"2025-09-04T20:30:00","event_registration_url":"https:\/\/fb.me\/e\/8GR9wAQdn","event_registration_deadline":"","event_ticket_cost":"Gratis","event_venue_name":"Kulturhuset, i m\u00f8terommet med inngang ved siden av parkeringskjelleren","event_venue_url":"","event_venue_address":""},"teft-events-category":[],"class_list":["post-319","teft-events","type-teft-events","status-publish","hentry"],"yoast_head":"<!-- This site is optimized with the Yoast SEO plugin v26.6 - https:\/\/yoast.com\/wordpress\/plugins\/seo\/ -->\n<title>Hvordan bygger vi Nes for fremtiden? - Nes H\u00f8yre i Akershus<\/title>\n<meta name=\"robots\" content=\"index, follow, max-snippet:-1, max-image-preview:large, max-video-preview:-1\" \/>\n<link rel=\"canonical\" href=\"https:\/\/hoyre.no\/nes\/arrangementer\/hvordan-bygger-vi-nes-for-fremtiden\/\" \/>\n<meta property=\"og:locale\" content=\"nb_NO\" \/>\n<meta property=\"og:type\" content=\"article\" \/>\n<meta property=\"og:title\" content=\"Hvordan bygger vi Nes for fremtiden? - Nes H\u00f8yre i Akershus\" \/>\n<meta property=\"og:url\" content=\"https:\/\/hoyre.no\/nes\/arrangementer\/hvordan-bygger-vi-nes-for-fremtiden\/\" \/>\n<meta property=\"og:site_name\" content=\"Nes H\u00f8yre i Akershus\" \/>\n<meta property=\"article:modified_time\" content=\"2025-06-26T12:57:43+00:00\" \/>\n<meta property=\"og:image\" content=\"https:\/\/hoyre.no\/content\/uploads\/sites\/170\/2025\/06\/Budsjett-og-politikk-1024x526.png\" \/>\n<meta name=\"twitter:card\" content=\"summary_large_image\" \/>\n<meta name=\"twitter:label1\" content=\"Ansl. lesetid\" \/>\n\t<meta name=\"twitter:data1\" content=\"1 minutt\" \/>\n<script type=\"application\/ld+json\" class=\"yoast-schema-graph\">{\"@context\":\"https:\/\/schema.org\",\"@graph\":[{\"@type\":\"WebPage\",\"@id\":\"https:\/\/hoyre.no\/nes\/arrangementer\/hvordan-bygger-vi-nes-for-fremtiden\/\",\"url\":\"https:\/\/hoyre.no\/nes\/arrangementer\/hvordan-bygger-vi-nes-for-fremtiden\/\",\"name\":\"Hvordan bygger vi Nes for fremtiden? - Nes H\u00f8yre i Akershus\",\"isPartOf\":{\"@id\":\"https:\/\/hoyre.no\/nes\/#website\"},\"datePublished\":\"2025-06-26T06:26:40+00:00\",\"dateModified\":\"2025-06-26T12:57:43+00:00\",\"breadcrumb\":{\"@id\":\"https:\/\/hoyre.no\/nes\/arrangementer\/hvordan-bygger-vi-nes-for-fremtiden\/#breadcrumb\"},\"inLanguage\":\"nb-NO\",\"potentialAction\":[{\"@type\":\"ReadAction\",\"target\":[\"https:\/\/hoyre.no\/nes\/arrangementer\/hvordan-bygger-vi-nes-for-fremtiden\/\"]}]},{\"@type\":\"BreadcrumbList\",\"@id\":\"https:\/\/hoyre.no\/nes\/arrangementer\/hvordan-bygger-vi-nes-for-fremtiden\/#breadcrumb\",\"itemListElement\":[{\"@type\":\"ListItem\",\"position\":1,\"name\":\"Til hoyre.no\",\"item\":\"https:\/\/hoyre.no\"},{\"@type\":\"ListItem\",\"position\":2,\"name\":\"Hjem\",\"item\":\"https:\/\/hoyre.no\/nes\/\"},{\"@type\":\"ListItem\",\"position\":3,\"name\":\"Arrangement\",\"item\":\"https:\/\/hoyre.no\/nes\/arrangementer\/\"},{\"@type\":\"ListItem\",\"position\":4,\"name\":\"Hvordan bygger vi Nes for fremtiden?\"}]},{\"@type\":\"WebSite\",\"@id\":\"https:\/\/hoyre.no\/nes\/#website\",\"url\":\"https:\/\/hoyre.no\/nes\/\",\"name\":\"Nes H\u00f8yre i Akershus\",\"description\":\"Bare enda et H\u00f8yres nettsteder-nettsted\",\"inLanguage\":\"nb-NO\"}]}<\/script>\n<!-- \/ Yoast SEO plugin. -->","yoast_head_json":{"title":"Hvordan bygger vi Nes for fremtiden? - Nes H\u00f8yre i Akershus","robots":{"index":"index","follow":"follow","max-snippet":"max-snippet:-1","max-image-preview":"max-image-preview:large","max-video-preview":"max-video-preview:-1"},"canonical":"https:\/\/hoyre.no\/nes\/arrangementer\/hvordan-bygger-vi-nes-for-fremtiden\/","og_locale":"nb_NO","og_type":"article","og_title":"Hvordan bygger vi Nes for fremtiden? - Nes H\u00f8yre i Akershus","og_url":"https:\/\/hoyre.no\/nes\/arrangementer\/hvordan-bygger-vi-nes-for-fremtiden\/","og_site_name":"Nes H\u00f8yre i Akershus","article_modified_time":"2025-06-26T12:57:43+00:00","og_image":[{"url":"https:\/\/hoyre.no\/content\/uploads\/sites\/170\/2025\/06\/Budsjett-og-politikk-1024x526.png","width":"","height":"","type":""}],"twitter_card":"summary_large_image","twitter_misc":{"Ansl. lesetid":"1 minutt"},"schema":{"@context":"https:\/\/schema.org","@graph":[{"@type":"WebPage","@id":"https:\/\/hoyre.no\/nes\/arrangementer\/hvordan-bygger-vi-nes-for-fremtiden\/","url":"https:\/\/hoyre.no\/nes\/arrangementer\/hvordan-bygger-vi-nes-for-fremtiden\/","name":"Hvordan bygger vi Nes for fremtiden? - Nes H\u00f8yre i Akershus","isPartOf":{"@id":"https:\/\/hoyre.no\/nes\/#website"},"datePublished":"2025-06-26T06:26:40+00:00","dateModified":"2025-06-26T12:57:43+00:00","breadcrumb":{"@id":"https:\/\/hoyre.no\/nes\/arrangementer\/hvordan-bygger-vi-nes-for-fremtiden\/#breadcrumb"},"inLanguage":"nb-NO","potentialAction":[{"@type":"ReadAction","target":["https:\/\/hoyre.no\/nes\/arrangementer\/hvordan-bygger-vi-nes-for-fremtiden\/"]}]},{"@type":"BreadcrumbList","@id":"https:\/\/hoyre.no\/nes\/arrangementer\/hvordan-bygger-vi-nes-for-fremtiden\/#breadcrumb","itemListElement":[{"@type":"ListItem","position":1,"name":"Til hoyre.no","item":"https:\/\/hoyre.no"},{"@type":"ListItem","position":2,"name":"Hjem","item":"https:\/\/hoyre.no\/nes\/"},{"@type":"ListItem","position":3,"name":"Arrangement","item":"https:\/\/hoyre.no\/nes\/arrangementer\/"},{"@type":"ListItem","position":4,"name":"Hvordan bygger vi Nes for fremtiden?"}]},{"@type":"WebSite","@id":"https:\/\/hoyre.no\/nes\/#website","url":"https:\/\/hoyre.no\/nes\/","name":"Nes H\u00f8yre i Akershus","description":"Bare enda et H\u00f8yres nettsteder-nettsted","inLanguage":"nb-NO"}]}},"distributor_meta":false,"distributor_terms":false,"distributor_media":false,"distributor_original_site_name":"Nes H\u00f8yre i Akershus","distributor_original_site_url":"https:\/\/hoyre.no\/nes","push-errors":false,"_links":{"self":[{"href":"https:\/\/hoyre.no\/nes\/wp-json\/wp\/v2\/teft-events\/319","targetHints":{"allow":["GET"]}}],"collection":[{"href":"https:\/\/hoyre.no\/nes\/wp-json\/wp\/v2\/teft-events"}],"about":[{"href":"https:\/\/hoyre.no\/nes\/wp-json\/wp\/v2\/types\/teft-events"}],"wp:attachment":[{"href":"https:\/\/hoyre.no\/nes\/wp-json\/wp\/v2\/media?parent=319"}],"wp:term":[{"taxonomy":"teft-events-category","embeddable":true,"href":"https:\/\/hoyre.no\/nes\/wp-json\/wp\/v2\/teft-events-category?post=319"}],"curies":[{"name":"wp","href":"https:\/\/api.w.org\/{rel}","templated":true}]}}

<div class="wp-block-teft-event-top">

<div class="teft-event-date-top">
<div class="teft-event-date-wrapper">
	<div class="date-square" aria-hidden="true">
		04			</div>
</div>
	<div class="top-text">
					<p class="top-date-text">torsdag 04. september 2025</p>
							<p class="top-time-text">18:30 &#8211; 20:30</p>
						</div>
		<div class="sharing">
		<a class="share-button share-link copy-link" data-copy="https://hoyre.no/nes/arrangementer/hvordan-bygger-vi-nes-for-fremtiden/" target="_blank"><span class="screen-reader-text">Del link</span></a>
		<a class="share-button share-twitter" href="http://twitter.com/share?text=Hvordan bygger vi Nes for fremtiden?&#038;url=https://hoyre.no/nes/arrangementer/hvordan-bygger-vi-nes-for-fremtiden/&#038;hashtags=Hoyre" target="_blank"><span class="screen-reader-text">Del på twitter</span></a>
		<a class="share-button share-facebook" href="https://www.facebook.com/sharer/sharer.php?u=https://hoyre.no/nes/arrangementer/hvordan-bygger-vi-nes-for-fremtiden/" target="_blank"><span class="screen-reader-text">Del på facebook</span></a>
	</div>
	</div>
<p class="preamble">Nes Høyre inviterer alle medlemmer til et viktig medlemsmøte. Nå trenger vi dine innspill når vi sammen skal diskutere lokalpolitikk, budsjett og  prioriteringer for 2026.</p><figure class="hoyre-image-wrapper"><div class="hoyre-image"><img loading="lazy" decoding="async" width="2500" height="1285" src="https://hoyre.no/content/uploads/sites/170/2025/06/Budsjett-og-politikk-scaled.png" class="attachment-scaled size-scaled" alt="" style="object-position: 50% 50%" srcset="https://hoyre.no/content/uploads/sites/170/2025/06/Budsjett-og-politikk-scaled.png 2500w, https://hoyre.no/content/uploads/sites/170/2025/06/Budsjett-og-politikk-300x154.png 300w, https://hoyre.no/content/uploads/sites/170/2025/06/Budsjett-og-politikk-1024x526.png 1024w, https://hoyre.no/content/uploads/sites/170/2025/06/Budsjett-og-politikk-768x395.png 768w, https://hoyre.no/content/uploads/sites/170/2025/06/Budsjett-og-politikk-1536x790.png 1536w, https://hoyre.no/content/uploads/sites/170/2025/06/Budsjett-og-politikk-2048x1053.png 2048w" sizes="auto, (max-width: 2500px) 100vw, 2500px" /></div></figure>

<div class="wp-block wp-block-teft-event-registration-button">
	<div class="registration-button-wrapper">
			<a href="https://fb.me/e/8GR9wAQdn" class="wp-block-button__link">Meld deg på her</a>
				
	</div>
</div>

<div class="panel teft-details-panel">
		<h3>Detaljer</h3>

					<dl class="info-misc-with-icons">
				<dt class="venue"><span class="screen-reader-text">Stedet</span></dt>
				<dd>
											<span class="address-line-1">Kulturhuset, i møterommet med inngang ved siden av parkeringskjelleren</span>
														</dd>
			</dl>
							<dl class="info-misc-with-icons">
		<dt class="time"><span class="screen-reader-text">Arrangement dato</span></dt>
		<dd class="time">
			tor 4. september 2025 fra  18:30 &#8211; 20:30		</dd>
	</dl>
						<dl class="info-misc-with-icons">
		<dt class="registration"><span class="screen-reader-text">Påmeldingsdetajer</span></dt>
		<dd class="registration">
			Gratis							<a href="https://fb.me/e/8GR9wAQdn">Registrer</a>
					</dd>
	</dl>
		</dl>
</div>
</div>




<h2 class="wp-block-heading">Informasjon</h2>



<p>Vi står overfor viktige og vanskelige valg i årene som kommer:<br>Hvordan sikrer vi en trygg og verdig eldreomsorg? Hvordan møter vi helseutfordringene i kommunen? Hvordan kan vi styrke frivilligheten, redusere utenforskap og skape gode lokalsamfunn for alle? Vi skal snakke om skolen, samferdsel og hvordan vi kan utvikle både Årnes sentrum og de mindre tettstedene i Nes på en måte vi kan være stolte av.</p>



<p>Kort sagt: Hva er viktigst når vi skal forvalte fellesskapets midler i et stramt kommunebudsjett? Dette vil vi diskutere sammen, med stor takhøyde og respekt for ulike meninger. Målet er en felles forståelse for veien videre – og et Nes som blir et enda bedre sted å bo.</p>


<div class="post-meta wp-block">
	<div class="top">
		<div class="sharing">
			<a class="share-button share-link" target="_blank"><span class="screen-reader-text">Del link</span></a>
			<a class="share-button share-twitter" href="http://twitter.com/share?text=Hvordan bygger vi Nes for fremtiden?&#038;url=https://hoyre.no/nes/arrangementer/hvordan-bygger-vi-nes-for-fremtiden/&#038;hashtags=Hoyre"><span class="screen-reader-text">Del på twitter</span></a>
			<a class="share-button share-facebook" href="https://www.facebook.com/sharer/sharer.php?u=https://hoyre.no/nes/arrangementer/hvordan-bygger-vi-nes-for-fremtiden/" target="_blank"><span class="screen-reader-text">Del på facebook</span></a>
		</div>
	</div>
</div>

Kulturhuset, i møterommet med inngang ved siden av parkeringskjelleren

<!-- This site is optimized with the Yoast SEO plugin v26.6 - https://yoast.com/wordpress/plugins/seo/ -->
<title>Hvordan bygger vi Nes for fremtiden? - Nes Høyre i Akershus</title>
<meta name="robots" content="index, follow, max-snippet:-1, max-image-preview:large, max-video-preview:-1" />
<link rel="canonical" href="https://hoyre.no/nes/arrangementer/hvordan-bygger-vi-nes-for-fremtiden/" />
<meta property="og:locale" content="nb_NO" />
<meta property="og:type" content="article" />
<meta property="og:title" content="Hvordan bygger vi Nes for fremtiden? - Nes Høyre i Akershus" />
<meta property="og:url" content="https://hoyre.no/nes/arrangementer/hvordan-bygger-vi-nes-for-fremtiden/" />
<meta property="og:site_name" content="Nes Høyre i Akershus" />
<meta property="article:modified_time" content="2025-06-26T12:57:43+00:00" />
<meta property="og:image" content="https://hoyre.no/content/uploads/sites/170/2025/06/Budsjett-og-politikk-1024x526.png" />
<meta name="twitter:card" content="summary_large_image" />
<meta name="twitter:label1" content="Ansl. lesetid" />
	<meta name="twitter:data1" content="1 minutt" />
<script type="application/ld+json" class="yoast-schema-graph">{"@context":"https://schema.org","@graph":[{"@type":"WebPage","@id":"https://hoyre.no/nes/arrangementer/hvordan-bygger-vi-nes-for-fremtiden/","url":"https://hoyre.no/nes/arrangementer/hvordan-bygger-vi-nes-for-fremtiden/","name":"Hvordan bygger vi Nes for fremtiden? - Nes Høyre i Akershus","isPartOf":{"@id":"https://hoyre.no/nes/#website"},"datePublished":"2025-06-26T06:26:40+00:00","dateModified":"2025-06-26T12:57:43+00:00","breadcrumb":{"@id":"https://hoyre.no/nes/arrangementer/hvordan-bygger-vi-nes-for-fremtiden/#breadcrumb"},"inLanguage":"nb-NO","potentialAction":[{"@type":"ReadAction","target":["https://hoyre.no/nes/arrangementer/hvordan-bygger-vi-nes-for-fremtiden/"]}]},{"@type":"BreadcrumbList","@id":"https://hoyre.no/nes/arrangementer/hvordan-bygger-vi-nes-for-fremtiden/#breadcrumb","itemListElement":[{"@type":"ListItem","position":1,"name":"Til hoyre.no","item":"https://hoyre.no"},{"@type":"ListItem","position":2,"name":"Hjem","item":"https://hoyre.no/nes/"},{"@type":"ListItem","position":3,"name":"Arrangement","item":"https://hoyre.no/nes/arrangementer/"},{"@type":"ListItem","position":4,"name":"Hvordan bygger vi Nes for fremtiden?"}]},{"@type":"WebSite","@id":"https://hoyre.no/nes/#website","url":"https://hoyre.no/nes/","name":"Nes Høyre i Akershus","description":"Bare enda et Høyres nettsteder-nettsted","inLanguage":"nb-NO"}]}</script>
<!-- / Yoast SEO plugin. -->

Hvordan bygger vi Nes for fremtiden? - Nes Høyre i Akershus

Nes Høyre i Akershus

Bare enda et Høyres nettsteder-nettsted
