{"id":331,"date":"2022-09-24T23:55:12","date_gmt":"2022-09-24T21:55:12","guid":{"rendered":"https:\/\/hoyre.no\/nesodden\/?page_id=331"},"modified":"2023-09-23T12:50:44","modified_gmt":"2023-09-23T10:50:44","slug":"syv-gode-grunner-til-a-stemme-hoyre","status":"publish","type":"page","link":"https:\/\/hoyre.no\/nesodden\/syv-gode-grunner-til-a-stemme-hoyre\/","title":{"rendered":"Syv gode grunner til \u00e5 stemme H\u00f8yre"},"content":{"rendered":"\n<div class=\"wp-block-hoyre-hero with-image-gradient text-color-light  has-media alignfull has-background\"><div class=\"hoyre-hero has-image\"><h1 class=\"title\">Syv grunner til \u00e5 stemme H\u00f8yre p\u00e5 Nesodden<\/h1><p class=\"preamble\">Her har du syv gode grunner til \u00e5 stemme H\u00f8yre p\u00e5 Nesodden.<\/p>\t\t\t<div class=\"post-meta wp-block teft-byline-wrapper\">\n\t\t\t\t<div class=\"top\">\n\t\t\t\t\t<div class=\"signature\">\n\t\t\t\t\t\t<div class=\"teft-byline\">\n\t\t\t\t\t\t\t\t\t\t\t\t\t\t<div>\n\t\t\t\t\t\t\t\t<h3>H\u00f8yres redaksjon<\/h3>\t\t\t\t\t\t\t\t\n\t\t\t\t\t\t\t\t\t\t\t\t\t\t\t\t\t<span class=\"date\">Sist oppdatert: 23. september 2023<\/span>\n\t\t\t\t\t\t\t\t\t\t\t\t\t\t\t\t\t\t\t\t\t\t\t\t\t<span class=\"reading-time\" itemprop=\"timeRequired\" content=\"PT5M\"><em>Ca. 5 minutter lesetid<\/em><\/span>\n\t\t\t\t\t\t\t\t\t\t\t\t\t\t\t<\/div>\n\t\t\t\t\t\t<\/div>\n\t\t\t\t\t<\/div>\n\t\t\t\t\t\t<div class=\"sharing\">\n\t\t<a class=\"share-button share-link copy-link\" data-copy=\"https:\/\/hoyre.no\/nesodden\/syv-gode-grunner-til-a-stemme-hoyre\/\" target=\"_blank\"><span class=\"screen-reader-text\">Del link<\/span><\/a>\n\t\t<a class=\"share-button share-twitter\" href=\"http:\/\/twitter.com\/share?text=Syv gode grunner til \u00e5 stemme H\u00f8yre&#038;url=https:\/\/hoyre.no\/nesodden\/syv-gode-grunner-til-a-stemme-hoyre\/&#038;hashtags=Hoyre\" target=\"_blank\"><span class=\"screen-reader-text\">Del p\u00e5 twitter<\/span><\/a>\n\t\t<a class=\"share-button share-facebook\" href=\"https:\/\/www.facebook.com\/sharer\/sharer.php?u=https:\/\/hoyre.no\/nesodden\/syv-gode-grunner-til-a-stemme-hoyre\/\" target=\"_blank\"><span class=\"screen-reader-text\">Del p\u00e5 facebook<\/span><\/a>\n\t<\/div>\n\t\t\t\t\t<\/div>\n\t\t\t<\/div>\n\n\t\t\t<figure class=\"hoyre-image-wrapper\"><div class=\"hoyre-image\"><img loading=\"lazy\" decoding=\"async\" width=\"2500\" height=\"1670\" src=\"https:\/\/hoyre.no\/content\/uploads\/sites\/172\/2022\/09\/DSC04441-scaled.jpg\" class=\"attachment-scaled size-scaled\" alt=\"\" style=\"object-position: 50% 50%\" srcset=\"https:\/\/hoyre.no\/content\/uploads\/sites\/172\/2022\/09\/DSC04441-scaled.jpg 2500w, https:\/\/hoyre.no\/content\/uploads\/sites\/172\/2022\/09\/DSC04441-300x200.jpg 300w, https:\/\/hoyre.no\/content\/uploads\/sites\/172\/2022\/09\/DSC04441-1024x684.jpg 1024w, https:\/\/hoyre.no\/content\/uploads\/sites\/172\/2022\/09\/DSC04441-768x513.jpg 768w, https:\/\/hoyre.no\/content\/uploads\/sites\/172\/2022\/09\/DSC04441-1536x1026.jpg 1536w, https:\/\/hoyre.no\/content\/uploads\/sites\/172\/2022\/09\/DSC04441-2048x1368.jpg 2048w\" sizes=\"auto, (max-width: 2500px) 100vw, 2500px\" \/><\/div><\/figure><\/div><\/div>\n\n\n\n\n<div class=\"wp-block-hoyre-banner alignwide undefined  is-style-blue\"><div class=\"banner-inner\"><figure class=\"hoyre-image-wrapper\"><div class=\"hoyre-image\"><img loading=\"lazy\" decoding=\"async\" width=\"1670\" height=\"2500\" src=\"https:\/\/hoyre.no\/content\/uploads\/sites\/172\/2023\/01\/1.-Tage-Jensen-2-scaled.jpg\" class=\"attachment-scaled size-scaled\" alt=\"\" style=\"object-position: 50% 15%\" srcset=\"https:\/\/hoyre.no\/content\/uploads\/sites\/172\/2023\/01\/1.-Tage-Jensen-2-scaled.jpg 1670w, https:\/\/hoyre.no\/content\/uploads\/sites\/172\/2023\/01\/1.-Tage-Jensen-2-200x300.jpg 200w, https:\/\/hoyre.no\/content\/uploads\/sites\/172\/2023\/01\/1.-Tage-Jensen-2-684x1024.jpg 684w, https:\/\/hoyre.no\/content\/uploads\/sites\/172\/2023\/01\/1.-Tage-Jensen-2-768x1150.jpg 768w, https:\/\/hoyre.no\/content\/uploads\/sites\/172\/2023\/01\/1.-Tage-Jensen-2-1026x1536.jpg 1026w, https:\/\/hoyre.no\/content\/uploads\/sites\/172\/2023\/01\/1.-Tage-Jensen-2-1368x2048.jpg 1368w\" sizes=\"auto, (max-width: 1670px) 100vw, 1670px\" \/><\/div><\/figure><div class=\"banner-content\"><div class=\"entry-content\">\n<p>H\u00f8yre vil ha en kommune som er p\u00e5 lag med deg. Vi vil at du skal f\u00e5 bestemme mer over ditt liv og din eiendom, og at politikerne skal bestemme mindre. Stemmer du H\u00f8yre, bidrar du til at Nesodden f\u00e5r en tydelig ledelse som prioriterer det viktigste f\u00f8rst: En skole der alle kan lykkes og en trygg og god eldreomsorg.<\/p>\n<\/div><\/div><\/div><\/div>\n\n\n\n<div class=\"wp-block-media-text alignwide is-stacked-on-mobile\"><figure class=\"wp-block-media-text__media\"><img loading=\"lazy\" decoding=\"async\" width=\"1024\" height=\"684\" src=\"https:\/\/hoyre.no\/content\/uploads\/sites\/172\/2022\/09\/DSC05020-1024x684.jpg\" alt=\"\" class=\"wp-image-336 size-full\" srcset=\"https:\/\/hoyre.no\/content\/uploads\/sites\/172\/2022\/09\/DSC05020-1024x684.jpg 1024w, https:\/\/hoyre.no\/content\/uploads\/sites\/172\/2022\/09\/DSC05020-300x200.jpg 300w, https:\/\/hoyre.no\/content\/uploads\/sites\/172\/2022\/09\/DSC05020-768x513.jpg 768w, https:\/\/hoyre.no\/content\/uploads\/sites\/172\/2022\/09\/DSC05020-1536x1026.jpg 1536w, https:\/\/hoyre.no\/content\/uploads\/sites\/172\/2022\/09\/DSC05020-2048x1368.jpg 2048w\" sizes=\"auto, (max-width: 1024px) 100vw, 1024px\" \/><\/figure><div class=\"wp-block-media-text__content\">\n<h2 class=\"wp-block-heading\">1. En skole der alle kan lykkes<\/h2>\n\n\n\n<p>\u00c9n av fem g\u00e5r ut av Nesoddskolen uten \u00e5 kunne lese, skrive og regne skikkelig. Det skyldes blant annet at skolene v\u00e5re er underfinansiert og at for mange elever ikke trives. H\u00f8yre vil skape en skole der alle kan lykkes. Vi vil prioritere tidlig innsats, flere dyktige l\u00e6rere og gode skolebygg i hele kommunen for at flere elever skal trives og oppleve mestring. I tillegg vil vi s\u00f8rge for at skolen blir bedre tilpasset hver enkelt elev, blant annet ved \u00e5 innf\u00f8re flere valgfag og linjer p\u00e5 ungdomsskolen.<\/p>\n<\/div><\/div>\n\n\n\n<div class=\"wp-block-media-text alignwide has-media-on-the-right is-stacked-on-mobile\"><div class=\"wp-block-media-text__content\">\n<h2 class=\"wp-block-heading\">2. Du skal glede deg til \u00e5 bli gammel p\u00e5 Nesodden<\/h2>\n\n\n\n<p>I 2050 vil Nesodden ha dobbelt s\u00e5 mange eldre innbyggere som i dag. Det m\u00e5 vi forberede oss p\u00e5. H\u00f8yre vil at Nesodden skal bli et mer aldersvennlig samfunn. Kommunen m\u00e5 legge til rette for en sosial og aktiv alderdom, blant annet ved \u00e5 skape flere gode m\u00f8teplasser. Eldre som trenger pleie skal m\u00f8te en kompetent helsetjeneste som gir dem valgfrihet og medbestemmelse. H\u00f8yre vil innf\u00f8re fritt brukervalg slik at hjemmeboende eldre selv kan velge hvem som skal levere tjenestene.<\/p>\n<\/div><figure class=\"wp-block-media-text__media\"><img loading=\"lazy\" decoding=\"async\" width=\"1024\" height=\"684\" src=\"https:\/\/hoyre.no\/content\/uploads\/sites\/172\/2022\/09\/DSC05490-1-1024x684.jpg\" alt=\"\" class=\"wp-image-343 size-full\" srcset=\"https:\/\/hoyre.no\/content\/uploads\/sites\/172\/2022\/09\/DSC05490-1-1024x684.jpg 1024w, https:\/\/hoyre.no\/content\/uploads\/sites\/172\/2022\/09\/DSC05490-1-300x200.jpg 300w, https:\/\/hoyre.no\/content\/uploads\/sites\/172\/2022\/09\/DSC05490-1-768x513.jpg 768w, https:\/\/hoyre.no\/content\/uploads\/sites\/172\/2022\/09\/DSC05490-1-1536x1026.jpg 1536w, https:\/\/hoyre.no\/content\/uploads\/sites\/172\/2022\/09\/DSC05490-1-2048x1368.jpg 2048w\" sizes=\"auto, (max-width: 1024px) 100vw, 1024px\" \/><\/figure><\/div>\n\n\n\n<div class=\"wp-block-media-text alignwide is-stacked-on-mobile\"><figure class=\"wp-block-media-text__media\"><img loading=\"lazy\" decoding=\"async\" width=\"1024\" height=\"684\" src=\"https:\/\/hoyre.no\/content\/uploads\/sites\/172\/2022\/09\/DSC04823-1024x684.jpg\" alt=\"\" class=\"wp-image-339 size-full\" srcset=\"https:\/\/hoyre.no\/content\/uploads\/sites\/172\/2022\/09\/DSC04823-1024x684.jpg 1024w, https:\/\/hoyre.no\/content\/uploads\/sites\/172\/2022\/09\/DSC04823-300x200.jpg 300w, https:\/\/hoyre.no\/content\/uploads\/sites\/172\/2022\/09\/DSC04823-768x513.jpg 768w, https:\/\/hoyre.no\/content\/uploads\/sites\/172\/2022\/09\/DSC04823-1536x1026.jpg 1536w, https:\/\/hoyre.no\/content\/uploads\/sites\/172\/2022\/09\/DSC04823-2048x1368.jpg 2048w\" sizes=\"auto, (max-width: 1024px) 100vw, 1024px\" \/><\/figure><div class=\"wp-block-media-text__content\">\n<h2 class=\"wp-block-heading\">3. Et boligmarked for alle<\/h2>\n\n\n\n<p>Over flere \u00e5r har Nesodden hatt blant landets h\u00f8yeste boligprisstigning. Denne trenden vil H\u00f8yre snu. Flere unge og familier med d\u00e5rlig r\u00e5d skal kunne oppleve boligdr\u00f8mmen p\u00e5 Nesodden. Vi vil derfor ta i bruk flere boligsosiale modeller, og jobbe for et mer variert boligmarked ved \u00e5 bygge flere leiligheter. I tillegg m\u00e5 det skapes et bedre tilbud til eldre som ikke lenger \u00f8nsker eller kan bo i hus med flere etasjer. H\u00f8yres m\u00e5l er et mer inkluderende og variert boligmarked som ivaretar b\u00e5de yngre, eldre og de med d\u00e5rlig r\u00e5d.<\/p>\n<\/div><\/div>\n\n\n\n<div class=\"wp-block-media-text alignwide has-media-on-the-right is-stacked-on-mobile\"><div class=\"wp-block-media-text__content\">\n<h2 class=\"wp-block-heading\">4. Hjelp n\u00e5r du trenger det<\/h2>\n\n\n\n<p>Ventetiden p\u00e5 psykisk helsehjelp er altfor lang. Du skal f\u00e5 hjelp n\u00e5r du trenger det, f\u00f8r sm\u00e5 problemer vokser seg store. H\u00f8yre vil styrke skolehelsetjenesten og gj\u00f8re den mer tilgjengelig, blant annet gjennom utvidet \u00e5pningstid og \u00f8kt tilstedev\u00e6relse p\u00e5 digitale flater. Videre er det viktig at de som sliter med rus f\u00e5r hjelp. Vi vil sikre at alle f\u00e5r en behandling som passer dem, og ta initiativ til et regionalt pr\u00f8veprosjekt med rusreform i Follo.<\/p>\n<\/div><figure class=\"wp-block-media-text__media\"><img loading=\"lazy\" decoding=\"async\" width=\"1024\" height=\"684\" src=\"https:\/\/hoyre.no\/content\/uploads\/sites\/172\/2022\/09\/DSC03872-1024x684.jpg\" alt=\"\" class=\"wp-image-328 size-full\" srcset=\"https:\/\/hoyre.no\/content\/uploads\/sites\/172\/2022\/09\/DSC03872-1024x684.jpg 1024w, https:\/\/hoyre.no\/content\/uploads\/sites\/172\/2022\/09\/DSC03872-300x200.jpg 300w, https:\/\/hoyre.no\/content\/uploads\/sites\/172\/2022\/09\/DSC03872-768x513.jpg 768w, https:\/\/hoyre.no\/content\/uploads\/sites\/172\/2022\/09\/DSC03872-1536x1026.jpg 1536w, https:\/\/hoyre.no\/content\/uploads\/sites\/172\/2022\/09\/DSC03872-2048x1368.jpg 2048w\" sizes=\"auto, (max-width: 1024px) 100vw, 1024px\" \/><\/figure><\/div>\n\n\n\n<div class=\"wp-block-media-text alignwide is-stacked-on-mobile\"><figure class=\"wp-block-media-text__media\"><img loading=\"lazy\" decoding=\"async\" width=\"1024\" height=\"684\" src=\"https:\/\/hoyre.no\/content\/uploads\/sites\/172\/2022\/09\/DSC04017-1024x684.jpg\" alt=\"\" class=\"wp-image-344 size-full\" srcset=\"https:\/\/hoyre.no\/content\/uploads\/sites\/172\/2022\/09\/DSC04017-1024x684.jpg 1024w, https:\/\/hoyre.no\/content\/uploads\/sites\/172\/2022\/09\/DSC04017-300x200.jpg 300w, https:\/\/hoyre.no\/content\/uploads\/sites\/172\/2022\/09\/DSC04017-768x513.jpg 768w, https:\/\/hoyre.no\/content\/uploads\/sites\/172\/2022\/09\/DSC04017-1536x1026.jpg 1536w, https:\/\/hoyre.no\/content\/uploads\/sites\/172\/2022\/09\/DSC04017-2048x1368.jpg 2048w\" sizes=\"auto, (max-width: 1024px) 100vw, 1024px\" \/><\/figure><div class=\"wp-block-media-text__content\">\n<h2 class=\"wp-block-heading\">5. Ta vare p\u00e5 Oslofjorden<\/h2>\n\n\n\n<p>Alle gode krefter m\u00e5 tas i bruk for \u00e5 redde Oslofjorden. Vi m\u00e5 spille p\u00e5 lag med n\u00e6ringslivet, frivilligheten og nabokommunene v\u00e5re. H\u00f8yre vil lage en nullutslippsplan for kloakk, restaurere mer marin natur og etablere et nettverk av t\u00f8mmestasjoner for fritidsb\u00e5ter. Oslofjorden kan bli en suksesshistorie hvis politikerne vil det nok. Vi i H\u00f8yre er klare til \u00e5 gj\u00f8re v\u00e5r del av jobben.<\/p>\n<\/div><\/div>\n\n\n\n<div class=\"wp-block-media-text alignwide has-media-on-the-right is-stacked-on-mobile\"><div class=\"wp-block-media-text__content\">\n<h2 class=\"wp-block-heading\">6. Vi er p\u00e5 lag med jobbskaperne<\/h2>\n\n\n\n<p>Dagens politiske ledelse har et for d\u00e5rlig samarbeid med lokalt n\u00e6ringsliv. H\u00f8yre vil gj\u00f8re det mer l\u00f8nnsomt og attraktivt \u00e5 skape arbeidsplasser p\u00e5 Nesodden. Vi heier p\u00e5 og er p\u00e5 lag med alle som vil skape jobber og verdier i kommunen. H\u00f8yre vil legge til rette for flere n\u00e6ringsarealer, og har som m\u00e5l \u00e5 redusere og \u2013 p\u00e5 sikt \u2013 fjerne skatten p\u00e5 n\u00e6ringseiendom.<\/p>\n<\/div><figure class=\"wp-block-media-text__media\"><img loading=\"lazy\" decoding=\"async\" width=\"1024\" height=\"684\" src=\"https:\/\/hoyre.no\/content\/uploads\/sites\/172\/2022\/09\/DSC04052-1024x684.jpg\" alt=\"\" class=\"wp-image-345 size-full\" srcset=\"https:\/\/hoyre.no\/content\/uploads\/sites\/172\/2022\/09\/DSC04052-1024x684.jpg 1024w, https:\/\/hoyre.no\/content\/uploads\/sites\/172\/2022\/09\/DSC04052-300x200.jpg 300w, https:\/\/hoyre.no\/content\/uploads\/sites\/172\/2022\/09\/DSC04052-768x513.jpg 768w, https:\/\/hoyre.no\/content\/uploads\/sites\/172\/2022\/09\/DSC04052-1536x1026.jpg 1536w, https:\/\/hoyre.no\/content\/uploads\/sites\/172\/2022\/09\/DSC04052-2048x1368.jpg 2048w\" sizes=\"auto, (max-width: 1024px) 100vw, 1024px\" \/><\/figure><\/div>\n\n\n\n<div class=\"wp-block-media-text alignwide is-stacked-on-mobile\"><figure class=\"wp-block-media-text__media\"><img loading=\"lazy\" decoding=\"async\" width=\"1024\" height=\"684\" src=\"https:\/\/hoyre.no\/content\/uploads\/sites\/172\/2022\/09\/DSC05466-1024x684.jpg\" alt=\"\" class=\"wp-image-350 size-full\" srcset=\"https:\/\/hoyre.no\/content\/uploads\/sites\/172\/2022\/09\/DSC05466-1024x684.jpg 1024w, https:\/\/hoyre.no\/content\/uploads\/sites\/172\/2022\/09\/DSC05466-300x200.jpg 300w, https:\/\/hoyre.no\/content\/uploads\/sites\/172\/2022\/09\/DSC05466-768x513.jpg 768w, https:\/\/hoyre.no\/content\/uploads\/sites\/172\/2022\/09\/DSC05466-1536x1026.jpg 1536w, https:\/\/hoyre.no\/content\/uploads\/sites\/172\/2022\/09\/DSC05466-2048x1368.jpg 2048w\" sizes=\"auto, (max-width: 1024px) 100vw, 1024px\" \/><\/figure><div class=\"wp-block-media-text__content\">\n<h2 class=\"wp-block-heading\">7. Vi er din garantist mot eiendomsskatt<\/h2>\n\n\n\n<p>H\u00f8yre vil ikke innf\u00f8re eiendomsskatt p\u00e5 Nesodden. Med \u00f8kende priser og stigende renter, forventes det at familier vil f\u00e5 trangere privat\u00f8konomi i tiden fremover. Det siste innbyggerne p\u00e5 Nesodden trenger er at det innf\u00f8res en ny skatt p\u00e5 hjemmene deres. <\/p>\n<\/div><\/div>\n\n\n\n<p><strong>N\u00e5 har du lest syv gode grunner til \u00e5 stemme H\u00f8yre p\u00e5 Nesodden, men det finnes mange flere! Dersom du ikke fant din hjertesak p\u00e5 listen, kan vi anbefale deg \u00e5 ta en kikk i programmet v\u00e5rt. Her kan du finne ut hva H\u00f8yre mener om det som er viktigst for deg<\/strong>:<\/p>\n\n\n\n<div class=\"wp-block-teft-accentuated-link undefined has-image\"><div class=\"kf-link__wrapper\"><div class=\"kf-link__tagline\">Dette Gikk H\u00f8yre til valg p\u00e5 i 2023:<\/div><a class=\"kf-link__link\" href=\"https:\/\/hoyre.no\/nesodden\/aktuelt\/nesodden-hoyre-nytt-partiprogram\/\" rel=\"https:\/\/hoyre.no\/nesodden\/aktuelt\/nesodden-hoyre-nytt-partiprogram\/\">Nesodden H\u00f8yres valgprogram 2023-2027<span class=\"kf-link__link-source\">hoyre.no<\/span><\/a><\/div><figure class=\"hoyre-image-wrapper\"><div class=\"hoyre-image\"><img loading=\"lazy\" decoding=\"async\" width=\"2500\" height=\"1670\" src=\"https:\/\/hoyre.no\/content\/uploads\/sites\/172\/2022\/09\/DSC04446-scaled.jpg\" class=\"attachment-scaled size-scaled\" alt=\"\" style=\"object-position: 50% 50%\" srcset=\"https:\/\/hoyre.no\/content\/uploads\/sites\/172\/2022\/09\/DSC04446-scaled.jpg 2500w, https:\/\/hoyre.no\/content\/uploads\/sites\/172\/2022\/09\/DSC04446-300x200.jpg 300w, https:\/\/hoyre.no\/content\/uploads\/sites\/172\/2022\/09\/DSC04446-1024x684.jpg 1024w, https:\/\/hoyre.no\/content\/uploads\/sites\/172\/2022\/09\/DSC04446-768x513.jpg 768w, https:\/\/hoyre.no\/content\/uploads\/sites\/172\/2022\/09\/DSC04446-1536x1026.jpg 1536w, https:\/\/hoyre.no\/content\/uploads\/sites\/172\/2022\/09\/DSC04446-2048x1368.jpg 2048w\" sizes=\"auto, (max-width: 2500px) 100vw, 2500px\" \/><\/div><\/figure><\/div>\n\n\n\n","protected":false},"excerpt":{"rendered":"","protected":false},"author":11570,"featured_media":0,"parent":0,"menu_order":0,"comment_status":"closed","ping_status":"closed","template":"","meta":{"teft_cards_image_url":"","teft_cards_custom_pretitle":"","teft_cards_image_id":350,"teft_cards_image_focal_point_x":0.5,"teft_cards_image_focal_point_y":0.5,"teft_cards_title":"Syv gode grunner til \u00e5 stemme H\u00f8yre p\u00e5 Nesodden","teft_cards_excerpt":"","teft_show_chapters":false,"footnotes":""},"class_list":["post-331","page","type-page","status-publish","hentry"],"yoast_head":"<!-- This site is optimized with the Yoast SEO plugin v26.6 - https:\/\/yoast.com\/wordpress\/plugins\/seo\/ -->\n<title>Syv gode grunner til \u00e5 stemme H\u00f8yre - Nesodden H\u00f8yre<\/title>\n<meta name=\"robots\" content=\"index, follow, max-snippet:-1, max-image-preview:large, max-video-preview:-1\" \/>\n<link rel=\"canonical\" href=\"https:\/\/hoyre.no\/nesodden\/syv-gode-grunner-til-a-stemme-hoyre\/\" \/>\n<meta property=\"og:locale\" content=\"nb_NO\" \/>\n<meta property=\"og:type\" content=\"article\" \/>\n<meta property=\"og:title\" content=\"Syv gode grunner til \u00e5 stemme H\u00f8yre p\u00e5 Nesodden\" \/>\n<meta property=\"og:description\" content=\"En stemme p\u00e5 H\u00f8yre er en stemme p\u00e5 noen som er p\u00e5 lag med deg.\" \/>\n<meta property=\"og:url\" content=\"https:\/\/hoyre.no\/nesodden\/syv-gode-grunner-til-a-stemme-hoyre\/\" \/>\n<meta property=\"og:site_name\" content=\"Nesodden H\u00f8yre\" \/>\n<meta property=\"article:modified_time\" content=\"2023-09-23T10:50:44+00:00\" \/>\n<meta property=\"og:image\" content=\"https:\/\/hoyre.no\/content\/uploads\/sites\/172\/2022\/09\/DSC03872-scaled.jpg\" \/>\n\t<meta property=\"og:image:width\" content=\"2500\" \/>\n\t<meta property=\"og:image:height\" content=\"1670\" \/>\n\t<meta property=\"og:image:type\" content=\"image\/jpeg\" \/>\n<meta name=\"twitter:card\" content=\"summary_large_image\" \/>\n<meta name=\"twitter:label1\" content=\"Ansl. lesetid\" \/>\n\t<meta name=\"twitter:data1\" content=\"6 minutter\" \/>\n<script type=\"application\/ld+json\" class=\"yoast-schema-graph\">{\"@context\":\"https:\/\/schema.org\",\"@graph\":[{\"@type\":\"WebPage\",\"@id\":\"https:\/\/hoyre.no\/nesodden\/syv-gode-grunner-til-a-stemme-hoyre\/\",\"url\":\"https:\/\/hoyre.no\/nesodden\/syv-gode-grunner-til-a-stemme-hoyre\/\",\"name\":\"Syv gode grunner til \u00e5 stemme H\u00f8yre - Nesodden H\u00f8yre\",\"isPartOf\":{\"@id\":\"https:\/\/hoyre.no\/nesodden\/#website\"},\"image\":{\"@id\":\"https:\/\/hoyre.no\/nesodden\/syv-gode-grunner-til-a-stemme-hoyre\/#primaryimage\"},\"thumbnailUrl\":\"https:\/\/hoyre.no\/content\/uploads\/sites\/172\/2022\/09\/DSC05020-1024x684.jpg\",\"datePublished\":\"2022-09-24T21:55:12+00:00\",\"dateModified\":\"2023-09-23T10:50:44+00:00\",\"breadcrumb\":{\"@id\":\"https:\/\/hoyre.no\/nesodden\/syv-gode-grunner-til-a-stemme-hoyre\/#breadcrumb\"},\"inLanguage\":\"nb-NO\",\"potentialAction\":[{\"@type\":\"ReadAction\",\"target\":[\"https:\/\/hoyre.no\/nesodden\/syv-gode-grunner-til-a-stemme-hoyre\/\"]}]},{\"@type\":\"ImageObject\",\"inLanguage\":\"nb-NO\",\"@id\":\"https:\/\/hoyre.no\/nesodden\/syv-gode-grunner-til-a-stemme-hoyre\/#primaryimage\",\"url\":\"https:\/\/hoyre.no\/content\/uploads\/sites\/172\/2022\/09\/DSC05020-1024x684.jpg\",\"contentUrl\":\"https:\/\/hoyre.no\/content\/uploads\/sites\/172\/2022\/09\/DSC05020-1024x684.jpg\"},{\"@type\":\"BreadcrumbList\",\"@id\":\"https:\/\/hoyre.no\/nesodden\/syv-gode-grunner-til-a-stemme-hoyre\/#breadcrumb\",\"itemListElement\":[{\"@type\":\"ListItem\",\"position\":1,\"name\":\"Til hoyre.no\",\"item\":\"https:\/\/hoyre.no\"},{\"@type\":\"ListItem\",\"position\":2,\"name\":\"Hjem\",\"item\":\"https:\/\/hoyre.no\/nesodden\/\"},{\"@type\":\"ListItem\",\"position\":3,\"name\":\"Syv gode grunner til \u00e5 stemme H\u00f8yre\"}]},{\"@type\":\"WebSite\",\"@id\":\"https:\/\/hoyre.no\/nesodden\/#website\",\"url\":\"https:\/\/hoyre.no\/nesodden\/\",\"name\":\"Nesodden H\u00f8yre\",\"description\":\"Bare enda et H\u00f8yres nettsteder-nettsted\",\"inLanguage\":\"nb-NO\"}]}<\/script>\n<!-- \/ Yoast SEO plugin. -->","yoast_head_json":{"title":"Syv gode grunner til \u00e5 stemme H\u00f8yre - Nesodden H\u00f8yre","robots":{"index":"index","follow":"follow","max-snippet":"max-snippet:-1","max-image-preview":"max-image-preview:large","max-video-preview":"max-video-preview:-1"},"canonical":"https:\/\/hoyre.no\/nesodden\/syv-gode-grunner-til-a-stemme-hoyre\/","og_locale":"nb_NO","og_type":"article","og_title":"Syv gode grunner til \u00e5 stemme H\u00f8yre p\u00e5 Nesodden","og_description":"En stemme p\u00e5 H\u00f8yre er en stemme p\u00e5 noen som er p\u00e5 lag med deg.","og_url":"https:\/\/hoyre.no\/nesodden\/syv-gode-grunner-til-a-stemme-hoyre\/","og_site_name":"Nesodden H\u00f8yre","article_modified_time":"2023-09-23T10:50:44+00:00","og_image":[{"width":2500,"height":1670,"url":"https:\/\/hoyre.no\/content\/uploads\/sites\/172\/2022\/09\/DSC03872-scaled.jpg","type":"image\/jpeg"}],"twitter_card":"summary_large_image","twitter_misc":{"Ansl. lesetid":"6 minutter"},"schema":{"@context":"https:\/\/schema.org","@graph":[{"@type":"WebPage","@id":"https:\/\/hoyre.no\/nesodden\/syv-gode-grunner-til-a-stemme-hoyre\/","url":"https:\/\/hoyre.no\/nesodden\/syv-gode-grunner-til-a-stemme-hoyre\/","name":"Syv gode grunner til \u00e5 stemme H\u00f8yre - Nesodden H\u00f8yre","isPartOf":{"@id":"https:\/\/hoyre.no\/nesodden\/#website"},"image":{"@id":"https:\/\/hoyre.no\/nesodden\/syv-gode-grunner-til-a-stemme-hoyre\/#primaryimage"},"thumbnailUrl":"https:\/\/hoyre.no\/content\/uploads\/sites\/172\/2022\/09\/DSC05020-1024x684.jpg","datePublished":"2022-09-24T21:55:12+00:00","dateModified":"2023-09-23T10:50:44+00:00","breadcrumb":{"@id":"https:\/\/hoyre.no\/nesodden\/syv-gode-grunner-til-a-stemme-hoyre\/#breadcrumb"},"inLanguage":"nb-NO","potentialAction":[{"@type":"ReadAction","target":["https:\/\/hoyre.no\/nesodden\/syv-gode-grunner-til-a-stemme-hoyre\/"]}]},{"@type":"ImageObject","inLanguage":"nb-NO","@id":"https:\/\/hoyre.no\/nesodden\/syv-gode-grunner-til-a-stemme-hoyre\/#primaryimage","url":"https:\/\/hoyre.no\/content\/uploads\/sites\/172\/2022\/09\/DSC05020-1024x684.jpg","contentUrl":"https:\/\/hoyre.no\/content\/uploads\/sites\/172\/2022\/09\/DSC05020-1024x684.jpg"},{"@type":"BreadcrumbList","@id":"https:\/\/hoyre.no\/nesodden\/syv-gode-grunner-til-a-stemme-hoyre\/#breadcrumb","itemListElement":[{"@type":"ListItem","position":1,"name":"Til hoyre.no","item":"https:\/\/hoyre.no"},{"@type":"ListItem","position":2,"name":"Hjem","item":"https:\/\/hoyre.no\/nesodden\/"},{"@type":"ListItem","position":3,"name":"Syv gode grunner til \u00e5 stemme H\u00f8yre"}]},{"@type":"WebSite","@id":"https:\/\/hoyre.no\/nesodden\/#website","url":"https:\/\/hoyre.no\/nesodden\/","name":"Nesodden H\u00f8yre","description":"Bare enda et H\u00f8yres nettsteder-nettsted","inLanguage":"nb-NO"}]}},"distributor_meta":false,"distributor_terms":false,"distributor_media":false,"distributor_original_site_name":"Nesodden H\u00f8yre","distributor_original_site_url":"https:\/\/hoyre.no\/nesodden","push-errors":false,"_links":{"self":[{"href":"https:\/\/hoyre.no\/nesodden\/wp-json\/wp\/v2\/pages\/331","targetHints":{"allow":["GET"]}}],"collection":[{"href":"https:\/\/hoyre.no\/nesodden\/wp-json\/wp\/v2\/pages"}],"about":[{"href":"https:\/\/hoyre.no\/nesodden\/wp-json\/wp\/v2\/types\/page"}],"author":[{"embeddable":true,"href":"https:\/\/hoyre.no\/nesodden\/wp-json\/wp\/v2\/users\/11570"}],"replies":[{"embeddable":true,"href":"https:\/\/hoyre.no\/nesodden\/wp-json\/wp\/v2\/comments?post=331"}],"version-history":[{"count":38,"href":"https:\/\/hoyre.no\/nesodden\/wp-json\/wp\/v2\/pages\/331\/revisions"}],"predecessor-version":[{"id":922,"href":"https:\/\/hoyre.no\/nesodden\/wp-json\/wp\/v2\/pages\/331\/revisions\/922"}],"wp:attachment":[{"href":"https:\/\/hoyre.no\/nesodden\/wp-json\/wp\/v2\/media?parent=331"}],"curies":[{"name":"wp","href":"https:\/\/api.w.org\/{rel}","templated":true}]}}