{"id":1522,"date":"2026-04-23T15:51:32","date_gmt":"2026-04-23T13:51:32","guid":{"rendered":"https:\/\/hoyre.no\/nesodden\/?post_type=teft-events&#038;p=1522"},"modified":"2026-04-24T10:43:14","modified_gmt":"2026-04-24T08:43:14","slug":"kvinnehelse-na-ma-det-prioriteres","status":"publish","type":"teft-events","link":"https:\/\/hoyre.no\/nesodden\/arrangementer\/kvinnehelse-na-ma-det-prioriteres\/","title":{"rendered":"Kvinnehelse: N\u00e5 m\u00e5 det prioriteres!"},"content":{"rendered":"\n<div class=\"wp-block-teft-event-top\">\n\n<div class=\"teft-event-date-top\">\n<div class=\"teft-event-date-wrapper\">\n\t<div class=\"date-square\" aria-hidden=\"true\">\n\t\t02\t\t\t<\/div>\n<\/div>\n\t<div class=\"top-text\">\n\t\t\t\t\t<p class=\"top-date-text\">tirsdag 02. juni 2026<\/p>\n\t\t\t\t\t\t\t<p class=\"top-time-text\">19:00 &#8211; 21:00<\/p>\n\t\t\t\t\t\t<\/div>\n\t\t<div class=\"sharing\">\n\t\t<a class=\"share-button share-link copy-link\" data-copy=\"https:\/\/hoyre.no\/nesodden\/arrangementer\/kvinnehelse-na-ma-det-prioriteres\/\" target=\"_blank\"><span class=\"screen-reader-text\">Del link<\/span><\/a>\n\t\t<a class=\"share-button share-twitter\" href=\"http:\/\/twitter.com\/share?text=Kvinnehelse: N\u00e5 m\u00e5 det prioriteres!&#038;url=https:\/\/hoyre.no\/nesodden\/arrangementer\/kvinnehelse-na-ma-det-prioriteres\/&#038;hashtags=Hoyre\" target=\"_blank\"><span class=\"screen-reader-text\">Del p\u00e5 twitter<\/span><\/a>\n\t\t<a class=\"share-button share-facebook\" href=\"https:\/\/www.facebook.com\/sharer\/sharer.php?u=https:\/\/hoyre.no\/nesodden\/arrangementer\/kvinnehelse-na-ma-det-prioriteres\/\" target=\"_blank\"><span class=\"screen-reader-text\">Del p\u00e5 facebook<\/span><\/a>\n\t<\/div>\n\t<\/div>\n<p class=\"preamble\">Velkommen til \u00e5pent m\u00f8te om et viktig, men dessverre ofte nedprioritert, tema!<\/p><figure class=\"hoyre-image-wrapper\"><div class=\"hoyre-image\"><img loading=\"lazy\" decoding=\"async\" width=\"960\" height=\"548\" src=\"https:\/\/hoyre.no\/content\/uploads\/sites\/172\/2026\/04\/Maggie.jpg\" class=\"attachment-scaled size-scaled\" alt=\"Margret Hagerup\" style=\"object-position: 50% 50%\" srcset=\"https:\/\/hoyre.no\/content\/uploads\/sites\/172\/2026\/04\/Maggie.jpg 960w, https:\/\/hoyre.no\/content\/uploads\/sites\/172\/2026\/04\/Maggie-300x171.jpg 300w, https:\/\/hoyre.no\/content\/uploads\/sites\/172\/2026\/04\/Maggie-768x438.jpg 768w\" sizes=\"auto, (max-width: 960px) 100vw, 960px\" \/><\/div><\/figure>\n\n<div class=\"panel teft-details-panel\">\n\t\t<h3>Detaljer<\/h3>\n\n\t\t\t\t\t<dl class=\"info-misc-with-icons\">\n\t\t\t\t<dt class=\"venue\"><span class=\"screen-reader-text\">Stedet<\/span><\/dt>\n\t\t\t\t<dd>\n\t\t\t\t\t\t\t\t\t\t\t<span class=\"address-line-1\">Ungdomsarenaen p\u00e5 Tangenten<\/span>\n\t\t\t\t\t\t\t\t\t\t\t\t\t\t\t\t<span class=\"address-line-2\">Kongleveien 2, 1452 Nesoddtangen<\/span>\n\t\t\t\t\t\t\t\t\t<\/dd>\n\t\t\t<\/dl>\n\t\t\t\t\t\t\t<dl class=\"info-misc-with-icons\">\n\t\t<dt class=\"time\"><span class=\"screen-reader-text\">Arrangement dato<\/span><\/dt>\n\t\t<dd class=\"time\">\n\t\t\ttir 2. juni 2026 fra  19:00 &#8211; 21:00\t\t<\/dd>\n\t<\/dl>\n\t\t\t\t\t\t<dl class=\"info-misc-with-icons\">\n\t\t<dt class=\"registration\"><span class=\"screen-reader-text\">P\u00e5meldingsdetajer<\/span><\/dt>\n\t\t<dd class=\"registration\">\n\t\t\tGratis\t\t\t\t\t<\/dd>\n\t<\/dl>\n\t\t<\/dl>\n<\/div>\n<\/div>\n\n\n\n\n<h2 class=\"wp-block-heading\">Informasjon<\/h2>\n\n\n\n<p>Nesodden H\u00f8yre inviterer til \u00e5pent m\u00f8te om kvinnehelse tirsdag 2. juni klokken 19.00 til 21.00 i Ungdomsarenaen p\u00e5 Tangenten.<\/p>\n\n\n\n<p>Vi er veldig glade for \u00e5 f\u00e5 bes\u00f8k av stortingsrepresentant Margret Hagerup, som vil dele sine perspektiver p\u00e5 kvinnehelse og fortelle om arbeidet hun gj\u00f8r p\u00e5 feltet.<\/p>\n\n\n\n<p>Hagerup har markert seg som en engasjert forkjemper for at kvinnehelse m\u00e5 tas mer p\u00e5 alvor, b\u00e5de fordi det betyr mye for den enkelte kvinne, og fordi det er viktig for samfunnet som helhet.<\/p>\n\n\n\n<p>Dette er et tema som fortjener st\u00f8rre oppmerksomhet, mer kunnskap og en \u00e5pen samtale. Derfor h\u00e5per vi at mange vil ta turen.<\/p>\n\n\n\n<p>Nesodden H\u00f8yre, Senior H\u00f8yre og Unge H\u00f8yre er sammen ansvarlige for arrangementet.<\/p>\n\n\n\n<p>M\u00f8tet er \u00e5pent for alle, og vi \u00f8nsker hjertelig velkommen!<\/p>\n\n\n\n<p><strong>Ta kontakt med Agnethe Ekre om du har sp\u00f8rsm\u00e5l:<\/strong>&nbsp;<a href=\"https:\/\/hoyre.no\/personprofiler\/agnethe-ekre\/?fbclid=IwZXh0bgNhZW0CMTAAYnJpZBExRm1HQml4V3BPbkhVc3Ayc3NydGMGYXBwX2lkEDIyMjAzOTE3ODgyMDA4OTIAAR402QUQ5H38zJXoI6QR6YxIzgMsXxZI2n_rc-OfkNo0z0k_zZ-xmOcaedQR1g_aem_x3ekEi6xTwDDnWsej84Msg\" target=\"_blank\" rel=\"noreferrer noopener\">https:\/\/hoyre.no\/personprofiler\/agnethe-ekre\/<\/a><\/p>\n\n\n<div class=\"post-meta wp-block\">\n\t<div class=\"top\">\n\t\t<div class=\"sharing\">\n\t\t\t<a class=\"share-button share-link\" target=\"_blank\"><span class=\"screen-reader-text\">Del link<\/span><\/a>\n\t\t\t<a class=\"share-button share-twitter\" href=\"http:\/\/twitter.com\/share?text=Kvinnehelse: N\u00e5 m\u00e5 det prioriteres!&#038;url=https:\/\/hoyre.no\/nesodden\/arrangementer\/kvinnehelse-na-ma-det-prioriteres\/&#038;hashtags=Hoyre\"><span class=\"screen-reader-text\">Del p\u00e5 twitter<\/span><\/a>\n\t\t\t<a class=\"share-button share-facebook\" href=\"https:\/\/www.facebook.com\/sharer\/sharer.php?u=https:\/\/hoyre.no\/nesodden\/arrangementer\/kvinnehelse-na-ma-det-prioriteres\/\" target=\"_blank\"><span class=\"screen-reader-text\">Del p\u00e5 facebook<\/span><\/a>\n\t\t<\/div>\n\t<\/div>\n<\/div>\n","protected":false},"template":"","meta":{"teft_cards_image_url":"","teft_cards_custom_pretitle":"","teft_cards_image_id":1523,"teft_cards_image_focal_point_x":0.5,"teft_cards_image_focal_point_y":0.5,"teft_cards_title":"Kvinnehelse: N\u00e5 m\u00e5 det prioriteres!","teft_cards_excerpt":"","teft_show_chapters":false,"event_organizer":[],"event_start_date":"2026-06-02T19:00:00","event_end_date":"2026-06-02T21:00:00","event_registration_url":"","event_registration_deadline":"","event_ticket_cost":"Gratis","event_venue_name":"Ungdomsarenaen p\u00e5 Tangenten","event_venue_url":"","event_venue_address":"Kongleveien 2, 1452 Nesoddtangen"},"teft-events-category":[],"class_list":["post-1522","teft-events","type-teft-events","status-publish","hentry"],"yoast_head":"<!-- This site is optimized with the Yoast SEO plugin v26.6 - https:\/\/yoast.com\/wordpress\/plugins\/seo\/ -->\n<title>Kvinnehelse: N\u00e5 m\u00e5 det prioriteres! - Nesodden H\u00f8yre<\/title>\n<meta name=\"robots\" content=\"index, follow, max-snippet:-1, max-image-preview:large, max-video-preview:-1\" \/>\n<link rel=\"canonical\" href=\"https:\/\/hoyre.no\/nesodden\/arrangementer\/kvinnehelse-na-ma-det-prioriteres\/\" \/>\n<meta property=\"og:locale\" content=\"nb_NO\" \/>\n<meta property=\"og:type\" content=\"article\" \/>\n<meta property=\"og:title\" content=\"Kvinnehelse: N\u00e5 m\u00e5 det prioriteres! - Nesodden H\u00f8yre\" \/>\n<meta property=\"og:url\" content=\"https:\/\/hoyre.no\/nesodden\/arrangementer\/kvinnehelse-na-ma-det-prioriteres\/\" \/>\n<meta property=\"og:site_name\" content=\"Nesodden H\u00f8yre\" \/>\n<meta property=\"article:modified_time\" content=\"2026-04-24T08:43:14+00:00\" \/>\n<meta property=\"og:image\" content=\"https:\/\/hoyre.no\/content\/uploads\/sites\/172\/2026\/04\/Maggie.jpg\" \/>\n<meta name=\"twitter:card\" content=\"summary_large_image\" \/>\n<meta name=\"twitter:label1\" content=\"Ansl. lesetid\" \/>\n\t<meta name=\"twitter:data1\" content=\"1 minutt\" \/>\n<script type=\"application\/ld+json\" class=\"yoast-schema-graph\">{\"@context\":\"https:\/\/schema.org\",\"@graph\":[{\"@type\":\"WebPage\",\"@id\":\"https:\/\/hoyre.no\/nesodden\/arrangementer\/kvinnehelse-na-ma-det-prioriteres\/\",\"url\":\"https:\/\/hoyre.no\/nesodden\/arrangementer\/kvinnehelse-na-ma-det-prioriteres\/\",\"name\":\"Kvinnehelse: N\u00e5 m\u00e5 det prioriteres! - Nesodden H\u00f8yre\",\"isPartOf\":{\"@id\":\"https:\/\/hoyre.no\/nesodden\/#website\"},\"datePublished\":\"2026-04-23T13:51:32+00:00\",\"dateModified\":\"2026-04-24T08:43:14+00:00\",\"breadcrumb\":{\"@id\":\"https:\/\/hoyre.no\/nesodden\/arrangementer\/kvinnehelse-na-ma-det-prioriteres\/#breadcrumb\"},\"inLanguage\":\"nb-NO\",\"potentialAction\":[{\"@type\":\"ReadAction\",\"target\":[\"https:\/\/hoyre.no\/nesodden\/arrangementer\/kvinnehelse-na-ma-det-prioriteres\/\"]}]},{\"@type\":\"BreadcrumbList\",\"@id\":\"https:\/\/hoyre.no\/nesodden\/arrangementer\/kvinnehelse-na-ma-det-prioriteres\/#breadcrumb\",\"itemListElement\":[{\"@type\":\"ListItem\",\"position\":1,\"name\":\"Til hoyre.no\",\"item\":\"https:\/\/hoyre.no\"},{\"@type\":\"ListItem\",\"position\":2,\"name\":\"Hjem\",\"item\":\"https:\/\/hoyre.no\/nesodden\/\"},{\"@type\":\"ListItem\",\"position\":3,\"name\":\"Arrangement\",\"item\":\"https:\/\/hoyre.no\/nesodden\/arrangementer\/\"},{\"@type\":\"ListItem\",\"position\":4,\"name\":\"Kvinnehelse: N\u00e5 m\u00e5 det prioriteres!\"}]},{\"@type\":\"WebSite\",\"@id\":\"https:\/\/hoyre.no\/nesodden\/#website\",\"url\":\"https:\/\/hoyre.no\/nesodden\/\",\"name\":\"Nesodden H\u00f8yre\",\"description\":\"Bare enda et H\u00f8yres nettsteder-nettsted\",\"inLanguage\":\"nb-NO\"}]}<\/script>\n<!-- \/ Yoast SEO plugin. -->","yoast_head_json":{"title":"Kvinnehelse: N\u00e5 m\u00e5 det prioriteres! - Nesodden H\u00f8yre","robots":{"index":"index","follow":"follow","max-snippet":"max-snippet:-1","max-image-preview":"max-image-preview:large","max-video-preview":"max-video-preview:-1"},"canonical":"https:\/\/hoyre.no\/nesodden\/arrangementer\/kvinnehelse-na-ma-det-prioriteres\/","og_locale":"nb_NO","og_type":"article","og_title":"Kvinnehelse: N\u00e5 m\u00e5 det prioriteres! - Nesodden H\u00f8yre","og_url":"https:\/\/hoyre.no\/nesodden\/arrangementer\/kvinnehelse-na-ma-det-prioriteres\/","og_site_name":"Nesodden H\u00f8yre","article_modified_time":"2026-04-24T08:43:14+00:00","og_image":[{"url":"https:\/\/hoyre.no\/content\/uploads\/sites\/172\/2026\/04\/Maggie.jpg","width":"","height":"","type":""}],"twitter_card":"summary_large_image","twitter_misc":{"Ansl. lesetid":"1 minutt"},"schema":{"@context":"https:\/\/schema.org","@graph":[{"@type":"WebPage","@id":"https:\/\/hoyre.no\/nesodden\/arrangementer\/kvinnehelse-na-ma-det-prioriteres\/","url":"https:\/\/hoyre.no\/nesodden\/arrangementer\/kvinnehelse-na-ma-det-prioriteres\/","name":"Kvinnehelse: N\u00e5 m\u00e5 det prioriteres! - Nesodden H\u00f8yre","isPartOf":{"@id":"https:\/\/hoyre.no\/nesodden\/#website"},"datePublished":"2026-04-23T13:51:32+00:00","dateModified":"2026-04-24T08:43:14+00:00","breadcrumb":{"@id":"https:\/\/hoyre.no\/nesodden\/arrangementer\/kvinnehelse-na-ma-det-prioriteres\/#breadcrumb"},"inLanguage":"nb-NO","potentialAction":[{"@type":"ReadAction","target":["https:\/\/hoyre.no\/nesodden\/arrangementer\/kvinnehelse-na-ma-det-prioriteres\/"]}]},{"@type":"BreadcrumbList","@id":"https:\/\/hoyre.no\/nesodden\/arrangementer\/kvinnehelse-na-ma-det-prioriteres\/#breadcrumb","itemListElement":[{"@type":"ListItem","position":1,"name":"Til hoyre.no","item":"https:\/\/hoyre.no"},{"@type":"ListItem","position":2,"name":"Hjem","item":"https:\/\/hoyre.no\/nesodden\/"},{"@type":"ListItem","position":3,"name":"Arrangement","item":"https:\/\/hoyre.no\/nesodden\/arrangementer\/"},{"@type":"ListItem","position":4,"name":"Kvinnehelse: N\u00e5 m\u00e5 det prioriteres!"}]},{"@type":"WebSite","@id":"https:\/\/hoyre.no\/nesodden\/#website","url":"https:\/\/hoyre.no\/nesodden\/","name":"Nesodden H\u00f8yre","description":"Bare enda et H\u00f8yres nettsteder-nettsted","inLanguage":"nb-NO"}]}},"distributor_meta":false,"distributor_terms":false,"distributor_media":false,"distributor_original_site_name":"Nesodden H\u00f8yre","distributor_original_site_url":"https:\/\/hoyre.no\/nesodden","push-errors":false,"_links":{"self":[{"href":"https:\/\/hoyre.no\/nesodden\/wp-json\/wp\/v2\/teft-events\/1522","targetHints":{"allow":["GET"]}}],"collection":[{"href":"https:\/\/hoyre.no\/nesodden\/wp-json\/wp\/v2\/teft-events"}],"about":[{"href":"https:\/\/hoyre.no\/nesodden\/wp-json\/wp\/v2\/types\/teft-events"}],"wp:attachment":[{"href":"https:\/\/hoyre.no\/nesodden\/wp-json\/wp\/v2\/media?parent=1522"}],"wp:term":[{"taxonomy":"teft-events-category","embeddable":true,"href":"https:\/\/hoyre.no\/nesodden\/wp-json\/wp\/v2\/teft-events-category?post=1522"}],"curies":[{"name":"wp","href":"https:\/\/api.w.org\/{rel}","templated":true}]}}

Kvinnehelse: Nå må det prioriteres!

<div class="wp-block-teft-event-top">

<div class="teft-event-date-top">
<div class="teft-event-date-wrapper">
	<div class="date-square" aria-hidden="true">
		02			</div>
</div>
	<div class="top-text">
					<p class="top-date-text">tirsdag 02. juni 2026</p>
							<p class="top-time-text">19:00 &#8211; 21:00</p>
						</div>
		<div class="sharing">
		<a class="share-button share-link copy-link" data-copy="https://hoyre.no/nesodden/arrangementer/kvinnehelse-na-ma-det-prioriteres/" target="_blank"><span class="screen-reader-text">Del link</span></a>
		<a class="share-button share-twitter" href="http://twitter.com/share?text=Kvinnehelse: Nå må det prioriteres!&#038;url=https://hoyre.no/nesodden/arrangementer/kvinnehelse-na-ma-det-prioriteres/&#038;hashtags=Hoyre" target="_blank"><span class="screen-reader-text">Del på twitter</span></a>
		<a class="share-button share-facebook" href="https://www.facebook.com/sharer/sharer.php?u=https://hoyre.no/nesodden/arrangementer/kvinnehelse-na-ma-det-prioriteres/" target="_blank"><span class="screen-reader-text">Del på facebook</span></a>
	</div>
	</div>
<p class="preamble">Velkommen til åpent møte om et viktig, men dessverre ofte nedprioritert, tema!</p><figure class="hoyre-image-wrapper"><div class="hoyre-image"><img loading="lazy" decoding="async" width="960" height="548" src="https://hoyre.no/content/uploads/sites/172/2026/04/Maggie.jpg" class="attachment-scaled size-scaled" alt="Margret Hagerup" style="object-position: 50% 50%" srcset="https://hoyre.no/content/uploads/sites/172/2026/04/Maggie.jpg 960w, https://hoyre.no/content/uploads/sites/172/2026/04/Maggie-300x171.jpg 300w, https://hoyre.no/content/uploads/sites/172/2026/04/Maggie-768x438.jpg 768w" sizes="auto, (max-width: 960px) 100vw, 960px" /></div></figure>

<div class="panel teft-details-panel">
		<h3>Detaljer</h3>

					<dl class="info-misc-with-icons">
				<dt class="venue"><span class="screen-reader-text">Stedet</span></dt>
				<dd>
											<span class="address-line-1">Ungdomsarenaen på Tangenten</span>
																<span class="address-line-2">Kongleveien 2, 1452 Nesoddtangen</span>
									</dd>
			</dl>
							<dl class="info-misc-with-icons">
		<dt class="time"><span class="screen-reader-text">Arrangement dato</span></dt>
		<dd class="time">
			tir 2. juni 2026 fra  19:00 &#8211; 21:00		</dd>
	</dl>
						<dl class="info-misc-with-icons">
		<dt class="registration"><span class="screen-reader-text">Påmeldingsdetajer</span></dt>
		<dd class="registration">
			Gratis					</dd>
	</dl>
		</dl>
</div>
</div>




<h2 class="wp-block-heading">Informasjon</h2>



<p>Nesodden Høyre inviterer til åpent møte om kvinnehelse tirsdag 2. juni klokken 19.00 til 21.00 i Ungdomsarenaen på Tangenten.</p>



<p>Vi er veldig glade for å få besøk av stortingsrepresentant Margret Hagerup, som vil dele sine perspektiver på kvinnehelse og fortelle om arbeidet hun gjør på feltet.</p>



<p>Hagerup har markert seg som en engasjert forkjemper for at kvinnehelse må tas mer på alvor, både fordi det betyr mye for den enkelte kvinne, og fordi det er viktig for samfunnet som helhet.</p>



<p>Dette er et tema som fortjener større oppmerksomhet, mer kunnskap og en åpen samtale. Derfor håper vi at mange vil ta turen.</p>



<p>Nesodden Høyre, Senior Høyre og Unge Høyre er sammen ansvarlige for arrangementet.</p>



<p>Møtet er åpent for alle, og vi ønsker hjertelig velkommen!</p>



<p><strong>Ta kontakt med Agnethe Ekre om du har spørsmål:</strong>&nbsp;<a href="https://hoyre.no/personprofiler/agnethe-ekre/?fbclid=IwZXh0bgNhZW0CMTAAYnJpZBExRm1HQml4V3BPbkhVc3Ayc3NydGMGYXBwX2lkEDIyMjAzOTE3ODgyMDA4OTIAAR402QUQ5H38zJXoI6QR6YxIzgMsXxZI2n_rc-OfkNo0z0k_zZ-xmOcaedQR1g_aem_x3ekEi6xTwDDnWsej84Msg" target="_blank" rel="noreferrer noopener">https://hoyre.no/personprofiler/agnethe-ekre/</a></p>


<div class="post-meta wp-block">
	<div class="top">
		<div class="sharing">
			<a class="share-button share-link" target="_blank"><span class="screen-reader-text">Del link</span></a>
			<a class="share-button share-twitter" href="http://twitter.com/share?text=Kvinnehelse: Nå må det prioriteres!&#038;url=https://hoyre.no/nesodden/arrangementer/kvinnehelse-na-ma-det-prioriteres/&#038;hashtags=Hoyre"><span class="screen-reader-text">Del på twitter</span></a>
			<a class="share-button share-facebook" href="https://www.facebook.com/sharer/sharer.php?u=https://hoyre.no/nesodden/arrangementer/kvinnehelse-na-ma-det-prioriteres/" target="_blank"><span class="screen-reader-text">Del på facebook</span></a>
		</div>
	</div>
</div>

Ungdomsarenaen på Tangenten

<!-- This site is optimized with the Yoast SEO plugin v26.6 - https://yoast.com/wordpress/plugins/seo/ -->
<title>Kvinnehelse: Nå må det prioriteres! - Nesodden Høyre</title>
<meta name="robots" content="index, follow, max-snippet:-1, max-image-preview:large, max-video-preview:-1" />
<link rel="canonical" href="https://hoyre.no/nesodden/arrangementer/kvinnehelse-na-ma-det-prioriteres/" />
<meta property="og:locale" content="nb_NO" />
<meta property="og:type" content="article" />
<meta property="og:title" content="Kvinnehelse: Nå må det prioriteres! - Nesodden Høyre" />
<meta property="og:url" content="https://hoyre.no/nesodden/arrangementer/kvinnehelse-na-ma-det-prioriteres/" />
<meta property="og:site_name" content="Nesodden Høyre" />
<meta property="article:modified_time" content="2026-04-24T08:43:14+00:00" />
<meta property="og:image" content="https://hoyre.no/content/uploads/sites/172/2026/04/Maggie.jpg" />
<meta name="twitter:card" content="summary_large_image" />
<meta name="twitter:label1" content="Ansl. lesetid" />
	<meta name="twitter:data1" content="1 minutt" />
<script type="application/ld+json" class="yoast-schema-graph">{"@context":"https://schema.org","@graph":[{"@type":"WebPage","@id":"https://hoyre.no/nesodden/arrangementer/kvinnehelse-na-ma-det-prioriteres/","url":"https://hoyre.no/nesodden/arrangementer/kvinnehelse-na-ma-det-prioriteres/","name":"Kvinnehelse: Nå må det prioriteres! - Nesodden Høyre","isPartOf":{"@id":"https://hoyre.no/nesodden/#website"},"datePublished":"2026-04-23T13:51:32+00:00","dateModified":"2026-04-24T08:43:14+00:00","breadcrumb":{"@id":"https://hoyre.no/nesodden/arrangementer/kvinnehelse-na-ma-det-prioriteres/#breadcrumb"},"inLanguage":"nb-NO","potentialAction":[{"@type":"ReadAction","target":["https://hoyre.no/nesodden/arrangementer/kvinnehelse-na-ma-det-prioriteres/"]}]},{"@type":"BreadcrumbList","@id":"https://hoyre.no/nesodden/arrangementer/kvinnehelse-na-ma-det-prioriteres/#breadcrumb","itemListElement":[{"@type":"ListItem","position":1,"name":"Til hoyre.no","item":"https://hoyre.no"},{"@type":"ListItem","position":2,"name":"Hjem","item":"https://hoyre.no/nesodden/"},{"@type":"ListItem","position":3,"name":"Arrangement","item":"https://hoyre.no/nesodden/arrangementer/"},{"@type":"ListItem","position":4,"name":"Kvinnehelse: Nå må det prioriteres!"}]},{"@type":"WebSite","@id":"https://hoyre.no/nesodden/#website","url":"https://hoyre.no/nesodden/","name":"Nesodden Høyre","description":"Bare enda et Høyres nettsteder-nettsted","inLanguage":"nb-NO"}]}</script>
<!-- / Yoast SEO plugin. -->

Kvinnehelse: Nå må det prioriteres! - Nesodden Høyre

Nesodden Høyre

Bare enda et Høyres nettsteder-nettsted
