{"id":32,"date":"2023-08-24T17:22:13","date_gmt":"2023-08-24T15:22:13","guid":{"rendered":"https:\/\/hoyre.no\/nord-fron\/?page_id=32"},"modified":"2025-01-14T14:51:40","modified_gmt":"2025-01-14T13:51:40","slug":"ordforerkandidat","status":"publish","type":"page","link":"https:\/\/hoyre.no\/nord-fron\/politikk\/ordforerkandidat\/","title":{"rendered":"Ordf\u00f8rerkandidat"},"content":{"rendered":"\n<div class=\"wp-block-hoyre-hero with-image-gradient text-color-light  alignfull has-background\"><div class=\"hoyre-hero \"><h1 class=\"title\">Var<strong>aordf\u00f8rer <\/strong><br>Ola Holmestad<\/h1><p class=\"preamble\">Bli bedre kjent med mannen som er varaordf\u00f8rer i Nord-Fron.<\/p><\/div><\/div>\n\n\n\n<div class=\"wp-block-hoyre-banner undefined has-icon-title icon-heart is-style-blue\"><div class=\"banner-inner\"><figure class=\"hoyre-image-wrapper\"><div class=\"hoyre-image\"><img loading=\"lazy\" decoding=\"async\" width=\"1512\" height=\"2016\" src=\"https:\/\/hoyre.no\/content\/uploads\/sites\/66\/2023\/08\/Ola1.jpg\" class=\"attachment-scaled size-scaled\" alt=\"\" style=\"object-position: 49% 41%\" srcset=\"https:\/\/hoyre.no\/content\/uploads\/sites\/66\/2023\/08\/Ola1.jpg 1512w, https:\/\/hoyre.no\/content\/uploads\/sites\/66\/2023\/08\/Ola1-225x300.jpg 225w, https:\/\/hoyre.no\/content\/uploads\/sites\/66\/2023\/08\/Ola1-768x1024.jpg 768w, https:\/\/hoyre.no\/content\/uploads\/sites\/66\/2023\/08\/Ola1-1152x1536.jpg 1152w\" sizes=\"auto, (max-width: 1512px) 100vw, 1512px\" \/><\/div><\/figure><div class=\"banner-content\"><div class=\"entry-content\">\n<h2 class=\"wp-block-heading has-text-align-center\" id=\"h-bli-bedre-kjent-med-navn\">Bli bedre kjent med Ola!<\/h2>\n\n\n\n<p class=\"has-text-align-left\"><strong>Bosted:<\/strong> Ruste.<\/p>\n\n\n\n<p class=\"has-text-align-left\"><strong>Sivilstatus:<\/strong> Gift, fire barn.<\/p>\n\n\n\n<p class=\"has-text-align-left\"><strong>Jobb:<\/strong> Driftsleder i i Sk\u00e5bu Tradisjonsbygg. Ola er aktiv p\u00e5 flere fronter. Han tar i et tak ved G\u00e5l\u00e5 idrettsanlegg, samt at han er styremedlem i Sundheims venner.<\/p>\n\n\n\n<p class=\"has-text-align-left\"><strong>Hjertesaker:<\/strong><\/p>\n\n\n\n<p class=\"has-text-align-left\">\ud83d\udc99 Bevare eksisterende og lage nye arbeidsplasser.<\/p>\n\n\n\n<p class=\"has-text-align-left\">\ud83d\udc99 En l\u00e6ringskultur der vi kan l\u00e6re av hverandre og en helsesektor der brukeren er i sentrum. Nord-Fron H\u00f8yre har f\u00e5tt igjennom at fulltidsstillinger i helsesektoren skal v\u00e6re normalen, dette er noe som m\u00e5 f\u00f8lges opp.<\/p>\n\n\n\n<p class=\"has-text-align-left\">\ud83d\udc99 Styrke samarbeidet i Midtdalen, med m\u00e5l om kommunesammensl\u00e5ing. Dette vil skape et styrket fagmilj\u00f8 og tiltrekke seg mer kunnskap p\u00e5 sikt.<\/p>\n\n\n\n<div class=\"wp-block-buttons is-layout-flex wp-block-buttons-is-layout-flex\">\n<div class=\"wp-block-button\"><a class=\"wp-block-button__link wp-element-button\" href=\"https:\/\/hoyre.no\/personprofiler\/ola-holmestad\/\">kontaktinformasjon<\/a><\/div>\n<\/div>\n<\/div><\/div><\/div><\/div>\n","protected":false},"excerpt":{"rendered":"","protected":false},"author":51320,"featured_media":0,"parent":33,"menu_order":0,"comment_status":"closed","ping_status":"closed","template":"","meta":{"teft_cards_image_url":"","teft_cards_custom_pretitle":"","teft_cards_image_id":0,"teft_cards_image_focal_point_x":0,"teft_cards_image_focal_point_y":0,"teft_cards_title":"","teft_cards_excerpt":"","teft_show_chapters":false,"footnotes":""},"class_list":["post-32","page","type-page","status-publish","hentry"],"yoast_head":"<!-- This site is optimized with the Yoast SEO plugin v26.6 - https:\/\/yoast.com\/wordpress\/plugins\/seo\/ -->\n<title>Ordf\u00f8rerkandidat - Nord-Fron H\u00f8yre<\/title>\n<meta name=\"robots\" content=\"index, follow, max-snippet:-1, max-image-preview:large, max-video-preview:-1\" \/>\n<link rel=\"canonical\" href=\"https:\/\/hoyre.no\/nord-fron\/politikk\/ordforerkandidat\/\" \/>\n<meta property=\"og:locale\" content=\"nn_NO\" \/>\n<meta property=\"og:type\" content=\"article\" \/>\n<meta property=\"og:title\" content=\"Ordf\u00f8rerkandidat - Nord-Fron H\u00f8yre\" \/>\n<meta property=\"og:url\" content=\"https:\/\/hoyre.no\/nord-fron\/politikk\/ordforerkandidat\/\" \/>\n<meta property=\"og:site_name\" content=\"Nord-Fron H\u00f8yre\" \/>\n<meta property=\"article:modified_time\" content=\"2025-01-14T13:51:40+00:00\" \/>\n<meta property=\"og:image\" content=\"https:\/\/hoyre.no\/content\/uploads\/sites\/66\/2022\/11\/Hoyres-logo.png\" \/>\n\t<meta property=\"og:image:width\" content=\"1000\" \/>\n\t<meta property=\"og:image:height\" content=\"1000\" \/>\n\t<meta property=\"og:image:type\" content=\"image\/png\" \/>\n<meta name=\"twitter:card\" content=\"summary_large_image\" \/>\n<meta name=\"twitter:label1\" content=\"Est. reading time\" \/>\n\t<meta name=\"twitter:data1\" content=\"1 minutt\" \/>\n<script type=\"application\/ld+json\" class=\"yoast-schema-graph\">{\"@context\":\"https:\/\/schema.org\",\"@graph\":[{\"@type\":\"WebPage\",\"@id\":\"https:\/\/hoyre.no\/nord-fron\/politikk\/ordforerkandidat\/\",\"url\":\"https:\/\/hoyre.no\/nord-fron\/politikk\/ordforerkandidat\/\",\"name\":\"Ordf\u00f8rerkandidat - Nord-Fron H\u00f8yre\",\"isPartOf\":{\"@id\":\"https:\/\/hoyre.no\/nord-fron\/#website\"},\"datePublished\":\"2023-08-24T15:22:13+00:00\",\"dateModified\":\"2025-01-14T13:51:40+00:00\",\"breadcrumb\":{\"@id\":\"https:\/\/hoyre.no\/nord-fron\/politikk\/ordforerkandidat\/#breadcrumb\"},\"inLanguage\":\"nn-NO\",\"potentialAction\":[{\"@type\":\"ReadAction\",\"target\":[\"https:\/\/hoyre.no\/nord-fron\/politikk\/ordforerkandidat\/\"]}]},{\"@type\":\"BreadcrumbList\",\"@id\":\"https:\/\/hoyre.no\/nord-fron\/politikk\/ordforerkandidat\/#breadcrumb\",\"itemListElement\":[{\"@type\":\"ListItem\",\"position\":1,\"name\":\"Til hoyre.no\",\"item\":\"https:\/\/hoyre.no\"},{\"@type\":\"ListItem\",\"position\":2,\"name\":\"Hjem\",\"item\":\"https:\/\/hoyre.no\/nord-fron\/\"},{\"@type\":\"ListItem\",\"position\":3,\"name\":\"Politikk\",\"item\":\"https:\/\/hoyre.no\/nord-fron\/politikk\/\"},{\"@type\":\"ListItem\",\"position\":4,\"name\":\"Ordf\u00f8rerkandidat\"}]},{\"@type\":\"WebSite\",\"@id\":\"https:\/\/hoyre.no\/nord-fron\/#website\",\"url\":\"https:\/\/hoyre.no\/nord-fron\/\",\"name\":\"Nord-Fron H\u00f8yre\",\"description\":\"Bare enda et H\u00f8yres nettsteder-nettsted\",\"inLanguage\":\"nn-NO\"}]}<\/script>\n<!-- \/ Yoast SEO plugin. -->","yoast_head_json":{"title":"Ordf\u00f8rerkandidat - Nord-Fron H\u00f8yre","robots":{"index":"index","follow":"follow","max-snippet":"max-snippet:-1","max-image-preview":"max-image-preview:large","max-video-preview":"max-video-preview:-1"},"canonical":"https:\/\/hoyre.no\/nord-fron\/politikk\/ordforerkandidat\/","og_locale":"nn_NO","og_type":"article","og_title":"Ordf\u00f8rerkandidat - Nord-Fron H\u00f8yre","og_url":"https:\/\/hoyre.no\/nord-fron\/politikk\/ordforerkandidat\/","og_site_name":"Nord-Fron H\u00f8yre","article_modified_time":"2025-01-14T13:51:40+00:00","og_image":[{"width":1000,"height":1000,"url":"https:\/\/hoyre.no\/content\/uploads\/sites\/66\/2022\/11\/Hoyres-logo.png","type":"image\/png"}],"twitter_card":"summary_large_image","twitter_misc":{"Est. reading time":"1 minutt"},"schema":{"@context":"https:\/\/schema.org","@graph":[{"@type":"WebPage","@id":"https:\/\/hoyre.no\/nord-fron\/politikk\/ordforerkandidat\/","url":"https:\/\/hoyre.no\/nord-fron\/politikk\/ordforerkandidat\/","name":"Ordf\u00f8rerkandidat - Nord-Fron H\u00f8yre","isPartOf":{"@id":"https:\/\/hoyre.no\/nord-fron\/#website"},"datePublished":"2023-08-24T15:22:13+00:00","dateModified":"2025-01-14T13:51:40+00:00","breadcrumb":{"@id":"https:\/\/hoyre.no\/nord-fron\/politikk\/ordforerkandidat\/#breadcrumb"},"inLanguage":"nn-NO","potentialAction":[{"@type":"ReadAction","target":["https:\/\/hoyre.no\/nord-fron\/politikk\/ordforerkandidat\/"]}]},{"@type":"BreadcrumbList","@id":"https:\/\/hoyre.no\/nord-fron\/politikk\/ordforerkandidat\/#breadcrumb","itemListElement":[{"@type":"ListItem","position":1,"name":"Til hoyre.no","item":"https:\/\/hoyre.no"},{"@type":"ListItem","position":2,"name":"Hjem","item":"https:\/\/hoyre.no\/nord-fron\/"},{"@type":"ListItem","position":3,"name":"Politikk","item":"https:\/\/hoyre.no\/nord-fron\/politikk\/"},{"@type":"ListItem","position":4,"name":"Ordf\u00f8rerkandidat"}]},{"@type":"WebSite","@id":"https:\/\/hoyre.no\/nord-fron\/#website","url":"https:\/\/hoyre.no\/nord-fron\/","name":"Nord-Fron H\u00f8yre","description":"Bare enda et H\u00f8yres nettsteder-nettsted","inLanguage":"nn-NO"}]}},"distributor_meta":false,"distributor_terms":false,"distributor_media":false,"distributor_original_site_name":"Nord-Fron H\u00f8yre","distributor_original_site_url":"https:\/\/hoyre.no\/nord-fron","push-errors":false,"_links":{"self":[{"href":"https:\/\/hoyre.no\/nord-fron\/wp-json\/wp\/v2\/pages\/32","targetHints":{"allow":["GET"]}}],"collection":[{"href":"https:\/\/hoyre.no\/nord-fron\/wp-json\/wp\/v2\/pages"}],"about":[{"href":"https:\/\/hoyre.no\/nord-fron\/wp-json\/wp\/v2\/types\/page"}],"author":[{"embeddable":true,"href":"https:\/\/hoyre.no\/nord-fron\/wp-json\/wp\/v2\/users\/51320"}],"replies":[{"embeddable":true,"href":"https:\/\/hoyre.no\/nord-fron\/wp-json\/wp\/v2\/comments?post=32"}],"version-history":[{"count":16,"href":"https:\/\/hoyre.no\/nord-fron\/wp-json\/wp\/v2\/pages\/32\/revisions"}],"predecessor-version":[{"id":127,"href":"https:\/\/hoyre.no\/nord-fron\/wp-json\/wp\/v2\/pages\/32\/revisions\/127"}],"up":[{"embeddable":true,"href":"https:\/\/hoyre.no\/nord-fron\/wp-json\/wp\/v2\/pages\/33"}],"wp:attachment":[{"href":"https:\/\/hoyre.no\/nord-fron\/wp-json\/wp\/v2\/media?parent=32"}],"curies":[{"name":"wp","href":"https:\/\/api.w.org\/{rel}","templated":true}]}}

Ordførerkandidat

<div class="wp-block-hoyre-hero with-image-gradient text-color-light  alignfull has-background"><div class="hoyre-hero "><h1 class="title">Var<strong>aordfører </strong><br>Ola Holmestad</h1><p class="preamble">Bli bedre kjent med mannen som er varaordfører i Nord-Fron.</p></div></div>



<div class="wp-block-hoyre-banner undefined has-icon-title icon-heart is-style-blue"><div class="banner-inner"><figure class="hoyre-image-wrapper"><div class="hoyre-image"><img loading="lazy" decoding="async" width="1512" height="2016" src="https://hoyre.no/content/uploads/sites/66/2023/08/Ola1.jpg" class="attachment-scaled size-scaled" alt="" style="object-position: 49% 41%" srcset="https://hoyre.no/content/uploads/sites/66/2023/08/Ola1.jpg 1512w, https://hoyre.no/content/uploads/sites/66/2023/08/Ola1-225x300.jpg 225w, https://hoyre.no/content/uploads/sites/66/2023/08/Ola1-768x1024.jpg 768w, https://hoyre.no/content/uploads/sites/66/2023/08/Ola1-1152x1536.jpg 1152w" sizes="auto, (max-width: 1512px) 100vw, 1512px" /></div></figure><div class="banner-content"><div class="entry-content">
<h2 class="wp-block-heading has-text-align-center" id="h-bli-bedre-kjent-med-navn">Bli bedre kjent med Ola!</h2>



<p class="has-text-align-left"><strong>Bosted:</strong> Ruste.</p>



<p class="has-text-align-left"><strong>Sivilstatus:</strong> Gift, fire barn.</p>



<p class="has-text-align-left"><strong>Jobb:</strong> Driftsleder i i Skåbu Tradisjonsbygg. Ola er aktiv på flere fronter. Han tar i et tak ved Gålå idrettsanlegg, samt at han er styremedlem i Sundheims venner.</p>



<p class="has-text-align-left"><strong>Hjertesaker:</strong></p>



<p class="has-text-align-left">💙 Bevare eksisterende og lage nye arbeidsplasser.</p>



<p class="has-text-align-left">💙 En læringskultur der vi kan lære av hverandre og en helsesektor der brukeren er i sentrum. Nord-Fron Høyre har fått igjennom at fulltidsstillinger i helsesektoren skal være normalen, dette er noe som må følges opp.</p>



<p class="has-text-align-left">💙 Styrke samarbeidet i Midtdalen, med mål om kommunesammenslåing. Dette vil skape et styrket fagmiljø og tiltrekke seg mer kunnskap på sikt.</p>



<div class="wp-block-buttons is-layout-flex wp-block-buttons-is-layout-flex">
<div class="wp-block-button"><a class="wp-block-button__link wp-element-button" href="https://hoyre.no/personprofiler/ola-holmestad/">kontaktinformasjon</a></div>
</div>
</div></div></div></div>

<!-- This site is optimized with the Yoast SEO plugin v26.6 - https://yoast.com/wordpress/plugins/seo/ -->
<title>Ordførerkandidat - Nord-Fron Høyre</title>
<meta name="robots" content="index, follow, max-snippet:-1, max-image-preview:large, max-video-preview:-1" />
<link rel="canonical" href="https://hoyre.no/nord-fron/politikk/ordforerkandidat/" />
<meta property="og:locale" content="nn_NO" />
<meta property="og:type" content="article" />
<meta property="og:title" content="Ordførerkandidat - Nord-Fron Høyre" />
<meta property="og:url" content="https://hoyre.no/nord-fron/politikk/ordforerkandidat/" />
<meta property="og:site_name" content="Nord-Fron Høyre" />
<meta property="article:modified_time" content="2025-01-14T13:51:40+00:00" />
<meta property="og:image" content="https://hoyre.no/content/uploads/sites/66/2022/11/Hoyres-logo.png" />
	<meta property="og:image:width" content="1000" />
	<meta property="og:image:height" content="1000" />
	<meta property="og:image:type" content="image/png" />
<meta name="twitter:card" content="summary_large_image" />
<meta name="twitter:label1" content="Est. reading time" />
	<meta name="twitter:data1" content="1 minutt" />
<script type="application/ld+json" class="yoast-schema-graph">{"@context":"https://schema.org","@graph":[{"@type":"WebPage","@id":"https://hoyre.no/nord-fron/politikk/ordforerkandidat/","url":"https://hoyre.no/nord-fron/politikk/ordforerkandidat/","name":"Ordførerkandidat - Nord-Fron Høyre","isPartOf":{"@id":"https://hoyre.no/nord-fron/#website"},"datePublished":"2023-08-24T15:22:13+00:00","dateModified":"2025-01-14T13:51:40+00:00","breadcrumb":{"@id":"https://hoyre.no/nord-fron/politikk/ordforerkandidat/#breadcrumb"},"inLanguage":"nn-NO","potentialAction":[{"@type":"ReadAction","target":["https://hoyre.no/nord-fron/politikk/ordforerkandidat/"]}]},{"@type":"BreadcrumbList","@id":"https://hoyre.no/nord-fron/politikk/ordforerkandidat/#breadcrumb","itemListElement":[{"@type":"ListItem","position":1,"name":"Til hoyre.no","item":"https://hoyre.no"},{"@type":"ListItem","position":2,"name":"Hjem","item":"https://hoyre.no/nord-fron/"},{"@type":"ListItem","position":3,"name":"Politikk","item":"https://hoyre.no/nord-fron/politikk/"},{"@type":"ListItem","position":4,"name":"Ordførerkandidat"}]},{"@type":"WebSite","@id":"https://hoyre.no/nord-fron/#website","url":"https://hoyre.no/nord-fron/","name":"Nord-Fron Høyre","description":"Bare enda et Høyres nettsteder-nettsted","inLanguage":"nn-NO"}]}</script>
<!-- / Yoast SEO plugin. -->

Ordførerkandidat - Nord-Fron Høyre

Nord-Fron Høyre

Bare enda et Høyres nettsteder-nettsted
