{"id":1150,"date":"2023-09-15T11:35:19","date_gmt":"2023-09-15T09:35:19","guid":{"rendered":"https:\/\/hoyre.no\/nordland\/?page_id=1150"},"modified":"2025-01-24T14:21:14","modified_gmt":"2025-01-24T13:21:14","slug":"1150-2","status":"publish","type":"page","link":"https:\/\/hoyre.no\/nordland\/1150-2\/","title":{"rendered":""},"content":{"rendered":"\n<div class=\"wp-block-hoyre-hero with-image-gradient text-color-light  has-media alignfull has-background\"><div class=\"hoyre-hero has-image\"><h1 class=\"title\"><strong>Bl\u00e5gr\u00f8nt flertall i Nordland<\/strong><\/h1><p class=\"preamble\"><br>H\u00f8yre, Senterpartiet, Fremskrittspartiet og Venstre har inng\u00e5tt avtale for \u00e5 danne fylkesr\u00e5d 15. september 2023.<\/p>\t\t\t<div class=\"post-meta wp-block teft-byline-wrapper\">\n\t\t\t\t<div class=\"top\">\n\t\t\t\t\t<div class=\"signature\">\n\t\t\t\t\t\t<div class=\"teft-byline\">\n\t\t\t\t\t\t\t\t\t\t\t\t\t\t<div>\n\t\t\t\t\t\t\t\t<h3>H\u00f8yres redaksjon<\/h3>\t\t\t\t\t\t\t\t\n\t\t\t\t\t\t\t\t\t\t\t\t\t\t\t\t\t<span class=\"date\">Sist oppdatert: 24. januar 2025<\/span>\n\t\t\t\t\t\t\t\t\t\t\t\t\t\t\t\t\t\t\t\t\t\t\t\t\t<span class=\"reading-time\" itemprop=\"timeRequired\" content=\"PT2M\"><em>Ca. 2 minutter lesetid<\/em><\/span>\n\t\t\t\t\t\t\t\t\t\t\t\t\t\t\t<\/div>\n\t\t\t\t\t\t<\/div>\n\t\t\t\t\t<\/div>\n\t\t\t\t\t\t<div class=\"sharing\">\n\t\t<a class=\"share-button share-link copy-link\" data-copy=\"https:\/\/hoyre.no\/nordland\/1150-2\/\" target=\"_blank\"><span class=\"screen-reader-text\">Del link<\/span><\/a>\n\t\t<a class=\"share-button share-twitter\" href=\"http:\/\/twitter.com\/share?text=&#038;url=https:\/\/hoyre.no\/nordland\/1150-2\/&#038;hashtags=Hoyre\" target=\"_blank\"><span class=\"screen-reader-text\">Del p\u00e5 twitter<\/span><\/a>\n\t\t<a class=\"share-button share-facebook\" href=\"https:\/\/www.facebook.com\/sharer\/sharer.php?u=https:\/\/hoyre.no\/nordland\/1150-2\/\" target=\"_blank\"><span class=\"screen-reader-text\">Del p\u00e5 facebook<\/span><\/a>\n\t<\/div>\n\t\t\t\t\t<\/div>\n\t\t\t<\/div>\n\n\t\t\t<figure class=\"hoyre-image-wrapper\"><div class=\"hoyre-image\"><img loading=\"lazy\" decoding=\"async\" width=\"2500\" height=\"1667\" src=\"https:\/\/hoyre.no\/content\/uploads\/sites\/9\/2023\/06\/Hoyre-mai-5-scaled.jpg\" class=\"attachment-scaled size-scaled\" alt=\"\" style=\"object-position: 51% 79%\" srcset=\"https:\/\/hoyre.no\/content\/uploads\/sites\/9\/2023\/06\/Hoyre-mai-5-scaled.jpg 2500w, https:\/\/hoyre.no\/content\/uploads\/sites\/9\/2023\/06\/Hoyre-mai-5-300x200.jpg 300w, https:\/\/hoyre.no\/content\/uploads\/sites\/9\/2023\/06\/Hoyre-mai-5-1024x683.jpg 1024w, https:\/\/hoyre.no\/content\/uploads\/sites\/9\/2023\/06\/Hoyre-mai-5-768x512.jpg 768w, https:\/\/hoyre.no\/content\/uploads\/sites\/9\/2023\/06\/Hoyre-mai-5-1536x1024.jpg 1536w, https:\/\/hoyre.no\/content\/uploads\/sites\/9\/2023\/06\/Hoyre-mai-5-2048x1365.jpg 2048w\" sizes=\"auto, (max-width: 2500px) 100vw, 2500px\" \/><\/div><\/figure><\/div><\/div>\n\n\n\n\n<p>Denne koalisjonen markerer begynnelsen p\u00e5 en ny \u00e6ra i hele Nordland. Dette er et taktskifte som vil forandre retningen og styringen av fylket.<\/p>\n\n\n\n<p>Vi vil ta fylket i en ny positiv retning. Gjennom denne koalisjonen samler vi krefter p\u00e5 bl\u00e5gr\u00f8nn side som har et felles \u00f8nske om \u00e5 l\u00f8fte Nordland som mulighetsfylke. Vi vil mer for Nordland og realisere mulighetene. Nordlendingen skal merke at dette er et bl\u00e5gr\u00f8nt taktskifte.<\/p>\n\n\n\n<p>Vi vil det beste for Nordland og mener dette er den riktige l\u00f8sningen for hele fylket.<\/p>\n\n\n\n<p>Vi er enige om f\u00f8lgende posisjoner : <strong>Fylkesordf\u00f8rer: H\u00f8yre<\/strong><\/p>\n\n\n\n<p>Senterpartiet vil de to f\u00f8rste \u00e5rene i valgperioden ha fylkesr\u00e5dsleder og r\u00e5d for finans- og organisasjon. Fra oktober 2025 vil Senterpartiet ha nestleder og r\u00e5d for finans- og organisasjon og r\u00e5d for plan og n\u00e6ring.<\/p>\n\n\n\n<p>H\u00f8yre vil de to f\u00f8rste \u00e5rene i valgperioden ha nestleder og r\u00e5d for samferdsel og r\u00e5d for utdanning og kompetanse. Fra oktober 2025 vil H\u00f8yre ha fylkesr\u00e5dsleder og r\u00e5d for utdanning og kompetanse.<\/p>\n\n\n\n<p>Fremskrittspartiet vil de to f\u00f8rste \u00e5rene av valgperioden ha r\u00e5d for plan og n\u00e6ring. Fra oktober 2025 vil Fremskrittspartiet ha r\u00e5d for samferdsel.<\/p>\n\n\n\n<p>Venstre vil hele valgperioden ha r\u00e5d for samfunn og klima. Vedlagt ligger signert avtale mellom de fire partiene.<\/p>\n\n\n\n\n<div class=\"wp-block-teft-file icon-link-block\"><a href=\"https:\/\/hoyre.no\/content\/uploads\/sites\/9\/2023\/09\/Bla\u030agront-takskifte-signert-avtale-fylkesting-SP-H-FrP-og-Venstre-14-september-202393.pdf\" download><span class=\"file-title\">Bla\u030agr\u00f8nt takskifte, signert avtale fylkesting SP, H, FrP og Venstre<\/span><span class=\"file-name\"><\/span><\/a><\/div>\n","protected":false},"excerpt":{"rendered":"","protected":false},"author":3547,"featured_media":0,"parent":0,"menu_order":0,"comment_status":"closed","ping_status":"closed","template":"","meta":{"teft_cards_image_url":"","teft_cards_custom_pretitle":"","teft_cards_image_id":1074,"teft_cards_image_focal_point_x":0.5,"teft_cards_image_focal_point_y":0.32,"teft_cards_title":"","teft_cards_excerpt":"","teft_show_chapters":false,"footnotes":""},"class_list":["post-1150","page","type-page","status-publish","hentry"],"yoast_head":"<!-- This site is optimized with the Yoast SEO plugin v26.6 - https:\/\/yoast.com\/wordpress\/plugins\/seo\/ -->\n<title>- Nordland H\u00f8yre<\/title>\n<meta name=\"robots\" content=\"index, follow, max-snippet:-1, max-image-preview:large, max-video-preview:-1\" \/>\n<link rel=\"canonical\" href=\"https:\/\/hoyre.no\/nordland\/1150-2\/\" \/>\n<meta property=\"og:locale\" content=\"nb_NO\" \/>\n<meta property=\"og:type\" content=\"article\" \/>\n<meta property=\"og:title\" content=\"- Nordland H\u00f8yre\" \/>\n<meta property=\"og:url\" content=\"https:\/\/hoyre.no\/nordland\/1150-2\/\" \/>\n<meta property=\"og:site_name\" content=\"Nordland H\u00f8yre\" \/>\n<meta property=\"article:modified_time\" content=\"2025-01-24T13:21:14+00:00\" \/>\n<meta property=\"og:image\" content=\"https:\/\/hoyre.no\/content\/uploads\/sites\/9\/2023\/06\/Hoyre-mai-5-1024x683.jpg\" \/>\n<meta name=\"twitter:card\" content=\"summary_large_image\" \/>\n<meta name=\"twitter:label1\" content=\"Ansl. lesetid\" \/>\n\t<meta name=\"twitter:data1\" content=\"2 minutter\" \/>\n<script type=\"application\/ld+json\" class=\"yoast-schema-graph\">{\"@context\":\"https:\/\/schema.org\",\"@graph\":[{\"@type\":\"WebPage\",\"@id\":\"https:\/\/hoyre.no\/nordland\/1150-2\/\",\"url\":\"https:\/\/hoyre.no\/nordland\/1150-2\/\",\"name\":\"- Nordland H\u00f8yre\",\"isPartOf\":{\"@id\":\"https:\/\/hoyre.no\/nordland\/#website\"},\"datePublished\":\"2023-09-15T09:35:19+00:00\",\"dateModified\":\"2025-01-24T13:21:14+00:00\",\"breadcrumb\":{\"@id\":\"https:\/\/hoyre.no\/nordland\/1150-2\/#breadcrumb\"},\"inLanguage\":\"nb-NO\",\"potentialAction\":[{\"@type\":\"ReadAction\",\"target\":[\"https:\/\/hoyre.no\/nordland\/1150-2\/\"]}]},{\"@type\":\"BreadcrumbList\",\"@id\":\"https:\/\/hoyre.no\/nordland\/1150-2\/#breadcrumb\",\"itemListElement\":[{\"@type\":\"ListItem\",\"position\":1,\"name\":\"Til hoyre.no\",\"item\":\"https:\/\/hoyre.no\"},{\"@type\":\"ListItem\",\"position\":2,\"name\":\"Hjem\",\"item\":\"https:\/\/hoyre.no\/nordland\/\"}]},{\"@type\":\"WebSite\",\"@id\":\"https:\/\/hoyre.no\/nordland\/#website\",\"url\":\"https:\/\/hoyre.no\/nordland\/\",\"name\":\"Nordland H\u00f8yre\",\"description\":\"Bare enda et H\u00f8yres nettsteder-nettsted\",\"inLanguage\":\"nb-NO\"}]}<\/script>\n<!-- \/ Yoast SEO plugin. -->","yoast_head_json":{"title":"- Nordland H\u00f8yre","robots":{"index":"index","follow":"follow","max-snippet":"max-snippet:-1","max-image-preview":"max-image-preview:large","max-video-preview":"max-video-preview:-1"},"canonical":"https:\/\/hoyre.no\/nordland\/1150-2\/","og_locale":"nb_NO","og_type":"article","og_title":"- Nordland H\u00f8yre","og_url":"https:\/\/hoyre.no\/nordland\/1150-2\/","og_site_name":"Nordland H\u00f8yre","article_modified_time":"2025-01-24T13:21:14+00:00","og_image":[{"url":"https:\/\/hoyre.no\/content\/uploads\/sites\/9\/2023\/06\/Hoyre-mai-5-1024x683.jpg","width":"","height":"","type":""}],"twitter_card":"summary_large_image","twitter_misc":{"Ansl. lesetid":"2 minutter"},"schema":{"@context":"https:\/\/schema.org","@graph":[{"@type":"WebPage","@id":"https:\/\/hoyre.no\/nordland\/1150-2\/","url":"https:\/\/hoyre.no\/nordland\/1150-2\/","name":"- Nordland H\u00f8yre","isPartOf":{"@id":"https:\/\/hoyre.no\/nordland\/#website"},"datePublished":"2023-09-15T09:35:19+00:00","dateModified":"2025-01-24T13:21:14+00:00","breadcrumb":{"@id":"https:\/\/hoyre.no\/nordland\/1150-2\/#breadcrumb"},"inLanguage":"nb-NO","potentialAction":[{"@type":"ReadAction","target":["https:\/\/hoyre.no\/nordland\/1150-2\/"]}]},{"@type":"BreadcrumbList","@id":"https:\/\/hoyre.no\/nordland\/1150-2\/#breadcrumb","itemListElement":[{"@type":"ListItem","position":1,"name":"Til hoyre.no","item":"https:\/\/hoyre.no"},{"@type":"ListItem","position":2,"name":"Hjem","item":"https:\/\/hoyre.no\/nordland\/"}]},{"@type":"WebSite","@id":"https:\/\/hoyre.no\/nordland\/#website","url":"https:\/\/hoyre.no\/nordland\/","name":"Nordland H\u00f8yre","description":"Bare enda et H\u00f8yres nettsteder-nettsted","inLanguage":"nb-NO"}]}},"distributor_meta":false,"distributor_terms":false,"distributor_media":false,"distributor_original_site_name":"Nordland H\u00f8yre","distributor_original_site_url":"https:\/\/hoyre.no\/nordland","push-errors":false,"_links":{"self":[{"href":"https:\/\/hoyre.no\/nordland\/wp-json\/wp\/v2\/pages\/1150","targetHints":{"allow":["GET"]}}],"collection":[{"href":"https:\/\/hoyre.no\/nordland\/wp-json\/wp\/v2\/pages"}],"about":[{"href":"https:\/\/hoyre.no\/nordland\/wp-json\/wp\/v2\/types\/page"}],"author":[{"embeddable":true,"href":"https:\/\/hoyre.no\/nordland\/wp-json\/wp\/v2\/users\/3547"}],"replies":[{"embeddable":true,"href":"https:\/\/hoyre.no\/nordland\/wp-json\/wp\/v2\/comments?post=1150"}],"version-history":[{"count":4,"href":"https:\/\/hoyre.no\/nordland\/wp-json\/wp\/v2\/pages\/1150\/revisions"}],"predecessor-version":[{"id":2069,"href":"https:\/\/hoyre.no\/nordland\/wp-json\/wp\/v2\/pages\/1150\/revisions\/2069"}],"wp:attachment":[{"href":"https:\/\/hoyre.no\/nordland\/wp-json\/wp\/v2\/media?parent=1150"}],"curies":[{"name":"wp","href":"https:\/\/api.w.org\/{rel}","templated":true}]}}

<div class="wp-block-hoyre-hero with-image-gradient text-color-light  has-media alignfull has-background"><div class="hoyre-hero has-image"><h1 class="title"><strong>Blågrønt flertall i Nordland</strong></h1><p class="preamble"><br>Høyre, Senterpartiet, Fremskrittspartiet og Venstre har inngått avtale for å danne fylkesråd 15. september 2023.</p>			<div class="post-meta wp-block teft-byline-wrapper">
				<div class="top">
					<div class="signature">
						<div class="teft-byline">
														<div>
								<h3>Høyres redaksjon</h3>								
																	<span class="date">Sist oppdatert: 24. januar 2025</span>
																									<span class="reading-time" itemprop="timeRequired" content="PT2M"><em>Ca. 2 minutter lesetid</em></span>
															</div>
						</div>
					</div>
						<div class="sharing">
		<a class="share-button share-link copy-link" data-copy="https://hoyre.no/nordland/1150-2/" target="_blank"><span class="screen-reader-text">Del link</span></a>
		<a class="share-button share-twitter" href="http://twitter.com/share?text=&#038;url=https://hoyre.no/nordland/1150-2/&#038;hashtags=Hoyre" target="_blank"><span class="screen-reader-text">Del på twitter</span></a>
		<a class="share-button share-facebook" href="https://www.facebook.com/sharer/sharer.php?u=https://hoyre.no/nordland/1150-2/" target="_blank"><span class="screen-reader-text">Del på facebook</span></a>
	</div>
					</div>
			</div>

			<figure class="hoyre-image-wrapper"><div class="hoyre-image"><img loading="lazy" decoding="async" width="2500" height="1667" src="https://hoyre.no/content/uploads/sites/9/2023/06/Hoyre-mai-5-scaled.jpg" class="attachment-scaled size-scaled" alt="" style="object-position: 51% 79%" srcset="https://hoyre.no/content/uploads/sites/9/2023/06/Hoyre-mai-5-scaled.jpg 2500w, https://hoyre.no/content/uploads/sites/9/2023/06/Hoyre-mai-5-300x200.jpg 300w, https://hoyre.no/content/uploads/sites/9/2023/06/Hoyre-mai-5-1024x683.jpg 1024w, https://hoyre.no/content/uploads/sites/9/2023/06/Hoyre-mai-5-768x512.jpg 768w, https://hoyre.no/content/uploads/sites/9/2023/06/Hoyre-mai-5-1536x1024.jpg 1536w, https://hoyre.no/content/uploads/sites/9/2023/06/Hoyre-mai-5-2048x1365.jpg 2048w" sizes="auto, (max-width: 2500px) 100vw, 2500px" /></div></figure></div></div>




<p>Denne koalisjonen markerer begynnelsen på en ny æra i hele Nordland. Dette er et taktskifte som vil forandre retningen og styringen av fylket.</p>



<p>Vi vil ta fylket i en ny positiv retning. Gjennom denne koalisjonen samler vi krefter på blågrønn side som har et felles ønske om å løfte Nordland som mulighetsfylke. Vi vil mer for Nordland og realisere mulighetene. Nordlendingen skal merke at dette er et blågrønt taktskifte.</p>



<p>Vi vil det beste for Nordland og mener dette er den riktige løsningen for hele fylket.</p>



<p>Vi er enige om følgende posisjoner : <strong>Fylkesordfører: Høyre</strong></p>



<p>Senterpartiet vil de to første årene i valgperioden ha fylkesrådsleder og råd for finans- og organisasjon. Fra oktober 2025 vil Senterpartiet ha nestleder og råd for finans- og organisasjon og råd for plan og næring.</p>



<p>Høyre vil de to første årene i valgperioden ha nestleder og råd for samferdsel og råd for utdanning og kompetanse. Fra oktober 2025 vil Høyre ha fylkesrådsleder og råd for utdanning og kompetanse.</p>



<p>Fremskrittspartiet vil de to første årene av valgperioden ha råd for plan og næring. Fra oktober 2025 vil Fremskrittspartiet ha råd for samferdsel.</p>



<p>Venstre vil hele valgperioden ha råd for samfunn og klima. Vedlagt ligger signert avtale mellom de fire partiene.</p>




<div class="wp-block-teft-file icon-link-block"><a href="https://hoyre.no/content/uploads/sites/9/2023/09/Blågront-takskifte-signert-avtale-fylkesting-SP-H-FrP-og-Venstre-14-september-202393.pdf" download><span class="file-title">Blågrønt takskifte, signert avtale fylkesting SP, H, FrP og Venstre</span><span class="file-name"></span></a></div>

<!-- This site is optimized with the Yoast SEO plugin v26.6 - https://yoast.com/wordpress/plugins/seo/ -->
<title>- Nordland Høyre</title>
<meta name="robots" content="index, follow, max-snippet:-1, max-image-preview:large, max-video-preview:-1" />
<link rel="canonical" href="https://hoyre.no/nordland/1150-2/" />
<meta property="og:locale" content="nb_NO" />
<meta property="og:type" content="article" />
<meta property="og:title" content="- Nordland Høyre" />
<meta property="og:url" content="https://hoyre.no/nordland/1150-2/" />
<meta property="og:site_name" content="Nordland Høyre" />
<meta property="article:modified_time" content="2025-01-24T13:21:14+00:00" />
<meta property="og:image" content="https://hoyre.no/content/uploads/sites/9/2023/06/Hoyre-mai-5-1024x683.jpg" />
<meta name="twitter:card" content="summary_large_image" />
<meta name="twitter:label1" content="Ansl. lesetid" />
	<meta name="twitter:data1" content="2 minutter" />
<script type="application/ld+json" class="yoast-schema-graph">{"@context":"https://schema.org","@graph":[{"@type":"WebPage","@id":"https://hoyre.no/nordland/1150-2/","url":"https://hoyre.no/nordland/1150-2/","name":"- Nordland Høyre","isPartOf":{"@id":"https://hoyre.no/nordland/#website"},"datePublished":"2023-09-15T09:35:19+00:00","dateModified":"2025-01-24T13:21:14+00:00","breadcrumb":{"@id":"https://hoyre.no/nordland/1150-2/#breadcrumb"},"inLanguage":"nb-NO","potentialAction":[{"@type":"ReadAction","target":["https://hoyre.no/nordland/1150-2/"]}]},{"@type":"BreadcrumbList","@id":"https://hoyre.no/nordland/1150-2/#breadcrumb","itemListElement":[{"@type":"ListItem","position":1,"name":"Til hoyre.no","item":"https://hoyre.no"},{"@type":"ListItem","position":2,"name":"Hjem","item":"https://hoyre.no/nordland/"}]},{"@type":"WebSite","@id":"https://hoyre.no/nordland/#website","url":"https://hoyre.no/nordland/","name":"Nordland Høyre","description":"Bare enda et Høyres nettsteder-nettsted","inLanguage":"nb-NO"}]}</script>
<!-- / Yoast SEO plugin. -->

- Nordland Høyre

Nordland Høyre

Bare enda et Høyres nettsteder-nettsted
